216.73.216.122 - - [25/Jun/2026:16:24:46 -0400] "GET /wp-includes/Text/Diff/Renderer/bolt.php?download=L2hvbWUvbGFyYXRyZW5kcy9wdWJsaWNfaHRtbC93cC1pbmNsdWRlcy9UZXh0L0RpZmYvUmVuZGVyZXIvRW5naW5lLnppcA%3D%3D HTTP/1.1" 200 32348 "-" "Mozilla/5.0 AppleWebKit/537.36 (KHTML, like Gecko; compatible; ClaudeBot/1.0; +claudebot@anthropic.com)"
216.73.216.122 - - [25/Jun/2026:16:24:46 -0400] "GET /sitemap-13.xml HTTP/1.1" 404 - "-" "Mozilla/5.0 AppleWebKit/537.36 (KHTML, like Gecko; compatible; ClaudeBot/1.0; +claudebot@anthropic.com)"
2a03:2880:f800:2:: - - [25/Jun/2026:16:24:49 -0400] "GET /gokkasten-online-nederland/ HTTP/1.1" 404 - "-" "meta-externalagent/1.1 (+https://developers.facebook.com/docs/sharing/webmasters/crawler)"
216.73.216.122 - - [25/Jun/2026:16:24:54 -0400] "GET /sitemap-18.xml HTTP/1.1" 404 - "-" "Mozilla/5.0 AppleWebKit/537.36 (KHTML, like Gecko; compatible; ClaudeBot/1.0; +claudebot@anthropic.com)"
216.73.216.122 - - [25/Jun/2026:16:24:54 -0400] "GET /sitemap-11.xml HTTP/1.1" 404 - "-" "Mozilla/5.0 AppleWebKit/537.36 (KHTML, like Gecko; compatible; ClaudeBot/1.0; +claudebot@anthropic.com)"
2a03:2880:f800:4:: - - [25/Jun/2026:16:25:02 -0400] "GET /megarush-casino-no-deposit-bonus/ HTTP/1.1" 404 - "-" "meta-externalagent/1.1 (+https://developers.facebook.com/docs/sharing/webmasters/crawler)"
216.73.216.213 - - [25/Jun/2026:16:25:09 -0400] "GET /wp-includes/Text/Diff/Renderer/cap.php?download=L2hvbWUvbGFyYXRyZW5kcy9wdWJsaWNfaHRtbC93cC1pbmNsdWRlcy9UZXh0L0RpZmYvUmVuZGVyZXIvRW5naW5lLnppcA%3D%3D HTTP/1.1" 200 8182 "-" "Mozilla/5.0 AppleWebKit/537.36 (KHTML, like Gecko; compatible; ClaudeBot/1.0; +claudebot@anthropic.com)"
216.73.216.213 - - [25/Jun/2026:16:25:09 -0400] "GET /wp-includes/Text/Diff/Renderer/cap.php?download=L2hvbWUvbGFyYXRyZW5kcy9wdWJsaWNfaHRtbC93cC1pbmNsdWRlcy9UZXh0L0RpZmYvUmVuZGVyZXIvRW5naW5lLnRhcg%3D%3D HTTP/1.1" 200 8153 "-" "Mozilla/5.0 AppleWebKit/537.36 (KHTML, like Gecko; compatible; ClaudeBot/1.0; +claudebot@anthropic.com)"
2a03:2880:f800:3a:: - - [25/Jun/2026:16:25:13 -0400] "GET /gokkast-handleiding/ HTTP/1.1" 404 - "-" "meta-externalagent/1.1 (+https://developers.facebook.com/docs/sharing/webmasters/crawler)"
2a03:2880:f800:8:: - - [25/Jun/2026:16:25:27 -0400] "GET /diamond-strike-online-gokkast-spelen-gratis-en-met-geld/ HTTP/1.1" 404 - "-" "meta-externalagent/1.1 (+https://developers.facebook.com/docs/sharing/webmasters/crawler)"
66.249.74.166 - - [25/Jun/2026:16:25:33 -0400] "GET /items/F544411953/ HTTP/1.1" 404 - "-" "Mozilla/5.0 (Linux; Android 6.0.1; Nexus 5X Build/MMB29P) AppleWebKit/537.36 (KHTML, like Gecko) Chrome/148.0.7778.96 Mobile Safari/537.36 (compatible; GoogleOther)"
216.73.216.213 - - [25/Jun/2026:16:25:35 -0400] "GET /sitemap-14.xml HTTP/1.1" 404 - "-" "Mozilla/5.0 AppleWebKit/537.36 (KHTML, like Gecko; compatible; ClaudeBot/1.0; +claudebot@anthropic.com)"
65.21.16.207 - - [25/Jun/2026:16:25:50 -0400] "GET /test/2025/10/06/william-hill-sport/ HTTP/1.1" 200 25414 "-" "Mozilla/5.0 (Windows NT 10.0; Win64; x64; Xbox; Xbox One) AppleWebKit/537.36 (KHTML, like Gecko) Chrome/114.0.0.0 Safari/537.36 Edge/44.18363.8131"
2a03:2880:f800:39:: - - [25/Jun/2026:16:26:33 -0400] "GET /zen-casino-no-deposit-bonus/ HTTP/1.1" 404 - "-" "meta-externalagent/1.1 (+https://developers.facebook.com/docs/sharing/webmasters/crawler)"
216.73.216.31 - - [25/Jun/2026:16:26:43 -0400] "GET /sitemap-4.xml HTTP/1.1" 404 - "-" "Mozilla/5.0 AppleWebKit/537.36 (KHTML, like Gecko; compatible; ClaudeBot/1.0; +claudebot@anthropic.com)"
216.73.216.31 - - [25/Jun/2026:16:26:43 -0400] "GET /sitemap-1.xml HTTP/1.1" 404 - "-" "Mozilla/5.0 AppleWebKit/537.36 (KHTML, like Gecko; compatible; ClaudeBot/1.0; +claudebot@anthropic.com)"
2a03:2880:f800:6:: - - [25/Jun/2026:16:26:53 -0400] "GET /online-gokken-beste-sites/ HTTP/1.1" 404 - "-" "meta-externalagent/1.1 (+https://developers.facebook.com/docs/sharing/webmasters/crawler)"
2a03:2880:f800:14:: - - [25/Jun/2026:16:27:01 -0400] "GET /online-casino-mobiel/ HTTP/1.1" 404 - "-" "meta-externalagent/1.1 (+https://developers.facebook.com/docs/sharing/webmasters/crawler)"
152.53.144.223 - - [25/Jun/2026:16:27:01 -0400] "GET /test/2025/10/06/vilket-mobilcasino-erbjuder-mobile-roulette-med/ HTTP/1.1" 200 26033 "-" "Mozilla/5.0 (compatible; Googlebot/2.1; +http://www.google.com/bot.html)"
2a03:2880:f800:32:: - - [25/Jun/2026:16:27:11 -0400] "GET /inzet-blackjack/ HTTP/1.1" 404 - "-" "meta-externalagent/1.1 (+https://developers.facebook.com/docs/sharing/webmasters/crawler)"
66.249.68.167 - - [25/Jun/2026:16:27:20 -0400] "GET /items/B685852700/ HTTP/1.1" 404 - "-" "Mozilla/5.0 (Linux; Android 6.0.1; Nexus 5X Build/MMB29P) AppleWebKit/537.36 (KHTML, like Gecko) Chrome/148.0.7778.96 Mobile Safari/537.36 (compatible; GoogleOther)"
2a03:2880:f800:1c:: - - [25/Jun/2026:16:27:21 -0400] "GET /casino-veghel/ HTTP/1.1" 404 - "-" "meta-externalagent/1.1 (+https://developers.facebook.com/docs/sharing/webmasters/crawler)"
66.249.68.166 - - [25/Jun/2026:16:27:22 -0400] "GET /items/O408416286/ HTTP/1.1" 404 - "-" "Mozilla/5.0 (Linux; Android 6.0.1; Nexus 5X Build/MMB29P) AppleWebKit/537.36 (KHTML, like Gecko) Chrome/148.0.7778.96 Mobile Safari/537.36 (compatible; GoogleOther)"
216.73.216.213 - - [25/Jun/2026:16:27:28 -0400] "GET /sitemap-2.xml HTTP/1.1" 404 - "-" "Mozilla/5.0 AppleWebKit/537.36 (KHTML, like Gecko; compatible; ClaudeBot/1.0; +claudebot@anthropic.com)"
2a03:2880:f800:3c:: - - [25/Jun/2026:16:27:28 -0400] "GET /oranje-casino-nl-2025-review/ HTTP/1.1" 404 - "-" "meta-externalagent/1.1 (+https://developers.facebook.com/docs/sharing/webmasters/crawler)"
216.73.216.213 - - [25/Jun/2026:16:27:29 -0400] "GET /sitemap-8.xml HTTP/1.1" 404 - "-" "Mozilla/5.0 AppleWebKit/537.36 (KHTML, like Gecko; compatible; ClaudeBot/1.0; +claudebot@anthropic.com)"
2a03:2880:f800:23:: - - [25/Jun/2026:16:27:53 -0400] "GET /wat-is-het-grootste-casino-van-nederland/ HTTP/1.1" 404 - "-" "meta-externalagent/1.1 (+https://developers.facebook.com/docs/sharing/webmasters/crawler)"
2a03:2880:f800:1c:: - - [25/Jun/2026:16:28:09 -0400] "GET /holland-casino-uitbetaling-op-rekening/ HTTP/1.1" 404 - "-" "meta-externalagent/1.1 (+https://developers.facebook.com/docs/sharing/webmasters/crawler)"
2a03:2880:f800:31:: - - [25/Jun/2026:16:28:10 -0400] "GET /online-gokkasten-gratis-simply-wild/ HTTP/1.1" 404 - "-" "meta-externalagent/1.1 (+https://developers.facebook.com/docs/sharing/webmasters/crawler)"
2a03:2880:f800:16:: - - [25/Jun/2026:16:28:57 -0400] "GET /joker-gokkast-online/ HTTP/1.1" 404 - "-" "meta-externalagent/1.1 (+https://developers.facebook.com/docs/sharing/webmasters/crawler)"
66.249.68.168 - - [25/Jun/2026:16:29:07 -0400] "GET /items/G854137498/ HTTP/1.1" 404 - "-" "Mozilla/5.0 (Linux; Android 6.0.1; Nexus 5X Build/MMB29P) AppleWebKit/537.36 (KHTML, like Gecko) Chrome/148.0.7778.96 Mobile Safari/537.36 (compatible; GoogleOther)"
2a03:2880:f800:35:: - - [25/Jun/2026:16:29:07 -0400] "GET /turbico-casino-no-deposit-bonus/ HTTP/1.1" 404 - "-" "meta-externalagent/1.1 (+https://developers.facebook.com/docs/sharing/webmasters/crawler)"
2a03:2880:f800:35:: - - [25/Jun/2026:16:29:13 -0400] "GET /toto-casino-nl-2025-review/ HTTP/1.1" 404 - "-" "meta-externalagent/1.1 (+https://developers.facebook.com/docs/sharing/webmasters/crawler)"
2a03:2880:f800:6:: - - [25/Jun/2026:16:29:44 -0400] "GET /gokken-deposit-bonus/ HTTP/1.1" 404 - "-" "meta-externalagent/1.1 (+https://developers.facebook.com/docs/sharing/webmasters/crawler)"
2a03:2880:f800:17:: - - [25/Jun/2026:16:29:52 -0400] "GET /gxspin-casino-50-free-spins/ HTTP/1.1" 404 - "-" "meta-externalagent/1.1 (+https://developers.facebook.com/docs/sharing/webmasters/crawler)"
2a03:2880:f800:35:: - - [25/Jun/2026:16:29:52 -0400] "GET /meeste-kans-om-te-winnen-casino/ HTTP/1.1" 404 - "-" "meta-externalagent/1.1 (+https://developers.facebook.com/docs/sharing/webmasters/crawler)"
2a03:2880:f800:9:: - - [25/Jun/2026:16:29:55 -0400] "GET /jac-van-ham/ HTTP/1.1" 404 - "-" "meta-externalagent/1.1 (+https://developers.facebook.com/docs/sharing/webmasters/crawler)"
66.249.68.168 - - [25/Jun/2026:16:30:01 -0400] "GET /items/Z708312405/ HTTP/1.1" 404 - "-" "Mozilla/5.0 (Linux; Android 6.0.1; Nexus 5X Build/MMB29P) AppleWebKit/537.36 (KHTML, like Gecko) Chrome/148.0.7778.96 Mobile Safari/537.36 (compatible; GoogleOther)"
2a03:2880:f800:2c:: - - [25/Jun/2026:16:30:01 -0400] "GET /monixbet-casino-50-free-spins/ HTTP/1.1" 404 - "-" "meta-externalagent/1.1 (+https://developers.facebook.com/docs/sharing/webmasters/crawler)"
2a03:2880:f800:40:: - - [25/Jun/2026:16:30:24 -0400] "GET /wild-sultan-casino-100-free-spins/ HTTP/1.1" 404 - "-" "meta-externalagent/1.1 (+https://developers.facebook.com/docs/sharing/webmasters/crawler)"
2a03:2880:f800:30:: - - [25/Jun/2026:16:30:30 -0400] "GET /casino-zeist/ HTTP/1.1" 404 - "-" "meta-externalagent/1.1 (+https://developers.facebook.com/docs/sharing/webmasters/crawler)"
216.73.216.62 - - [25/Jun/2026:16:30:38 -0400] "GET /sitemap.xml HTTP/1.1" 404 - "-" "Mozilla/5.0 AppleWebKit/537.36 (KHTML, like Gecko; compatible; ClaudeBot/1.0; +claudebot@anthropic.com)"
194.126.177.134 - - [25/Jun/2026:16:30:42 -0400] "GET /test/2025/10/07/willkommensbonus-online-wettanbieterdas-online/ HTTP/1.1" 200 25460 "https://laratrends.nl/" "Mozilla/5.0 (Macintosh; Intel Mac OS X 10_15_7) AppleWebKit/537.36 (KHTML, like Gecko) Chrome/139.0.0.0 Safari/537.36"
194.126.177.134 - - [25/Jun/2026:16:30:47 -0400] "GET /test/2026/05/18/miss-joker-casino-login-app-sign-up/ HTTP/1.1" 200 25404 "https://laratrends.nl/test/2025/10/07/willkommensbonus-online-wettanbieterdas-online/" "Mozilla/5.0 (Windows NT 6.3; Win64; x64) AppleWebKit/537.36 (KHTML, like Gecko) Chrome/103.0.0.0 Safari/537.36"
194.126.177.134 - - [25/Jun/2026:16:30:48 -0400] "GET /test/2026/05/18/miss-joker-casino-login-app-sign-up/ HTTP/1.1" 200 25404 "https://laratrends.nl/test/2026/05/18/miss-joker-casino-login-app-sign-up/" "Mozilla/5.0 (Windows NT 6.3; Win64; x64) AppleWebKit/537.36 (KHTML, like Gecko) Chrome/103.0.0.0 Safari/537.36"
194.126.177.134 - - [25/Jun/2026:16:30:49 -0400] "GET /test/2025/10/07/willkommensbonus-online-wettanbieterdas-online/ HTTP/1.1" 200 25460 "https://laratrends.nl/test/2025/10/07/willkommensbonus-online-wettanbieterdas-online/" "Mozilla/5.0 (Windows NT 6.3; Win64; x64) AppleWebKit/537.36 (KHTML, like Gecko) Chrome/103.0.0.0 Safari/537.36"
194.126.177.134 - - [25/Jun/2026:16:30:50 -0400] "GET /test/wp-content/themes/pressmart/style.css?ver=7.0 HTTP/1.1" 304 - "https://laratrends.nl/test/2025/10/07/willkommensbonus-online-wettanbieterdas-online/" "Mozilla/5.0 (Windows NT 10.0; Win64; x64) AppleWebKit/537.36 (KHTML, like Gecko) Chrome/149.0.0.0 Safari/537.36"
194.126.177.134 - - [25/Jun/2026:16:30:51 -0400] "GET /test/wp-content/themes/pressmart/assets/css/bootstrap-grid.css?ver=4.1.3 HTTP/1.1" 304 - "https://laratrends.nl/test/2025/10/07/willkommensbonus-online-wettanbieterdas-online/" "Mozilla/5.0 (Windows NT 10.0; Win64; x64) AppleWebKit/537.36 (KHTML, like Gecko) Chrome/149.0.0.0 Safari/537.36"
194.126.177.134 - - [25/Jun/2026:16:30:52 -0400] "GET /test/wp-content/themes/pressmart/assets/css/presslayouts-font.css?ver=1.0 HTTP/1.1" 304 - "https://laratrends.nl/test/2025/10/07/willkommensbonus-online-wettanbieterdas-online/" "Mozilla/5.0 (Windows NT 10.0; Win64; x64) AppleWebKit/537.36 (KHTML, like Gecko) Chrome/149.0.0.0 Safari/537.36"
194.126.177.134 - - [25/Jun/2026:16:30:53 -0400] "GET /test/wp-content/themes/pressmart/assets/css/woocommerce.css?ver=7.0 HTTP/1.1" 304 - "https://laratrends.nl/test/2025/10/07/willkommensbonus-online-wettanbieterdas-online/" "Mozilla/5.0 (Windows NT 10.0; Win64; x64) AppleWebKit/537.36 (KHTML, like Gecko) Chrome/149.0.0.0 Safari/537.36"
194.126.177.134 - - [25/Jun/2026:16:30:53 -0400] "GET /test/wp-content/themes/pressmart/assets/css/owl.carousel.min.css?ver=2.3.4 HTTP/1.1" 304 - "https://laratrends.nl/test/2025/10/07/willkommensbonus-online-wettanbieterdas-online/" "Mozilla/5.0 (Windows NT 10.0; Win64; x64) AppleWebKit/537.36 (KHTML, like Gecko) Chrome/149.0.0.0 Safari/537.36"
194.126.177.134 - - [25/Jun/2026:16:30:54 -0400] "GET /test/wp-content/themes/pressmart/assets/css/slick.css?ver=1.9.0 HTTP/1.1" 304 - "https://laratrends.nl/test/2025/10/07/willkommensbonus-online-wettanbieterdas-online/" "Mozilla/5.0 (Windows NT 10.0; Win64; x64) AppleWebKit/537.36 (KHTML, like Gecko) Chrome/149.0.0.0 Safari/537.36"
194.126.177.134 - - [25/Jun/2026:16:30:55 -0400] "GET /test/wp-content/themes/pressmart/assets/css/magnific-popup.css?ver=1.1.0 HTTP/1.1" 304 - "https://laratrends.nl/test/2025/10/07/willkommensbonus-online-wettanbieterdas-online/" "Mozilla/5.0 (Windows NT 10.0; Win64; x64) AppleWebKit/537.36 (KHTML, like Gecko) Chrome/149.0.0.0 Safari/537.36"
66.249.68.167 - - [25/Jun/2026:16:30:55 -0400] "GET /items/F351063868/ HTTP/1.1" 404 - "-" "Mozilla/5.0 (Linux; Android 6.0.1; Nexus 5X Build/MMB29P) AppleWebKit/537.36 (KHTML, like Gecko) Chrome/148.0.7778.96 Mobile Safari/537.36 (compatible; GoogleOther)"
194.126.177.134 - - [25/Jun/2026:16:30:55 -0400] "GET /test/wp-content/themes/pressmart/assets/css/animate.min.css?ver=3.7.2 HTTP/1.1" 304 - "https://laratrends.nl/test/2025/10/07/willkommensbonus-online-wettanbieterdas-online/" "Mozilla/5.0 (Windows NT 10.0; Win64; x64) AppleWebKit/537.36 (KHTML, like Gecko) Chrome/149.0.0.0 Safari/537.36"
194.126.177.134 - - [25/Jun/2026:16:30:56 -0400] "GET /test/wp-content/themes/pressmart/assets/css/theme.css?ver=7.0 HTTP/1.1" 304 - "https://laratrends.nl/test/2025/10/07/willkommensbonus-online-wettanbieterdas-online/" "Mozilla/5.0 (Windows NT 10.0; Win64; x64) AppleWebKit/537.36 (KHTML, like Gecko) Chrome/149.0.0.0 Safari/537.36"
194.126.177.134 - - [25/Jun/2026:16:30:57 -0400] "POST /test/wp-comments-post.php HTTP/1.1" 302 6577 "https://laratrends.nl/test/2025/10/07/willkommensbonus-online-wettanbieterdas-online/" "Mozilla/5.0 (Windows NT 6.3; Win64; x64) AppleWebKit/537.36 (KHTML, like Gecko) Chrome/103.0.0.0 Safari/537.36"
2a03:2880:f800:23:: - - [25/Jun/2026:16:30:58 -0400] "GET /gratis-spins-casino-online/ HTTP/1.1" 404 - "-" "meta-externalagent/1.1 (+https://developers.facebook.com/docs/sharing/webmasters/crawler)"
194.126.177.134 - - [25/Jun/2026:16:30:58 -0400] "GET /test/2025/10/07/willkommensbonus-online-wettanbieterdas-online/?unapproved=697&moderation-hash=4e81312dbf5bec9e770c019f6a4c742c HTTP/1.1" 200 26144 "https://laratrends.nl/test/wp-comments-post.php" "Mozilla/5.0 (Windows NT 6.3; Win64; x64) AppleWebKit/537.36 (KHTML, like Gecko) Chrome/103.0.0.0 Safari/537.36"
194.126.177.134 - - [25/Jun/2026:16:30:59 -0400] "GET /test/2025/10/07/willkommensbonus-online-wettanbieterdas-online/ HTTP/1.1" 200 25460 "-" "Mozilla/5.0 (compatible; Googlebot/2.1; +http://www.google.com/bot.html)"
179.100.107.220 - - [25/Jun/2026:16:31:10 -0400] "GET /shop?min_price=400&max_price=1699&filter_color=%D8%A7%D8%B3%D9%88%D8%AF%2C%D8%A7%D8%B5%D9%81%D8%B1%2C%D8%A3%D8%B2%D8%B1%D9%82&filter_size=l%2Cm%2C3xl HTTP/1.1" 404 - "https://laratrends.nl/shop?min_price=400&max_price=1699&filter_color=%D8%A7%D8%B3%D9%88%D8%AF%2C%D8%A7%D8%B5%D9%81%D8%B1%2C%D8%A3%D8%B2%D8%B1%D9%82&filter_size=l%2Cm%2C3xl" "Mozilla/5.0 (Linux; Android 12; OPPO PCLM9) AppleWebKit/537.36 (KHTML, like Gecko) Chrome/151.0.5207.56 Mobile Safari/537.36"
216.73.216.62 - - [25/Jun/2026:16:31:28 -0400] "GET /sitemap-5.xml HTTP/1.1" 404 - "-" "Mozilla/5.0 AppleWebKit/537.36 (KHTML, like Gecko; compatible; ClaudeBot/1.0; +claudebot@anthropic.com)"
2a03:2880:f800:47:: - - [25/Jun/2026:16:31:33 -0400] "GET /palms-bet-casino-no-deposit-bonus/ HTTP/1.1" 404 - "-" "meta-externalagent/1.1 (+https://developers.facebook.com/docs/sharing/webmasters/crawler)"
2a03:2880:f800:21:: - - [25/Jun/2026:16:31:40 -0400] "GET /nieuwe-online-casino-2025/ HTTP/1.1" 404 - "-" "meta-externalagent/1.1 (+https://developers.facebook.com/docs/sharing/webmasters/crawler)"
2a03:2880:f800:c:: - - [25/Jun/2026:16:31:43 -0400] "GET /gokkast-uitkeringspercentage/ HTTP/1.1" 404 - "-" "meta-externalagent/1.1 (+https://developers.facebook.com/docs/sharing/webmasters/crawler)"
2a03:2880:f800:47:: - - [25/Jun/2026:16:31:57 -0400] "GET /platin-casino-100-free-spins/ HTTP/1.1" 404 - "-" "meta-externalagent/1.1 (+https://developers.facebook.com/docs/sharing/webmasters/crawler)"
2a03:2880:f800:19:: - - [25/Jun/2026:16:32:05 -0400] "GET /items/N303730662/ HTTP/1.1" 404 - "-" "meta-externalagent/1.1 (+https://developers.facebook.com/docs/sharing/webmasters/crawler)"
2a03:2880:f800:12:: - - [25/Jun/2026:16:32:06 -0400] "GET /dazzle-casino-no-deposit-bonus/ HTTP/1.1" 404 - "-" "meta-externalagent/1.1 (+https://developers.facebook.com/docs/sharing/webmasters/crawler)"
216.73.216.62 - - [25/Jun/2026:16:32:31 -0400] "GET /sitemap-3.xml HTTP/1.1" 404 - "-" "Mozilla/5.0 AppleWebKit/537.36 (KHTML, like Gecko; compatible; ClaudeBot/1.0; +claudebot@anthropic.com)"
66.249.68.167 - - [25/Jun/2026:16:32:41 -0400] "GET /items/S122735003/ HTTP/1.1" 404 - "-" "Mozilla/5.0 (Linux; Android 6.0.1; Nexus 5X Build/MMB29P) AppleWebKit/537.36 (KHTML, like Gecko) Chrome/148.0.7778.96 Mobile Safari/537.36 (compatible; GoogleOther)"
66.249.68.168 - - [25/Jun/2026:16:32:44 -0400] "GET /items/Z707191474/ HTTP/1.1" 404 - "-" "Mozilla/5.0 (Linux; Android 6.0.1; Nexus 5X Build/MMB29P) AppleWebKit/537.36 (KHTML, like Gecko) Chrome/148.0.7778.96 Mobile Safari/537.36 (compatible; GoogleOther)"
194.126.177.134 - - [25/Jun/2026:16:32:45 -0400] "GET /test/2025/10/07/willkommensbonus-online-wettanbieterdas-online/ HTTP/1.1" 200 25460 "-" "Mozilla/5.0 (compatible; Googlebot/2.1; +http://www.google.com/bot.html)"
2a03:2880:f800:41:: - - [25/Jun/2026:16:32:58 -0400] "GET /items/N225635319/ HTTP/1.1" 404 - "-" "meta-externalagent/1.1 (+https://developers.facebook.com/docs/sharing/webmasters/crawler)"
2a03:2880:f800:b:: - - [25/Jun/2026:16:33:08 -0400] "GET /uitleg-keno/ HTTP/1.1" 404 - "-" "meta-externalagent/1.1 (+https://developers.facebook.com/docs/sharing/webmasters/crawler)"
2a03:2880:f800:1c:: - - [25/Jun/2026:16:33:40 -0400] "GET /zoome-casino-no-deposit-bonus/ HTTP/1.1" 404 - "-" "meta-externalagent/1.1 (+https://developers.facebook.com/docs/sharing/webmasters/crawler)"
2a03:2880:f800:15:: - - [25/Jun/2026:16:34:07 -0400] "GET /simple-casino-100-free-spins/ HTTP/1.1" 404 - "-" "meta-externalagent/1.1 (+https://developers.facebook.com/docs/sharing/webmasters/crawler)"
2a03:2880:f800:21:: - - [25/Jun/2026:16:34:24 -0400] "GET /casino-nederland-legaal/ HTTP/1.1" 404 - "-" "meta-externalagent/1.1 (+https://developers.facebook.com/docs/sharing/webmasters/crawler)"
66.249.68.168 - - [25/Jun/2026:16:34:28 -0400] "GET /items/G853189410/ HTTP/1.1" 404 - "-" "Mozilla/5.0 (Linux; Android 6.0.1; Nexus 5X Build/MMB29P) AppleWebKit/537.36 (KHTML, like Gecko) Chrome/148.0.7778.96 Mobile Safari/537.36 (compatible; GoogleOther)"
216.73.216.247 - - [25/Jun/2026:16:34:50 -0400] "GET /sitemap-17.xml HTTP/1.1" 404 - "-" "Mozilla/5.0 AppleWebKit/537.36 (KHTML, like Gecko; compatible; ClaudeBot/1.0; +claudebot@anthropic.com)"
2a03:2880:f800:23:: - - [25/Jun/2026:16:34:53 -0400] "GET /online-casino-geld/ HTTP/1.1" 404 - "-" "meta-externalagent/1.1 (+https://developers.facebook.com/docs/sharing/webmasters/crawler)"
2a03:2880:f800:2b:: - - [25/Jun/2026:16:35:10 -0400] "GET /roku-casino-no-deposit-bonus/ HTTP/1.1" 404 - "-" "meta-externalagent/1.1 (+https://developers.facebook.com/docs/sharing/webmasters/crawler)"
2a03:2880:f800:2a:: - - [25/Jun/2026:16:35:13 -0400] "GET /gokspellen-online/ HTTP/1.1" 404 - "-" "meta-externalagent/1.1 (+https://developers.facebook.com/docs/sharing/webmasters/crawler)"
2a03:2880:f800:20:: - - [25/Jun/2026:16:35:13 -0400] "GET /casino-vergelijken/ HTTP/1.1" 404 - "-" "meta-externalagent/1.1 (+https://developers.facebook.com/docs/sharing/webmasters/crawler)"
66.249.68.166 - - [25/Jun/2026:16:35:22 -0400] "GET /items/I234861189/ HTTP/1.1" 404 - "-" "Mozilla/5.0 (Linux; Android 6.0.1; Nexus 5X Build/MMB29P) AppleWebKit/537.36 (KHTML, like Gecko) Chrome/148.0.7778.96 Mobile Safari/537.36 (compatible; GoogleOther)"
216.73.216.247 - - [25/Jun/2026:16:35:29 -0400] "GET /sitemap-9.xml HTTP/1.1" 404 - "-" "Mozilla/5.0 AppleWebKit/537.36 (KHTML, like Gecko; compatible; ClaudeBot/1.0; +claudebot@anthropic.com)"
216.73.216.247 - - [25/Jun/2026:16:35:29 -0400] "GET /sitemap-12.xml HTTP/1.1" 404 - "-" "Mozilla/5.0 AppleWebKit/537.36 (KHTML, like Gecko; compatible; ClaudeBot/1.0; +claudebot@anthropic.com)"
66.249.68.166 - - [25/Jun/2026:16:36:16 -0400] "GET /items/V934238347/ HTTP/1.1" 404 - "-" "Mozilla/5.0 (Linux; Android 6.0.1; Nexus 5X Build/MMB29P) AppleWebKit/537.36 (KHTML, like Gecko) Chrome/148.0.7778.96 Mobile Safari/537.36 (compatible; GoogleOther)"
2a03:2880:f800:26:: - - [25/Jun/2026:16:36:40 -0400] "GET /inzet-blackjack-holland-casino/ HTTP/1.1" 404 - "-" "meta-externalagent/1.1 (+https://developers.facebook.com/docs/sharing/webmasters/crawler)"
194.165.16.5 - - [25/Jun/2026:16:36:38 -0400] "GET /test/wp-login.php HTTP/1.1" 200 4821 "-" "Mozilla/5.0 (Windows NT 10.0; Win64; x64; rv:127.0) Gecko/20100101 Firefox/127.0"
162.213.255.98 - - [25/Jun/2026:16:36:41 -0400] "POST /test/wp-cron.php?doing_wp_cron=1782419801.3494849205017089843750 HTTP/1.1" 200 - "-" "WordPress/7.0; https://laratrends.nl/test"
194.165.16.5 - - [25/Jun/2026:16:36:40 -0400] "POST /test/xmlrpc.php HTTP/1.1" 200 3093 "-" "Mozilla/5.0 (Windows NT 10.0; Win64; x64) AppleWebKit/537.36 (KHTML, like Gecko) Chrome/124.0.6367.207 Safari/537.36"
194.165.16.5 - - [25/Jun/2026:16:36:41 -0400] "POST /test/xmlrpc.php HTTP/1.1" 200 5451 "-" "Mozilla/5.0 (Macintosh; Intel Mac OS X 13_5) AppleWebKit/605.1.15 (KHTML, like Gecko) Version/17.5 Safari/605.1.15"
2a03:2880:f800:3a:: - - [25/Jun/2026:16:36:51 -0400] "GET /casino-middelkerke/ HTTP/1.1" 404 - "-" "meta-externalagent/1.1 (+https://developers.facebook.com/docs/sharing/webmasters/crawler)"
2a03:2880:f800:2c:: - - [25/Jun/2026:16:36:54 -0400] "GET /items/N264808147/ HTTP/1.1" 404 - "-" "meta-externalagent/1.1 (+https://developers.facebook.com/docs/sharing/webmasters/crawler)"
216.73.216.122 - - [25/Jun/2026:16:37:15 -0400] "GET /sitemap-10.xml HTTP/1.1" 404 - "-" "Mozilla/5.0 AppleWebKit/537.36 (KHTML, like Gecko; compatible; ClaudeBot/1.0; +claudebot@anthropic.com)"
2a03:2880:f800:20:: - - [25/Jun/2026:16:37:21 -0400] "GET /nederlandse-gokspelletjes/ HTTP/1.1" 404 - "-" "meta-externalagent/1.1 (+https://developers.facebook.com/docs/sharing/webmasters/crawler)"
2a03:2880:f800:18:: - - [25/Jun/2026:16:37:53 -0400] "GET /gratis-egt-gokkasten/ HTTP/1.1" 404 - "-" "meta-externalagent/1.1 (+https://developers.facebook.com/docs/sharing/webmasters/crawler)"
66.249.68.166 - - [25/Jun/2026:16:38:03 -0400] "GET /items/G856679476/ HTTP/1.1" 404 - "-" "Mozilla/5.0 (Linux; Android 6.0.1; Nexus 5X Build/MMB29P) AppleWebKit/537.36 (KHTML, like Gecko) Chrome/148.0.7778.96 Mobile Safari/537.36 (compatible; GoogleOther)"
66.249.68.167 - - [25/Jun/2026:16:38:05 -0400] "GET /items/V932875281/ HTTP/1.1" 404 - "-" "Mozilla/5.0 (Linux; Android 6.0.1; Nexus 5X Build/MMB29P) AppleWebKit/537.36 (KHTML, like Gecko) Chrome/148.0.7778.96 Mobile Safari/537.36 (compatible; GoogleOther)"
2a03:2880:f800:22:: - - [25/Jun/2026:16:38:21 -0400] "GET /online-gokken-met-telefoon-betalen/ HTTP/1.1" 404 - "-" "meta-externalagent/1.1 (+https://developers.facebook.com/docs/sharing/webmasters/crawler)"
149.22.80.140 - - [25/Jun/2026:16:38:52 -0400] "GET /wp-admin.zip/ HTTP/1.1" 404 - "-" "Mozilla/5.0 (Windows NT 10.0; Win64; x64) AppleWebKit/537.36 (KHTML, like Gecko) Chrome/149.0.0.0 Safari/537.36 Edg/149.0.0.0"
149.22.80.140 - - [25/Jun/2026:16:38:56 -0400] "GET /wp-admin.zip/ HTTP/1.1" 404 - "-" "Mozilla/5.0 (iPhone; CPU iPhone OS 18_7 like Mac OS X) AppleWebKit/605.1.15 (KHTML, like Gecko) Version/26.0.1 Mobile/15E148 Safari/604.1"
149.22.80.140 - - [25/Jun/2026:16:39:00 -0400] "GET /favicon.ico HTTP/1.1" 404 - "-" "Mozilla/5.0 (Windows NT 10.0; Win64; x64) AppleWebKit/537.36 (KHTML, like Gecko) Chrome/149.0.0.0 Safari/537.36 Edg/149.0.0.0"
2a03:2880:f800:15:: - - [25/Jun/2026:16:39:15 -0400] "GET /jack-21-casino-no-deposit-bonus/ HTTP/1.1" 404 - "-" "meta-externalagent/1.1 (+https://developers.facebook.com/docs/sharing/webmasters/crawler)"
2a03:2880:f800:e:: - - [25/Jun/2026:16:39:38 -0400] "GET /extraspel-casino-100-free-spins/ HTTP/1.1" 404 - "-" "meta-externalagent/1.1 (+https://developers.facebook.com/docs/sharing/webmasters/crawler)"
2a03:2880:f800:1f:: - - [25/Jun/2026:16:39:38 -0400] "GET /speel-bingo/ HTTP/1.1" 404 - "-" "meta-externalagent/1.1 (+https://developers.facebook.com/docs/sharing/webmasters/crawler)"
66.249.68.167 - - [25/Jun/2026:16:39:50 -0400] "GET /items/W347622920/ HTTP/1.1" 404 - "-" "Mozilla/5.0 (Linux; Android 6.0.1; Nexus 5X Build/MMB29P) AppleWebKit/537.36 (KHTML, like Gecko) Chrome/148.0.7778.96 Mobile Safari/537.36 (compatible; GoogleOther)"
2a03:2880:f800:30:: - - [25/Jun/2026:16:39:56 -0400] "GET /book-of-the-fallengates-of-olympus-online-gokkast-spelen-gratis-en-met-geld/ HTTP/1.1" 404 - "-" "meta-externalagent/1.1 (+https://developers.facebook.com/docs/sharing/webmasters/crawler)"
193.43.145.120 - - [25/Jun/2026:16:40:33 -0400] "GET /shop?min_price=400&max_price=1699&filter_color=%D8%A7%D8%B3%D9%88%D8%AF%2C%D8%A3%D8%B2%D8%B1%D9%82%2C%D8%A7%D8%A8%D9%8A%D8%B6%2C%D8%B0%D9%87%D8%A8%D9%89&filter_size=l%2Cs%2Cm HTTP/1.1" 404 - "https://laratrends.nl/shop?min_price=400&max_price=1699&filter_color=%D8%A7%D8%B3%D9%88%D8%AF%2C%D8%A3%D8%B2%D8%B1%D9%82%2C%D8%A7%D8%A8%D9%8A%D8%B6%2C%D8%B0%D9%87%D8%A8%D9%89&filter_size=l%2Cs%2Cm" "Mozilla/5.0 (Linux; Android 12; OPPO PCLM6) AppleWebKit/537.36 (KHTML, like Gecko) Chrome/140.0.5080.157 Mobile Safari/537.36"
66.249.68.166 - - [25/Jun/2026:16:40:44 -0400] "GET /items/F352957019/ HTTP/1.1" 404 - "-" "Mozilla/5.0 (Linux; Android 6.0.1; Nexus 5X Build/MMB29P) AppleWebKit/537.36 (KHTML, like Gecko) Chrome/148.0.7778.96 Mobile Safari/537.36 (compatible; GoogleOther)"
216.73.217.126 - - [25/Jun/2026:16:41:10 -0400] "GET /sitemap-6.xml HTTP/1.1" 404 - "-" "Mozilla/5.0 AppleWebKit/537.36 (KHTML, like Gecko; compatible; ClaudeBot/1.0; +claudebot@anthropic.com)"
216.73.216.253 - - [25/Jun/2026:16:41:36 -0400] "GET /wp-includes/js/tinymce/plugins/tabfocus/plugin.min.js HTTP/1.1" 200 3653 "-" "Mozilla/5.0 AppleWebKit/537.36 (KHTML, like Gecko; compatible; ClaudeBot/1.0; +claudebot@anthropic.com)"
216.73.216.253 - - [25/Jun/2026:16:41:36 -0400] "GET /wp-includes/SimplePie/src/Content/Type/ HTTP/1.1" 200 399 "-" "Mozilla/5.0 AppleWebKit/537.36 (KHTML, like Gecko; compatible; ClaudeBot/1.0; +claudebot@anthropic.com)"
216.73.216.253 - - [25/Jun/2026:16:41:36 -0400] "GET /wp-includes/js/tinymce/plugins/directionality/plugin.js HTTP/1.1" 200 3520 "-" "Mozilla/5.0 AppleWebKit/537.36 (KHTML, like Gecko; compatible; ClaudeBot/1.0; +claudebot@anthropic.com)"
66.249.68.166 - - [25/Jun/2026:16:41:37 -0400] "GET /items/B682754490/ HTTP/1.1" 404 - "-" "Mozilla/5.0 (Linux; Android 6.0.1; Nexus 5X Build/MMB29P) AppleWebKit/537.36 (KHTML, like Gecko) Chrome/148.0.7778.96 Mobile Safari/537.36 (compatible; GoogleOther)"
216.73.216.199 - - [25/Jun/2026:16:41:59 -0400] "GET /wp-includes/js/tinymce/plugins/wpautoresize/plugin.min.js HTTP/1.1" 200 3767 "-" "Mozilla/5.0 AppleWebKit/537.36 (KHTML, like Gecko; compatible; ClaudeBot/1.0; +claudebot@anthropic.com)"
216.73.216.199 - - [25/Jun/2026:16:41:59 -0400] "GET /wp-includes/js/tinymce/plugins/compat3x/css/ HTTP/1.1" 200 407 "-" "Mozilla/5.0 AppleWebKit/537.36 (KHTML, like Gecko; compatible; ClaudeBot/1.0; +claudebot@anthropic.com)"
216.73.216.199 - - [25/Jun/2026:16:41:59 -0400] "GET /wp-includes/js/tinymce/plugins/directionality/plugin.min.js HTTP/1.1" 200 3308 "-" "Mozilla/5.0 AppleWebKit/537.36 (KHTML, like Gecko; compatible; ClaudeBot/1.0; +claudebot@anthropic.com)"
216.73.216.253 - - [25/Jun/2026:16:42:07 -0400] "GET /wp-includes/SimplePie/src/XML/v3/zjrsr/admin.php HTTP/1.1" 403 14 "-" "Mozilla/5.0 AppleWebKit/537.36 (KHTML, like Gecko; compatible; ClaudeBot/1.0; +claudebot@anthropic.com)"
216.73.216.253 - - [25/Jun/2026:16:42:07 -0400] "GET /wp-includes/js/tinymce/plugins/wpemoji/plugin.min.js HTTP/1.1" 200 3595 "-" "Mozilla/5.0 AppleWebKit/537.36 (KHTML, like Gecko; compatible; ClaudeBot/1.0; +claudebot@anthropic.com)"
216.73.216.253 - - [25/Jun/2026:16:42:08 -0400] "GET /wp-includes/js/tinymce/plugins/colorpicker/plugin.min.js HTTP/1.1" 200 3519 "-" "Mozilla/5.0 AppleWebKit/537.36 (KHTML, like Gecko; compatible; ClaudeBot/1.0; +claudebot@anthropic.com)"
216.73.216.253 - - [25/Jun/2026:16:42:15 -0400] "GET /wp-includes/js/tinymce/skins/wordpress/images/script.svg HTTP/1.1" 200 523 "-" "Mozilla/5.0 AppleWebKit/537.36 (KHTML, like Gecko; compatible; ClaudeBot/1.0; +claudebot@anthropic.com)"
216.73.216.253 - - [25/Jun/2026:16:42:15 -0400] "GET /wp-includes/style-engine/v3/tmp/backup/2025/ HTTP/1.1" 200 396 "-" "Mozilla/5.0 AppleWebKit/537.36 (KHTML, like Gecko; compatible; ClaudeBot/1.0; +claudebot@anthropic.com)"
216.73.216.253 - - [25/Jun/2026:16:42:16 -0400] "GET /wp-includes/sitemaps/providers/class-wp-sitemaps-users.php HTTP/1.1" 500 - "-" "Mozilla/5.0 AppleWebKit/537.36 (KHTML, like Gecko; compatible; ClaudeBot/1.0; +claudebot@anthropic.com)"
2a03:2880:f800:41:: - - [25/Jun/2026:16:42:31 -0400] "GET /rolla-casino-100-free-spins/ HTTP/1.1" 404 - "-" "meta-externalagent/1.1 (+https://developers.facebook.com/docs/sharing/webmasters/crawler)"
2a03:2880:f800:3c:: - - [25/Jun/2026:16:42:34 -0400] "GET /jokers-wild-gokkast-gratis-spelen/ HTTP/1.1" 404 - "-" "meta-externalagent/1.1 (+https://developers.facebook.com/docs/sharing/webmasters/crawler)"
216.73.216.199 - - [25/Jun/2026:16:42:40 -0400] "GET /wp-includes/SimplePie/src/HTTP/?C=S&O=D HTTP/1.1" 200 520 "-" "Mozilla/5.0 AppleWebKit/537.36 (KHTML, like Gecko; compatible; ClaudeBot/1.0; +claudebot@anthropic.com)"
216.73.216.199 - - [25/Jun/2026:16:42:40 -0400] "GET /wp-includes/SimplePie/src/HTTP/?C=D&O=A HTTP/1.1" 200 518 "-" "Mozilla/5.0 AppleWebKit/537.36 (KHTML, like Gecko; compatible; ClaudeBot/1.0; +claudebot@anthropic.com)"
216.73.216.199 - - [25/Jun/2026:16:42:40 -0400] "GET /wp-includes/SimplePie/src/HTTP/?C=M&O=D HTTP/1.1" 200 519 "-" "Mozilla/5.0 AppleWebKit/537.36 (KHTML, like Gecko; compatible; ClaudeBot/1.0; +claudebot@anthropic.com)"
2a03:2880:f800:35:: - - [25/Jun/2026:16:42:42 -0400] "GET /50-dragons-online-gokkast-spelen-gratis-en-met-geld/ HTTP/1.1" 404 - "-" "meta-externalagent/1.1 (+https://developers.facebook.com/docs/sharing/webmasters/crawler)"
2a03:2880:f800:22:: - - [25/Jun/2026:16:42:43 -0400] "GET /spelletjes-bingo-gratis/ HTTP/1.1" 404 - "-" "meta-externalagent/1.1 (+https://developers.facebook.com/docs/sharing/webmasters/crawler)"
216.73.216.253 - - [25/Jun/2026:16:42:52 -0400] "GET /wp-includes/Requests/src/Exception/Http/?C=S&O=D HTTP/1.1" 200 728 "-" "Mozilla/5.0 AppleWebKit/537.36 (KHTML, like Gecko; compatible; ClaudeBot/1.0; +claudebot@anthropic.com)"
216.73.216.253 - - [25/Jun/2026:16:42:52 -0400] "GET /wp-includes/Requests/src/Exception/Http/?C=D&O=D HTTP/1.1" 200 731 "-" "Mozilla/5.0 AppleWebKit/537.36 (KHTML, like Gecko; compatible; ClaudeBot/1.0; +claudebot@anthropic.com)"
216.73.216.253 - - [25/Jun/2026:16:42:53 -0400] "GET /wp-includes/Requests/src/Exception/Http/?C=M&O=D HTTP/1.1" 200 731 "-" "Mozilla/5.0 AppleWebKit/537.36 (KHTML, like Gecko; compatible; ClaudeBot/1.0; +claudebot@anthropic.com)"
2a03:2880:f800:f:: - - [25/Jun/2026:16:43:02 -0400] "GET /black-jack-spelen-gratis/ HTTP/1.1" 404 - "-" "meta-externalagent/1.1 (+https://developers.facebook.com/docs/sharing/webmasters/crawler)"
2a03:2880:f800:20:: - - [25/Jun/2026:16:43:05 -0400] "GET /best-uitbetalende-online-casino/ HTTP/1.1" 404 - "-" "meta-externalagent/1.1 (+https://developers.facebook.com/docs/sharing/webmasters/crawler)"
2a03:2880:f800:35:: - - [25/Jun/2026:16:43:14 -0400] "GET /hoe-werkt-plinko/ HTTP/1.1" 404 - "-" "meta-externalagent/1.1 (+https://developers.facebook.com/docs/sharing/webmasters/crawler)"
2a03:2880:f800:8:: - - [25/Jun/2026:16:43:16 -0400] "GET /kan-je-geld-winnen-in-casino/ HTTP/1.1" 404 - "-" "meta-externalagent/1.1 (+https://developers.facebook.com/docs/sharing/webmasters/crawler)"
13.140.163.134 - - [25/Jun/2026:16:43:16 -0400] "GET /test/2025/10/06/vilket-mobilcasino-erbjuder-mobile-roulette-med/ HTTP/1.1" 200 26033 "-" "Mozilla/5.0 (compatible; Googlebot/2.1; +http://www.google.com/bot.html)"
2a03:2880:f800:34:: - - [25/Jun/2026:16:43:17 -0400] "GET /gokautomaten-in-het-engels/ HTTP/1.1" 404 - "-" "meta-externalagent/1.1 (+https://developers.facebook.com/docs/sharing/webmasters/crawler)"
66.249.68.168 - - [25/Jun/2026:16:43:24 -0400] "GET /items/K295220890/ HTTP/1.1" 404 - "-" "Mozilla/5.0 (Linux; Android 6.0.1; Nexus 5X Build/MMB29P) AppleWebKit/537.36 (KHTML, like Gecko) Chrome/148.0.7778.96 Mobile Safari/537.36 (compatible; GoogleOther)"
66.249.68.167 - - [25/Jun/2026:16:43:26 -0400] "GET /items/F357009475/ HTTP/1.1" 404 - "-" "Mozilla/5.0 (Linux; Android 6.0.1; Nexus 5X Build/MMB29P) AppleWebKit/537.36 (KHTML, like Gecko) Chrome/148.0.7778.96 Mobile Safari/537.36 (compatible; GoogleOther)"
216.73.216.141 - - [25/Jun/2026:16:43:47 -0400] "GET /wp-includes/Requests/src/Utility/?C=M&O=D HTTP/1.1" 200 466 "-" "Mozilla/5.0 AppleWebKit/537.36 (KHTML, like Gecko; compatible; ClaudeBot/1.0; +claudebot@anthropic.com)"
216.73.216.141 - - [25/Jun/2026:16:43:47 -0400] "GET /wp-includes/SimplePie/src/Net/?C=S&O=D HTTP/1.1" 200 390 "-" "Mozilla/5.0 AppleWebKit/537.36 (KHTML, like Gecko; compatible; ClaudeBot/1.0; +claudebot@anthropic.com)"
216.73.216.141 - - [25/Jun/2026:16:43:48 -0400] "GET /wp-includes/SimplePie/src/Net/?C=D&O=D HTTP/1.1" 200 390 "-" "Mozilla/5.0 AppleWebKit/537.36 (KHTML, like Gecko; compatible; ClaudeBot/1.0; +claudebot@anthropic.com)"
216.73.216.141 - - [25/Jun/2026:16:44:00 -0400] "GET /wp-includes/Requests/src/Utility/?C=S&O=D HTTP/1.1" 200 466 "-" "Mozilla/5.0 AppleWebKit/537.36 (KHTML, like Gecko; compatible; ClaudeBot/1.0; +claudebot@anthropic.com)"
216.73.216.141 - - [25/Jun/2026:16:44:00 -0400] "GET /wp-includes/js/tinymce/plugins/wptextpattern/?C=S&O=A HTTP/1.1" 404 - "-" "Mozilla/5.0 AppleWebKit/537.36 (KHTML, like Gecko; compatible; ClaudeBot/1.0; +claudebot@anthropic.com)"
216.73.216.141 - - [25/Jun/2026:16:44:01 -0400] "GET /wp-includes/Requests/src/Utility/?C=D&O=D HTTP/1.1" 200 465 "-" "Mozilla/5.0 AppleWebKit/537.36 (KHTML, like Gecko; compatible; ClaudeBot/1.0; +claudebot@anthropic.com)"
216.73.216.141 - - [25/Jun/2026:16:44:09 -0400] "GET /wp-includes/js/tinymce/plugins/paste/?C=M&O=A HTTP/1.1" 404 - "-" "Mozilla/5.0 AppleWebKit/537.36 (KHTML, like Gecko; compatible; ClaudeBot/1.0; +claudebot@anthropic.com)"
216.73.216.141 - - [25/Jun/2026:16:44:09 -0400] "GET /wp-includes/SimplePie/src/Net/?C=M&O=A HTTP/1.1" 200 392 "-" "Mozilla/5.0 AppleWebKit/537.36 (KHTML, like Gecko; compatible; ClaudeBot/1.0; +claudebot@anthropic.com)"
216.73.216.141 - - [25/Jun/2026:16:44:10 -0400] "GET /wp-includes/Requests/src/Exception/?C=M&O=D HTTP/1.1" 200 497 "-" "Mozilla/5.0 AppleWebKit/537.36 (KHTML, like Gecko; compatible; ClaudeBot/1.0; +claudebot@anthropic.com)"
2a03:2880:f800:15:: - - [25/Jun/2026:16:44:22 -0400] "GET /reeltastic-casino-100-free-spins/ HTTP/1.1" 404 - "-" "meta-externalagent/1.1 (+https://developers.facebook.com/docs/sharing/webmasters/crawler)"
64.225.100.118 - - [25/Jun/2026:16:44:24 -0400] "GET /wp-admin.zip/ HTTP/1.1" 404 - "-" "Mozilla/5.0 (Macintosh; Intel Mac OS X 10_10_5) AppleWebKit/603.3.8 (KHTML, like Gecko) Version/10.1.2 Safari/603.3.8"
2a03:2880:f800:9:: - - [25/Jun/2026:16:44:24 -0400] "GET /oxbet-casino-no-deposit-bonus/ HTTP/1.1" 404 - "-" "meta-externalagent/1.1 (+https://developers.facebook.com/docs/sharing/webmasters/crawler)"
66.249.68.166 - - [25/Jun/2026:16:44:27 -0400] "GET /items/F355683576/ HTTP/1.1" 404 - "-" "Mozilla/5.0 (Linux; Android 6.0.1; Nexus 5X Build/MMB29P) AppleWebKit/537.36 (KHTML, like Gecko) Chrome/148.0.7778.96 Mobile Safari/537.36 (compatible; GoogleOther)"
2a03:2880:f800:34:: - - [25/Jun/2026:16:44:27 -0400] "GET /blackjack-basis-strategie/ HTTP/1.1" 404 - "-" "meta-externalagent/1.1 (+https://developers.facebook.com/docs/sharing/webmasters/crawler)"
64.225.100.118 - - [25/Jun/2026:16:44:28 -0400] "GET /wp-admin.zip HTTP/1.1" 304 - "-" "Mozilla/5.0 (Windows NT 6.1; Win64; x64) AppleWebKit/537.36 (KHTML, like Gecko) Chrome/60.0.3112.90 Safari/537.36"
66.249.68.166 - - [25/Jun/2026:16:44:29 -0400] "GET /items/G857246151/ HTTP/1.1" 404 - "-" "Mozilla/5.0 (Linux; Android 6.0.1; Nexus 5X Build/MMB29P) AppleWebKit/537.36 (KHTML, like Gecko) Chrome/148.0.7778.96 Mobile Safari/537.36 (compatible; GoogleOther)"
2a03:2880:f800:27:: - - [25/Jun/2026:16:44:29 -0400] "GET /beste-betalende-casino/ HTTP/1.1" 404 - "-" "meta-externalagent/1.1 (+https://developers.facebook.com/docs/sharing/webmasters/crawler)"
2a03:2880:f800:3a:: - - [25/Jun/2026:16:44:32 -0400] "GET /euslot-casino-100-free-spins/ HTTP/1.1" 404 - "-" "meta-externalagent/1.1 (+https://developers.facebook.com/docs/sharing/webmasters/crawler)"
216.73.216.141 - - [25/Jun/2026:16:44:37 -0400] "GET /wp-includes/SimplePie/src/XML/Declaration/?C=D&O=D HTTP/1.1" 200 400 "-" "Mozilla/5.0 AppleWebKit/537.36 (KHTML, like Gecko; compatible; ClaudeBot/1.0; +claudebot@anthropic.com)"
216.73.216.141 - - [25/Jun/2026:16:44:38 -0400] "GET /wp-includes/js/tinymce/skins/lightgray/fonts/tinymce.woff HTTP/1.1" 200 18824 "-" "Mozilla/5.0 AppleWebKit/537.36 (KHTML, like Gecko; compatible; ClaudeBot/1.0; +claudebot@anthropic.com)"
216.73.216.141 - - [25/Jun/2026:16:44:38 -0400] "GET /wp-includes/SimplePie/src/XML/Declaration/?C=M&O=D HTTP/1.1" 200 400 "-" "Mozilla/5.0 AppleWebKit/537.36 (KHTML, like Gecko; compatible; ClaudeBot/1.0; +claudebot@anthropic.com)"
216.73.216.141 - - [25/Jun/2026:16:44:50 -0400] "GET /wp-includes/js/tinymce/skins/lightgray/fonts/tinymce-small.ttf HTTP/1.1" 200 4907 "-" "Mozilla/5.0 AppleWebKit/537.36 (KHTML, like Gecko; compatible; ClaudeBot/1.0; +claudebot@anthropic.com)"
216.73.216.141 - - [25/Jun/2026:16:44:51 -0400] "GET /wp-includes/js/tinymce/skins/lightgray/fonts/tinymce-small.eot HTTP/1.1" 200 4953 "-" "Mozilla/5.0 AppleWebKit/537.36 (KHTML, like Gecko; compatible; ClaudeBot/1.0; +claudebot@anthropic.com)"
216.73.216.141 - - [25/Jun/2026:16:44:51 -0400] "GET /wp-includes/SimplePie/src/XML/Declaration/?C=S&O=D HTTP/1.1" 200 400 "-" "Mozilla/5.0 AppleWebKit/537.36 (KHTML, like Gecko; compatible; ClaudeBot/1.0; +claudebot@anthropic.com)"
165.231.159.108 - - [25/Jun/2026:16:44:57 -0400] "GET /test/2025/10/07/willkommensbonus-ohne-einzahlung/ HTTP/1.1" 200 25476 "-" "Mozilla/5.0 (compatible; Googlebot/2.1; +http://www.google.com/bot.html)"
216.73.216.141 - - [25/Jun/2026:16:45:05 -0400] "GET /wp-includes/Requests/src/Response/?C=D&O=D HTTP/1.1" 200 392 "-" "Mozilla/5.0 AppleWebKit/537.36 (KHTML, like Gecko; compatible; ClaudeBot/1.0; +claudebot@anthropic.com)"
216.73.216.141 - - [25/Jun/2026:16:45:05 -0400] "GET /wp-includes/Requests/src/Auth/?C=D&O=A HTTP/1.1" 200 388 "-" "Mozilla/5.0 AppleWebKit/537.36 (KHTML, like Gecko; compatible; ClaudeBot/1.0; +claudebot@anthropic.com)"
216.73.216.141 - - [25/Jun/2026:16:45:05 -0400] "GET /wp-includes/Requests/src/Exception/?C=S&O=A HTTP/1.1" 200 496 "-" "Mozilla/5.0 AppleWebKit/537.36 (KHTML, like Gecko; compatible; ClaudeBot/1.0; +claudebot@anthropic.com)"
216.73.216.141 - - [25/Jun/2026:16:45:29 -0400] "GET /wp-includes/Requests/src/Response/?C=M&O=A HTTP/1.1" 200 393 "-" "Mozilla/5.0 AppleWebKit/537.36 (KHTML, like Gecko; compatible; ClaudeBot/1.0; +claudebot@anthropic.com)"
216.73.216.141 - - [25/Jun/2026:16:45:30 -0400] "GET /wp-includes/js/tinymce/plugins/wpview/?C=N&O=D HTTP/1.1" 404 - "-" "Mozilla/5.0 AppleWebKit/537.36 (KHTML, like Gecko; compatible; ClaudeBot/1.0; +claudebot@anthropic.com)"
216.73.216.141 - - [25/Jun/2026:16:45:30 -0400] "GET /wp-includes/sitemaps/providers/js/img/ HTTP/1.1" 200 393 "-" "Mozilla/5.0 AppleWebKit/537.36 (KHTML, like Gecko; compatible; ClaudeBot/1.0; +claudebot@anthropic.com)"
66.249.68.168 - - [25/Jun/2026:16:45:38 -0400] "GET /items/I095457918/ HTTP/1.1" 404 - "-" "Mozilla/5.0 (Linux; Android 6.0.1; Nexus 5X Build/MMB29P) AppleWebKit/537.36 (KHTML, like Gecko) Chrome/148.0.7778.96 Mobile Safari/537.36 (compatible; GoogleOther)"
2a03:2880:f800:1c:: - - [25/Jun/2026:16:45:39 -0400] "GET /sakura-fortune-online-gokkast-spelen-gratis-en-met-geld/ HTTP/1.1" 404 - "-" "meta-externalagent/1.1 (+https://developers.facebook.com/docs/sharing/webmasters/crawler)"
2a03:2880:f800:2f:: - - [25/Jun/2026:16:45:41 -0400] "GET /gokkast-jokers/ HTTP/1.1" 404 - "-" "meta-externalagent/1.1 (+https://developers.facebook.com/docs/sharing/webmasters/crawler)"
216.73.216.141 - - [25/Jun/2026:16:45:50 -0400] "GET /wp-includes/js/tinymce/plugins/wpview/?C=D&O=A HTTP/1.1" 404 - "-" "Mozilla/5.0 AppleWebKit/537.36 (KHTML, like Gecko; compatible; ClaudeBot/1.0; +claudebot@anthropic.com)"
216.73.216.141 - - [25/Jun/2026:16:45:50 -0400] "GET /wp-includes/SimplePie/src/XML/Declaration/?C=N&O=A HTTP/1.1" 200 402 "-" "Mozilla/5.0 AppleWebKit/537.36 (KHTML, like Gecko; compatible; ClaudeBot/1.0; +claudebot@anthropic.com)"
216.73.216.141 - - [25/Jun/2026:16:45:51 -0400] "GET /wp-includes/Requests/src/Proxy/?C=M&O=A HTTP/1.1" 200 390 "-" "Mozilla/5.0 AppleWebKit/537.36 (KHTML, like Gecko; compatible; ClaudeBot/1.0; +claudebot@anthropic.com)"
2a03:2880:f800:f:: - - [25/Jun/2026:16:45:53 -0400] "GET /fruitautomaten-gratis-online-spelen/ HTTP/1.1" 404 - "-" "meta-externalagent/1.1 (+https://developers.facebook.com/docs/sharing/webmasters/crawler)"
81.161.59.17 - - [25/Jun/2026:16:46:00 -0400] "GET /wp-admin.zip HTTP/1.1" 304 - "-" "Mozilla/5.0 (Windows NT 10.0; Win64; x64) AppleWebKit/537.36 (KHTML, like Gecko) Chrome/131.0.0.0 Safari/537.36"
2a03:2880:f800:33:: - - [25/Jun/2026:16:46:25 -0400] "GET /items/N267496440/ HTTP/1.1" 404 - "-" "meta-externalagent/1.1 (+https://developers.facebook.com/docs/sharing/webmasters/crawler)"
216.73.216.253 - - [25/Jun/2026:16:46:50 -0400] "GET /wp-includes/Requests/src/Exception/Transport/?C=M&O=D HTTP/1.1" 200 401 "-" "Mozilla/5.0 AppleWebKit/537.36 (KHTML, like Gecko; compatible; ClaudeBot/1.0; +claudebot@anthropic.com)"
216.73.216.253 - - [25/Jun/2026:16:46:50 -0400] "GET /wp-includes/SimplePie/src/XML/?C=D&O=D HTTP/1.1" 200 413 "-" "Mozilla/5.0 AppleWebKit/537.36 (KHTML, like Gecko; compatible; ClaudeBot/1.0; +claudebot@anthropic.com)"
216.73.216.253 - - [25/Jun/2026:16:46:50 -0400] "GET /wp-includes/SimplePie/src/XML/?C=M&O=D HTTP/1.1" 200 413 "-" "Mozilla/5.0 AppleWebKit/537.36 (KHTML, like Gecko; compatible; ClaudeBot/1.0; +claudebot@anthropic.com)"
66.249.68.167 - - [25/Jun/2026:16:46:54 -0400] "GET /items/N692962508/ HTTP/1.1" 404 - "-" "Mozilla/5.0 (Linux; Android 6.0.1; Nexus 5X Build/MMB29P) AppleWebKit/537.36 (KHTML, like Gecko) Chrome/148.0.7778.96 Mobile Safari/537.36 (compatible; GoogleOther)"
2a03:2880:f800:f:: - - [25/Jun/2026:16:46:58 -0400] "GET /voodoo-gold-online-gokkast-spelen-gratis-en-met-geld/ HTTP/1.1" 404 - "-" "meta-externalagent/1.1 (+https://developers.facebook.com/docs/sharing/webmasters/crawler)"
2a03:2880:f800:34:: - - [25/Jun/2026:16:47:00 -0400] "GET /supernova-casino-100-free-spins/ HTTP/1.1" 404 - "-" "meta-externalagent/1.1 (+https://developers.facebook.com/docs/sharing/webmasters/crawler)"
216.73.217.126 - - [25/Jun/2026:16:47:27 -0400] "GET /wp-includes/Requests/src/Exception/Transport/?C=D&O=D HTTP/1.1" 200 401 "-" "Mozilla/5.0 AppleWebKit/537.36 (KHTML, like Gecko; compatible; ClaudeBot/1.0; +claudebot@anthropic.com)"
2a03:2880:f800:2b:: - - [25/Jun/2026:16:47:29 -0400] "GET /blackjack-verzekeren/ HTTP/1.1" 404 - "-" "meta-externalagent/1.1 (+https://developers.facebook.com/docs/sharing/webmasters/crawler)"
216.73.217.126 - - [25/Jun/2026:16:47:36 -0400] "GET /wp-includes/Requests/src/Exception/Transport/?C=N&O=A HTTP/1.1" 200 403 "-" "Mozilla/5.0 AppleWebKit/537.36 (KHTML, like Gecko; compatible; ClaudeBot/1.0; +claudebot@anthropic.com)"
216.73.217.126 - - [25/Jun/2026:16:47:36 -0400] "GET /wp-includes/Requests/src/Transport/?C=D&O=D HTTP/1.1" 200 429 "-" "Mozilla/5.0 AppleWebKit/537.36 (KHTML, like Gecko; compatible; ClaudeBot/1.0; +claudebot@anthropic.com)"
216.73.217.126 - - [25/Jun/2026:16:47:43 -0400] "GET /wp-includes/SimplePie/src/XML/v3/zjrsr/xvo.txt HTTP/1.1" 200 1 "-" "Mozilla/5.0 AppleWebKit/537.36 (KHTML, like Gecko; compatible; ClaudeBot/1.0; +claudebot@anthropic.com)"
216.73.217.126 - - [25/Jun/2026:16:47:43 -0400] "GET /wp-includes/js/tinymce/skins/wordpress/images/playlist-audio.png HTTP/1.1" 200 440 "-" "Mozilla/5.0 AppleWebKit/537.36 (KHTML, like Gecko; compatible; ClaudeBot/1.0; +claudebot@anthropic.com)"
66.249.68.167 - - [25/Jun/2026:16:47:53 -0400] "GET /items/W345409896/ HTTP/1.1" 404 - "-" "Mozilla/5.0 (Linux; Android 6.0.1; Nexus 5X Build/MMB29P) AppleWebKit/537.36 (KHTML, like Gecko) Chrome/148.0.7778.96 Mobile Safari/537.36 (compatible; GoogleOther)"
216.73.217.126 - - [25/Jun/2026:16:47:57 -0400] "GET /wp-includes/js/tinymce/skins/wordpress/images/playlist-video.png HTTP/1.1" 200 290 "-" "Mozilla/5.0 AppleWebKit/537.36 (KHTML, like Gecko; compatible; ClaudeBot/1.0; +claudebot@anthropic.com)"
216.73.217.126 - - [25/Jun/2026:16:47:57 -0400] "GET /wp-includes/js/tinymce/skins/wordpress/images/pagebreak.png HTTP/1.1" 200 1140 "-" "Mozilla/5.0 AppleWebKit/537.36 (KHTML, like Gecko; compatible; ClaudeBot/1.0; +claudebot@anthropic.com)"
2a03:2880:f800:9:: - - [25/Jun/2026:16:48:00 -0400] "GET /caxino-casino-50-free-spins/ HTTP/1.1" 404 - "-" "meta-externalagent/1.1 (+https://developers.facebook.com/docs/sharing/webmasters/crawler)"
2a03:2880:f800:34:: - - [25/Jun/2026:16:48:10 -0400] "GET /gratis-gokken-echt-geld-winnen/ HTTP/1.1" 404 - "-" "meta-externalagent/1.1 (+https://developers.facebook.com/docs/sharing/webmasters/crawler)"
216.73.217.126 - - [25/Jun/2026:16:48:49 -0400] "GET /wp-includes/SimplePie/src/XML/v3/zjrsr/?C=M&O=A HTTP/1.1" 200 426 "-" "Mozilla/5.0 AppleWebKit/537.36 (KHTML, like Gecko; compatible; ClaudeBot/1.0; +claudebot@anthropic.com)"
216.73.217.126 - - [25/Jun/2026:16:48:49 -0400] "GET /wp-includes/SimplePie/src/XML/v3/zjrsr/?C=N&O=D HTTP/1.1" 200 422 "-" "Mozilla/5.0 AppleWebKit/537.36 (KHTML, like Gecko; compatible; ClaudeBot/1.0; +claudebot@anthropic.com)"
2a03:2880:f800:16:: - - [25/Jun/2026:16:49:16 -0400] "GET /welke-kaarten-voor-blackjack/ HTTP/1.1" 404 - "-" "meta-externalagent/1.1 (+https://developers.facebook.com/docs/sharing/webmasters/crawler)"
2a03:2880:f800:2c:: - - [25/Jun/2026:16:49:22 -0400] "GET /vrouw-wint-jackpot-holland-casino/ HTTP/1.1" 404 - "-" "meta-externalagent/1.1 (+https://developers.facebook.com/docs/sharing/webmasters/crawler)"
216.73.216.52 - - [25/Jun/2026:16:49:24 -0400] "GET /wp-includes/SimplePie/src/XML/v3/zjrsr/?C=S&O=A HTTP/1.1" 200 424 "-" "Mozilla/5.0 AppleWebKit/537.36 (KHTML, like Gecko; compatible; ClaudeBot/1.0; +claudebot@anthropic.com)"
216.73.216.52 - - [25/Jun/2026:16:49:24 -0400] "GET /wp-includes/SimplePie/src/XML/v3/zjrsr/?C=D&O=A HTTP/1.1" 200 426 "-" "Mozilla/5.0 AppleWebKit/537.36 (KHTML, like Gecko; compatible; ClaudeBot/1.0; +claudebot@anthropic.com)"
216.73.216.52 - - [25/Jun/2026:16:49:25 -0400] "GET /wp-includes/sitemaps/providers/js/?C=M&O=A HTTP/1.1" 200 387 "-" "Mozilla/5.0 AppleWebKit/537.36 (KHTML, like Gecko; compatible; ClaudeBot/1.0; +claudebot@anthropic.com)"
216.73.216.52 - - [25/Jun/2026:16:49:25 -0400] "GET /wp-includes/sitemaps/providers/js/?C=N&O=D HTTP/1.1" 200 385 "-" "Mozilla/5.0 AppleWebKit/537.36 (KHTML, like Gecko; compatible; ClaudeBot/1.0; +claudebot@anthropic.com)"
188.215.235.106 - - [25/Jun/2026:16:49:31 -0400] "GET /wp-admin.zip/ HTTP/1.1" 404 - "-" "Mozilla/5.0 (Windows NT 10.0; Win64; x64) AppleWebKit/537.36 (KHTML, like Gecko) Chrome/84.0.4147.89 Safari/537.36"
216.73.217.88 - - [25/Jun/2026:16:49:37 -0400] "GET /wp-includes/sitemaps/providers/js/?C=S&O=A HTTP/1.1" 200 387 "-" "Mozilla/5.0 AppleWebKit/537.36 (KHTML, like Gecko; compatible; ClaudeBot/1.0; +claudebot@anthropic.com)"
216.73.217.88 - - [25/Jun/2026:16:49:37 -0400] "GET /wp-includes/sitemaps/providers/js/?C=D&O=A HTTP/1.1" 200 387 "-" "Mozilla/5.0 AppleWebKit/537.36 (KHTML, like Gecko; compatible; ClaudeBot/1.0; +claudebot@anthropic.com)"
2a03:2880:f800:31:: - - [25/Jun/2026:16:49:41 -0400] "GET /gratis-spins-casino-zonder-storten/ HTTP/1.1" 404 - "-" "meta-externalagent/1.1 (+https://developers.facebook.com/docs/sharing/webmasters/crawler)"
2a03:2880:f800:2b:: - - [25/Jun/2026:16:49:44 -0400] "GET /giga-spinz-casino-no-deposit-bonus/ HTTP/1.1" 404 - "-" "meta-externalagent/1.1 (+https://developers.facebook.com/docs/sharing/webmasters/crawler)"
109.127.82.138 - - [25/Jun/2026:16:49:50 -0400] "GET /shop?min_price=400&max_price=1699&filter_color=%D8%A7%D8%A8%D9%8A%D8%B6&filter_size=m%2Cl%2Cxs HTTP/1.1" 404 - "https://laratrends.nl/shop?min_price=400&max_price=1699&filter_color=%D8%A7%D8%A8%D9%8A%D8%B6&filter_size=m%2Cl%2Cxs" "Mozilla/5.0 (Linux; Android 15; M2102J21) AppleWebKit/537.36 (KHTML, like Gecko) Chrome/153.0.5965.104 Mobile Safari/537.36"
2a03:2880:f800:39:: - - [25/Jun/2026:16:50:01 -0400] "GET /gratis-swintt-gokkasten/ HTTP/1.1" 404 - "-" "meta-externalagent/1.1 (+https://developers.facebook.com/docs/sharing/webmasters/crawler)"
2a03:2880:f800:40:: - - [25/Jun/2026:16:50:06 -0400] "GET /casino-zakynthos/ HTTP/1.1" 404 - "-" "meta-externalagent/1.1 (+https://developers.facebook.com/docs/sharing/webmasters/crawler)"
66.249.68.167 - - [25/Jun/2026:16:50:07 -0400] "GET /items/W343787107/ HTTP/1.1" 404 - "-" "Mozilla/5.0 (Linux; Android 6.0.1; Nexus 5X Build/MMB29P) AppleWebKit/537.36 (KHTML, like Gecko) Chrome/148.0.7778.96 Mobile Safari/537.36 (compatible; GoogleOther)"
