216.73.216.168 - - [25/Jun/2026:14:24:23 -0400] "GET /test/wp-json/oembed/1.0/embed?url=https%3A%2F%2Flaratrends.nl%2Ftest%2F2025%2F08%2F08%2Fmirax-casino-100-free-spins-bonus-2026%2F HTTP/1.1" 200 8907 "-" "Mozilla/5.0 AppleWebKit/537.36 (KHTML, like Gecko; compatible; ClaudeBot/1.0; +claudebot@anthropic.com)"
216.73.216.168 - - [25/Jun/2026:14:24:24 -0400] "GET /wp-includes/js/dist/vendor/?C=M&O=A HTTP/1.1" 404 - "-" "Mozilla/5.0 AppleWebKit/537.36 (KHTML, like Gecko; compatible; ClaudeBot/1.0; +claudebot@anthropic.com)"
216.73.216.168 - - [25/Jun/2026:14:24:23 -0400] "GET /wp-includes/images/media/?C=M&O=A HTTP/1.1" 200 671 "-" "Mozilla/5.0 AppleWebKit/537.36 (KHTML, like Gecko; compatible; ClaudeBot/1.0; +claudebot@anthropic.com)"
216.73.216.168 - - [25/Jun/2026:14:24:23 -0400] "GET /wp-includes/images/media/?C=N&O=D HTTP/1.1" 200 662 "-" "Mozilla/5.0 AppleWebKit/537.36 (KHTML, like Gecko; compatible; ClaudeBot/1.0; +claudebot@anthropic.com)"
216.73.216.168 - - [25/Jun/2026:14:24:23 -0400] "GET /wp-includes/images/media/?C=D&O=A HTTP/1.1" 200 664 "-" "Mozilla/5.0 AppleWebKit/537.36 (KHTML, like Gecko; compatible; ClaudeBot/1.0; +claudebot@anthropic.com)"
216.73.216.168 - - [25/Jun/2026:14:24:23 -0400] "GET /test/2025/08/08/mirax-casino-100-free-spins-bonus-2026/ HTTP/1.1" 200 25308 "-" "Mozilla/5.0 AppleWebKit/537.36 (KHTML, like Gecko; compatible; ClaudeBot/1.0; +claudebot@anthropic.com)"
216.73.216.168 - - [25/Jun/2026:14:24:24 -0400] "GET /wp-includes/js/dist/vendor/?C=N&O=D HTTP/1.1" 404 - "-" "Mozilla/5.0 AppleWebKit/537.36 (KHTML, like Gecko; compatible; ClaudeBot/1.0; +claudebot@anthropic.com)"
216.73.216.168 - - [25/Jun/2026:14:24:24 -0400] "GET /wp-includes/sodium_compat/namespaced/?C=S&O=D HTTP/1.1" 200 454 "-" "Mozilla/5.0 AppleWebKit/537.36 (KHTML, like Gecko; compatible; ClaudeBot/1.0; +claudebot@anthropic.com)"
216.73.216.168 - - [25/Jun/2026:14:24:24 -0400] "GET /wp-includes/block-supports/build/?C=S&O=A HTTP/1.1" 200 402 "-" "Mozilla/5.0 AppleWebKit/537.36 (KHTML, like Gecko; compatible; ClaudeBot/1.0; +claudebot@anthropic.com)"
216.73.216.168 - - [25/Jun/2026:14:24:24 -0400] "GET /wp-includes/sodium_compat/namespaced/?C=D&O=D HTTP/1.1" 200 456 "-" "Mozilla/5.0 AppleWebKit/537.36 (KHTML, like Gecko; compatible; ClaudeBot/1.0; +claudebot@anthropic.com)"
216.73.216.168 - - [25/Jun/2026:14:24:24 -0400] "GET /wp-includes/block-supports/build/?C=D&O=A HTTP/1.1" 200 402 "-" "Mozilla/5.0 AppleWebKit/537.36 (KHTML, like Gecko; compatible; ClaudeBot/1.0; +claudebot@anthropic.com)"
2a03:2880:f800:10:: - - [25/Jun/2026:14:24:26 -0400] "GET /aladdins-gold-casino-100-free-spins/ HTTP/1.1" 404 - "-" "meta-externalagent/1.1 (+https://developers.facebook.com/docs/sharing/webmasters/crawler)"
170.106.113.235 - - [25/Jun/2026:14:24:40 -0400] "GET / HTTP/1.1" 200 1156 "http://www.laratrends.nl" "Mozilla/5.0 (iPhone; CPU iPhone OS 13_2_3 like Mac OS X) AppleWebKit/605.1.15 (KHTML, like Gecko) Version/13.0.3 Mobile/15E148 Safari/604.1"
216.73.217.108 - - [25/Jun/2026:14:25:13 -0400] "GET /wp-includes/fonts/?C=N&O=A HTTP/1.1" 200 594 "-" "Mozilla/5.0 AppleWebKit/537.36 (KHTML, like Gecko; compatible; ClaudeBot/1.0; +claudebot@anthropic.com)"
2a03:2880:f800:45:: - - [25/Jun/2026:14:25:17 -0400] "GET /casino-roulette-regels/ HTTP/1.1" 404 - "-" "meta-externalagent/1.1 (+https://developers.facebook.com/docs/sharing/webmasters/crawler)"
216.73.217.108 - - [25/Jun/2026:14:25:42 -0400] "GET /wp-includes/assets/build/?C=N&O=D HTTP/1.1" 200 379 "-" "Mozilla/5.0 AppleWebKit/537.36 (KHTML, like Gecko; compatible; ClaudeBot/1.0; +claudebot@anthropic.com)"
2a03:2880:f800:1d:: - - [25/Jun/2026:14:25:49 -0400] "GET /santa-vs-rudolf-online-gokkast-spelen-gratis-en-met-geld/ HTTP/1.1" 404 - "-" "meta-externalagent/1.1 (+https://developers.facebook.com/docs/sharing/webmasters/crawler)"
2a03:2880:f800:4:: - - [25/Jun/2026:14:26:00 -0400] "GET /slots-palace-casino-100-free-spins/ HTTP/1.1" 404 - "-" "meta-externalagent/1.1 (+https://developers.facebook.com/docs/sharing/webmasters/crawler)"
2a03:2880:f800:9:: - - [25/Jun/2026:14:26:00 -0400] "GET /eenentwintigen/ HTTP/1.1" 404 - "-" "meta-externalagent/1.1 (+https://developers.facebook.com/docs/sharing/webmasters/crawler)"
216.73.217.108 - - [25/Jun/2026:14:26:02 -0400] "GET /wp-includes/images/?C=N&O=D HTTP/1.1" 200 975 "-" "Mozilla/5.0 AppleWebKit/537.36 (KHTML, like Gecko; compatible; ClaudeBot/1.0; +claudebot@anthropic.com)"
2a03:2880:f800:e:: - - [25/Jun/2026:14:26:08 -0400] "GET /wat-te-doen-in-casino/ HTTP/1.1" 404 - "-" "meta-externalagent/1.1 (+https://developers.facebook.com/docs/sharing/webmasters/crawler)"
2a03:2880:f800:20:: - - [25/Jun/2026:14:26:26 -0400] "GET /emirbet-casino-100-free-spins/ HTTP/1.1" 404 - "-" "meta-externalagent/1.1 (+https://developers.facebook.com/docs/sharing/webmasters/crawler)"
216.73.217.108 - - [25/Jun/2026:14:26:52 -0400] "GET /wp-includes/sodium_compat/namespaced/Core/?C=M&O=A HTTP/1.1" 200 618 "-" "Mozilla/5.0 AppleWebKit/537.36 (KHTML, like Gecko; compatible; ClaudeBot/1.0; +claudebot@anthropic.com)"
2a03:2880:f800:15:: - - [25/Jun/2026:14:27:17 -0400] "GET /speel-online-gratis/ HTTP/1.1" 404 - "-" "meta-externalagent/1.1 (+https://developers.facebook.com/docs/sharing/webmasters/crawler)"
2a03:2880:f800:47:: - - [25/Jun/2026:14:27:27 -0400] "GET /magicwin-casino-no-deposit-bonus/ HTTP/1.1" 404 - "-" "meta-externalagent/1.1 (+https://developers.facebook.com/docs/sharing/webmasters/crawler)"
2a03:2880:f800:1c:: - - [25/Jun/2026:14:27:47 -0400] "GET /ideal-casino-nederland/ HTTP/1.1" 404 - "-" "meta-externalagent/1.1 (+https://developers.facebook.com/docs/sharing/webmasters/crawler)"
216.73.216.156 - - [25/Jun/2026:14:28:07 -0400] "GET /wp-includes/assets/build/?C=D&O=A HTTP/1.1" 200 381 "-" "Mozilla/5.0 AppleWebKit/537.36 (KHTML, like Gecko; compatible; ClaudeBot/1.0; +claudebot@anthropic.com)"
2a03:2880:f800:4:: - - [25/Jun/2026:14:28:14 -0400] "GET /paysafe-card-casino-nederland-online/ HTTP/1.1" 404 - "-" "meta-externalagent/1.1 (+https://developers.facebook.com/docs/sharing/webmasters/crawler)"
2a03:2880:f800:45:: - - [25/Jun/2026:14:28:38 -0400] "GET /casino-met-afterpay/ HTTP/1.1" 404 - "-" "meta-externalagent/1.1 (+https://developers.facebook.com/docs/sharing/webmasters/crawler)"
66.249.68.168 - - [25/Jun/2026:14:28:43 -0400] "GET /items/B307840361/ HTTP/1.1" 404 - "-" "Mozilla/5.0 (Linux; Android 6.0.1; Nexus 5X Build/MMB29P) AppleWebKit/537.36 (KHTML, like Gecko) Chrome/148.0.7778.96 Mobile Safari/537.36 (compatible; GoogleOther)"
2a03:2880:f800:1f:: - - [25/Jun/2026:14:28:57 -0400] "GET /blackjack-tellen-holland-casino/ HTTP/1.1" 404 - "-" "meta-externalagent/1.1 (+https://developers.facebook.com/docs/sharing/webmasters/crawler)"
2a03:2880:f800:15:: - - [25/Jun/2026:14:29:00 -0400] "GET /fruitautomaat-gratis/ HTTP/1.1" 404 - "-" "meta-externalagent/1.1 (+https://developers.facebook.com/docs/sharing/webmasters/crawler)"
2a03:2880:f800:2a:: - - [25/Jun/2026:14:29:33 -0400] "GET /scibet-casino-be-2025-review/ HTTP/1.1" 404 - "-" "meta-externalagent/1.1 (+https://developers.facebook.com/docs/sharing/webmasters/crawler)"
216.73.216.215 - - [25/Jun/2026:14:29:36 -0400] "GET /wp-includes/PHPMailer/css/2025/?C=S&O=A HTTP/1.1" 200 387 "-" "Mozilla/5.0 AppleWebKit/537.36 (KHTML, like Gecko; compatible; ClaudeBot/1.0; +claudebot@anthropic.com)"
2a03:2880:f800:2c:: - - [25/Jun/2026:14:29:41 -0400] "GET /regels-roulette-holland-casino/ HTTP/1.1" 404 - "-" "meta-externalagent/1.1 (+https://developers.facebook.com/docs/sharing/webmasters/crawler)"
165.51.107.85 - - [25/Jun/2026:14:29:42 -0400] "GET /shop?min_price=400&max_price=1699&filter_color=%D8%A8%D9%86%D9%89%2C%D9%83%D8%AD%D9%84%D9%89%2C%D8%A7%D8%A8%D9%8A%D8%B6%2C%D8%A7%D8%B5%D9%81%D8%B1&filter_size=l%2Cm%2C3xl HTTP/1.1" 404 - "https://laratrends.nl/shop?min_price=400&max_price=1699&filter_color=%D8%A8%D9%86%D9%89%2C%D9%83%D8%AD%D9%84%D9%89%2C%D8%A7%D8%A8%D9%8A%D8%B6%2C%D8%A7%D8%B5%D9%81%D8%B1&filter_size=l%2Cm%2C3xl" "Mozilla/5.0 (Linux; Android 15; V2181) AppleWebKit/537.36 (KHTML, like Gecko) Chrome/152.0.5645.111 Mobile Safari/537.36"
2a03:2880:f800:6:: - - [25/Jun/2026:14:30:37 -0400] "GET /ripple-casino-no-deposit-bonus/ HTTP/1.1" 404 - "-" "meta-externalagent/1.1 (+https://developers.facebook.com/docs/sharing/webmasters/crawler)"
2a03:2880:f800:2d:: - - [25/Jun/2026:14:30:49 -0400] "GET /is-casino-eerlijk/ HTTP/1.1" 404 - "-" "meta-externalagent/1.1 (+https://developers.facebook.com/docs/sharing/webmasters/crawler)"
2a03:2880:f800:39:: - - [25/Jun/2026:14:31:04 -0400] "GET /gratis-fruitautomaten-spelen/ HTTP/1.1" 404 - "-" "meta-externalagent/1.1 (+https://developers.facebook.com/docs/sharing/webmasters/crawler)"
43.166.242.189 - - [25/Jun/2026:14:31:07 -0400] "GET /?C=D;O=D HTTP/1.1" 200 1137 "-" "Mozilla/5.0 (iPhone; CPU iPhone OS 13_2_3 like Mac OS X) AppleWebKit/605.1.15 (KHTML, like Gecko) Version/13.0.3 Mobile/15E148 Safari/604.1"
2a03:2880:f800:23:: - - [25/Jun/2026:14:31:46 -0400] "GET /betway-casino-100-free-spins/ HTTP/1.1" 404 - "-" "meta-externalagent/1.1 (+https://developers.facebook.com/docs/sharing/webmasters/crawler)"
216.73.217.108 - - [25/Jun/2026:14:31:58 -0400] "GET /wp-includes/assets/build/?C=M&O=A HTTP/1.1" 200 381 "-" "Mozilla/5.0 AppleWebKit/537.36 (KHTML, like Gecko; compatible; ClaudeBot/1.0; +claudebot@anthropic.com)"
216.73.217.108 - - [25/Jun/2026:14:31:58 -0400] "GET /wp-includes/pomo/?C=S&O=A HTTP/1.1" 200 536 "-" "Mozilla/5.0 AppleWebKit/537.36 (KHTML, like Gecko; compatible; ClaudeBot/1.0; +claudebot@anthropic.com)"
216.73.217.108 - - [25/Jun/2026:14:31:58 -0400] "GET /wp-includes/block-supports/?C=N&O=A HTTP/1.1" 200 870 "-" "Mozilla/5.0 AppleWebKit/537.36 (KHTML, like Gecko; compatible; ClaudeBot/1.0; +claudebot@anthropic.com)"
74.7.228.14 - - [25/Jun/2026:14:32:18 -0400] "GET /robots.txt HTTP/1.1" 304 - "-" "Mozilla/5.0 (Macintosh; Intel Mac OS X 10_15_7) AppleWebKit/537.36 (KHTML, like Gecko) Chrome/131.0.0.0 Safari/537.36; compatible; OAI-SearchBot/1.4; robots.txt; +https://openai.com/searchbot"
2a03:2880:f800:28:: - - [25/Jun/2026:14:32:35 -0400] "GET /ares-casino-100-free-spins/ HTTP/1.1" 404 - "-" "meta-externalagent/1.1 (+https://developers.facebook.com/docs/sharing/webmasters/crawler)"
2a03:2880:f800:18:: - - [25/Jun/2026:14:32:53 -0400] "GET /gratis-casino/ HTTP/1.1" 404 - "-" "meta-externalagent/1.1 (+https://developers.facebook.com/docs/sharing/webmasters/crawler)"
2a03:2880:f800:1f:: - - [25/Jun/2026:14:32:56 -0400] "GET /gokkast-spelletjes-fruitautomaat/ HTTP/1.1" 404 - "-" "meta-externalagent/1.1 (+https://developers.facebook.com/docs/sharing/webmasters/crawler)"
2a03:2880:f800:7:: - - [25/Jun/2026:14:33:22 -0400] "GET /casino-storten-vanaf-1-euro/ HTTP/1.1" 404 - "-" "meta-externalagent/1.1 (+https://developers.facebook.com/docs/sharing/webmasters/crawler)"
205.169.39.6 - - [25/Jun/2026:14:33:33 -0400] "GET / HTTP/1.1" 200 1156 "-" "Mozilla/5.0 (Windows NT 10.0; Win64; x64) AppleWebKit/537.36 (KHTML, like Gecko) Chrome/117.0.5938.132 Safari/537.36"
216.73.216.168 - - [25/Jun/2026:14:33:57 -0400] "GET /wp-includes/js/swfupload/?C=S&O=A HTTP/1.1" 404 - "-" "Mozilla/5.0 AppleWebKit/537.36 (KHTML, like Gecko; compatible; ClaudeBot/1.0; +claudebot@anthropic.com)"
216.73.216.168 - - [25/Jun/2026:14:34:19 -0400] "GET /wp-includes/sodium_compat/namespaced/Core/?C=N&O=D HTTP/1.1" 200 629 "-" "Mozilla/5.0 AppleWebKit/537.36 (KHTML, like Gecko; compatible; ClaudeBot/1.0; +claudebot@anthropic.com)"
2a03:2880:f800:6:: - - [25/Jun/2026:14:34:25 -0400] "GET /intense-casino-no-deposit-bonus/ HTTP/1.1" 404 - "-" "meta-externalagent/1.1 (+https://developers.facebook.com/docs/sharing/webmasters/crawler)"
2a03:2880:f800:21:: - - [25/Jun/2026:14:34:28 -0400] "GET /888-casino-betrouwbaar/ HTTP/1.1" 404 - "-" "meta-externalagent/1.1 (+https://developers.facebook.com/docs/sharing/webmasters/crawler)"
2a03:2880:f800:2:: - - [25/Jun/2026:14:34:45 -0400] "GET /royal-masquerade-online-gokkast-spelen-gratis-en-met-geld/ HTTP/1.1" 404 - "-" "meta-externalagent/1.1 (+https://developers.facebook.com/docs/sharing/webmasters/crawler)"
2a03:2880:f800:47:: - - [25/Jun/2026:14:35:51 -0400] "GET /mermaid-gold-online-gokkast-spelen-gratis-en-met-geld/ HTTP/1.1" 404 - "-" "meta-externalagent/1.1 (+https://developers.facebook.com/docs/sharing/webmasters/crawler)"
216.73.216.168 - - [25/Jun/2026:14:35:54 -0400] "GET /wp-includes/sodium_compat/namespaced/Core/?C=D&O=A HTTP/1.1" 200 616 "-" "Mozilla/5.0 AppleWebKit/537.36 (KHTML, like Gecko; compatible; ClaudeBot/1.0; +claudebot@anthropic.com)"
2a03:2880:f800:45:: - - [25/Jun/2026:14:36:11 -0400] "GET /age-of-troy-online-gokkast-spelen-gratis-en-met-geld/ HTTP/1.1" 404 - "-" "meta-externalagent/1.1 (+https://developers.facebook.com/docs/sharing/webmasters/crawler)"
2a03:2880:f800:20:: - - [25/Jun/2026:14:36:34 -0400] "GET /roulette-strategie-euro/ HTTP/1.1" 404 - "-" "meta-externalagent/1.1 (+https://developers.facebook.com/docs/sharing/webmasters/crawler)"
194.165.16.5 - - [25/Jun/2026:14:36:43 -0400] "GET /test/wp-login.php HTTP/1.1" 200 4821 "-" "Mozilla/5.0 (Macintosh; Intel Mac OS X 13_5) AppleWebKit/605.1.15 (KHTML, like Gecko) Version/17.5 Safari/605.1.15"
162.213.255.98 - - [25/Jun/2026:14:36:46 -0400] "POST /test/wp-cron.php?doing_wp_cron=1782412606.4642550945281982421875 HTTP/1.1" 200 - "-" "WordPress/7.0; https://laratrends.nl/test"
194.165.16.5 - - [25/Jun/2026:14:36:45 -0400] "POST /test/xmlrpc.php HTTP/1.1" 200 3093 "-" "Mozilla/5.0 (Macintosh; Intel Mac OS X 13_5) AppleWebKit/605.1.15 (KHTML, like Gecko) Version/17.5 Safari/605.1.15"
194.165.16.5 - - [25/Jun/2026:14:36:47 -0400] "POST /test/xmlrpc.php HTTP/1.1" 200 5210 "-" "Mozilla/5.0 (Windows NT 10.0; Win64; x64; rv:127.0) Gecko/20100101 Firefox/127.0"
2a03:2880:f800:13:: - - [25/Jun/2026:14:37:17 -0400] "GET /genie-jackpots-megaways-online-gokkast-spelen-gratis-en-met-geld/ HTTP/1.1" 404 - "-" "meta-externalagent/1.1 (+https://developers.facebook.com/docs/sharing/webmasters/crawler)"
2a03:2880:f800:f:: - - [25/Jun/2026:14:37:18 -0400] "GET /gokkasten-gratis-spelen/ HTTP/1.1" 404 - "-" "meta-externalagent/1.1 (+https://developers.facebook.com/docs/sharing/webmasters/crawler)"
216.73.216.168 - - [25/Jun/2026:14:37:37 -0400] "GET /wp-includes/images/uploader-icons-2x.png HTTP/1.1" 200 3542 "-" "Mozilla/5.0 AppleWebKit/537.36 (KHTML, like Gecko; compatible; ClaudeBot/1.0; +claudebot@anthropic.com)"
216.73.216.168 - - [25/Jun/2026:14:38:08 -0400] "GET /wp-includes/Text/Diff/Renderer/cap.php?phpinfo=true HTTP/1.1" 200 26210 "-" "Mozilla/5.0 AppleWebKit/537.36 (KHTML, like Gecko; compatible; ClaudeBot/1.0; +claudebot@anthropic.com)"
2a03:2880:f800:f:: - - [25/Jun/2026:14:38:08 -0400] "GET /age-of-the-gods-god-of-storms-online-gokkast-spelen-gratis-en-met-geld/ HTTP/1.1" 404 - "-" "meta-externalagent/1.1 (+https://developers.facebook.com/docs/sharing/webmasters/crawler)"
216.73.216.168 - - [25/Jun/2026:14:38:08 -0400] "GET /wp-includes/html-api/backup/cache/assets/src/ HTTP/1.1" 200 397 "-" "Mozilla/5.0 AppleWebKit/537.36 (KHTML, like Gecko; compatible; ClaudeBot/1.0; +claudebot@anthropic.com)"
216.73.216.168 - - [25/Jun/2026:14:38:08 -0400] "GET /wp-includes/Text/Diff/Renderer/cap.php?proxy=true HTTP/1.1" 200 7309 "-" "Mozilla/5.0 AppleWebKit/537.36 (KHTML, like Gecko; compatible; ClaudeBot/1.0; +claudebot@anthropic.com)"
216.73.216.168 - - [25/Jun/2026:14:38:24 -0400] "GET /wp-includes/php-compat/cache/files/v2/js/ HTTP/1.1" 200 393 "-" "Mozilla/5.0 AppleWebKit/537.36 (KHTML, like Gecko; compatible; ClaudeBot/1.0; +claudebot@anthropic.com)"
216.73.216.168 - - [25/Jun/2026:14:38:24 -0400] "GET /wp-includes/Text/Diff/Renderer/bolt.php?proxy=true HTTP/1.1" 200 6916 "-" "Mozilla/5.0 AppleWebKit/537.36 (KHTML, like Gecko; compatible; ClaudeBot/1.0; +claudebot@anthropic.com)"
216.73.216.168 - - [25/Jun/2026:14:38:24 -0400] "GET /wp-includes/Text/Diff/Renderer/bolt.php?phpinfo=true HTTP/1.1" 200 25757 "-" "Mozilla/5.0 AppleWebKit/537.36 (KHTML, like Gecko; compatible; ClaudeBot/1.0; +claudebot@anthropic.com)"
2a03:2880:f800:2:: - - [25/Jun/2026:14:38:32 -0400] "GET /bingoal-casino-50-free-spins/ HTTP/1.1" 404 - "-" "meta-externalagent/1.1 (+https://developers.facebook.com/docs/sharing/webmasters/crawler)"
2a03:2880:f800:b:: - - [25/Jun/2026:14:38:54 -0400] "GET /online-slots-reviews/ HTTP/1.1" 404 - "-" "meta-externalagent/1.1 (+https://developers.facebook.com/docs/sharing/webmasters/crawler)"
216.73.216.168 - - [25/Jun/2026:14:38:54 -0400] "GET /wp-includes/Text/Diff/Renderer/cap.php?fm_settings=true HTTP/1.1" 200 8394 "-" "Mozilla/5.0 AppleWebKit/537.36 (KHTML, like Gecko; compatible; ClaudeBot/1.0; +claudebot@anthropic.com)"
216.73.216.168 - - [25/Jun/2026:14:38:54 -0400] "GET /wp-includes/css/dist/format-library/assets/data/ HTTP/1.1" 200 400 "-" "Mozilla/5.0 AppleWebKit/537.36 (KHTML, like Gecko; compatible; ClaudeBot/1.0; +claudebot@anthropic.com)"
216.73.216.168 - - [25/Jun/2026:14:38:55 -0400] "GET /wp-includes/Text/Diff/Renderer/bolt.php?fm_settings=true HTTP/1.1" 200 10073 "-" "Mozilla/5.0 AppleWebKit/537.36 (KHTML, like Gecko; compatible; ClaudeBot/1.0; +claudebot@anthropic.com)"
41.198.159.89 - - [25/Jun/2026:14:39:01 -0400] "GET /test/2026/02/12/mindil-casino-resort/ HTTP/1.1" 200 25449 "https://laratrends.nl/test/author/dev_option" "Mozilla/5.0 (iPhone; CPU iPhone OS 16_0 like Mac OS X) AppleWebKit/605.1.15 (KHTML, like Gecko) Version/16.0 Mobile/15E148 Safari/604.1"
216.73.216.168 - - [25/Jun/2026:14:39:24 -0400] "GET /wp-includes/html-api/backup/cache/?C=D&O=D HTTP/1.1" 200 384 "-" "Mozilla/5.0 AppleWebKit/537.36 (KHTML, like Gecko; compatible; ClaudeBot/1.0; +claudebot@anthropic.com)"
216.73.216.168 - - [25/Jun/2026:14:39:24 -0400] "GET /wp-includes/html-api/backup/cache/?C=S&O=D HTTP/1.1" 200 384 "-" "Mozilla/5.0 AppleWebKit/537.36 (KHTML, like Gecko; compatible; ClaudeBot/1.0; +claudebot@anthropic.com)"
216.73.216.168 - - [25/Jun/2026:14:39:24 -0400] "GET /wp-includes/html-api/backup/cache/?C=M&O=D HTTP/1.1" 200 384 "-" "Mozilla/5.0 AppleWebKit/537.36 (KHTML, like Gecko; compatible; ClaudeBot/1.0; +claudebot@anthropic.com)"
216.73.216.168 - - [25/Jun/2026:14:39:35 -0400] "GET /wp-includes/Text/Diff/Engine/?C=D&O=D HTTP/1.1" 200 446 "-" "Mozilla/5.0 AppleWebKit/537.36 (KHTML, like Gecko; compatible; ClaudeBot/1.0; +claudebot@anthropic.com)"
216.73.216.168 - - [25/Jun/2026:14:39:35 -0400] "GET /wp-includes/Text/Diff/Engine/?C=S&O=D HTTP/1.1" 200 447 "-" "Mozilla/5.0 AppleWebKit/537.36 (KHTML, like Gecko; compatible; ClaudeBot/1.0; +claudebot@anthropic.com)"
216.73.216.168 - - [25/Jun/2026:14:39:35 -0400] "GET /wp-includes/Text/Diff/Engine/?C=M&O=D HTTP/1.1" 200 449 "-" "Mozilla/5.0 AppleWebKit/537.36 (KHTML, like Gecko; compatible; ClaudeBot/1.0; +claudebot@anthropic.com)"
2a03:2880:f800:e:: - - [25/Jun/2026:14:39:42 -0400] "GET /middelkerke-casino-no-deposit-bonus/ HTTP/1.1" 404 - "-" "meta-externalagent/1.1 (+https://developers.facebook.com/docs/sharing/webmasters/crawler)"
2a03:2880:f800:3d:: - - [25/Jun/2026:14:39:53 -0400] "GET /hoe-kaarten-tellen/ HTTP/1.1" 404 - "-" "meta-externalagent/1.1 (+https://developers.facebook.com/docs/sharing/webmasters/crawler)"
2a03:2880:f800:c:: - - [25/Jun/2026:14:40:15 -0400] "GET /den-bosch-casino-100-free-spins/ HTTP/1.1" 404 - "-" "meta-externalagent/1.1 (+https://developers.facebook.com/docs/sharing/webmasters/crawler)"
216.73.216.168 - - [25/Jun/2026:14:40:15 -0400] "GET /wp-includes/html-api/backup/cache/?C=N&O=A HTTP/1.1" 200 386 "-" "Mozilla/5.0 AppleWebKit/537.36 (KHTML, like Gecko; compatible; ClaudeBot/1.0; +claudebot@anthropic.com)"
216.73.216.168 - - [25/Jun/2026:14:40:15 -0400] "GET /wp-includes/html-api/backup/cache/assets/?C=N&O=D HTTP/1.1" 200 389 "-" "Mozilla/5.0 AppleWebKit/537.36 (KHTML, like Gecko; compatible; ClaudeBot/1.0; +claudebot@anthropic.com)"
216.73.216.168 - - [25/Jun/2026:14:40:15 -0400] "GET /wp-includes/Text/Diff/Engine/?C=N&O=A HTTP/1.1" 200 452 "-" "Mozilla/5.0 AppleWebKit/537.36 (KHTML, like Gecko; compatible; ClaudeBot/1.0; +claudebot@anthropic.com)"
107.174.148.98 - - [25/Jun/2026:14:40:28 -0400] "GET /test/2025/10/07/willkommensbonus-ohne-einzahlung-sportwettenonline-2/ HTTP/1.1" 200 25355 "http://laratrends.nl/test/2025/10/07/willkommensbonus-ohne-einzahlung-sportwettenonline-2/" "Mozilla/5.0 (compatible; Googlebot/2.1; +http://www.google.com/bot.html)"
2a03:2880:f800:33:: - - [25/Jun/2026:14:40:32 -0400] "GET /wanneer-betaal-je-kansspelbelasting/ HTTP/1.1" 404 - "-" "meta-externalagent/1.1 (+https://developers.facebook.com/docs/sharing/webmasters/crawler)"
216.73.216.200 - - [25/Jun/2026:14:40:35 -0400] "GET /wp-includes/html-api/backup/cache/assets/?C=D&O=A HTTP/1.1" 200 391 "-" "Mozilla/5.0 AppleWebKit/537.36 (KHTML, like Gecko; compatible; ClaudeBot/1.0; +claudebot@anthropic.com)"
216.73.216.200 - - [25/Jun/2026:14:40:35 -0400] "GET /wp-includes/html-api/backup/cache/assets/?C=M&O=A HTTP/1.1" 200 391 "-" "Mozilla/5.0 AppleWebKit/537.36 (KHTML, like Gecko; compatible; ClaudeBot/1.0; +claudebot@anthropic.com)"
216.73.216.200 - - [25/Jun/2026:14:40:35 -0400] "GET /wp-includes/html-api/backup/cache/assets/?C=S&O=A HTTP/1.1" 200 391 "-" "Mozilla/5.0 AppleWebKit/537.36 (KHTML, like Gecko; compatible; ClaudeBot/1.0; +claudebot@anthropic.com)"
216.73.216.200 - - [25/Jun/2026:14:41:06 -0400] "GET /wp-includes/Text/Diff/Renderer/?C=M&O=D HTTP/1.1" 200 435 "-" "Mozilla/5.0 AppleWebKit/537.36 (KHTML, like Gecko; compatible; ClaudeBot/1.0; +claudebot@anthropic.com)"
216.73.216.200 - - [25/Jun/2026:14:41:06 -0400] "GET /wp-includes/css/dist/patterns/?C=M&O=D HTTP/1.1" 200 427 "-" "Mozilla/5.0 AppleWebKit/537.36 (KHTML, like Gecko; compatible; ClaudeBot/1.0; +claudebot@anthropic.com)"
216.73.216.200 - - [25/Jun/2026:14:41:06 -0400] "GET /wp-includes/Text/Diff/Renderer/?C=D&O=D HTTP/1.1" 200 437 "-" "Mozilla/5.0 AppleWebKit/537.36 (KHTML, like Gecko; compatible; ClaudeBot/1.0; +claudebot@anthropic.com)"
216.73.217.108 - - [25/Jun/2026:14:41:25 -0400] "GET /wp-includes/php-compat/cache/gtsa/?C=D&O=D HTTP/1.1" 200 391 "-" "Mozilla/5.0 AppleWebKit/537.36 (KHTML, like Gecko; compatible; ClaudeBot/1.0; +claudebot@anthropic.com)"
216.73.217.108 - - [25/Jun/2026:14:41:25 -0400] "GET /wp-includes/php-compat/cache/gtsa/?C=M&O=D HTTP/1.1" 200 391 "-" "Mozilla/5.0 AppleWebKit/537.36 (KHTML, like Gecko; compatible; ClaudeBot/1.0; +claudebot@anthropic.com)"
216.73.217.108 - - [25/Jun/2026:14:41:25 -0400] "GET /wp-includes/php-compat/cache/files/?C=S&O=D HTTP/1.1" 200 385 "-" "Mozilla/5.0 AppleWebKit/537.36 (KHTML, like Gecko; compatible; ClaudeBot/1.0; +claudebot@anthropic.com)"
158.173.241.181 - - [25/Jun/2026:14:41:34 -0400] "GET /drahmad/willkommensbonus-ohne-einzahlung-sportwettenonline/ HTTP/1.1" 404 - "https://laratrends.nl/" "Mozilla/5.0 (Macintosh; Intel Mac OS X 10.15; rv:147.0) Gecko/20100101 Firefox/147.0"
2a03:2880:f800:27:: - - [25/Jun/2026:14:41:34 -0400] "GET /gokkasten-gratis-fruitmachines/ HTTP/1.1" 404 - "-" "meta-externalagent/1.1 (+https://developers.facebook.com/docs/sharing/webmasters/crawler)"
158.173.241.144 - - [25/Jun/2026:14:41:34 -0400] "GET / HTTP/1.1" 200 1156 "-" "Mozilla/5.0 (Macintosh; Intel Mac OS X 10.15; rv:147.0) Gecko/20100101 Firefox/147.0"
68.71.247.130 - - [25/Jun/2026:14:41:43 -0400] "GET /test/2025/10/06/vilket-mobilcasino-erbjuder-mobile-roulette-med/ HTTP/1.1" 200 26033 "-" "Mozilla/5.0 (compatible; Googlebot/2.1; +http://www.google.com/bot.html)"
2a03:2880:f800:: - - [25/Jun/2026:14:41:43 -0400] "GET /playamo-casino-be-2025-review/ HTTP/1.1" 404 - "-" "meta-externalagent/1.1 (+https://developers.facebook.com/docs/sharing/webmasters/crawler)"
2a03:2880:f800:20:: - - [25/Jun/2026:14:41:45 -0400] "GET /regels-keno/ HTTP/1.1" 404 - "-" "meta-externalagent/1.1 (+https://developers.facebook.com/docs/sharing/webmasters/crawler)"
216.73.217.108 - - [25/Jun/2026:14:41:52 -0400] "GET /wp-includes/php-compat/cache/gtsa/?C=S&O=D HTTP/1.1" 200 391 "-" "Mozilla/5.0 AppleWebKit/537.36 (KHTML, like Gecko; compatible; ClaudeBot/1.0; +claudebot@anthropic.com)"
216.73.217.108 - - [25/Jun/2026:14:41:52 -0400] "GET /wp-includes/php-compat/cache/files/?C=N&O=A HTTP/1.1" 200 386 "-" "Mozilla/5.0 AppleWebKit/537.36 (KHTML, like Gecko; compatible; ClaudeBot/1.0; +claudebot@anthropic.com)"
216.73.217.108 - - [25/Jun/2026:14:41:52 -0400] "GET /wp-includes/Text/Diff/Renderer/?C=N&O=A HTTP/1.1" 200 439 "-" "Mozilla/5.0 AppleWebKit/537.36 (KHTML, like Gecko; compatible; ClaudeBot/1.0; +claudebot@anthropic.com)"
216.73.217.108 - - [25/Jun/2026:14:42:01 -0400] "GET /wp-includes/Text/Diff/Renderer/cap.php?fm=true&path=%2Fhome%2Flaratrends%2Fpublic_html%2Fwp-includes%2FText%2FDiff%2FRenderer%2F.. HTTP/1.1" 200 9027 "-" "Mozilla/5.0 AppleWebKit/537.36 (KHTML, like Gecko; compatible; ClaudeBot/1.0; +claudebot@anthropic.com)"
216.73.217.108 - - [25/Jun/2026:14:42:01 -0400] "GET /wp-includes/php-compat/cache/files/v2/?C=N&O=D HTTP/1.1" 200 387 "-" "Mozilla/5.0 AppleWebKit/537.36 (KHTML, like Gecko; compatible; ClaudeBot/1.0; +claudebot@anthropic.com)"
216.73.217.108 - - [25/Jun/2026:14:42:01 -0400] "GET /wp-includes/css/dist/patterns/?C=N&O=A HTTP/1.1" 200 427 "-" "Mozilla/5.0 AppleWebKit/537.36 (KHTML, like Gecko; compatible; ClaudeBot/1.0; +claudebot@anthropic.com)"
2a03:2880:f800:b:: - - [25/Jun/2026:14:42:06 -0400] "GET /55bet-casino-50-free-spins/ HTTP/1.1" 404 - "-" "meta-externalagent/1.1 (+https://developers.facebook.com/docs/sharing/webmasters/crawler)"
216.73.217.108 - - [25/Jun/2026:14:42:13 -0400] "GET /wp-includes/php-compat/cache/files/v2/?C=D&O=A HTTP/1.1" 200 389 "-" "Mozilla/5.0 AppleWebKit/537.36 (KHTML, like Gecko; compatible; ClaudeBot/1.0; +claudebot@anthropic.com)"
216.73.217.108 - - [25/Jun/2026:14:42:13 -0400] "GET /wp-includes/php-compat/cache/files/v2/?C=S&O=A HTTP/1.1" 200 389 "-" "Mozilla/5.0 AppleWebKit/537.36 (KHTML, like Gecko; compatible; ClaudeBot/1.0; +claudebot@anthropic.com)"
216.73.217.108 - - [25/Jun/2026:14:42:13 -0400] "GET /wp-includes/php-compat/cache/files/v2/?C=M&O=A HTTP/1.1" 200 389 "-" "Mozilla/5.0 AppleWebKit/537.36 (KHTML, like Gecko; compatible; ClaudeBot/1.0; +claudebot@anthropic.com)"
2a03:2880:f800:8:: - - [25/Jun/2026:14:42:15 -0400] "GET /fruity-vegas-casino-100-free-spins/ HTTP/1.1" 404 - "-" "meta-externalagent/1.1 (+https://developers.facebook.com/docs/sharing/webmasters/crawler)"
2a03:2880:f800:25:: - - [25/Jun/2026:14:42:21 -0400] "GET /hoe-speel-je-baccarat/ HTTP/1.1" 404 - "-" "meta-externalagent/1.1 (+https://developers.facebook.com/docs/sharing/webmasters/crawler)"
2a03:2880:f800:36:: - - [25/Jun/2026:14:42:29 -0400] "GET /classic-jackpot-gokkasten/ HTTP/1.1" 404 - "-" "meta-externalagent/1.1 (+https://developers.facebook.com/docs/sharing/webmasters/crawler)"
216.73.217.108 - - [25/Jun/2026:14:42:48 -0400] "GET /wp-includes/Text/Diff/Renderer/cap.php?edit=inline.php&fm=true&path=%2Fhome%2Flaratrends%2Fpublic_html%2Fwp-includes%2FText%2FDiff%2FRenderer%2F HTTP/1.1" 200 9402 "-" "Mozilla/5.0 AppleWebKit/537.36 (KHTML, like Gecko; compatible; ClaudeBot/1.0; +claudebot@anthropic.com)"
216.73.217.108 - - [25/Jun/2026:14:42:48 -0400] "GET /wp-includes/php-compat/cache/gtsa/?C=N&O=A HTTP/1.1" 200 393 "-" "Mozilla/5.0 AppleWebKit/537.36 (KHTML, like Gecko; compatible; ClaudeBot/1.0; +claudebot@anthropic.com)"
216.73.217.108 - - [25/Jun/2026:14:42:49 -0400] "GET /wp-includes/Text/Diff/Renderer/bolt.php?fm=true&path=%2Fhome%2Flaratrends%2Fpublic_html%2Fwp-includes%2FText%2FDiff%2FRenderer%2F.. HTTP/1.1" 200 9941 "-" "Mozilla/5.0 AppleWebKit/537.36 (KHTML, like Gecko; compatible; ClaudeBot/1.0; +claudebot@anthropic.com)"
2a03:2880:f800:2f:: - - [25/Jun/2026:14:42:56 -0400] "GET /gokkasten-android/ HTTP/1.1" 404 - "-" "meta-externalagent/1.1 (+https://developers.facebook.com/docs/sharing/webmasters/crawler)"
216.73.217.108 - - [25/Jun/2026:14:43:22 -0400] "GET /wp-includes/Text/Diff/Renderer/cap.php?edit=cap.php&fm=true&path=%2Fhome%2Flaratrends%2Fpublic_html%2Fwp-includes%2FText%2FDiff%2FRenderer%2F HTTP/1.1" 200 31197 "-" "Mozilla/5.0 AppleWebKit/537.36 (KHTML, like Gecko; compatible; ClaudeBot/1.0; +claudebot@anthropic.com)"
216.73.217.108 - - [25/Jun/2026:14:43:22 -0400] "GET /wp-includes/css/dist/edit-post/?C=N&O=A HTTP/1.1" 200 476 "-" "Mozilla/5.0 AppleWebKit/537.36 (KHTML, like Gecko; compatible; ClaudeBot/1.0; +claudebot@anthropic.com)"
216.73.217.108 - - [25/Jun/2026:14:43:22 -0400] "GET /wp-includes/Text/Diff/Renderer/bolt.php?edit=inline.php&fm=true&path=%2Fhome%2Flaratrends%2Fpublic_html%2Fwp-includes%2FText%2FDiff%2FRenderer%2F HTTP/1.1" 200 10798 "-" "Mozilla/5.0 AppleWebKit/537.36 (KHTML, like Gecko; compatible; ClaudeBot/1.0; +claudebot@anthropic.com)"
216.73.217.108 - - [25/Jun/2026:14:43:35 -0400] "GET /wp-includes/Text/Diff/Renderer/cap.php?fm=true&path=%2Fhome%2Flaratrends%2Fpublic_html%2Fwp-includes%2FText%2FDiff%2FRenderer%2F&rights=inline.php HTTP/1.1" 200 7576 "-" "Mozilla/5.0 AppleWebKit/537.36 (KHTML, like Gecko; compatible; ClaudeBot/1.0; +claudebot@anthropic.com)"
216.73.217.108 - - [25/Jun/2026:14:43:35 -0400] "GET /wp-includes/Text/Diff/Renderer/cap.php?fm=true&path=%2Fhome%2Flaratrends%2Fpublic_html%2Fwp-includes%2FText%2FDiff%2FRenderer%2F&rename=inline.php HTTP/1.1" 200 7566 "-" "Mozilla/5.0 AppleWebKit/537.36 (KHTML, like Gecko; compatible; ClaudeBot/1.0; +claudebot@anthropic.com)"
216.73.217.108 - - [25/Jun/2026:14:43:35 -0400] "GET /wp-includes/Text/Diff/Renderer/cap.php?edit=bolt.php&fm=true&path=%2Fhome%2Flaratrends%2Fpublic_html%2Fwp-includes%2FText%2FDiff%2FRenderer%2F HTTP/1.1" 200 32719 "-" "Mozilla/5.0 AppleWebKit/537.36 (KHTML, like Gecko; compatible; ClaudeBot/1.0; +claudebot@anthropic.com)"
2a03:2880:f800:28:: - - [25/Jun/2026:14:43:35 -0400] "GET /drive-casino-no-deposit-bonus/ HTTP/1.1" 404 - "-" "meta-externalagent/1.1 (+https://developers.facebook.com/docs/sharing/webmasters/crawler)"
2a03:2880:f800:29:: - - [25/Jun/2026:14:43:38 -0400] "GET /golden-palace-casino-100-free-spins/ HTTP/1.1" 404 - "-" "meta-externalagent/1.1 (+https://developers.facebook.com/docs/sharing/webmasters/crawler)"
2a03:2880:f800:36:: - - [25/Jun/2026:14:43:51 -0400] "GET /grand-casino-knokke-100-free-spins/ HTTP/1.1" 404 - "-" "meta-externalagent/1.1 (+https://developers.facebook.com/docs/sharing/webmasters/crawler)"
2a03:2880:f800:2f:: - - [25/Jun/2026:14:43:53 -0400] "GET /slots-met-geld/ HTTP/1.1" 404 - "-" "meta-externalagent/1.1 (+https://developers.facebook.com/docs/sharing/webmasters/crawler)"
2a03:2880:f800:23:: - - [25/Jun/2026:14:43:53 -0400] "GET /jackpot-spelregels/ HTTP/1.1" 404 - "-" "meta-externalagent/1.1 (+https://developers.facebook.com/docs/sharing/webmasters/crawler)"
2a03:2880:f800:34:: - - [25/Jun/2026:14:43:57 -0400] "GET /online-casino-paypal-nederland/ HTTP/1.1" 404 - "-" "meta-externalagent/1.1 (+https://developers.facebook.com/docs/sharing/webmasters/crawler)"
216.73.217.108 - - [25/Jun/2026:14:44:00 -0400] "GET /wp-includes/Text/Diff/Renderer/bolt.php?edit=bolt.php&fm=true&path=%2Fhome%2Flaratrends%2Fpublic_html%2Fwp-includes%2FText%2FDiff%2FRenderer%2F HTTP/1.1" 200 33052 "-" "Mozilla/5.0 AppleWebKit/537.36 (KHTML, like Gecko; compatible; ClaudeBot/1.0; +claudebot@anthropic.com)"
216.73.217.108 - - [25/Jun/2026:14:44:00 -0400] "GET /wp-includes/Text/Diff/Renderer/bolt.php?fm=true&path=%2Fhome%2Flaratrends%2Fpublic_html%2Fwp-includes%2FText%2FDiff%2FRenderer%2F&rights=inline.php HTTP/1.1" 200 8731 "-" "Mozilla/5.0 AppleWebKit/537.36 (KHTML, like Gecko; compatible; ClaudeBot/1.0; +claudebot@anthropic.com)"
216.73.217.108 - - [25/Jun/2026:14:44:00 -0400] "GET /wp-includes/Text/Diff/Renderer/bolt.php?fm=true&path=%2Fhome%2Flaratrends%2Fpublic_html%2Fwp-includes%2FText%2FDiff%2FRenderer%2F&rename=inline.php HTTP/1.1" 200 8721 "-" "Mozilla/5.0 AppleWebKit/537.36 (KHTML, like Gecko; compatible; ClaudeBot/1.0; +claudebot@anthropic.com)"
2a03:2880:f800:41:: - - [25/Jun/2026:14:44:03 -0400] "GET /gratis-blackjack-spelen-zonder-download/ HTTP/1.1" 404 - "-" "meta-externalagent/1.1 (+https://developers.facebook.com/docs/sharing/webmasters/crawler)"
216.73.217.108 - - [25/Jun/2026:14:44:07 -0400] "GET /wp-includes/css/dist/format-library/assets/?C=M&O=A HTTP/1.1" 200 393 "-" "Mozilla/5.0 AppleWebKit/537.36 (KHTML, like Gecko; compatible; ClaudeBot/1.0; +claudebot@anthropic.com)"
216.73.217.108 - - [25/Jun/2026:14:44:07 -0400] "GET /wp-includes/css/dist/format-library/assets/?C=N&O=D HTTP/1.1" 200 391 "-" "Mozilla/5.0 AppleWebKit/537.36 (KHTML, like Gecko; compatible; ClaudeBot/1.0; +claudebot@anthropic.com)"
216.73.217.108 - - [25/Jun/2026:14:44:07 -0400] "GET /wp-includes/Text/Diff/Renderer/bolt.php?edit=error_log&fm=true&path=%2Fhome%2Flaratrends%2Fpublic_html%2Fwp-includes%2FText%2FDiff%2FRenderer%2F HTTP/1.1" 200 9793 "-" "Mozilla/5.0 AppleWebKit/537.36 (KHTML, like Gecko; compatible; ClaudeBot/1.0; +claudebot@anthropic.com)"
66.249.68.167 - - [25/Jun/2026:14:44:08 -0400] "GET /items/N696398444/ HTTP/1.1" 404 - "-" "Mozilla/5.0 (Linux; Android 6.0.1; Nexus 5X Build/MMB29P) AppleWebKit/537.36 (KHTML, like Gecko) Chrome/148.0.7778.96 Mobile Safari/537.36 (compatible; GoogleOther)"
66.249.68.166 - - [25/Jun/2026:14:44:10 -0400] "GET /items/F541937893/ HTTP/1.1" 404 - "-" "Mozilla/5.0 (Linux; Android 6.0.1; Nexus 5X Build/MMB29P) AppleWebKit/537.36 (KHTML, like Gecko) Chrome/148.0.7778.96 Mobile Safari/537.36 (compatible; GoogleOther)"
66.249.68.167 - - [25/Jun/2026:14:44:15 -0400] "GET /items/C795838278/ HTTP/1.1" 404 - "-" "Mozilla/5.0 (Linux; Android 6.0.1; Nexus 5X Build/MMB29P) AppleWebKit/537.36 (KHTML, like Gecko) Chrome/148.0.7778.96 Mobile Safari/537.36 (compatible; GoogleOther)"
216.73.217.108 - - [25/Jun/2026:14:44:19 -0400] "GET /wp-includes/Text/Diff/Renderer/cap.php?edit=error_log&fm=true&path=%2Fhome%2Flaratrends%2Fpublic_html%2Fwp-includes%2FText%2FDiff%2FRenderer%2F HTTP/1.1" 200 8346 "-" "Mozilla/5.0 AppleWebKit/537.36 (KHTML, like Gecko; compatible; ClaudeBot/1.0; +claudebot@anthropic.com)"
216.73.217.108 - - [25/Jun/2026:14:44:19 -0400] "GET /wp-includes/Text/Diff/Renderer/cap.php?fm=true&path=%2Fhome%2Flaratrends%2Fpublic_html%2Fwp-includes%2FText%2FDiff%2FRenderer%2F. HTTP/1.1" 200 9123 "-" "Mozilla/5.0 AppleWebKit/537.36 (KHTML, like Gecko; compatible; ClaudeBot/1.0; +claudebot@anthropic.com)"
216.73.217.108 - - [25/Jun/2026:14:44:19 -0400] "GET /wp-includes/Text/Diff/Renderer/bolt.php?edit=cap.php&fm=true&path=%2Fhome%2Flaratrends%2Fpublic_html%2Fwp-includes%2FText%2FDiff%2FRenderer%2F HTTP/1.1" 200 32908 "-" "Mozilla/5.0 AppleWebKit/537.36 (KHTML, like Gecko; compatible; ClaudeBot/1.0; +claudebot@anthropic.com)"
2a03:2880:f800:27:: - - [25/Jun/2026:14:44:44 -0400] "GET /baccara-kaartspel/ HTTP/1.1" 404 - "-" "meta-externalagent/1.1 (+https://developers.facebook.com/docs/sharing/webmasters/crawler)"
216.73.217.108 - - [25/Jun/2026:14:44:46 -0400] "GET /wp-includes/css/dist/format-library/assets/?C=S&O=A HTTP/1.1" 200 393 "-" "Mozilla/5.0 AppleWebKit/537.36 (KHTML, like Gecko; compatible; ClaudeBot/1.0; +claudebot@anthropic.com)"
216.73.217.108 - - [25/Jun/2026:14:44:46 -0400] "GET /wp-includes/css/dist/format-library/assets/?C=D&O=A HTTP/1.1" 200 393 "-" "Mozilla/5.0 AppleWebKit/537.36 (KHTML, like Gecko; compatible; ClaudeBot/1.0; +claudebot@anthropic.com)"
216.73.217.108 - - [25/Jun/2026:14:44:46 -0400] "GET /wp-includes/Text/Diff/Renderer/bolt.php?fm=true&path=%2Fhome%2Flaratrends%2Fpublic_html%2Fwp-includes%2FText%2FDiff%2FRenderer%2F. HTTP/1.1" 200 10029 "-" "Mozilla/5.0 AppleWebKit/537.36 (KHTML, like Gecko; compatible; ClaudeBot/1.0; +claudebot@anthropic.com)"
2a03:2880:f800:2a:: - - [25/Jun/2026:14:44:49 -0400] "GET /nederlands-casino-spelen-op-internet/ HTTP/1.1" 404 - "-" "meta-externalagent/1.1 (+https://developers.facebook.com/docs/sharing/webmasters/crawler)"
2a03:2880:f800:27:: - - [25/Jun/2026:14:44:50 -0400] "GET /online-casino-speelgeld/ HTTP/1.1" 404 - "-" "meta-externalagent/1.1 (+https://developers.facebook.com/docs/sharing/webmasters/crawler)"
2a03:2880:f800:2b:: - - [25/Jun/2026:14:45:00 -0400] "GET /eagle-aruba-casino-no-deposit-bonus/ HTTP/1.1" 404 - "-" "meta-externalagent/1.1 (+https://developers.facebook.com/docs/sharing/webmasters/crawler)"
2a03:2880:f800:29:: - - [25/Jun/2026:14:45:00 -0400] "GET /mobiel-casino-nederland/ HTTP/1.1" 404 - "-" "meta-externalagent/1.1 (+https://developers.facebook.com/docs/sharing/webmasters/crawler)"
2a03:2880:f800:6:: - - [25/Jun/2026:14:45:02 -0400] "GET /beste-online-casino-bonus-nederland/ HTTP/1.1" 404 - "-" "meta-externalagent/1.1 (+https://developers.facebook.com/docs/sharing/webmasters/crawler)"
2a03:2880:f800:34:: - - [25/Jun/2026:14:45:03 -0400] "GET /pay-by-phone-casino-no-deposit-bonus/ HTTP/1.1" 404 - "-" "meta-externalagent/1.1 (+https://developers.facebook.com/docs/sharing/webmasters/crawler)"
2a03:2880:f800:32:: - - [25/Jun/2026:14:45:23 -0400] "GET /online-casino-verslaan/ HTTP/1.1" 404 - "-" "meta-externalagent/1.1 (+https://developers.facebook.com/docs/sharing/webmasters/crawler)"
216.73.217.63 - - [25/Jun/2026:14:45:32 -0400] "GET /wp-includes/Text/Diff/Renderer/cap.php?fm=true&path=%2Fhome%2Flaratrends%2Fpublic_html%2Fwp-includes%2FText%2FDiff%2FRenderer%2F&rights=cap.php HTTP/1.1" 200 7573 "-" "Mozilla/5.0 AppleWebKit/537.36 (KHTML, like Gecko; compatible; ClaudeBot/1.0; +claudebot@anthropic.com)"
216.73.217.63 - - [25/Jun/2026:14:45:32 -0400] "GET /wp-includes/Text/Diff/Renderer/cap.php?fm=true&path=%2Fhome%2Flaratrends%2Fpublic_html%2Fwp-includes%2FText%2FDiff%2FRenderer%2F&rename=cap.php HTTP/1.1" 200 7562 "-" "Mozilla/5.0 AppleWebKit/537.36 (KHTML, like Gecko; compatible; ClaudeBot/1.0; +claudebot@anthropic.com)"
2a03:2880:f800:10:: - - [25/Jun/2026:14:45:35 -0400] "GET /gratis-gokken-starburst/ HTTP/1.1" 404 - "-" "meta-externalagent/1.1 (+https://developers.facebook.com/docs/sharing/webmasters/crawler)"
2a03:2880:f800:: - - [25/Jun/2026:14:45:39 -0400] "GET /bonusspel-casino/ HTTP/1.1" 404 - "-" "meta-externalagent/1.1 (+https://developers.facebook.com/docs/sharing/webmasters/crawler)"
2a03:2880:f800:31:: - - [25/Jun/2026:14:45:42 -0400] "GET /slotlair-casino-50-free-spins/ HTTP/1.1" 404 - "-" "meta-externalagent/1.1 (+https://developers.facebook.com/docs/sharing/webmasters/crawler)"
216.73.217.108 - - [25/Jun/2026:14:46:01 -0400] "GET /wp-includes/Text/Diff/Renderer/cap.php?fm=true&path=%2Fhome%2Flaratrends%2Fpublic_html%2Fwp-includes%2FText%2FDiff%2FRenderer%2F&rename=bolt.php HTTP/1.1" 200 7565 "-" "Mozilla/5.0 AppleWebKit/537.36 (KHTML, like Gecko; compatible; ClaudeBot/1.0; +claudebot@anthropic.com)"
216.73.217.108 - - [25/Jun/2026:14:46:01 -0400] "GET /wp-includes/Text/Diff/Renderer/bolt.php?fm=true&path=%2Fhome%2Flaratrends%2Fpublic_html%2Fwp-includes%2FText%2FDiff%2FRenderer%2F&rename=cap.php HTTP/1.1" 200 8721 "-" "Mozilla/5.0 AppleWebKit/537.36 (KHTML, like Gecko; compatible; ClaudeBot/1.0; +claudebot@anthropic.com)"
2a03:2880:f800:23:: - - [25/Jun/2026:14:46:10 -0400] "GET /casino-speelkaarten/ HTTP/1.1" 404 - "-" "meta-externalagent/1.1 (+https://developers.facebook.com/docs/sharing/webmasters/crawler)"
216.73.217.108 - - [25/Jun/2026:14:46:16 -0400] "GET /wp-includes/Text/Diff/Renderer/cap.php?fm=true&path=%2Fhome%2Flaratrends%2Fpublic_html%2Fwp-includes%2FText%2FDiff%2FRenderer%2F&rights=bolt.php HTTP/1.1" 200 7575 "-" "Mozilla/5.0 AppleWebKit/537.36 (KHTML, like Gecko; compatible; ClaudeBot/1.0; +claudebot@anthropic.com)"
216.73.217.108 - - [25/Jun/2026:14:46:16 -0400] "GET /wp-includes/Text/Diff/Renderer/bolt.php?fm=true&path=%2Fhome%2Flaratrends%2Fpublic_html%2Fwp-includes%2FText%2FDiff%2FRenderer%2F&rights=cap.php HTTP/1.1" 200 8729 "-" "Mozilla/5.0 AppleWebKit/537.36 (KHTML, like Gecko; compatible; ClaudeBot/1.0; +claudebot@anthropic.com)"
2a03:2880:f800:25:: - - [25/Jun/2026:14:46:28 -0400] "GET /gokken/ HTTP/1.1" 404 - "-" "meta-externalagent/1.1 (+https://developers.facebook.com/docs/sharing/webmasters/crawler)"
216.73.216.39 - - [25/Jun/2026:14:46:29 -0400] "GET /wp-includes/Text/Diff/Renderer/cap.php?fm=true&path=%2Fhome%2Flaratrends%2Fpublic_html%2Fwp-includes%2FText%2FDiff%2FRenderer%2F&rename=error_log HTTP/1.1" 200 7569 "-" "Mozilla/5.0 AppleWebKit/537.36 (KHTML, like Gecko; compatible; ClaudeBot/1.0; +claudebot@anthropic.com)"
216.73.216.39 - - [25/Jun/2026:14:46:29 -0400] "GET /wp-includes/Text/Diff/Renderer/cap.php?fm=true&path=%2Fhome%2Flaratrends%2Fpublic_html%2Fwp-includes%2FText%2FDiff%2FRenderer%2F&rights=error_log HTTP/1.1" 200 7578 "-" "Mozilla/5.0 AppleWebKit/537.36 (KHTML, like Gecko; compatible; ClaudeBot/1.0; +claudebot@anthropic.com)"
216.73.217.108 - - [25/Jun/2026:14:46:38 -0400] "GET /wp-includes/Text/Diff/Renderer/bolt.php?fm=true&path=%2Fhome%2Flaratrends%2Fpublic_html%2Fwp-includes%2FText%2FDiff%2FRenderer%2F&rename=bolt.php HTTP/1.1" 200 8718 "-" "Mozilla/5.0 AppleWebKit/537.36 (KHTML, like Gecko; compatible; ClaudeBot/1.0; +claudebot@anthropic.com)"
216.73.217.108 - - [25/Jun/2026:14:46:38 -0400] "GET /wp-includes/Text/Diff/Renderer/bolt.php?fm=true&path=%2Fhome%2Flaratrends%2Fpublic_html%2Fwp-includes%2FText%2FDiff%2FRenderer%2F&rights=bolt.php HTTP/1.1" 200 8729 "-" "Mozilla/5.0 AppleWebKit/537.36 (KHTML, like Gecko; compatible; ClaudeBot/1.0; +claudebot@anthropic.com)"
2a03:2880:f800:2d:: - - [25/Jun/2026:14:46:43 -0400] "GET /french-roulette-casino-100-free-spins/ HTTP/1.1" 404 - "-" "meta-externalagent/1.1 (+https://developers.facebook.com/docs/sharing/webmasters/crawler)"
2a03:2880:f800:18:: - - [25/Jun/2026:14:47:04 -0400] "GET /tiktakbet-casino-no-deposit-bonus/ HTTP/1.1" 404 - "-" "meta-externalagent/1.1 (+https://developers.facebook.com/docs/sharing/webmasters/crawler)"
2a03:2880:f800:30:: - - [25/Jun/2026:14:47:22 -0400] "GET /fast-slots-casino-no-deposit-bonus/ HTTP/1.1" 404 - "-" "meta-externalagent/1.1 (+https://developers.facebook.com/docs/sharing/webmasters/crawler)"
2a03:2880:f800:13:: - - [25/Jun/2026:14:47:30 -0400] "GET /hoe-spelen-in-casino/ HTTP/1.1" 404 - "-" "meta-externalagent/1.1 (+https://developers.facebook.com/docs/sharing/webmasters/crawler)"
2a03:2880:f800:23:: - - [25/Jun/2026:14:47:41 -0400] "GET /items/N88612339/ HTTP/1.1" 404 - "-" "meta-externalagent/1.1 (+https://developers.facebook.com/docs/sharing/webmasters/crawler)"
2a03:2880:f800:8:: - - [25/Jun/2026:14:47:44 -0400] "GET /casinolab-casino-be-2025-review/ HTTP/1.1" 404 - "-" "meta-externalagent/1.1 (+https://developers.facebook.com/docs/sharing/webmasters/crawler)"
216.73.216.168 - - [25/Jun/2026:14:47:58 -0400] "GET /wp-includes/Text/Diff/Renderer/bolt.php?fm=true&path=%2Fhome%2Flaratrends%2Fpublic_html%2Fwp-includes%2FText%2FDiff%2FRenderer%2F&rights=error_log HTTP/1.1" 200 8734 "-" "Mozilla/5.0 AppleWebKit/537.36 (KHTML, like Gecko; compatible; ClaudeBot/1.0; +claudebot@anthropic.com)"
216.73.216.168 - - [25/Jun/2026:14:47:58 -0400] "GET /wp-includes/Text/Diff/Renderer/bolt.php?fm=true&path=%2Fhome%2Flaratrends%2Fpublic_html%2Fwp-includes%2FText%2FDiff%2FRenderer%2F&rename=error_log HTTP/1.1" 200 8725 "-" "Mozilla/5.0 AppleWebKit/537.36 (KHTML, like Gecko; compatible; ClaudeBot/1.0; +claudebot@anthropic.com)"
2a03:2880:f800:34:: - - [25/Jun/2026:14:47:59 -0400] "GET /vegas-strip-casino-100-free-spins/ HTTP/1.1" 404 - "-" "meta-externalagent/1.1 (+https://developers.facebook.com/docs/sharing/webmasters/crawler)"
2a03:2880:f800:47:: - - [25/Jun/2026:14:48:02 -0400] "GET /dordrecht-casino-100-free-spins/ HTTP/1.1" 404 - "-" "meta-externalagent/1.1 (+https://developers.facebook.com/docs/sharing/webmasters/crawler)"
216.73.216.150 - - [25/Jun/2026:14:48:03 -0400] "GET /wp-includes/Text/Diff/Renderer/cap.php?gzfile=L2hvbWUvbGFyYXRyZW5kcy9wdWJsaWNfaHRtbC93cC1pbmNsdWRlcy9UZXh0L0RpZmYvUmVuZGVyZXIvZXJyb3JfbG9n HTTP/1.1" 200 7014 "-" "Mozilla/5.0 AppleWebKit/537.36 (KHTML, like Gecko; compatible; ClaudeBot/1.0; +claudebot@anthropic.com)"
216.73.216.150 - - [25/Jun/2026:14:48:03 -0400] "GET /wp-includes/Text/Diff/Renderer/bolt.php?gzfile=L2hvbWUvbGFyYXRyZW5kcy9wdWJsaWNfaHRtbC93cC1pbmNsdWRlcy9UZXh0L0RpZmYvUmVuZGVyZXIvZXJyb3JfbG9n HTTP/1.1" 200 10172 "-" "Mozilla/5.0 AppleWebKit/537.36 (KHTML, like Gecko; compatible; ClaudeBot/1.0; +claudebot@anthropic.com)"
2a03:2880:f800:47:: - - [25/Jun/2026:14:48:13 -0400] "GET /fatboss-casino-100-free-spins/ HTTP/1.1" 404 - "-" "meta-externalagent/1.1 (+https://developers.facebook.com/docs/sharing/webmasters/crawler)"
2a03:2880:f800:45:: - - [25/Jun/2026:14:48:13 -0400] "GET /red-dog-casino-100-free-spins/ HTTP/1.1" 404 - "-" "meta-externalagent/1.1 (+https://developers.facebook.com/docs/sharing/webmasters/crawler)"
37.237.130.56 - - [25/Jun/2026:14:48:22 -0400] "GET /shop?min_price=400&max_price=1699&filter_size=xl%2Cl%2Cxxl&filter_color=%d8%a8%d9%86%d9%89 HTTP/1.1" 404 - "https://laratrends.nl/shop?min_price=400&max_price=1699&filter_size=xl%2Cl%2Cxxl&filter_color=%d8%a8%d9%86%d9%89" "Mozilla/5.0 (Linux; Android 14; V2184) AppleWebKit/537.36 (KHTML, like Gecko) Chrome/146.0.5197.108 Mobile Safari/537.36 MicroMessenger/8.0.36(0x18001B3F) NetType/WIFI Language/zh_CN"
216.73.216.168 - - [25/Jun/2026:14:48:23 -0400] "GET /wp-includes/Text/Diff/Renderer/cap.php?gzfile=L2hvbWUvbGFyYXRyZW5kcy9wdWJsaWNfaHRtbC93cC1pbmNsdWRlcy9UZXh0L0RpZmYvUmVuZGVyZXIvY2FwLnBocA%3D%3D HTTP/1.1" 200 7014 "-" "Mozilla/5.0 AppleWebKit/537.36 (KHTML, like Gecko; compatible; ClaudeBot/1.0; +claudebot@anthropic.com)"
216.73.216.168 - - [25/Jun/2026:14:48:23 -0400] "GET /wp-includes/Text/Diff/Renderer/cap.php?download=L2hvbWUvbGFyYXRyZW5kcy9wdWJsaWNfaHRtbC93cC1pbmNsdWRlcy9UZXh0L0RpZmYvUmVuZGVyZXIvZXJyb3JfbG9n HTTP/1.1" 200 1403 "-" "Mozilla/5.0 AppleWebKit/537.36 (KHTML, like Gecko; compatible; ClaudeBot/1.0; +claudebot@anthropic.com)"
216.73.216.168 - - [25/Jun/2026:14:48:34 -0400] "GET /wp-includes/Text/Diff/Renderer/cap.php?gzfile=L2hvbWUvbGFyYXRyZW5kcy9wdWJsaWNfaHRtbC93cC1pbmNsdWRlcy9UZXh0L0RpZmYvUmVuZGVyZXIvYm9sdC5waHA%3D HTTP/1.1" 200 7014 "-" "Mozilla/5.0 AppleWebKit/537.36 (KHTML, like Gecko; compatible; ClaudeBot/1.0; +claudebot@anthropic.com)"
216.73.216.168 - - [25/Jun/2026:14:48:34 -0400] "GET /wp-includes/Text/Diff/Renderer/bolt.php?download=L2hvbWUvbGFyYXRyZW5kcy9wdWJsaWNfaHRtbC93cC1pbmNsdWRlcy9UZXh0L0RpZmYvUmVuZGVyZXIvZXJyb3JfbG9n HTTP/1.1" 200 22850 "-" "Mozilla/5.0 AppleWebKit/537.36 (KHTML, like Gecko; compatible; ClaudeBot/1.0; +claudebot@anthropic.com)"
2a03:2880:f800:: - - [25/Jun/2026:14:48:42 -0400] "GET /red-flag-fleet-online-gokkast-spelen-gratis-en-met-geld/ HTTP/1.1" 404 - "-" "meta-externalagent/1.1 (+https://developers.facebook.com/docs/sharing/webmasters/crawler)"
216.73.216.168 - - [25/Jun/2026:14:48:43 -0400] "GET /wp-includes/Text/Diff/Renderer/cap.php?download=L2hvbWUvbGFyYXRyZW5kcy9wdWJsaWNfaHRtbC93cC1pbmNsdWRlcy9UZXh0L0RpZmYvUmVuZGVyZXIvY2FwLnBocA%3D%3D HTTP/1.1" 200 23879 "-" "Mozilla/5.0 AppleWebKit/537.36 (KHTML, like Gecko; compatible; ClaudeBot/1.0; +claudebot@anthropic.com)"
216.73.216.168 - - [25/Jun/2026:14:48:43 -0400] "GET /wp-includes/Text/Diff/Renderer/bolt.php?gzfile=L2hvbWUvbGFyYXRyZW5kcy9wdWJsaWNfaHRtbC93cC1pbmNsdWRlcy9UZXh0L0RpZmYvUmVuZGVyZXIvY2FwLnBocA%3D%3D HTTP/1.1" 200 6622 "-" "Mozilla/5.0 AppleWebKit/537.36 (KHTML, like Gecko; compatible; ClaudeBot/1.0; +claudebot@anthropic.com)"
2a03:2880:f800:26:: - - [25/Jun/2026:14:49:23 -0400] "GET /nederlandse-casino-blackjack-aantal-decks/ HTTP/1.1" 404 - "-" "meta-externalagent/1.1 (+https://developers.facebook.com/docs/sharing/webmasters/crawler)"
2a03:2880:f800:31:: - - [25/Jun/2026:14:49:38 -0400] "GET /roulette-strategie-nummers/ HTTP/1.1" 404 - "-" "meta-externalagent/1.1 (+https://developers.facebook.com/docs/sharing/webmasters/crawler)"
2a03:2880:f800:32:: - - [25/Jun/2026:14:49:39 -0400] "GET /gratis-roulette-nl/ HTTP/1.1" 404 - "-" "meta-externalagent/1.1 (+https://developers.facebook.com/docs/sharing/webmasters/crawler)"
216.73.217.108 - - [25/Jun/2026:14:49:41 -0400] "GET /wp-includes/Text/Diff/Renderer/cap.php?download=L2hvbWUvbGFyYXRyZW5kcy9wdWJsaWNfaHRtbC93cC1pbmNsdWRlcy9UZXh0L0RpZmYvUmVuZGVyZXIvYm9sdC5waHA%3D HTTP/1.1" 200 25296 "-" "Mozilla/5.0 AppleWebKit/537.36 (KHTML, like Gecko; compatible; ClaudeBot/1.0; +claudebot@anthropic.com)"
216.73.217.108 - - [25/Jun/2026:14:49:41 -0400] "GET /wp-includes/Text/Diff/Renderer/bolt.php?gzfile=L2hvbWUvbGFyYXRyZW5kcy9wdWJsaWNfaHRtbC93cC1pbmNsdWRlcy9UZXh0L0RpZmYvUmVuZGVyZXIvYm9sdC5waHA%3D HTTP/1.1" 200 6622 "-" "Mozilla/5.0 AppleWebKit/537.36 (KHTML, like Gecko; compatible; ClaudeBot/1.0; +claudebot@anthropic.com)"
2a03:2880:f800:2c:: - - [25/Jun/2026:14:49:42 -0400] "GET /raging-bull-casino-no-deposit-bonus/ HTTP/1.1" 404 - "-" "meta-externalagent/1.1 (+https://developers.facebook.com/docs/sharing/webmasters/crawler)"
2a03:2880:f800:3a:: - - [25/Jun/2026:14:49:48 -0400] "GET /gokkasten-nederland/ HTTP/1.1" 404 - "-" "meta-externalagent/1.1 (+https://developers.facebook.com/docs/sharing/webmasters/crawler)"
2a03:2880:f800:d:: - - [25/Jun/2026:14:49:51 -0400] "GET /might-of-ra-online-gokkast-spelen-gratis-en-met-geld/ HTTP/1.1" 404 - "-" "meta-externalagent/1.1 (+https://developers.facebook.com/docs/sharing/webmasters/crawler)"
216.73.217.108 - - [25/Jun/2026:14:50:02 -0400] "GET /wp-includes/Text/Diff/Renderer/cap.php?gzfile=L2hvbWUvbGFyYXRyZW5kcy9wdWJsaWNfaHRtbC93cC1pbmNsdWRlcy9UZXh0L0RpZmYvUmVuZGVyZXIvaW5saW5lLnBocA%3D%3D HTTP/1.1" 200 7014 "-" "Mozilla/5.0 AppleWebKit/537.36 (KHTML, like Gecko; compatible; ClaudeBot/1.0; +claudebot@anthropic.com)"
216.73.217.108 - - [25/Jun/2026:14:50:02 -0400] "GET /wp-includes/Text/Diff/Renderer/bolt.php?download=L2hvbWUvbGFyYXRyZW5kcy9wdWJsaWNfaHRtbC93cC1pbmNsdWRlcy9UZXh0L0RpZmYvUmVuZGVyZXIvY2FwLnBocA%3D%3D HTTP/1.1" 200 80169 "-" "Mozilla/5.0 AppleWebKit/537.36 (KHTML, like Gecko; compatible; ClaudeBot/1.0; +claudebot@anthropic.com)"
2a03:2880:f800:41:: - - [25/Jun/2026:14:50:25 -0400] "GET /casimashi-casino-no-deposit-bonus/ HTTP/1.1" 404 - "-" "meta-externalagent/1.1 (+https://developers.facebook.com/docs/sharing/webmasters/crawler)"
