216.73.217.108 - - [25/Jun/2026:15:13:31 -0400] "GET /wp-includes/Requests/src/Exception/Http/Status306.php HTTP/1.1" 500 - "-" "Mozilla/5.0 AppleWebKit/537.36 (KHTML, like Gecko; compatible; ClaudeBot/1.0; +claudebot@anthropic.com)"
216.73.217.108 - - [25/Jun/2026:15:13:32 -0400] "GET /wp-includes/Requests/src/Exception/Http/Status428.php HTTP/1.1" 500 - "-" "Mozilla/5.0 AppleWebKit/537.36 (KHTML, like Gecko; compatible; ClaudeBot/1.0; +claudebot@anthropic.com)"
216.73.217.108 - - [25/Jun/2026:15:13:32 -0400] "GET /wp-includes/Requests/src/Exception/Http/Status503.php HTTP/1.1" 500 - "-" "Mozilla/5.0 AppleWebKit/537.36 (KHTML, like Gecko; compatible; ClaudeBot/1.0; +claudebot@anthropic.com)"
216.73.217.108 - - [25/Jun/2026:15:13:33 -0400] "GET /wp-includes/Requests/src/Exception/Http/Status412.php HTTP/1.1" 500 - "-" "Mozilla/5.0 AppleWebKit/537.36 (KHTML, like Gecko; compatible; ClaudeBot/1.0; +claudebot@anthropic.com)"
2a03:2880:f800:2b:: - - [25/Jun/2026:15:13:35 -0400] "GET /items/N217052349/ HTTP/1.1" 404 - "-" "meta-externalagent/1.1 (+https://developers.facebook.com/docs/sharing/webmasters/crawler)"
2a03:2880:f800:6:: - - [25/Jun/2026:15:13:36 -0400] "GET /gokmachine-met-bonus/ HTTP/1.1" 404 - "-" "meta-externalagent/1.1 (+https://developers.facebook.com/docs/sharing/webmasters/crawler)"
216.73.217.108 - - [25/Jun/2026:15:13:38 -0400] "GET /wp-includes/SimplePie/src/HTTP/Psr18Client.php HTTP/1.1" 500 - "-" "Mozilla/5.0 AppleWebKit/537.36 (KHTML, like Gecko; compatible; ClaudeBot/1.0; +claudebot@anthropic.com)"
2a03:2880:f800:39:: - - [25/Jun/2026:15:13:47 -0400] "GET /vanaf-welke-leeftijd-nederlandse-casino/ HTTP/1.1" 404 - "-" "meta-externalagent/1.1 (+https://developers.facebook.com/docs/sharing/webmasters/crawler)"
2a03:2880:f800:26:: - - [25/Jun/2026:15:13:50 -0400] "GET /online-bingo-gratis/ HTTP/1.1" 404 - "-" "meta-externalagent/1.1 (+https://developers.facebook.com/docs/sharing/webmasters/crawler)"
2a03:2880:f800:33:: - - [25/Jun/2026:15:14:00 -0400] "GET /nieuwe-slot-casino-s/ HTTP/1.1" 404 - "-" "meta-externalagent/1.1 (+https://developers.facebook.com/docs/sharing/webmasters/crawler)"
216.73.217.108 - - [25/Jun/2026:15:14:07 -0400] "GET /wp-includes/Requests/src/Exception/Http/Status501.php HTTP/1.1" 500 - "-" "Mozilla/5.0 AppleWebKit/537.36 (KHTML, like Gecko; compatible; ClaudeBot/1.0; +claudebot@anthropic.com)"
66.249.68.168 - - [25/Jun/2026:15:14:07 -0400] "GET /items/Z883642603/ HTTP/1.1" 404 - "-" "Mozilla/5.0 (Linux; Android 6.0.1; Nexus 5X Build/MMB29P) AppleWebKit/537.36 (KHTML, like Gecko) Chrome/148.0.7778.96 Mobile Safari/537.36 (compatible; GoogleOther)"
216.73.217.108 - - [25/Jun/2026:15:14:11 -0400] "GET /wp-includes/Requests/src/Exception/Http/Status410.php HTTP/1.1" 500 - "-" "Mozilla/5.0 AppleWebKit/537.36 (KHTML, like Gecko; compatible; ClaudeBot/1.0; +claudebot@anthropic.com)"
216.73.217.108 - - [25/Jun/2026:15:14:14 -0400] "GET /wp-includes/Requests/src/Exception/Http/Status417.php HTTP/1.1" 500 - "-" "Mozilla/5.0 AppleWebKit/537.36 (KHTML, like Gecko; compatible; ClaudeBot/1.0; +claudebot@anthropic.com)"
216.73.217.108 - - [25/Jun/2026:15:14:19 -0400] "GET /wp-includes/Requests/src/Exception/Http/Status502.php HTTP/1.1" 500 - "-" "Mozilla/5.0 AppleWebKit/537.36 (KHTML, like Gecko; compatible; ClaudeBot/1.0; +claudebot@anthropic.com)"
216.73.216.67 - - [25/Jun/2026:15:14:24 -0400] "GET /wp-includes/js/tinymce/plugins/fullscreen/plugin.min.js HTTP/1.1" 200 3760 "-" "Mozilla/5.0 AppleWebKit/537.36 (KHTML, like Gecko; compatible; ClaudeBot/1.0; +claudebot@anthropic.com)"
216.73.216.67 - - [25/Jun/2026:15:14:28 -0400] "GET /wp-includes/js/tinymce/plugins/image/plugin.min.js HTTP/1.1" 200 8402 "-" "Mozilla/5.0 AppleWebKit/537.36 (KHTML, like Gecko; compatible; ClaudeBot/1.0; +claudebot@anthropic.com)"
216.73.216.82 - - [25/Jun/2026:15:14:31 -0400] "GET /wp-includes/SimplePie/src/Net/IPv6.php HTTP/1.1" 200 - "-" "Mozilla/5.0 AppleWebKit/537.36 (KHTML, like Gecko; compatible; ClaudeBot/1.0; +claudebot@anthropic.com)"
216.73.216.82 - - [25/Jun/2026:15:14:36 -0400] "GET /wp-includes/Requests/src/Exception/Http/Status505.php HTTP/1.1" 500 - "-" "Mozilla/5.0 AppleWebKit/537.36 (KHTML, like Gecko; compatible; ClaudeBot/1.0; +claudebot@anthropic.com)"
216.73.216.67 - - [25/Jun/2026:15:14:41 -0400] "GET /wp-includes/js/tinymce/plugins/compat3x/plugin.min.js HTTP/1.1" 200 4618 "-" "Mozilla/5.0 AppleWebKit/537.36 (KHTML, like Gecko; compatible; ClaudeBot/1.0; +claudebot@anthropic.com)"
216.73.216.67 - - [25/Jun/2026:15:14:45 -0400] "GET /wp-includes/js/tinymce/plugins/wpgallery/plugin.js HTTP/1.1" 200 4064 "-" "Mozilla/5.0 AppleWebKit/537.36 (KHTML, like Gecko; compatible; ClaudeBot/1.0; +claudebot@anthropic.com)"
216.73.216.67 - - [25/Jun/2026:15:14:48 -0400] "GET /wp-includes/js/tinymce/plugins/wpgallery/plugin.min.js HTTP/1.1" 200 3585 "-" "Mozilla/5.0 AppleWebKit/537.36 (KHTML, like Gecko; compatible; ClaudeBot/1.0; +claudebot@anthropic.com)"
66.249.68.168 - - [25/Jun/2026:15:14:49 -0400] "GET /items/F712312866/ HTTP/1.1" 404 - "-" "Mozilla/5.0 (Linux; Android 6.0.1; Nexus 5X Build/MMB29P) AppleWebKit/537.36 (KHTML, like Gecko) Chrome/148.0.7778.96 Mobile Safari/537.36 (compatible; GoogleOther)"
2a03:2880:f800:28:: - - [25/Jun/2026:15:14:49 -0400] "GET /free-spin-casino-100-free-spins/ HTTP/1.1" 404 - "-" "meta-externalagent/1.1 (+https://developers.facebook.com/docs/sharing/webmasters/crawler)"
2a03:2880:f800:d:: - - [25/Jun/2026:15:14:51 -0400] "GET /wat-is-een-kansspelautomaat/ HTTP/1.1" 404 - "-" "meta-externalagent/1.1 (+https://developers.facebook.com/docs/sharing/webmasters/crawler)"
216.73.216.67 - - [25/Jun/2026:15:14:53 -0400] "GET /wp-includes/Requests/src/Exception/Transport/ HTTP/1.1" 200 403 "-" "Mozilla/5.0 AppleWebKit/537.36 (KHTML, like Gecko; compatible; ClaudeBot/1.0; +claudebot@anthropic.com)"
216.73.216.67 - - [25/Jun/2026:15:14:57 -0400] "GET /wp-includes/SimplePie/src/Cache/?C=D&O=D HTTP/1.1" 200 560 "-" "Mozilla/5.0 AppleWebKit/537.36 (KHTML, like Gecko; compatible; ClaudeBot/1.0; +claudebot@anthropic.com)"
216.73.216.67 - - [25/Jun/2026:15:15:02 -0400] "GET /wp-includes/SimplePie/src/HTTP/?C=N&O=D HTTP/1.1" 200 519 "-" "Mozilla/5.0 AppleWebKit/537.36 (KHTML, like Gecko; compatible; ClaudeBot/1.0; +claudebot@anthropic.com)"
216.73.216.67 - - [25/Jun/2026:15:15:07 -0400] "GET /wp-includes/SimplePie/src/Cache/?C=M&O=D HTTP/1.1" 200 560 "-" "Mozilla/5.0 AppleWebKit/537.36 (KHTML, like Gecko; compatible; ClaudeBot/1.0; +claudebot@anthropic.com)"
216.73.216.67 - - [25/Jun/2026:15:15:12 -0400] "GET /wp-includes/js/tinymce/skins/wordpress/images/ HTTP/1.1" 200 703 "-" "Mozilla/5.0 AppleWebKit/537.36 (KHTML, like Gecko; compatible; ClaudeBot/1.0; +claudebot@anthropic.com)"
2a03:2880:f800:d:: - - [25/Jun/2026:15:15:15 -0400] "GET /bingo-voor-geld/ HTTP/1.1" 404 - "-" "meta-externalagent/1.1 (+https://developers.facebook.com/docs/sharing/webmasters/crawler)"
66.249.68.166 - - [25/Jun/2026:15:15:19 -0400] "GET /items/K497587253/ HTTP/1.1" 404 - "-" "Mozilla/5.0 (Linux; Android 6.0.1; Nexus 5X Build/MMB29P) AppleWebKit/537.36 (KHTML, like Gecko) Chrome/148.0.7778.96 Mobile Safari/537.36 (compatible; GoogleOther)"
216.73.216.69 - - [25/Jun/2026:15:15:18 -0400] "GET /wp-includes/Requests/src/Exception/Http/?C=M&O=A HTTP/1.1" 200 727 "-" "Mozilla/5.0 AppleWebKit/537.36 (KHTML, like Gecko; compatible; ClaudeBot/1.0; +claudebot@anthropic.com)"
2a03:2880:f800:13:: - - [25/Jun/2026:15:15:19 -0400] "GET /novomatic-waalwijk/ HTTP/1.1" 404 - "-" "meta-externalagent/1.1 (+https://developers.facebook.com/docs/sharing/webmasters/crawler)"
216.73.216.69 - - [25/Jun/2026:15:15:23 -0400] "GET /wp-includes/Requests/src/Exception/Http/?C=N&O=D HTTP/1.1" 200 731 "-" "Mozilla/5.0 AppleWebKit/537.36 (KHTML, like Gecko; compatible; ClaudeBot/1.0; +claudebot@anthropic.com)"
216.73.216.69 - - [25/Jun/2026:15:15:27 -0400] "GET /wp-includes/js/tinymce/plugins/paste/?C=N&O=D HTTP/1.1" 404 - "-" "Mozilla/5.0 AppleWebKit/537.36 (KHTML, like Gecko; compatible; ClaudeBot/1.0; +claudebot@anthropic.com)"
2a03:2880:f800:29:: - - [25/Jun/2026:15:15:28 -0400] "GET /cash-noire-online-gokkast-spelen-gratis-en-met-geld/ HTTP/1.1" 404 - "-" "meta-externalagent/1.1 (+https://developers.facebook.com/docs/sharing/webmasters/crawler)"
2a03:2880:f800:c:: - - [25/Jun/2026:15:15:31 -0400] "GET /dinant-casino-no-deposit-bonus/ HTTP/1.1" 404 - "-" "meta-externalagent/1.1 (+https://developers.facebook.com/docs/sharing/webmasters/crawler)"
216.73.216.69 - - [25/Jun/2026:15:15:32 -0400] "GET /wp-includes/SimplePie/src/Net/?C=N&O=D HTTP/1.1" 200 390 "-" "Mozilla/5.0 AppleWebKit/537.36 (KHTML, like Gecko; compatible; ClaudeBot/1.0; +claudebot@anthropic.com)"
5.196.78.175 - - [25/Jun/2026:15:15:32 -0400] "GET /test/2025/10/06/willkommensbonus-ohne-einzahlung-2/ HTTP/1.1" 200 25678 "https://laratrends.nl/" "Mozilla/5.0 (Macintosh; Intel Mac OS X 12_5) AppleWebKit/537.36 (KHTML, like Gecko) Chrome/114.0.0.0 Safari/537.36"
216.73.216.69 - - [25/Jun/2026:15:15:36 -0400] "GET /wp-includes/Requests/src/Auth/?C=S&O=D HTTP/1.1" 200 386 "-" "Mozilla/5.0 AppleWebKit/537.36 (KHTML, like Gecko; compatible; ClaudeBot/1.0; +claudebot@anthropic.com)"
5.196.78.175 - - [25/Jun/2026:15:15:37 -0400] "GET /test/2026/05/18/miss-joker-casino-login-app-sign-up/ HTTP/1.1" 200 25404 "https://laratrends.nl/test/2025/10/06/willkommensbonus-ohne-einzahlung-2/" "Mozilla/5.0 (Windows NT 6.3; Win64; x64) AppleWebKit/537.36 (KHTML, like Gecko) Chrome/103.0.0.0 Safari/537.36"
5.196.78.175 - - [25/Jun/2026:15:15:38 -0400] "GET /test/2026/05/18/miss-joker-casino-login-app-sign-up/ HTTP/1.1" 200 25404 "https://laratrends.nl/test/2026/05/18/miss-joker-casino-login-app-sign-up/" "Mozilla/5.0 (Windows NT 6.3; Win64; x64) AppleWebKit/537.36 (KHTML, like Gecko) Chrome/103.0.0.0 Safari/537.36"
5.196.78.175 - - [25/Jun/2026:15:15:39 -0400] "GET /test/2025/10/06/willkommensbonus-ohne-einzahlung-2/ HTTP/1.1" 200 25678 "https://laratrends.nl/test/2025/10/06/willkommensbonus-ohne-einzahlung-2/" "Mozilla/5.0 (Windows NT 6.3; Win64; x64) AppleWebKit/537.36 (KHTML, like Gecko) Chrome/103.0.0.0 Safari/537.36"
216.73.216.69 - - [25/Jun/2026:15:15:40 -0400] "GET /wp-includes/js/tinymce/skins/lightgray/img/ HTTP/1.1" 200 453 "-" "Mozilla/5.0 AppleWebKit/537.36 (KHTML, like Gecko; compatible; ClaudeBot/1.0; +claudebot@anthropic.com)"
5.196.78.175 - - [25/Jun/2026:15:15:40 -0400] "POST /test/wp-comments-post.php HTTP/1.1" 302 6577 "https://laratrends.nl/test/2025/10/06/willkommensbonus-ohne-einzahlung-2/" "Mozilla/5.0 (Windows NT 6.3; Win64; x64) AppleWebKit/537.36 (KHTML, like Gecko) Chrome/103.0.0.0 Safari/537.36"
5.196.78.175 - - [25/Jun/2026:15:15:41 -0400] "GET /test/2025/10/06/willkommensbonus-ohne-einzahlung-2/?unapproved=695&moderation-hash=1e299e82773b64896090d5de63103f1b HTTP/1.1" 200 26588 "https://laratrends.nl/test/wp-comments-post.php" "Mozilla/5.0 (Windows NT 6.3; Win64; x64) AppleWebKit/537.36 (KHTML, like Gecko) Chrome/103.0.0.0 Safari/537.36"
5.196.78.175 - - [25/Jun/2026:15:15:42 -0400] "GET /test/2025/10/06/willkommensbonus-ohne-einzahlung-2/ HTTP/1.1" 200 25678 "-" "Mozilla/5.0 (Windows NT 6.3; Win64; x64) AppleWebKit/537.36 (KHTML, like Gecko) Chrome/103.0.0.0 Safari/537.36"
2a03:2880:f800:23:: - - [25/Jun/2026:15:15:43 -0400] "GET /clic-casino-100-free-spins/ HTTP/1.1" 404 - "-" "meta-externalagent/1.1 (+https://developers.facebook.com/docs/sharing/webmasters/crawler)"
216.73.216.69 - - [25/Jun/2026:15:15:44 -0400] "GET /wp-includes/Requests/src/Utility/?C=N&O=D HTTP/1.1" 200 465 "-" "Mozilla/5.0 AppleWebKit/537.36 (KHTML, like Gecko; compatible; ClaudeBot/1.0; +claudebot@anthropic.com)"
2a03:2880:f800:26:: - - [25/Jun/2026:15:15:49 -0400] "GET /wild-7-online-gokkast-spelen-gratis-en-met-geld/ HTTP/1.1" 404 - "-" "meta-externalagent/1.1 (+https://developers.facebook.com/docs/sharing/webmasters/crawler)"
216.73.216.67 - - [25/Jun/2026:15:15:52 -0400] "GET /wp-includes/SimplePie/src/?C=D&O=D HTTP/1.1" 200 833 "-" "Mozilla/5.0 AppleWebKit/537.36 (KHTML, like Gecko; compatible; ClaudeBot/1.0; +claudebot@anthropic.com)"
66.249.68.166 - - [25/Jun/2026:15:15:54 -0400] "GET /items/K497992497/ HTTP/1.1" 404 - "-" "Mozilla/5.0 (Linux; Android 6.0.1; Nexus 5X Build/MMB29P) AppleWebKit/537.36 (KHTML, like Gecko) Chrome/148.0.7778.96 Mobile Safari/537.36 (compatible; GoogleOther)"
216.73.216.67 - - [25/Jun/2026:15:15:56 -0400] "GET /wp-includes/Requests/src/Utility/?C=N&O=A HTTP/1.1" 200 471 "-" "Mozilla/5.0 AppleWebKit/537.36 (KHTML, like Gecko; compatible; ClaudeBot/1.0; +claudebot@anthropic.com)"
216.73.216.67 - - [25/Jun/2026:15:16:01 -0400] "GET /wp-includes/Requests/src/Auth/?C=M&O=A HTTP/1.1" 200 388 "-" "Mozilla/5.0 AppleWebKit/537.36 (KHTML, like Gecko; compatible; ClaudeBot/1.0; +claudebot@anthropic.com)"
216.73.216.67 - - [25/Jun/2026:15:16:06 -0400] "GET /wp-includes/js/tinymce/plugins/wpdialogs/?C=D&O=A HTTP/1.1" 404 - "-" "Mozilla/5.0 AppleWebKit/537.36 (KHTML, like Gecko; compatible; ClaudeBot/1.0; +claudebot@anthropic.com)"
2a03:2880:f800:b:: - - [25/Jun/2026:15:16:10 -0400] "GET /ancient-egypt-online-gokkast-spelen-gratis-en-met-geld/ HTTP/1.1" 404 - "-" "meta-externalagent/1.1 (+https://developers.facebook.com/docs/sharing/webmasters/crawler)"
216.73.216.67 - - [25/Jun/2026:15:16:15 -0400] "GET /wp-includes/Requests/src/Proxy/?C=S&O=D HTTP/1.1" 200 388 "-" "Mozilla/5.0 AppleWebKit/537.36 (KHTML, like Gecko; compatible; ClaudeBot/1.0; +claudebot@anthropic.com)"
216.73.216.67 - - [25/Jun/2026:15:16:16 -0400] "GET /wp-includes/Requests/src/Response/?C=S&O=D HTTP/1.1" 200 392 "-" "Mozilla/5.0 AppleWebKit/537.36 (KHTML, like Gecko; compatible; ClaudeBot/1.0; +claudebot@anthropic.com)"
216.73.216.67 - - [25/Jun/2026:15:16:20 -0400] "GET /wp-includes/SimplePie/src/Content/?C=M&O=D HTTP/1.1" 200 385 "-" "Mozilla/5.0 AppleWebKit/537.36 (KHTML, like Gecko; compatible; ClaudeBot/1.0; +claudebot@anthropic.com)"
102.212.68.102 - - [25/Jun/2026:15:16:25 -0400] "GET /shop?min_price=400&max_price=1699&filter_color=%D8%A8%D9%86%D9%89%2C%D8%A7%D8%B5%D9%81%D8%B1%2C%D8%A3%D8%B2%D8%B1%D9%82%2C%D8%A7%D8%B3%D9%88%D8%AF&filter_size=l%2Cm%2C3xl%2Cxl%2C4xl HTTP/1.1" 404 - "https://laratrends.nl/shop?min_price=400&max_price=1699&filter_color=%D8%A8%D9%86%D9%89%2C%D8%A7%D8%B5%D9%81%D8%B1%2C%D8%A3%D8%B2%D8%B1%D9%82%2C%D8%A7%D8%B3%D9%88%D8%AF&filter_size=l%2Cm%2C3xl%2Cxl%2C4xl" "Mozilla/5.0 (Linux; Android 13; OPPO PCLM3) AppleWebKit/537.36 (KHTML, like Gecko) Chrome/145.0.5350.67 Mobile Safari/537.36"
216.73.216.67 - - [25/Jun/2026:15:16:26 -0400] "GET /wp-includes/Requests/src/Response/?C=D&O=A HTTP/1.1" 200 394 "-" "Mozilla/5.0 AppleWebKit/537.36 (KHTML, like Gecko; compatible; ClaudeBot/1.0; +claudebot@anthropic.com)"
216.73.216.67 - - [25/Jun/2026:15:16:32 -0400] "GET /wp-includes/SimplePie/src/XML/?C=S&O=D HTTP/1.1" 200 413 "-" "Mozilla/5.0 AppleWebKit/537.36 (KHTML, like Gecko; compatible; ClaudeBot/1.0; +claudebot@anthropic.com)"
216.73.216.67 - - [25/Jun/2026:15:16:37 -0400] "GET /wp-includes/Requests/src/Proxy/?C=N&O=A HTTP/1.1" 200 390 "-" "Mozilla/5.0 AppleWebKit/537.36 (KHTML, like Gecko; compatible; ClaudeBot/1.0; +claudebot@anthropic.com)"
216.73.216.67 - - [25/Jun/2026:15:16:41 -0400] "GET /wp-includes/js/tinymce/skins/lightgray/fonts/tinymce.svg HTTP/1.1" 200 14111 "-" "Mozilla/5.0 AppleWebKit/537.36 (KHTML, like Gecko; compatible; ClaudeBot/1.0; +claudebot@anthropic.com)"
216.73.216.215 - - [25/Jun/2026:15:16:44 -0400] "GET /wp-includes/block-patterns/v1/?C=D&O=D HTTP/1.1" 200 384 "-" "Mozilla/5.0 AppleWebKit/537.36 (KHTML, like Gecko; compatible; ClaudeBot/1.0; +claudebot@anthropic.com)"
216.73.216.215 - - [25/Jun/2026:15:16:49 -0400] "GET /wp-includes/js/tinymce/2024/v1/ggr/ HTTP/1.1" 200 389 "-" "Mozilla/5.0 AppleWebKit/537.36 (KHTML, like Gecko; compatible; ClaudeBot/1.0; +claudebot@anthropic.com)"
216.73.216.215 - - [25/Jun/2026:15:16:57 -0400] "GET /wp-includes/js/tinymce/plugins/compat3x/?C=N&O=D HTTP/1.1" 404 - "-" "Mozilla/5.0 AppleWebKit/537.36 (KHTML, like Gecko; compatible; ClaudeBot/1.0; +claudebot@anthropic.com)"
216.73.216.69 - - [25/Jun/2026:15:17:02 -0400] "GET /wp-includes/js/tinymce/plugins/wpeditimage/?C=N&O=D HTTP/1.1" 404 - "-" "Mozilla/5.0 AppleWebKit/537.36 (KHTML, like Gecko; compatible; ClaudeBot/1.0; +claudebot@anthropic.com)"
216.73.216.69 - - [25/Jun/2026:15:17:06 -0400] "GET /wp-includes/Requests/src/Cookie/?C=D&O=D HTTP/1.1" 200 387 "-" "Mozilla/5.0 AppleWebKit/537.36 (KHTML, like Gecko; compatible; ClaudeBot/1.0; +claudebot@anthropic.com)"
216.73.216.69 - - [25/Jun/2026:15:17:10 -0400] "GET /wp-includes/js/tinymce/plugins/charmap/?C=N&O=D HTTP/1.1" 404 - "-" "Mozilla/5.0 AppleWebKit/537.36 (KHTML, like Gecko; compatible; ClaudeBot/1.0; +claudebot@anthropic.com)"
2a03:2880:f800:13:: - - [25/Jun/2026:15:17:14 -0400] "GET /hot-blizzard-online-gokkast-spelen-gratis-en-met-geld/ HTTP/1.1" 404 - "-" "meta-externalagent/1.1 (+https://developers.facebook.com/docs/sharing/webmasters/crawler)"
216.73.216.69 - - [25/Jun/2026:15:17:14 -0400] "GET /wp-includes/js/tinymce/plugins/wpeditimage/?C=D&O=A HTTP/1.1" 404 - "-" "Mozilla/5.0 AppleWebKit/537.36 (KHTML, like Gecko; compatible; ClaudeBot/1.0; +claudebot@anthropic.com)"
2a03:2880:f800:23:: - - [25/Jun/2026:15:17:15 -0400] "GET /beste-online-casino-roulette/ HTTP/1.1" 404 - "-" "meta-externalagent/1.1 (+https://developers.facebook.com/docs/sharing/webmasters/crawler)"
216.73.216.69 - - [25/Jun/2026:15:17:17 -0400] "GET /wp-includes/js/tinymce/plugins/wplink/?C=D&O=A HTTP/1.1" 404 - "-" "Mozilla/5.0 AppleWebKit/537.36 (KHTML, like Gecko; compatible; ClaudeBot/1.0; +claudebot@anthropic.com)"
216.73.216.69 - - [25/Jun/2026:15:17:22 -0400] "GET /wp-includes/js/tinymce/plugins/wpautoresize/?C=S&O=A HTTP/1.1" 404 - "-" "Mozilla/5.0 AppleWebKit/537.36 (KHTML, like Gecko; compatible; ClaudeBot/1.0; +claudebot@anthropic.com)"
2a03:2880:f800:2d:: - - [25/Jun/2026:15:17:27 -0400] "GET /casino-uden/ HTTP/1.1" 404 - "-" "meta-externalagent/1.1 (+https://developers.facebook.com/docs/sharing/webmasters/crawler)"
216.73.216.69 - - [25/Jun/2026:15:17:28 -0400] "GET /wp-includes/js/tinymce/plugins/wpgallery/?C=D&O=A HTTP/1.1" 404 - "-" "Mozilla/5.0 AppleWebKit/537.36 (KHTML, like Gecko; compatible; ClaudeBot/1.0; +claudebot@anthropic.com)"
216.73.216.69 - - [25/Jun/2026:15:17:29 -0400] "GET /wp-includes/js/tinymce/skins/wordpress/?C=M&O=A HTTP/1.1" 404 - "-" "Mozilla/5.0 AppleWebKit/537.36 (KHTML, like Gecko; compatible; ClaudeBot/1.0; +claudebot@anthropic.com)"
216.73.216.69 - - [25/Jun/2026:15:17:32 -0400] "GET /wp-includes/style-engine/v3/tmp/?C=N&O=D HTTP/1.1" 200 387 "-" "Mozilla/5.0 AppleWebKit/537.36 (KHTML, like Gecko; compatible; ClaudeBot/1.0; +claudebot@anthropic.com)"
194.165.16.5 - - [25/Jun/2026:15:17:34 -0400] "GET /test/wp-login.php HTTP/1.1" 200 4821 "-" "Mozilla/5.0 (Windows NT 10.0; Win64; x64) AppleWebKit/537.36 (KHTML, like Gecko) Chrome/124.0.6367.207 Safari/537.36"
162.213.255.98 - - [25/Jun/2026:15:17:36 -0400] "POST /test/wp-cron.php?doing_wp_cron=1782415055.9579570293426513671875 HTTP/1.1" 200 - "-" "WordPress/7.0; https://laratrends.nl/test"
194.165.16.5 - - [25/Jun/2026:15:17:35 -0400] "POST /test/xmlrpc.php HTTP/1.1" 200 3093 "-" "Mozilla/5.0 (Macintosh; Intel Mac OS X 13_5) AppleWebKit/605.1.15 (KHTML, like Gecko) Version/17.5 Safari/605.1.15"
194.165.16.5 - - [25/Jun/2026:15:17:37 -0400] "POST /test/xmlrpc.php HTTP/1.1" 200 5226 "-" "Mozilla/5.0 (Windows NT 10.0; Win64; x64; rv:127.0) Gecko/20100101 Firefox/127.0"
216.73.216.69 - - [25/Jun/2026:15:17:37 -0400] "GET /wp-includes/css/dist/block-library/?C=D&O=D HTTP/1.1" 200 838 "-" "Mozilla/5.0 AppleWebKit/537.36 (KHTML, like Gecko; compatible; ClaudeBot/1.0; +claudebot@anthropic.com)"
66.249.68.167 - - [25/Jun/2026:15:17:42 -0400] "GET /items/P842570354/ HTTP/1.1" 404 - "-" "Mozilla/5.0 (Linux; Android 6.0.1; Nexus 5X Build/MMB29P) AppleWebKit/537.36 (KHTML, like Gecko) Chrome/148.0.7778.96 Mobile Safari/537.36 (compatible; GoogleOther)"
216.73.216.69 - - [25/Jun/2026:15:17:42 -0400] "GET /wp-includes/js/tinymce/skins/wordpress/?C=N&O=D HTTP/1.1" 404 - "-" "Mozilla/5.0 AppleWebKit/537.36 (KHTML, like Gecko; compatible; ClaudeBot/1.0; +claudebot@anthropic.com)"
66.249.68.168 - - [25/Jun/2026:15:17:44 -0400] "GET /items/W067672457/ HTTP/1.1" 404 - "-" "Mozilla/5.0 (Linux; Android 6.0.1; Nexus 5X Build/MMB29P) AppleWebKit/537.36 (KHTML, like Gecko) Chrome/148.0.7778.96 Mobile Safari/537.36 (compatible; GoogleOther)"
34.220.189.71 - - [25/Jun/2026:15:17:48 -0400] "GET / HTTP/1.1" 200 1156 "http://www.laratrends.nl/" "Mozilla/5.0 (Macintosh; Intel Mac OS X 10_15_7) AppleWebKit/537.36 (KHTML, like Gecko) Chrome/113.0.0.0 Safari/537.36"
84.233.195.157 - - [25/Jun/2026:15:17:49 -0400] "GET / HTTP/1.1" 200 1156 "http://www.laratrends.nl:80" "Go-http-client/1.1"
216.73.216.69 - - [25/Jun/2026:15:17:50 -0400] "GET /wp-includes/js/tinymce/plugins/colorpicker/?C=S&O=A HTTP/1.1" 404 - "-" "Mozilla/5.0 AppleWebKit/537.36 (KHTML, like Gecko; compatible; ClaudeBot/1.0; +claudebot@anthropic.com)"
84.233.195.153 - - [25/Jun/2026:15:17:51 -0400] "GET / HTTP/1.1" 200 1156 "http://www.laratrends.nl:80" "Go-http-client/1.1"
149.102.230.118 - - [25/Jun/2026:15:17:51 -0400] "GET / HTTP/1.1" 200 1156 "http://www.laratrends.nl:80" "Go-http-client/1.1"
84.233.195.151 - - [25/Jun/2026:15:17:52 -0400] "GET / HTTP/1.1" 200 1156 "http://www.laratrends.nl:80" "Go-http-client/1.1"
149.102.230.119 - - [25/Jun/2026:15:17:52 -0400] "GET / HTTP/1.1" 200 1156 "http://www.laratrends.nl:80" "Go-http-client/1.1"
216.73.216.69 - - [25/Jun/2026:15:17:53 -0400] "GET /wp-includes/style-engine/v3/?C=M&O=D HTTP/1.1" 200 381 "-" "Mozilla/5.0 AppleWebKit/537.36 (KHTML, like Gecko; compatible; ClaudeBot/1.0; +claudebot@anthropic.com)"
66.249.68.167 - - [25/Jun/2026:15:17:54 -0400] "GET /items/F712063038/ HTTP/1.1" 404 - "-" "Mozilla/5.0 (Linux; Android 6.0.1; Nexus 5X Build/MMB29P) AppleWebKit/537.36 (KHTML, like Gecko) Chrome/148.0.7778.96 Mobile Safari/537.36 (compatible; GoogleOther)"
216.73.216.69 - - [25/Jun/2026:15:17:56 -0400] "GET /wp-includes/sitemaps/?C=S&O=D HTTP/1.1" 200 542 "-" "Mozilla/5.0 AppleWebKit/537.36 (KHTML, like Gecko; compatible; ClaudeBot/1.0; +claudebot@anthropic.com)"
216.73.216.69 - - [25/Jun/2026:15:18:01 -0400] "GET /wp-includes/css/dist/reusable-blocks/?C=S&O=D HTTP/1.1" 200 438 "-" "Mozilla/5.0 AppleWebKit/537.36 (KHTML, like Gecko; compatible; ClaudeBot/1.0; +claudebot@anthropic.com)"
216.73.216.69 - - [25/Jun/2026:15:18:05 -0400] "GET /wp-includes/js/tinymce/themes/inlite/?C=M&O=A HTTP/1.1" 404 - "-" "Mozilla/5.0 AppleWebKit/537.36 (KHTML, like Gecko; compatible; ClaudeBot/1.0; +claudebot@anthropic.com)"
2a03:2880:f800:19:: - - [25/Jun/2026:15:18:06 -0400] "GET /online-casino-geen-registratie/ HTTP/1.1" 404 - "-" "meta-externalagent/1.1 (+https://developers.facebook.com/docs/sharing/webmasters/crawler)"
216.73.216.69 - - [25/Jun/2026:15:18:09 -0400] "GET /wp-includes/js/tinymce/themes/inlite/?C=N&O=D HTTP/1.1" 404 - "-" "Mozilla/5.0 AppleWebKit/537.36 (KHTML, like Gecko; compatible; ClaudeBot/1.0; +claudebot@anthropic.com)"
216.73.216.69 - - [25/Jun/2026:15:18:13 -0400] "GET /wp-includes/css/dist/list-reusable-blocks/?C=M&O=D HTTP/1.1" 200 442 "-" "Mozilla/5.0 AppleWebKit/537.36 (KHTML, like Gecko; compatible; ClaudeBot/1.0; +claudebot@anthropic.com)"
216.73.216.69 - - [25/Jun/2026:15:18:16 -0400] "GET /wp-includes/css/dist/nux/?C=M&O=D HTTP/1.1" 200 424 "-" "Mozilla/5.0 AppleWebKit/537.36 (KHTML, like Gecko; compatible; ClaudeBot/1.0; +claudebot@anthropic.com)"
216.73.216.69 - - [25/Jun/2026:15:18:19 -0400] "GET /wp-includes/sitemaps/providers/?C=N&O=D HTTP/1.1" 200 488 "-" "Mozilla/5.0 AppleWebKit/537.36 (KHTML, like Gecko; compatible; ClaudeBot/1.0; +claudebot@anthropic.com)"
216.73.216.69 - - [25/Jun/2026:15:18:24 -0400] "GET /wp-includes/js/tinymce/themes/modern/?C=D&O=A HTTP/1.1" 404 - "-" "Mozilla/5.0 AppleWebKit/537.36 (KHTML, like Gecko; compatible; ClaudeBot/1.0; +claudebot@anthropic.com)"
216.73.216.67 - - [25/Jun/2026:15:18:28 -0400] "GET /wp-includes/js/tinymce/skins/lightgray/fonts/?C=S&O=A HTTP/1.1" 404 - "-" "Mozilla/5.0 AppleWebKit/537.36 (KHTML, like Gecko; compatible; ClaudeBot/1.0; +claudebot@anthropic.com)"
2a03:2880:f800:2:: - - [25/Jun/2026:15:18:29 -0400] "GET /neon54-casino-no-deposit-bonus/ HTTP/1.1" 404 - "-" "meta-externalagent/1.1 (+https://developers.facebook.com/docs/sharing/webmasters/crawler)"
216.73.216.67 - - [25/Jun/2026:15:18:32 -0400] "GET /wp-includes/js/tinymce/skins/lightgray/fonts/?C=D&O=A HTTP/1.1" 404 - "-" "Mozilla/5.0 AppleWebKit/537.36 (KHTML, like Gecko; compatible; ClaudeBot/1.0; +claudebot@anthropic.com)"
216.73.216.67 - - [25/Jun/2026:15:18:36 -0400] "GET /wp-includes/js/dist/script-modules/block-editor/ HTTP/1.1" 200 395 "-" "Mozilla/5.0 AppleWebKit/537.36 (KHTML, like Gecko; compatible; ClaudeBot/1.0; +claudebot@anthropic.com)"
216.73.216.67 - - [25/Jun/2026:15:18:40 -0400] "GET /wp-includes/sodium_compat/src/Core/Poly1305.php HTTP/1.1" 500 - "-" "Mozilla/5.0 AppleWebKit/537.36 (KHTML, like Gecko; compatible; ClaudeBot/1.0; +claudebot@anthropic.com)"
216.73.216.67 - - [25/Jun/2026:15:18:45 -0400] "GET /wp-includes/sodium_compat/src/Core32/SecretStream/State.php HTTP/1.1" 200 - "-" "Mozilla/5.0 AppleWebKit/537.36 (KHTML, like Gecko; compatible; ClaudeBot/1.0; +claudebot@anthropic.com)"
216.73.216.67 - - [25/Jun/2026:15:18:50 -0400] "GET /wp-includes/js/jquery/ui/effect-explode.js HTTP/1.1" 200 4203 "-" "Mozilla/5.0 AppleWebKit/537.36 (KHTML, like Gecko; compatible; ClaudeBot/1.0; +claudebot@anthropic.com)"
216.73.216.67 - - [25/Jun/2026:15:18:57 -0400] "GET /wp-includes/sodium_compat/src/Core/SecretStream/ HTTP/1.1" 200 406 "-" "Mozilla/5.0 AppleWebKit/537.36 (KHTML, like Gecko; compatible; ClaudeBot/1.0; +claudebot@anthropic.com)"
216.73.216.67 - - [25/Jun/2026:15:19:01 -0400] "GET /wp-includes/js/dist/script-modules/block-library/query/ HTTP/1.1" 200 437 "-" "Mozilla/5.0 AppleWebKit/537.36 (KHTML, like Gecko; compatible; ClaudeBot/1.0; +claudebot@anthropic.com)"
2a03:2880:f800:1d:: - - [25/Jun/2026:15:19:02 -0400] "GET /items/N253375884/ HTTP/1.1" 404 - "-" "meta-externalagent/1.1 (+https://developers.facebook.com/docs/sharing/webmasters/crawler)"
216.73.216.67 - - [25/Jun/2026:15:19:06 -0400] "GET /wp-includes/rest-api/endpoints/v2/css/ HTTP/1.1" 200 403 "-" "Mozilla/5.0 AppleWebKit/537.36 (KHTML, like Gecko; compatible; ClaudeBot/1.0; +claudebot@anthropic.com)"
216.73.217.15 - - [25/Jun/2026:15:19:11 -0400] "GET /wp-includes/js/dist/plugins.min.js HTTP/1.1" 200 4741 "-" "Mozilla/5.0 AppleWebKit/537.36 (KHTML, like Gecko; compatible; ClaudeBot/1.0; +claudebot@anthropic.com)"
216.73.217.108 - - [25/Jun/2026:15:19:18 -0400] "GET /wp-includes/js/jquery/ui/controlgroup.js HTTP/1.1" 200 5689 "-" "Mozilla/5.0 AppleWebKit/537.36 (KHTML, like Gecko; compatible; ClaudeBot/1.0; +claudebot@anthropic.com)"
216.73.217.108 - - [25/Jun/2026:15:19:21 -0400] "GET /wp-includes/js/jquery/jquery.form.js HTTP/1.1" 200 16260 "-" "Mozilla/5.0 AppleWebKit/537.36 (KHTML, like Gecko; compatible; ClaudeBot/1.0; +claudebot@anthropic.com)"
216.73.217.108 - - [25/Jun/2026:15:19:27 -0400] "GET /wp-includes/sodium_compat/src/Core/Base64/ HTTP/1.1" 200 418 "-" "Mozilla/5.0 AppleWebKit/537.36 (KHTML, like Gecko; compatible; ClaudeBot/1.0; +claudebot@anthropic.com)"
66.249.68.167 - - [25/Jun/2026:15:19:29 -0400] "GET /items/P847612780/ HTTP/1.1" 404 - "-" "Mozilla/5.0 (Linux; Android 6.0.1; Nexus 5X Build/MMB29P) AppleWebKit/537.36 (KHTML, like Gecko) Chrome/148.0.7778.96 Mobile Safari/537.36 (compatible; GoogleOther)"
216.73.217.108 - - [25/Jun/2026:15:19:31 -0400] "GET /wp-includes/js/jquery/ui/core.js HTTP/1.1" 200 16481 "-" "Mozilla/5.0 AppleWebKit/537.36 (KHTML, like Gecko; compatible; ClaudeBot/1.0; +claudebot@anthropic.com)"
216.73.217.108 - - [25/Jun/2026:15:19:36 -0400] "GET /wp-includes/js/jquery/ui/menu.js HTTP/1.1" 200 8432 "-" "Mozilla/5.0 AppleWebKit/537.36 (KHTML, like Gecko; compatible; ClaudeBot/1.0; +claudebot@anthropic.com)"
2a03:2880:f800:16:: - - [25/Jun/2026:15:19:39 -0400] "GET /elvis-frog-online-gokkast-spelen-gratis-en-met-geld/ HTTP/1.1" 404 - "-" "meta-externalagent/1.1 (+https://developers.facebook.com/docs/sharing/webmasters/crawler)"
216.73.217.108 - - [25/Jun/2026:15:19:41 -0400] "GET /wp-includes/sodium_compat/src/Core/HChaCha20.php HTTP/1.1" 500 - "-" "Mozilla/5.0 AppleWebKit/537.36 (KHTML, like Gecko; compatible; ClaudeBot/1.0; +claudebot@anthropic.com)"
216.73.217.108 - - [25/Jun/2026:15:19:46 -0400] "GET /wp-includes/js/dist/widgets.js HTTP/1.1" 200 13669 "-" "Mozilla/5.0 AppleWebKit/537.36 (KHTML, like Gecko; compatible; ClaudeBot/1.0; +claudebot@anthropic.com)"
2a03:2880:f800:1f:: - - [25/Jun/2026:15:19:47 -0400] "GET /best-online-casino-pay4fun-nederland/ HTTP/1.1" 404 - "-" "meta-externalagent/1.1 (+https://developers.facebook.com/docs/sharing/webmasters/crawler)"
2a03:2880:f800:15:: - - [25/Jun/2026:15:19:50 -0400] "GET /crystalroll-casino-no-deposit-bonus/ HTTP/1.1" 404 - "-" "meta-externalagent/1.1 (+https://developers.facebook.com/docs/sharing/webmasters/crawler)"
2a03:2880:f800:2c:: - - [25/Jun/2026:15:19:55 -0400] "GET /snelst-uitbetalende-casino/ HTTP/1.1" 404 - "-" "meta-externalagent/1.1 (+https://developers.facebook.com/docs/sharing/webmasters/crawler)"
216.73.217.108 - - [25/Jun/2026:15:19:55 -0400] "GET /wp-includes/js/jquery/ui/droppable.js HTTP/1.1" 200 6546 "-" "Mozilla/5.0 AppleWebKit/537.36 (KHTML, like Gecko; compatible; ClaudeBot/1.0; +claudebot@anthropic.com)"
216.73.217.108 - - [25/Jun/2026:15:19:56 -0400] "GET /wp-includes/js/dist/api-fetch.js HTTP/1.1" 200 7263 "-" "Mozilla/5.0 AppleWebKit/537.36 (KHTML, like Gecko; compatible; ClaudeBot/1.0; +claudebot@anthropic.com)"
216.73.217.108 - - [25/Jun/2026:15:20:01 -0400] "GET /wp-includes/js/jquery/ui/effect.min.js HTTP/1.1" 200 6800 "-" "Mozilla/5.0 AppleWebKit/537.36 (KHTML, like Gecko; compatible; ClaudeBot/1.0; +claudebot@anthropic.com)"
216.73.217.108 - - [25/Jun/2026:15:20:06 -0400] "GET /wp-includes/pomo/tmp/docs/build/ HTTP/1.1" 200 386 "-" "Mozilla/5.0 AppleWebKit/537.36 (KHTML, like Gecko; compatible; ClaudeBot/1.0; +claudebot@anthropic.com)"
2a03:2880:f800:23:: - - [25/Jun/2026:15:20:08 -0400] "GET /regels-texas-holdem/ HTTP/1.1" 404 - "-" "meta-externalagent/1.1 (+https://developers.facebook.com/docs/sharing/webmasters/crawler)"
216.73.216.67 - - [25/Jun/2026:15:20:16 -0400] "GET /wp-includes/js/dist/components.min.js HTTP/1.1" 200 256039 "-" "Mozilla/5.0 AppleWebKit/537.36 (KHTML, like Gecko; compatible; ClaudeBot/1.0; +claudebot@anthropic.com)"
216.73.216.67 - - [25/Jun/2026:15:20:17 -0400] "GET /wp-includes/js/jquery/ui/effect-slide.js HTTP/1.1" 200 3761 "-" "Mozilla/5.0 AppleWebKit/537.36 (KHTML, like Gecko; compatible; ClaudeBot/1.0; +claudebot@anthropic.com)"
66.249.68.168 - - [25/Jun/2026:15:20:22 -0400] "GET /items/M963265365/ HTTP/1.1" 404 - "-" "Mozilla/5.0 (Linux; Android 6.0.1; Nexus 5X Build/MMB29P) AppleWebKit/537.36 (KHTML, like Gecko) Chrome/148.0.7778.96 Mobile Safari/537.36 (compatible; GoogleOther)"
216.73.216.67 - - [25/Jun/2026:15:20:28 -0400] "GET /wp-includes/js/jquery/ui/spinner.js HTTP/1.1" 200 7371 "-" "Mozilla/5.0 AppleWebKit/537.36 (KHTML, like Gecko; compatible; ClaudeBot/1.0; +claudebot@anthropic.com)"
216.73.216.67 - - [25/Jun/2026:15:20:29 -0400] "GET /wp-includes/js/dist/compose.min.js HTTP/1.1" 200 15733 "-" "Mozilla/5.0 AppleWebKit/537.36 (KHTML, like Gecko; compatible; ClaudeBot/1.0; +claudebot@anthropic.com)"
216.73.216.67 - - [25/Jun/2026:15:20:35 -0400] "GET /wp-includes/js/dist/hooks.js HTTP/1.1" 200 6311 "-" "Mozilla/5.0 AppleWebKit/537.36 (KHTML, like Gecko; compatible; ClaudeBot/1.0; +claudebot@anthropic.com)"
216.73.216.67 - - [25/Jun/2026:15:20:37 -0400] "GET /wp-includes/js/jquery/ui/effect-bounce.js HTTP/1.1" 200 4022 "-" "Mozilla/5.0 AppleWebKit/537.36 (KHTML, like Gecko; compatible; ClaudeBot/1.0; +claudebot@anthropic.com)"
216.73.216.67 - - [25/Jun/2026:15:20:47 -0400] "GET /wp-includes/customize/class-wp-customize-nav-menu-item-setting.php HTTP/1.1" 500 - "-" "Mozilla/5.0 AppleWebKit/537.36 (KHTML, like Gecko; compatible; ClaudeBot/1.0; +claudebot@anthropic.com)"
216.73.217.15 - - [25/Jun/2026:15:20:52 -0400] "GET /wp-includes/js/customize-preview-widgets.min.js HTTP/1.1" 200 5473 "-" "Mozilla/5.0 AppleWebKit/537.36 (KHTML, like Gecko; compatible; ClaudeBot/1.0; +claudebot@anthropic.com)"
216.73.217.15 - - [25/Jun/2026:15:20:57 -0400] "GET /wp-includes/js/wp-custom-header.min.js HTTP/1.1" 200 4475 "-" "Mozilla/5.0 AppleWebKit/537.36 (KHTML, like Gecko; compatible; ClaudeBot/1.0; +claudebot@anthropic.com)"
2a03:2880:f800:21:: - - [25/Jun/2026:15:20:57 -0400] "GET /echt-online-casino/ HTTP/1.1" 404 - "-" "meta-externalagent/1.1 (+https://developers.facebook.com/docs/sharing/webmasters/crawler)"
66.249.68.167 - - [25/Jun/2026:15:21:00 -0400] "GET /items/B306358264/ HTTP/1.1" 404 - "-" "Mozilla/5.0 (Linux; Android 6.0.1; Nexus 5X Build/MMB29P) AppleWebKit/537.36 (KHTML, like Gecko) Chrome/148.0.7778.96 Mobile Safari/537.36 (compatible; GoogleOther)"
216.73.217.15 - - [25/Jun/2026:15:21:02 -0400] "GET /wp-includes/js/jquery/ui/effect-drop.min.js HTTP/1.1" 200 3335 "-" "Mozilla/5.0 AppleWebKit/537.36 (KHTML, like Gecko; compatible; ClaudeBot/1.0; +claudebot@anthropic.com)"
216.73.216.67 - - [25/Jun/2026:15:21:09 -0400] "GET /wp-includes/js/jquery/ui/core.min.js HTTP/1.1" 200 10058 "-" "Mozilla/5.0 AppleWebKit/537.36 (KHTML, like Gecko; compatible; ClaudeBot/1.0; +claudebot@anthropic.com)"
216.73.216.67 - - [25/Jun/2026:15:21:13 -0400] "GET /wp-includes/images/media/code.svg HTTP/1.1" 200 186 "-" "Mozilla/5.0 AppleWebKit/537.36 (KHTML, like Gecko; compatible; ClaudeBot/1.0; +claudebot@anthropic.com)"
66.249.68.166 - - [25/Jun/2026:15:21:16 -0400] "GET /items/P846771623/ HTTP/1.1" 404 - "-" "Mozilla/5.0 (Linux; Android 6.0.1; Nexus 5X Build/MMB29P) AppleWebKit/537.36 (KHTML, like Gecko) Chrome/148.0.7778.96 Mobile Safari/537.36 (compatible; GoogleOther)"
2a03:2880:f800:29:: - - [25/Jun/2026:15:21:18 -0400] "GET /drago-jewels-of-fortune-online-gokkast-spelen-gratis-en-met-geld/ HTTP/1.1" 404 - "-" "meta-externalagent/1.1 (+https://developers.facebook.com/docs/sharing/webmasters/crawler)"
216.73.216.67 - - [25/Jun/2026:15:21:19 -0400] "GET /wp-includes/sodium_compat/namespaced/Compat.php HTTP/1.1" 500 - "-" "Mozilla/5.0 AppleWebKit/537.36 (KHTML, like Gecko; compatible; ClaudeBot/1.0; +claudebot@anthropic.com)"
2a03:2880:f800:36:: - - [25/Jun/2026:15:21:20 -0400] "GET /holland-casino-amerikaanse-roulette/ HTTP/1.1" 404 - "-" "meta-externalagent/1.1 (+https://developers.facebook.com/docs/sharing/webmasters/crawler)"
216.73.216.67 - - [25/Jun/2026:15:21:23 -0400] "GET /wp-includes/sodium_compat/composer.json HTTP/1.1" 404 - "-" "Mozilla/5.0 AppleWebKit/537.36 (KHTML, like Gecko; compatible; ClaudeBot/1.0; +claudebot@anthropic.com)"
216.73.216.67 - - [25/Jun/2026:15:21:27 -0400] "GET /wp-includes/js/jquery/ui/datepicker.min.js HTTP/1.1" 200 13879 "-" "Mozilla/5.0 AppleWebKit/537.36 (KHTML, like Gecko; compatible; ClaudeBot/1.0; +claudebot@anthropic.com)"
216.73.216.67 - - [25/Jun/2026:15:21:32 -0400] "GET /wp-includes/js/jquery/ui/effect-highlight.min.js HTTP/1.1" 200 3263 "-" "Mozilla/5.0 AppleWebKit/537.36 (KHTML, like Gecko; compatible; ClaudeBot/1.0; +claudebot@anthropic.com)"
158.173.241.223 - - [25/Jun/2026:15:21:34 -0400] "GET /vilken-spelautomat-har-de-basta-vinstchanserna/ HTTP/1.1" 404 - "https://laratrends.nl/" "Mozilla/5.0 (Windows NT 10.0; Win64; x64; rv:146.0) Gecko/20100101 Firefox/146.0"
158.173.241.98 - - [25/Jun/2026:15:21:35 -0400] "GET / HTTP/1.1" 200 1156 "-" "Mozilla/5.0 (Windows NT 10.0; Win64; x64; rv:146.0) Gecko/20100101 Firefox/146.0"
216.73.216.67 - - [25/Jun/2026:15:21:37 -0400] "GET /wp-includes/block-supports/duotone.php HTTP/1.1" 500 - "-" "Mozilla/5.0 AppleWebKit/537.36 (KHTML, like Gecko; compatible; ClaudeBot/1.0; +claudebot@anthropic.com)"
216.73.216.67 - - [25/Jun/2026:15:21:42 -0400] "GET /wp-includes/sodium_compat/src/Core/ChaCha20/ HTTP/1.1" 200 420 "-" "Mozilla/5.0 AppleWebKit/537.36 (KHTML, like Gecko; compatible; ClaudeBot/1.0; +claudebot@anthropic.com)"
216.73.216.67 - - [25/Jun/2026:15:21:47 -0400] "GET /wp-includes/sodium_compat/namespaced/Core/Poly1305/State.php HTTP/1.1" 500 - "-" "Mozilla/5.0 AppleWebKit/537.36 (KHTML, like Gecko; compatible; ClaudeBot/1.0; +claudebot@anthropic.com)"
2a03:2880:f800:20:: - - [25/Jun/2026:15:21:53 -0400] "GET /slots-palace-casino-nl-2025-review/ HTTP/1.1" 404 - "-" "meta-externalagent/1.1 (+https://developers.facebook.com/docs/sharing/webmasters/crawler)"
216.73.216.69 - - [25/Jun/2026:15:21:56 -0400] "GET /wp-includes/rest-api/endpoints/class-wp-rest-taxonomies-controller.php HTTP/1.1" 500 - "-" "Mozilla/5.0 AppleWebKit/537.36 (KHTML, like Gecko; compatible; ClaudeBot/1.0; +claudebot@anthropic.com)"
216.73.216.69 - - [25/Jun/2026:15:21:57 -0400] "GET /wp-includes/js/dist/token-list.js HTTP/1.1" 200 4599 "-" "Mozilla/5.0 AppleWebKit/537.36 (KHTML, like Gecko; compatible; ClaudeBot/1.0; +claudebot@anthropic.com)"
216.73.216.69 - - [25/Jun/2026:15:22:02 -0400] "GET /wp-includes/js/mce-view.min.js HTTP/1.1" 200 6624 "-" "Mozilla/5.0 AppleWebKit/537.36 (KHTML, like Gecko; compatible; ClaudeBot/1.0; +claudebot@anthropic.com)"
216.73.216.69 - - [25/Jun/2026:15:22:07 -0400] "GET /wp-includes/sodium_compat/src/Core32/Curve25519/Fe.php HTTP/1.1" 200 - "-" "Mozilla/5.0 AppleWebKit/537.36 (KHTML, like Gecko; compatible; ClaudeBot/1.0; +claudebot@anthropic.com)"
216.73.216.69 - - [25/Jun/2026:15:22:17 -0400] "GET /wp-includes/js/dist/style-engine.min.js HTTP/1.1" 200 4958 "-" "Mozilla/5.0 AppleWebKit/537.36 (KHTML, like Gecko; compatible; ClaudeBot/1.0; +claudebot@anthropic.com)"
216.73.216.69 - - [25/Jun/2026:15:22:18 -0400] "GET /wp-includes/js/dist/script-modules/a11y/index.js HTTP/1.1" 200 3733 "-" "Mozilla/5.0 AppleWebKit/537.36 (KHTML, like Gecko; compatible; ClaudeBot/1.0; +claudebot@anthropic.com)"
216.73.216.69 - - [25/Jun/2026:15:22:25 -0400] "GET /wp-includes/js/jquery/ui/effect-size.min.js HTTP/1.1" 200 3860 "-" "Mozilla/5.0 AppleWebKit/537.36 (KHTML, like Gecko; compatible; ClaudeBot/1.0; +claudebot@anthropic.com)"
216.73.216.69 - - [25/Jun/2026:15:22:27 -0400] "GET /wp-includes/js/jquery/ui/effect-fade.js HTTP/1.1" 200 3402 "-" "Mozilla/5.0 AppleWebKit/537.36 (KHTML, like Gecko; compatible; ClaudeBot/1.0; +claudebot@anthropic.com)"
2a03:2880:f800:b:: - - [25/Jun/2026:15:22:28 -0400] "GET /gratis-bingo/ HTTP/1.1" 404 - "-" "meta-externalagent/1.1 (+https://developers.facebook.com/docs/sharing/webmasters/crawler)"
216.73.216.69 - - [25/Jun/2026:15:22:33 -0400] "GET /wp-includes/sodium_compat/namespaced/Core/ChaCha20/IetfCtx.php HTTP/1.1" 500 - "-" "Mozilla/5.0 AppleWebKit/537.36 (KHTML, like Gecko; compatible; ClaudeBot/1.0; +claudebot@anthropic.com)"
216.73.216.69 - - [25/Jun/2026:15:22:36 -0400] "GET /wp-includes/js/dist/script-modules/a11y/index.min.js HTTP/1.1" 200 3306 "-" "Mozilla/5.0 AppleWebKit/537.36 (KHTML, like Gecko; compatible; ClaudeBot/1.0; +claudebot@anthropic.com)"
5.196.78.175 - - [25/Jun/2026:15:22:37 -0400] "GET /test/2025/10/06/willkommensbonus-ohne-einzahlung-2/ HTTP/1.1" 200 25678 "-" "Mozilla/5.0 (Windows NT 10.0; Win64; x64; Xbox; Xbox One) AppleWebKit/537.36 (KHTML, like Gecko) Chrome/114.0.0.0 Safari/537.36 Edge/44.18363.8131"
216.73.216.69 - - [25/Jun/2026:15:22:41 -0400] "GET /wp-includes/js/dist/script-modules/block-library/accordion/ HTTP/1.1" 200 425 "-" "Mozilla/5.0 AppleWebKit/537.36 (KHTML, like Gecko; compatible; ClaudeBot/1.0; +claudebot@anthropic.com)"
216.73.216.69 - - [25/Jun/2026:15:22:50 -0400] "GET /wp-includes/js/dist/media-utils.min.js HTTP/1.1" 200 6586 "-" "Mozilla/5.0 AppleWebKit/537.36 (KHTML, like Gecko; compatible; ClaudeBot/1.0; +claudebot@anthropic.com)"
216.73.216.69 - - [25/Jun/2026:15:22:52 -0400] "GET /wp-includes/js/dist/vendor/wp-polyfill-formdata.js HTTP/1.1" 200 6485 "-" "Mozilla/5.0 AppleWebKit/537.36 (KHTML, like Gecko; compatible; ClaudeBot/1.0; +claudebot@anthropic.com)"
216.73.216.69 - - [25/Jun/2026:15:22:56 -0400] "GET /wp-includes/js/dist/is-shallow-equal.min.js HTTP/1.1" 200 3364 "-" "Mozilla/5.0 AppleWebKit/537.36 (KHTML, like Gecko; compatible; ClaudeBot/1.0; +claudebot@anthropic.com)"
216.73.216.69 - - [25/Jun/2026:15:23:01 -0400] "GET /wp-includes/js/mediaelement/wp-playlist.min.js HTTP/1.1" 200 4006 "-" "Mozilla/5.0 AppleWebKit/537.36 (KHTML, like Gecko; compatible; ClaudeBot/1.0; +claudebot@anthropic.com)"
66.249.68.168 - - [25/Jun/2026:15:23:03 -0400] "GET /items/O608310057/ HTTP/1.1" 404 - "-" "Mozilla/5.0 (Linux; Android 6.0.1; Nexus 5X Build/MMB29P) AppleWebKit/537.36 (KHTML, like Gecko) Chrome/148.0.7778.96 Mobile Safari/537.36 (compatible; GoogleOther)"
66.249.68.168 - - [25/Jun/2026:15:23:05 -0400] "GET /items/P844404535/ HTTP/1.1" 404 - "-" "Mozilla/5.0 (Linux; Android 6.0.1; Nexus 5X Build/MMB29P) AppleWebKit/537.36 (KHTML, like Gecko) Chrome/148.0.7778.96 Mobile Safari/537.36 (compatible; GoogleOther)"
216.73.216.69 - - [25/Jun/2026:15:23:06 -0400] "GET /wp-includes/js/dist/script-modules/interactivity-router/?C=N&O=D HTTP/1.1" 404 - "-" "Mozilla/5.0 AppleWebKit/537.36 (KHTML, like Gecko; compatible; ClaudeBot/1.0; +claudebot@anthropic.com)"
216.73.216.69 - - [25/Jun/2026:15:23:11 -0400] "GET /wp-includes/js/jcrop/jquery.Jcrop.min.js HTTP/1.1" 200 9954 "-" "Mozilla/5.0 AppleWebKit/537.36 (KHTML, like Gecko; compatible; ClaudeBot/1.0; +claudebot@anthropic.com)"
216.73.216.69 - - [25/Jun/2026:15:23:23 -0400] "GET /wp-includes/sodium_compat/src/Core32/SecretStream/?C=N&O=D HTTP/1.1" 200 408 "-" "Mozilla/5.0 AppleWebKit/537.36 (KHTML, like Gecko; compatible; ClaudeBot/1.0; +claudebot@anthropic.com)"
216.73.216.69 - - [25/Jun/2026:15:23:27 -0400] "GET /wp-includes/js/imgareaselect/img/resources/ HTTP/1.1" 200 390 "-" "Mozilla/5.0 AppleWebKit/537.36 (KHTML, like Gecko; compatible; ClaudeBot/1.0; +claudebot@anthropic.com)"
216.73.216.82 - - [25/Jun/2026:15:23:32 -0400] "GET /wp-includes/js/dist/script-modules/a11y/?C=M&O=A HTTP/1.1" 404 - "-" "Mozilla/5.0 AppleWebKit/537.36 (KHTML, like Gecko; compatible; ClaudeBot/1.0; +claudebot@anthropic.com)"
216.73.216.82 - - [25/Jun/2026:15:23:36 -0400] "GET /wp-includes/js/dist/script-modules/a11y/?C=N&O=D HTTP/1.1" 404 - "-" "Mozilla/5.0 AppleWebKit/537.36 (KHTML, like Gecko; compatible; ClaudeBot/1.0; +claudebot@anthropic.com)"
216.73.216.82 - - [25/Jun/2026:15:23:41 -0400] "GET /wp-includes/rest-api/endpoints/v2/?C=S&O=A HTTP/1.1" 200 385 "-" "Mozilla/5.0 AppleWebKit/537.36 (KHTML, like Gecko; compatible; ClaudeBot/1.0; +claudebot@anthropic.com)"
216.73.216.82 - - [25/Jun/2026:15:23:46 -0400] "GET /wp-includes/rest-api/endpoints/v2/?C=D&O=A HTTP/1.1" 200 385 "-" "Mozilla/5.0 AppleWebKit/537.36 (KHTML, like Gecko; compatible; ClaudeBot/1.0; +claudebot@anthropic.com)"
216.73.216.69 - - [25/Jun/2026:15:23:55 -0400] "GET /wp-includes/sodium_compat/src/Core32/Curve25519/?C=M&O=A HTTP/1.1" 200 460 "-" "Mozilla/5.0 AppleWebKit/537.36 (KHTML, like Gecko; compatible; ClaudeBot/1.0; +claudebot@anthropic.com)"
216.73.216.69 - - [25/Jun/2026:15:24:00 -0400] "GET /wp-includes/sodium_compat/src/Core32/Curve25519/?C=N&O=D HTTP/1.1" 200 458 "-" "Mozilla/5.0 AppleWebKit/537.36 (KHTML, like Gecko; compatible; ClaudeBot/1.0; +claudebot@anthropic.com)"
216.73.216.69 - - [25/Jun/2026:15:24:04 -0400] "GET /wp-includes/theme-compat/modules/oxzil/xbxg/?p=%2Fhome%2Flaratrends%2Fpublic_html%2Fwp-includes%2Ftheme-compat%2Fmodules%2Foxzil%2Fxbxg%2F.. HTTP/1.1" 200 559 "-" "Mozilla/5.0 AppleWebKit/537.36 (KHTML, like Gecko; compatible; ClaudeBot/1.0; +claudebot@anthropic.com)"
66.249.68.168 - - [25/Jun/2026:15:24:05 -0400] "GET /items/B303375580/ HTTP/1.1" 404 - "-" "Mozilla/5.0 (Linux; Android 6.0.1; Nexus 5X Build/MMB29P) AppleWebKit/537.36 (KHTML, like Gecko) Chrome/148.0.7778.96 Mobile Safari/537.36 (compatible; GoogleOther)"
216.73.216.69 - - [25/Jun/2026:15:24:09 -0400] "GET /wp-includes/js/jcrop/?C=N&O=D HTTP/1.1" 404 - "-" "Mozilla/5.0 AppleWebKit/537.36 (KHTML, like Gecko; compatible; ClaudeBot/1.0; +claudebot@anthropic.com)"
216.73.216.69 - - [25/Jun/2026:15:24:14 -0400] "GET /wp-includes/sodium_compat/namespaced/Core/ChaCha20/?C=N&O=D HTTP/1.1" 200 420 "-" "Mozilla/5.0 AppleWebKit/537.36 (KHTML, like Gecko; compatible; ClaudeBot/1.0; +claudebot@anthropic.com)"
216.73.216.69 - - [25/Jun/2026:15:24:19 -0400] "GET /wp-includes/sodium_compat/namespaced/Core/Poly1305/?C=S&O=A HTTP/1.1" 200 409 "-" "Mozilla/5.0 AppleWebKit/537.36 (KHTML, like Gecko; compatible; ClaudeBot/1.0; +claudebot@anthropic.com)"
216.73.216.82 - - [25/Jun/2026:15:24:25 -0400] "GET /wp-includes/block-supports/build/dist/?C=M&O=A HTTP/1.1" 200 393 "-" "Mozilla/5.0 AppleWebKit/537.36 (KHTML, like Gecko; compatible; ClaudeBot/1.0; +claudebot@anthropic.com)"
216.73.216.82 - - [25/Jun/2026:15:24:29 -0400] "GET /wp-includes/block-supports/build/dist/?C=N&O=D HTTP/1.1" 200 390 "-" "Mozilla/5.0 AppleWebKit/537.36 (KHTML, like Gecko; compatible; ClaudeBot/1.0; +claudebot@anthropic.com)"
216.73.216.82 - - [25/Jun/2026:15:24:34 -0400] "GET /wp-includes/js/imgareaselect/img/?C=S&O=A HTTP/1.1" 404 - "-" "Mozilla/5.0 AppleWebKit/537.36 (KHTML, like Gecko; compatible; ClaudeBot/1.0; +claudebot@anthropic.com)"
2a03:2880:f800:26:: - - [25/Jun/2026:15:24:34 -0400] "GET /winkans-nederlandse-casino-gokkasten/ HTTP/1.1" 404 - "-" "meta-externalagent/1.1 (+https://developers.facebook.com/docs/sharing/webmasters/crawler)"
216.73.216.82 - - [25/Jun/2026:15:24:39 -0400] "GET /wp-includes/js/imgareaselect/img/?C=D&O=A HTTP/1.1" 404 - "-" "Mozilla/5.0 AppleWebKit/537.36 (KHTML, like Gecko; compatible; ClaudeBot/1.0; +claudebot@anthropic.com)"
216.73.217.174 - - [25/Jun/2026:15:24:46 -0400] "GET /wp-includes/rest-api/search/resources/images/files/ HTTP/1.1" 200 397 "-" "Mozilla/5.0 AppleWebKit/537.36 (KHTML, like Gecko; compatible; ClaudeBot/1.0; +claudebot@anthropic.com)"
66.249.68.167 - - [25/Jun/2026:15:24:50 -0400] "GET /items/O602745629/ HTTP/1.1" 404 - "-" "Mozilla/5.0 (Linux; Android 6.0.1; Nexus 5X Build/MMB29P) AppleWebKit/537.36 (KHTML, like Gecko) Chrome/148.0.7778.96 Mobile Safari/537.36 (compatible; GoogleOther)"
216.73.217.174 - - [25/Jun/2026:15:24:51 -0400] "GET /wp-includes/sodium_compat/namespaced/Core/Curve25519/H.php HTTP/1.1" 500 - "-" "Mozilla/5.0 AppleWebKit/537.36 (KHTML, like Gecko; compatible; ClaudeBot/1.0; +claudebot@anthropic.com)"
216.73.217.174 - - [25/Jun/2026:15:24:56 -0400] "GET /wp-includes/sodium_compat/namespaced/Core/Curve25519/Fe.php HTTP/1.1" 500 - "-" "Mozilla/5.0 AppleWebKit/537.36 (KHTML, like Gecko; compatible; ClaudeBot/1.0; +claudebot@anthropic.com)"
216.73.216.69 - - [25/Jun/2026:15:25:01 -0400] "GET /wp-includes/sodium_compat/namespaced/Core/Curve25519/Ge/ HTTP/1.1" 200 468 "-" "Mozilla/5.0 AppleWebKit/537.36 (KHTML, like Gecko; compatible; ClaudeBot/1.0; +claudebot@anthropic.com)"
216.73.216.69 - - [25/Jun/2026:15:25:05 -0400] "GET /wp-includes/pomo/tmp/docs/?C=S&O=D HTTP/1.1" 200 380 "-" "Mozilla/5.0 AppleWebKit/537.36 (KHTML, like Gecko; compatible; ClaudeBot/1.0; +claudebot@anthropic.com)"
216.73.216.69 - - [25/Jun/2026:15:25:10 -0400] "GET /wp-includes/pomo/tmp/docs/?C=D&O=D HTTP/1.1" 200 380 "-" "Mozilla/5.0 AppleWebKit/537.36 (KHTML, like Gecko; compatible; ClaudeBot/1.0; +claudebot@anthropic.com)"
216.73.216.69 - - [25/Jun/2026:15:25:15 -0400] "GET /wp-includes/pomo/tmp/docs/?C=M&O=D HTTP/1.1" 200 380 "-" "Mozilla/5.0 AppleWebKit/537.36 (KHTML, like Gecko; compatible; ClaudeBot/1.0; +claudebot@anthropic.com)"
216.73.216.69 - - [25/Jun/2026:15:25:21 -0400] "GET /wp-includes/pomo/tmp/docs/?C=N&O=A HTTP/1.1" 200 382 "-" "Mozilla/5.0 AppleWebKit/537.36 (KHTML, like Gecko; compatible; ClaudeBot/1.0; +claudebot@anthropic.com)"
216.73.216.69 - - [25/Jun/2026:15:25:24 -0400] "GET /wp-includes/PHPMailer/css/2025/build/v1/ HTTP/1.1" 200 393 "-" "Mozilla/5.0 AppleWebKit/537.36 (KHTML, like Gecko; compatible; ClaudeBot/1.0; +claudebot@anthropic.com)"
216.73.216.69 - - [25/Jun/2026:15:25:29 -0400] "GET /wp-includes/widgets/tmp/?C=S&O=D HTTP/1.1" 200 377 "-" "Mozilla/5.0 AppleWebKit/537.36 (KHTML, like Gecko; compatible; ClaudeBot/1.0; +claudebot@anthropic.com)"
216.73.216.87 - - [25/Jun/2026:15:25:35 -0400] "GET /wp-includes/images/smilies/icon_idea.gif HTTP/1.1" 200 174 "-" "Mozilla/5.0 AppleWebKit/537.36 (KHTML, like Gecko; compatible; ClaudeBot/1.0; +claudebot@anthropic.com)"
216.73.216.87 - - [25/Jun/2026:15:25:38 -0400] "GET /wp-includes/PHPMailer/css/2025/build/?C=N&O=D HTTP/1.1" 200 388 "-" "Mozilla/5.0 AppleWebKit/537.36 (KHTML, like Gecko; compatible; ClaudeBot/1.0; +claudebot@anthropic.com)"
216.73.216.87 - - [25/Jun/2026:15:25:43 -0400] "GET /wp-includes/images/smilies/rolleyes.png HTTP/1.1" 200 1233 "-" "Mozilla/5.0 AppleWebKit/537.36 (KHTML, like Gecko; compatible; ClaudeBot/1.0; +claudebot@anthropic.com)"
66.249.68.168 - - [25/Jun/2026:15:25:44 -0400] "GET /items/M713488848/ HTTP/1.1" 404 - "-" "Mozilla/5.0 (Linux; Android 6.0.1; Nexus 5X Build/MMB29P) AppleWebKit/537.36 (KHTML, like Gecko) Chrome/148.0.7778.96 Mobile Safari/537.36 (compatible; GoogleOther)"
197.120.0.185 - - [25/Jun/2026:15:25:46 -0400] "GET /shop?min_price=400&max_price=1699&filter_color=%D8%A8%D9%86%D9%89%2C%D8%A7%D8%B5%D9%81%D8%B1%2C%D8%A3%D8%B2%D8%B1%D9%82%2C%D8%A7%D8%B3%D9%88%D8%AF%2C%D8%B0%D9%87%D8%A8%D9%89&filter_size=l%2C4xl HTTP/1.1" 404 - "https://laratrends.nl/shop?min_price=400&max_price=1699&filter_color=%D8%A8%D9%86%D9%89%2C%D8%A7%D8%B5%D9%81%D8%B1%2C%D8%A3%D8%B2%D8%B1%D9%82%2C%D8%A7%D8%B3%D9%88%D8%AF%2C%D8%B0%D9%87%D8%A8%D9%89&filter_size=l%2C4xl" "Mozilla/5.0 (Linux; Android 13; M2102J23) AppleWebKit/537.36 (KHTML, like Gecko) Chrome/153.0.5648.39 Mobile Safari/537.36"
