192.210.165.84 - - [25/Jun/2026:14:11:04 -0400] "GET /test/wp-content/themes/pressmart/style.css?ver=7.0 HTTP/1.1" 200 524 "https://laratrends.nl/test/2025/10/06/vilket-mobilcasino-erbjuder-mobile-roulette-med/" "Mozilla/5.0 (Windows NT 10.0; Win64; x64) AppleWebKit/537.36 (KHTML, like Gecko) Chrome/149.0.0.0 Safari/537.36"
212.102.39.49 - - [25/Jun/2026:14:11:05 -0400] "GET /wp-includes/js/tinymce/skins/wordpress/images/script.svg HTTP/1.1" 200 523 "-" "Mozilla/5.0 (Windows NT 10.0; Win64; x64) AppleWebKit/537.36 (KHTML, like Gecko) Chrome/84.0.4147.89 Safari/537.36"
79.127.181.44 - - [25/Jun/2026:14:11:05 -0400] "GET /wp-includes/js/tinymce/skins/wordpress/images/video.png HTTP/1.1" 200 363 "-" "Mozilla/5.0 (Windows NT 10.0; Win64; x64) AppleWebKit/537.36 (KHTML, like Gecko) Chrome/84.0.4147.89 Safari/537.36"
216.73.216.168 - - [25/Jun/2026:14:11:05 -0400] "GET /wp-includes/SimplePie/library/?C=M&O=D HTTP/1.1" 200 408 "-" "Mozilla/5.0 AppleWebKit/537.36 (KHTML, like Gecko; compatible; ClaudeBot/1.0; +claudebot@anthropic.com)"
159.26.105.161 - - [25/Jun/2026:14:11:05 -0400] "GET /wp-includes/js/tinymce/skins/wordpress/images/pagebreak.png HTTP/1.1" 200 1140 "-" "Mozilla/5.0 (Windows NT 10.0; Win64; x64) AppleWebKit/537.36 (KHTML, like Gecko) Chrome/84.0.4147.89 Safari/537.36"
159.26.105.161 - - [25/Jun/2026:14:11:05 -0400] "GET /wp-includes/js/tinymce/skins/wordpress/images/gallery.png HTTP/1.1" 200 379 "-" "Mozilla/5.0 (Windows NT 10.0; Win64; x64) AppleWebKit/537.36 (KHTML, like Gecko) Chrome/84.0.4147.89 Safari/537.36"
194.146.92.43 - - [25/Jun/2026:14:11:06 -0400] "GET /wp-includes/js/tinymce/skins/wordpress/images/embedded.png HTTP/1.1" 200 8177 "-" "Mozilla/5.0 (Windows NT 10.0; Win64; x64) AppleWebKit/537.36 (KHTML, like Gecko) Chrome/84.0.4147.89 Safari/537.36"
192.210.165.84 - - [25/Jun/2026:14:11:06 -0400] "GET /test/wp-content/themes/pressmart/assets/css/bootstrap-grid.css?ver=4.1.3 HTTP/1.1" 304 - "https://laratrends.nl/test/2025/10/06/vilket-mobilcasino-erbjuder-mobile-roulette-med/" "Mozilla/5.0 (Windows NT 10.0; Win64; x64) AppleWebKit/537.36 (KHTML, like Gecko) Chrome/149.0.0.0 Safari/537.36"
188.126.89.61 - - [25/Jun/2026:14:11:06 -0400] "GET /wp-includes/js/tinymce/skins/wordpress/images/pagebreak-2x.png HTTP/1.1" 200 835 "-" "Mozilla/5.0 (Windows NT 10.0; Win64; x64) AppleWebKit/537.36 (KHTML, like Gecko) Chrome/84.0.4147.89 Safari/537.36"
192.210.165.84 - - [25/Jun/2026:14:11:07 -0400] "GET /test/wp-content/themes/pressmart/assets/css/presslayouts-font.css?ver=1.0 HTTP/1.1" 200 3209 "https://laratrends.nl/test/2025/10/06/vilket-mobilcasino-erbjuder-mobile-roulette-med/" "Mozilla/5.0 (Windows NT 10.0; Win64; x64) AppleWebKit/537.36 (KHTML, like Gecko) Chrome/149.0.0.0 Safari/537.36"
192.210.165.84 - - [25/Jun/2026:14:11:09 -0400] "GET /test/wp-content/themes/pressmart/assets/css/woocommerce.css?ver=7.0 HTTP/1.1" 304 - "https://laratrends.nl/test/2025/10/06/vilket-mobilcasino-erbjuder-mobile-roulette-med/" "Mozilla/5.0 (Windows NT 10.0; Win64; x64) AppleWebKit/537.36 (KHTML, like Gecko) Chrome/149.0.0.0 Safari/537.36"
192.210.165.84 - - [25/Jun/2026:14:11:09 -0400] "GET /test/wp-content/themes/pressmart/assets/css/owl.carousel.min.css?ver=2.3.4 HTTP/1.1" 304 - "https://laratrends.nl/test/2025/10/06/vilket-mobilcasino-erbjuder-mobile-roulette-med/" "Mozilla/5.0 (Windows NT 10.0; Win64; x64) AppleWebKit/537.36 (KHTML, like Gecko) Chrome/149.0.0.0 Safari/537.36"
95.181.232.7 - - [25/Jun/2026:14:11:10 -0400] "GET /wp-includes/js/tinymce/skins/wordpress/images/dashicon-no.png HTTP/1.1" 200 339 "-" "Mozilla/5.0 (Windows NT 10.0; Win64; x64) AppleWebKit/537.36 (KHTML, like Gecko) Chrome/84.0.4147.89 Safari/537.36"
95.181.232.7 - - [25/Jun/2026:14:11:10 -0400] "GET /wp-includes/js/tinymce/skins/wordpress/images/playlist-audio.png HTTP/1.1" 200 440 "-" "Mozilla/5.0 (Windows NT 10.0; Win64; x64) AppleWebKit/537.36 (KHTML, like Gecko) Chrome/84.0.4147.89 Safari/537.36"
192.210.165.84 - - [25/Jun/2026:14:11:10 -0400] "GET /test/wp-content/themes/pressmart/assets/css/slick.css?ver=1.9.0 HTTP/1.1" 304 - "https://laratrends.nl/test/2025/10/06/vilket-mobilcasino-erbjuder-mobile-roulette-med/" "Mozilla/5.0 (Windows NT 10.0; Win64; x64) AppleWebKit/537.36 (KHTML, like Gecko) Chrome/149.0.0.0 Safari/537.36"
192.210.165.84 - - [25/Jun/2026:14:11:11 -0400] "GET /test/wp-content/themes/pressmart/assets/css/magnific-popup.css?ver=1.1.0 HTTP/1.1" 304 - "https://laratrends.nl/test/2025/10/06/vilket-mobilcasino-erbjuder-mobile-roulette-med/" "Mozilla/5.0 (Windows NT 10.0; Win64; x64) AppleWebKit/537.36 (KHTML, like Gecko) Chrome/149.0.0.0 Safari/537.36"
216.73.216.168 - - [25/Jun/2026:14:11:11 -0400] "GET /wp-includes/widgets/class-wp-widget-calendar.php HTTP/1.1" 500 - "-" "Mozilla/5.0 AppleWebKit/537.36 (KHTML, like Gecko; compatible; ClaudeBot/1.0; +claudebot@anthropic.com)"
192.210.165.84 - - [25/Jun/2026:14:11:12 -0400] "GET /test/wp-content/themes/pressmart/assets/css/animate.min.css?ver=3.7.2 HTTP/1.1" 200 4259 "https://laratrends.nl/test/2025/10/06/vilket-mobilcasino-erbjuder-mobile-roulette-med/" "Mozilla/5.0 (Windows NT 10.0; Win64; x64) AppleWebKit/537.36 (KHTML, like Gecko) Chrome/149.0.0.0 Safari/537.36"
184.178.172.5 - - [25/Jun/2026:14:11:13 -0400] "GET /test/wp-content/themes/pressmart/assets/css/magnific-popup.css?ver=1.1.0 HTTP/1.1" 200 1830 "https://laratrends.nl/test/2025/10/02/wygrywajce-liczby-w-keno-w-sobot/" "Mozilla/5.0 (Windows NT 10.0; Win64; x64) AppleWebKit/537.36 (KHTML, like Gecko) Chrome/149.0.0.0 Safari/537.36"
192.210.165.84 - - [25/Jun/2026:14:11:14 -0400] "GET /test/wp-content/themes/pressmart/assets/css/theme.css?ver=7.0 HTTP/1.1" 200 61800 "https://laratrends.nl/test/2025/10/06/vilket-mobilcasino-erbjuder-mobile-roulette-med/" "Mozilla/5.0 (Windows NT 10.0; Win64; x64) AppleWebKit/537.36 (KHTML, like Gecko) Chrome/149.0.0.0 Safari/537.36"
192.210.165.84 - - [25/Jun/2026:14:11:15 -0400] "POST /test/wp-comments-post.php HTTP/1.1" 302 6577 "https://laratrends.nl/test/2025/10/06/vilket-mobilcasino-erbjuder-mobile-roulette-med/" "Mozilla/5.0 (Windows NT 6.3; Win64; x64) AppleWebKit/537.36 (KHTML, like Gecko) Chrome/103.0.0.0 Safari/537.36"
216.73.216.168 - - [25/Jun/2026:14:11:16 -0400] "GET /wp-includes/js/jquery/ui/effect-explode.min.js HTTP/1.1" 200 3543 "-" "Mozilla/5.0 AppleWebKit/537.36 (KHTML, like Gecko; compatible; ClaudeBot/1.0; +claudebot@anthropic.com)"
192.210.165.84 - - [25/Jun/2026:14:11:17 -0400] "GET /test/2025/10/06/vilket-mobilcasino-erbjuder-mobile-roulette-med/?unapproved=693&moderation-hash=d6060f0b8c0812639a779dba6c897e10 HTTP/1.1" 200 26765 "https://laratrends.nl/test/wp-comments-post.php" "Mozilla/5.0 (Windows NT 6.3; Win64; x64) AppleWebKit/537.36 (KHTML, like Gecko) Chrome/103.0.0.0 Safari/537.36"
184.178.172.5 - - [25/Jun/2026:14:11:18 -0400] "GET /test/wp-content/themes/pressmart/assets/css/animate.min.css?ver=3.7.2 HTTP/1.1" 200 4259 "https://laratrends.nl/test/2025/10/02/wygrywajce-liczby-w-keno-w-sobot/" "Mozilla/5.0 (Windows NT 10.0; Win64; x64) AppleWebKit/537.36 (KHTML, like Gecko) Chrome/149.0.0.0 Safari/537.36"
192.210.165.84 - - [25/Jun/2026:14:11:18 -0400] "GET /test/2025/10/06/vilket-mobilcasino-erbjuder-mobile-roulette-med/ HTTP/1.1" 200 26033 "-" "Mozilla/5.0 (compatible; Googlebot/2.1; +http://www.google.com/bot.html)"
216.73.216.168 - - [25/Jun/2026:14:11:21 -0400] "GET /wp-includes/block-bindings/post-meta.php HTTP/1.1" 500 - "-" "Mozilla/5.0 AppleWebKit/537.36 (KHTML, like Gecko; compatible; ClaudeBot/1.0; +claudebot@anthropic.com)"
2a03:2880:f800:3c:: - - [25/Jun/2026:14:11:21 -0400] "GET /kansspelen-nederland/ HTTP/1.1" 404 - "-" "meta-externalagent/1.1 (+https://developers.facebook.com/docs/sharing/webmasters/crawler)"
216.73.216.168 - - [25/Jun/2026:14:11:26 -0400] "GET /wp-includes/js/dist/block-serialization-default-parser.js HTTP/1.1" 200 4736 "-" "Mozilla/5.0 AppleWebKit/537.36 (KHTML, like Gecko; compatible; ClaudeBot/1.0; +claudebot@anthropic.com)"
184.178.172.5 - - [25/Jun/2026:14:11:28 -0400] "GET /test/wp-content/themes/pressmart/assets/css/theme.css?ver=7.0 HTTP/1.1" 200 61800 "https://laratrends.nl/test/2025/10/02/wygrywajce-liczby-w-keno-w-sobot/" "Mozilla/5.0 (Windows NT 10.0; Win64; x64) AppleWebKit/537.36 (KHTML, like Gecko) Chrome/149.0.0.0 Safari/537.36"
216.73.216.168 - - [25/Jun/2026:14:11:31 -0400] "GET /wp-includes/js/jquery/ui/effect.js HTTP/1.1" 200 10272 "-" "Mozilla/5.0 AppleWebKit/537.36 (KHTML, like Gecko; compatible; ClaudeBot/1.0; +claudebot@anthropic.com)"
216.73.216.168 - - [25/Jun/2026:14:11:36 -0400] "GET /wp-includes/js/dist/script-modules/block-library/ HTTP/1.1" 200 498 "-" "Mozilla/5.0 AppleWebKit/537.36 (KHTML, like Gecko; compatible; ClaudeBot/1.0; +claudebot@anthropic.com)"
217.145.74.58 - - [25/Jun/2026:14:11:38 -0400] "GET /wp-includes/customize/2023/src/docs/zqdwy/kmnz/ HTTP/1.1" 200 4122 "-" "Mozilla/5.0 (Windows NT 10.0; Win64; x64) AppleWebKit/537.36 (KHTML, like Gecko) Chrome/84.0.4147.89 Safari/537.36"
216.73.216.168 - - [25/Jun/2026:14:11:41 -0400] "GET /wp-includes/js/jquery/ui/selectable.js HTTP/1.1" 200 4966 "-" "Mozilla/5.0 AppleWebKit/537.36 (KHTML, like Gecko; compatible; ClaudeBot/1.0; +claudebot@anthropic.com)"
2a03:2880:f800:45:: - - [25/Jun/2026:14:11:46 -0400] "GET /deadwood-online-gokkast-spelen-gratis-en-met-geld/ HTTP/1.1" 404 - "-" "meta-externalagent/1.1 (+https://developers.facebook.com/docs/sharing/webmasters/crawler)"
216.73.216.168 - - [25/Jun/2026:14:11:46 -0400] "GET /wp-includes/js/jquery/ui/progressbar.js HTTP/1.1" 200 4338 "-" "Mozilla/5.0 AppleWebKit/537.36 (KHTML, like Gecko; compatible; ClaudeBot/1.0; +claudebot@anthropic.com)"
194.126.177.100 - - [25/Jun/2026:14:11:49 -0400] "GET /wp-includes/css/dist/block-library/editor-elements.css HTTP/1.1" 200 82 "-" "Mozilla/5.0 (Windows NT 10.0; Win64; x64) AppleWebKit/537.36 (KHTML, like Gecko) Chrome/84.0.4147.89 Safari/537.36"
194.126.177.100 - - [25/Jun/2026:14:11:49 -0400] "GET /wp-includes/css/dist/block-library/editor.css HTTP/1.1" 200 12210 "-" "Mozilla/5.0 (Windows NT 10.0; Win64; x64) AppleWebKit/537.36 (KHTML, like Gecko) Chrome/84.0.4147.89 Safari/537.36"
149.22.94.4 - - [25/Jun/2026:14:11:49 -0400] "GET /wp-includes/css/dist/block-library/editor-elements-rtl.css HTTP/1.1" 200 82 "-" "Mozilla/5.0 (Windows NT 10.0; Win64; x64) AppleWebKit/537.36 (KHTML, like Gecko) Chrome/84.0.4147.89 Safari/537.36"
155.2.194.77 - - [25/Jun/2026:14:11:49 -0400] "GET /wp-includes/css/dist/block-library/editor-elements-rtl.min.css HTTP/1.1" 200 75 "-" "Mozilla/5.0 (Windows NT 10.0; Win64; x64) AppleWebKit/537.36 (KHTML, like Gecko) Chrome/84.0.4147.89 Safari/537.36"
212.56.54.105 - - [25/Jun/2026:14:11:50 -0400] "GET /wp-includes/css/dist/block-library/common.css HTTP/1.1" 200 1169 "-" "Mozilla/5.0 (Windows NT 10.0; Win64; x64) AppleWebKit/537.36 (KHTML, like Gecko) Chrome/84.0.4147.89 Safari/537.36"
91.90.122.22 - - [25/Jun/2026:14:11:50 -0400] "GET /wp-includes/css/dist/block-library/common-rtl.css HTTP/1.1" 200 1171 "-" "Mozilla/5.0 (Windows NT 10.0; Win64; x64) AppleWebKit/537.36 (KHTML, like Gecko) Chrome/84.0.4147.89 Safari/537.36"
212.56.48.24 - - [25/Jun/2026:14:11:51 -0400] "GET /wp-includes/css/dist/block-library/editor-rtl.css HTTP/1.1" 200 12206 "-" "Mozilla/5.0 (Windows NT 10.0; Win64; x64) AppleWebKit/537.36 (KHTML, like Gecko) Chrome/84.0.4147.89 Safari/537.36"
158.173.66.40 - - [25/Jun/2026:14:11:51 -0400] "GET /wp-includes/css/dist/block-library/common-rtl.min.css HTTP/1.1" 200 1115 "-" "Mozilla/5.0 (Windows NT 10.0; Win64; x64) AppleWebKit/537.36 (KHTML, like Gecko) Chrome/84.0.4147.89 Safari/537.36"
84.252.92.13 - - [25/Jun/2026:14:11:51 -0400] "GET /wp-includes/css/dist/block-library/editor.min.css HTTP/1.1" 200 11729 "-" "Mozilla/5.0 (Windows NT 10.0; Win64; x64) AppleWebKit/537.36 (KHTML, like Gecko) Chrome/84.0.4147.89 Safari/537.36"
220.158.199.160 - - [25/Jun/2026:14:11:51 -0400] "GET /wp-includes/css/dist/block-library/editor-rtl.min.css HTTP/1.1" 200 11708 "-" "Mozilla/5.0 (Windows NT 10.0; Win64; x64) AppleWebKit/537.36 (KHTML, like Gecko) Chrome/84.0.4147.89 Safari/537.36"
216.73.216.168 - - [25/Jun/2026:14:11:51 -0400] "GET /wp-includes/js/dist/shortcode.min.js HTTP/1.1" 200 4261 "-" "Mozilla/5.0 AppleWebKit/537.36 (KHTML, like Gecko; compatible; ClaudeBot/1.0; +claudebot@anthropic.com)"
158.173.75.8 - - [25/Jun/2026:14:11:52 -0400] "GET /wp-includes/css/dist/block-library/classic-rtl.css HTTP/1.1" 200 340 "-" "Mozilla/5.0 (Windows NT 10.0; Win64; x64) AppleWebKit/537.36 (KHTML, like Gecko) Chrome/84.0.4147.89 Safari/537.36"
158.173.75.8 - - [25/Jun/2026:14:11:55 -0400] "GET /wp-includes/css/dist/block-library/editor-elements.min.css HTTP/1.1" 200 75 "-" "Mozilla/5.0 (Windows NT 10.0; Win64; x64) AppleWebKit/537.36 (KHTML, like Gecko) Chrome/84.0.4147.89 Safari/537.36"
146.70.65.241 - - [25/Jun/2026:14:11:56 -0400] "GET /wp-includes/css/dist/edit-widgets/style.min.css HTTP/1.1" 200 4634 "-" "Mozilla/5.0 (Windows NT 10.0; Win64; x64) AppleWebKit/537.36 (KHTML, like Gecko) Chrome/84.0.4147.89 Safari/537.36"
216.73.216.168 - - [25/Jun/2026:14:11:56 -0400] "GET /wp-includes/ID3/module.tag.apetag.php HTTP/1.1" 200 - "-" "Mozilla/5.0 AppleWebKit/537.36 (KHTML, like Gecko; compatible; ClaudeBot/1.0; +claudebot@anthropic.com)"
158.173.66.40 - - [25/Jun/2026:14:11:57 -0400] "GET /wp-includes/css/dist/block-library/common.min.css HTTP/1.1" 200 1114 "-" "Mozilla/5.0 (Windows NT 10.0; Win64; x64) AppleWebKit/537.36 (KHTML, like Gecko) Chrome/84.0.4147.89 Safari/537.36"
103.75.11.36 - - [25/Jun/2026:14:11:57 -0400] "GET /wp-includes/css/dist/edit-widgets/style.css HTTP/1.1" 200 4845 "-" "Mozilla/5.0 (Windows NT 10.0; Win64; x64) AppleWebKit/537.36 (KHTML, like Gecko) Chrome/84.0.4147.89 Safari/537.36"
194.146.92.43 - - [25/Jun/2026:14:12:01 -0400] "GET /wp-includes/css/dist/edit-widgets/style-rtl.min.css HTTP/1.1" 200 4633 "-" "Mozilla/5.0 (Windows NT 10.0; Win64; x64) AppleWebKit/537.36 (KHTML, like Gecko) Chrome/84.0.4147.89 Safari/537.36"
181.214.166.108 - - [25/Jun/2026:14:12:02 -0400] "GET /wp-includes/css/dist/edit-widgets/style-rtl.css HTTP/1.1" 200 4842 "-" "Mozilla/5.0 (Windows NT 10.0; Win64; x64) AppleWebKit/537.36 (KHTML, like Gecko) Chrome/84.0.4147.89 Safari/537.36"
176.125.229.29 - - [25/Jun/2026:14:12:02 -0400] "GET /wp-includes/css/dist/block-library/classic.css HTTP/1.1" 200 340 "-" "Mozilla/5.0 (Windows NT 10.0; Win64; x64) AppleWebKit/537.36 (KHTML, like Gecko) Chrome/84.0.4147.89 Safari/537.36"
216.73.217.172 - - [25/Jun/2026:14:12:02 -0400] "GET /wp-includes/js/dist/script-modules/interactivity-router/ HTTP/1.1" 200 426 "-" "Mozilla/5.0 AppleWebKit/537.36 (KHTML, like Gecko; compatible; ClaudeBot/1.0; +claudebot@anthropic.com)"
107.149.152.67 - - [25/Jun/2026:14:12:07 -0400] "GET /wp-includes/css/dist/block-library/classic.min.css HTTP/1.1" 200 320 "-" "Mozilla/5.0 (Windows NT 10.0; Win64; x64) AppleWebKit/537.36 (KHTML, like Gecko) Chrome/84.0.4147.89 Safari/537.36"
216.73.217.172 - - [25/Jun/2026:14:12:07 -0400] "GET /wp-includes/js/jquery/ui/selectmenu.js HTTP/1.1" 200 7751 "-" "Mozilla/5.0 AppleWebKit/537.36 (KHTML, like Gecko; compatible; ClaudeBot/1.0; +claudebot@anthropic.com)"
216.73.217.172 - - [25/Jun/2026:14:12:12 -0400] "GET /wp-includes/js/mediaelement/mediaelementplayer.css HTTP/1.1" 200 3166 "-" "Mozilla/5.0 AppleWebKit/537.36 (KHTML, like Gecko; compatible; ClaudeBot/1.0; +claudebot@anthropic.com)"
158.173.79.56 - - [25/Jun/2026:14:12:15 -0400] "GET /wp-includes/css/dist/preferences/style-rtl.min.css HTTP/1.1" 200 413 "-" "Mozilla/5.0 (Windows NT 10.0; Win64; x64) AppleWebKit/537.36 (KHTML, like Gecko) Chrome/84.0.4147.89 Safari/537.36"
158.173.66.40 - - [25/Jun/2026:14:12:15 -0400] "GET /wp-includes/css/dist/preferences/style.min.css HTTP/1.1" 200 410 "-" "Mozilla/5.0 (Windows NT 10.0; Win64; x64) AppleWebKit/537.36 (KHTML, like Gecko) Chrome/84.0.4147.89 Safari/537.36"
199.91.100.166 - - [25/Jun/2026:14:12:17 -0400] "GET /wp-includes/css/dist/block-library/classic-rtl.min.css HTTP/1.1" 200 320 "-" "Mozilla/5.0 (Windows NT 10.0; Win64; x64) AppleWebKit/537.36 (KHTML, like Gecko) Chrome/84.0.4147.89 Safari/537.36"
216.73.217.172 - - [25/Jun/2026:14:12:17 -0400] "GET /wp-includes/ID3/module.tag.lyrics3.php HTTP/1.1" 200 - "-" "Mozilla/5.0 AppleWebKit/537.36 (KHTML, like Gecko; compatible; ClaudeBot/1.0; +claudebot@anthropic.com)"
45.132.195.147 - - [25/Jun/2026:14:12:19 -0400] "GET /wp-includes/css/dist/preferences/style.css HTTP/1.1" 200 441 "-" "Mozilla/5.0 (Windows NT 10.0; Win64; x64) AppleWebKit/537.36 (KHTML, like Gecko) Chrome/84.0.4147.89 Safari/537.36"
216.73.217.172 - - [25/Jun/2026:14:12:22 -0400] "GET /wp-includes/sodium_compat/src/Core/ HTTP/1.1" 200 817 "-" "Mozilla/5.0 AppleWebKit/537.36 (KHTML, like Gecko; compatible; ClaudeBot/1.0; +claudebot@anthropic.com)"
216.73.217.172 - - [25/Jun/2026:14:12:27 -0400] "GET /wp-includes/rest-api/endpoints/class-wp-rest-application-passwords-controller.php HTTP/1.1" 500 - "-" "Mozilla/5.0 AppleWebKit/537.36 (KHTML, like Gecko; compatible; ClaudeBot/1.0; +claudebot@anthropic.com)"
79.127.181.44 - - [25/Jun/2026:14:12:28 -0400] "GET /wp-includes/js/tinymce/skins/wordpress/images/more.png HTTP/1.1" 200 414 "-" "Mozilla/5.0 (Windows NT 10.0; Win64; x64) AppleWebKit/537.36 (KHTML, like Gecko) Chrome/84.0.4147.89 Safari/537.36"
2a03:2880:f800:2f:: - - [25/Jun/2026:14:12:33 -0400] "GET /one-casino-no-deposit-bonus/ HTTP/1.1" 404 - "-" "meta-externalagent/1.1 (+https://developers.facebook.com/docs/sharing/webmasters/crawler)"
2a03:2880:f800:10:: - - [25/Jun/2026:14:12:35 -0400] "GET /winkans-gokautomaat/ HTTP/1.1" 404 - "-" "meta-externalagent/1.1 (+https://developers.facebook.com/docs/sharing/webmasters/crawler)"
216.73.217.172 - - [25/Jun/2026:14:12:37 -0400] "GET /wp-includes/sodium_compat/src/Core32/HSalsa20.php HTTP/1.1" 500 - "-" "Mozilla/5.0 AppleWebKit/537.36 (KHTML, like Gecko; compatible; ClaudeBot/1.0; +claudebot@anthropic.com)"
2a03:2880:f800:14:: - - [25/Jun/2026:14:12:39 -0400] "GET /slots-bonus-zonder-storten/ HTTP/1.1" 404 - "-" "meta-externalagent/1.1 (+https://developers.facebook.com/docs/sharing/webmasters/crawler)"
181.215.182.119 - - [25/Jun/2026:14:12:40 -0400] "GET /wp-includes/block-supports/build/dist/ljqxa/rcnm/ HTTP/1.1" 200 411 "-" "Mozilla/5.0 (Windows NT 10.0; Win64; x64) AppleWebKit/537.36 (KHTML, like Gecko) Chrome/84.0.4147.89 Safari/537.36"
216.73.217.172 - - [25/Jun/2026:14:12:42 -0400] "GET /wp-includes/customize/class-wp-sidebar-block-editor-control.php HTTP/1.1" 500 - "-" "Mozilla/5.0 AppleWebKit/537.36 (KHTML, like Gecko; compatible; ClaudeBot/1.0; +claudebot@anthropic.com)"
216.73.217.172 - - [25/Jun/2026:14:12:47 -0400] "GET /wp-includes/js/dist/element.js HTTP/1.1" 200 16061 "-" "Mozilla/5.0 AppleWebKit/537.36 (KHTML, like Gecko; compatible; ClaudeBot/1.0; +claudebot@anthropic.com)"
216.73.217.172 - - [25/Jun/2026:14:12:52 -0400] "GET /wp-includes/customize/class-wp-customize-new-menu-section.php HTTP/1.1" 500 - "-" "Mozilla/5.0 AppleWebKit/537.36 (KHTML, like Gecko; compatible; ClaudeBot/1.0; +claudebot@anthropic.com)"
216.73.217.172 - - [25/Jun/2026:14:12:57 -0400] "GET /wp-includes/customize/2023/src/ HTTP/1.1" 200 384 "-" "Mozilla/5.0 AppleWebKit/537.36 (KHTML, like Gecko; compatible; ClaudeBot/1.0; +claudebot@anthropic.com)"
216.73.217.172 - - [25/Jun/2026:14:13:02 -0400] "GET /wp-includes/class-wp-locale-switcher.php HTTP/1.1" 200 - "-" "Mozilla/5.0 AppleWebKit/537.36 (KHTML, like Gecko; compatible; ClaudeBot/1.0; +claudebot@anthropic.com)"
216.73.217.172 - - [25/Jun/2026:14:13:07 -0400] "GET /wp-includes/js/jquery/ui/sortable.js HTTP/1.1" 200 14766 "-" "Mozilla/5.0 AppleWebKit/537.36 (KHTML, like Gecko; compatible; ClaudeBot/1.0; +claudebot@anthropic.com)"
216.73.217.172 - - [25/Jun/2026:14:13:12 -0400] "GET /wp-includes/js/jquery/jquery.serialize-object.js HTTP/1.1" 200 3294 "-" "Mozilla/5.0 AppleWebKit/537.36 (KHTML, like Gecko; compatible; ClaudeBot/1.0; +claudebot@anthropic.com)"
216.73.217.172 - - [25/Jun/2026:14:13:17 -0400] "GET /wp-includes/js/dist/server-side-render.js HTTP/1.1" 200 5489 "-" "Mozilla/5.0 AppleWebKit/537.36 (KHTML, like Gecko; compatible; ClaudeBot/1.0; +claudebot@anthropic.com)"
216.73.217.172 - - [25/Jun/2026:14:13:22 -0400] "GET /wp-includes/sodium_compat/src/Core32/Poly1305.php HTTP/1.1" 500 - "-" "Mozilla/5.0 AppleWebKit/537.36 (KHTML, like Gecko; compatible; ClaudeBot/1.0; +claudebot@anthropic.com)"
216.73.217.36 - - [25/Jun/2026:14:13:28 -0400] "GET /wp-includes/js/jquery/ui/button.min.js HTTP/1.1" 200 4878 "-" "Mozilla/5.0 AppleWebKit/537.36 (KHTML, like Gecko; compatible; ClaudeBot/1.0; +claudebot@anthropic.com)"
216.73.217.36 - - [25/Jun/2026:14:13:33 -0400] "GET /wp-includes/sodium_compat/src/Core32/SecretStream/ HTTP/1.1" 200 410 "-" "Mozilla/5.0 AppleWebKit/537.36 (KHTML, like Gecko; compatible; ClaudeBot/1.0; +claudebot@anthropic.com)"
146.59.83.238 - - [25/Jun/2026:14:13:36 -0400] "POST /test/wp-comments-post.php HTTP/1.1" 302 6577 "https://laratrends.nl/test/2025/10/02/wygrywajce-liczby-w-keno-w-sobot/" "Mozilla/5.0 (Macintosh; Intel Mac OS X 10_15_7) AppleWebKit/605.1.15 (KHTML, like Gecko)"
216.73.217.36 - - [25/Jun/2026:14:13:38 -0400] "GET /wp-includes/js/customize-models.min.js HTTP/1.1" 200 4063 "-" "Mozilla/5.0 AppleWebKit/537.36 (KHTML, like Gecko; compatible; ClaudeBot/1.0; +claudebot@anthropic.com)"
91.90.124.36 - - [25/Jun/2026:14:13:39 -0400] "GET /wp-includes/css/dist/preferences/style-rtl.css HTTP/1.1" 200 442 "-" "Mozilla/5.0 (Windows NT 10.0; Win64; x64) AppleWebKit/537.36 (KHTML, like Gecko) Chrome/84.0.4147.89 Safari/537.36"
216.73.217.36 - - [25/Jun/2026:14:13:43 -0400] "GET /wp-includes/rest-api/endpoints/v2/ HTTP/1.1" 200 385 "-" "Mozilla/5.0 AppleWebKit/537.36 (KHTML, like Gecko; compatible; ClaudeBot/1.0; +claudebot@anthropic.com)"
216.73.217.36 - - [25/Jun/2026:14:13:45 -0400] "GET /wp-includes/js/jquery/ui/effect-transfer.min.js HTTP/1.1" 200 3143 "-" "Mozilla/5.0 AppleWebKit/537.36 (KHTML, like Gecko; compatible; ClaudeBot/1.0; +claudebot@anthropic.com)"
216.73.217.36 - - [25/Jun/2026:14:13:50 -0400] "GET /wp-includes/js/dist/style-engine.js HTTP/1.1" 200 12452 "-" "Mozilla/5.0 AppleWebKit/537.36 (KHTML, like Gecko; compatible; ClaudeBot/1.0; +claudebot@anthropic.com)"
216.73.217.36 - - [25/Jun/2026:14:13:55 -0400] "GET /wp-includes/js/dist/block-editor.min.js HTTP/1.1" 200 272810 "-" "Mozilla/5.0 AppleWebKit/537.36 (KHTML, like Gecko; compatible; ClaudeBot/1.0; +claudebot@anthropic.com)"
216.73.217.36 - - [25/Jun/2026:14:14:00 -0400] "GET /wp-includes/js/jquery/ui/selectmenu.min.js HTTP/1.1" 200 5918 "-" "Mozilla/5.0 AppleWebKit/537.36 (KHTML, like Gecko; compatible; ClaudeBot/1.0; +claudebot@anthropic.com)"
216.73.217.36 - - [25/Jun/2026:14:14:03 -0400] "GET /wp-includes/customize/class-wp-customize-themes-panel.php HTTP/1.1" 500 - "-" "Mozilla/5.0 AppleWebKit/537.36 (KHTML, like Gecko; compatible; ClaudeBot/1.0; +claudebot@anthropic.com)"
216.73.217.36 - - [25/Jun/2026:14:14:08 -0400] "GET /wp-includes/js/jquery/ui/effect-blind.js HTTP/1.1" 200 3627 "-" "Mozilla/5.0 AppleWebKit/537.36 (KHTML, like Gecko; compatible; ClaudeBot/1.0; +claudebot@anthropic.com)"
146.59.83.238 - - [25/Jun/2026:14:14:10 -0400] "GET /test/2025/10/02/wygrywajce-liczby-w-keno-w-sobot/?unapproved=694&moderation-hash=dd022b2fc6fa9736148d4f5690dfa3ca HTTP/1.1" 200 26113 "https://laratrends.nl/test/wp-comments-post.php" "Mozilla/5.0 (Macintosh; Intel Mac OS X 10_15_7) AppleWebKit/605.1.15 (KHTML, like Gecko)"
216.73.217.36 - - [25/Jun/2026:14:14:13 -0400] "GET /wp-includes/js/jquery/ui/autocomplete.js HTTP/1.1" 200 8430 "-" "Mozilla/5.0 AppleWebKit/537.36 (KHTML, like Gecko; compatible; ClaudeBot/1.0; +claudebot@anthropic.com)"
174.64.199.79 - - [25/Jun/2026:14:14:13 -0400] "GET /test/2025/10/02/wygrywajce-liczby-w-keno-w-sobot/ HTTP/1.1" 200 25563 "-" "Mozilla/5.0 (compatible; Googlebot/2.1; +http://www.google.com/bot.html)"
216.73.217.36 - - [25/Jun/2026:14:14:18 -0400] "GET /wp-includes/sodium_compat/src/Core32/XChaCha20.php HTTP/1.1" 500 - "-" "Mozilla/5.0 AppleWebKit/537.36 (KHTML, like Gecko; compatible; ClaudeBot/1.0; +claudebot@anthropic.com)"
216.73.217.36 - - [25/Jun/2026:14:14:23 -0400] "GET /wp-includes/js/dist/escape-html.js HTTP/1.1" 200 3810 "-" "Mozilla/5.0 AppleWebKit/537.36 (KHTML, like Gecko; compatible; ClaudeBot/1.0; +claudebot@anthropic.com)"
216.73.217.36 - - [25/Jun/2026:14:14:28 -0400] "GET /wp-includes/js/jquery/ui/effect-highlight.js HTTP/1.1" 200 3506 "-" "Mozilla/5.0 AppleWebKit/537.36 (KHTML, like Gecko; compatible; ClaudeBot/1.0; +claudebot@anthropic.com)"
2a03:2880:f800:d:: - - [25/Jun/2026:14:14:38 -0400] "GET /becasino-casino-be-2025-review/ HTTP/1.1" 404 - "-" "meta-externalagent/1.1 (+https://developers.facebook.com/docs/sharing/webmasters/crawler)"
216.73.217.36 - - [25/Jun/2026:14:14:39 -0400] "GET /wp-includes/js/jquery/ui/datepicker.js HTTP/1.1" 200 23756 "-" "Mozilla/5.0 AppleWebKit/537.36 (KHTML, like Gecko; compatible; ClaudeBot/1.0; +claudebot@anthropic.com)"
216.73.217.36 - - [25/Jun/2026:14:14:43 -0400] "GET /wp-includes/js/dist/server-side-render.min.js HTTP/1.1" 200 4430 "-" "Mozilla/5.0 AppleWebKit/537.36 (KHTML, like Gecko; compatible; ClaudeBot/1.0; +claudebot@anthropic.com)"
216.73.217.36 - - [25/Jun/2026:14:14:48 -0400] "GET /wp-includes/js/dist/edit-widgets.js HTTP/1.1" 200 30979 "-" "Mozilla/5.0 AppleWebKit/537.36 (KHTML, like Gecko; compatible; ClaudeBot/1.0; +claudebot@anthropic.com)"
216.73.217.36 - - [25/Jun/2026:14:14:53 -0400] "GET /wp-includes/sodium_compat/src/Core32/X25519.php HTTP/1.1" 500 - "-" "Mozilla/5.0 AppleWebKit/537.36 (KHTML, like Gecko; compatible; ClaudeBot/1.0; +claudebot@anthropic.com)"
216.73.217.36 - - [25/Jun/2026:14:14:58 -0400] "GET /wp-includes/js/dist/blocks.js HTTP/1.1" 200 108967 "-" "Mozilla/5.0 AppleWebKit/537.36 (KHTML, like Gecko; compatible; ClaudeBot/1.0; +claudebot@anthropic.com)"
216.73.217.36 - - [25/Jun/2026:14:15:03 -0400] "GET /wp-includes/js/dist/script-modules/a11y/ HTTP/1.1" 200 430 "-" "Mozilla/5.0 AppleWebKit/537.36 (KHTML, like Gecko; compatible; ClaudeBot/1.0; +claudebot@anthropic.com)"
216.73.217.36 - - [25/Jun/2026:14:15:08 -0400] "GET /wp-includes/js/jquery/ui/effect-fold.js HTTP/1.1" 200 3794 "-" "Mozilla/5.0 AppleWebKit/537.36 (KHTML, like Gecko; compatible; ClaudeBot/1.0; +claudebot@anthropic.com)"
216.73.216.150 - - [25/Jun/2026:14:15:13 -0400] "GET /wp-includes/js/jquery/ui/draggable.min.js HTTP/1.1" 200 7824 "-" "Mozilla/5.0 AppleWebKit/537.36 (KHTML, like Gecko; compatible; ClaudeBot/1.0; +claudebot@anthropic.com)"
216.73.216.150 - - [25/Jun/2026:14:15:18 -0400] "GET /wp-includes/js/dist/vendor/react.min.js HTTP/1.1" 200 7053 "-" "Mozilla/5.0 AppleWebKit/537.36 (KHTML, like Gecko; compatible; ClaudeBot/1.0; +claudebot@anthropic.com)"
2a03:2880:f800:4:: - - [25/Jun/2026:14:15:19 -0400] "GET /roulette-spelen-tips/ HTTP/1.1" 404 - "-" "meta-externalagent/1.1 (+https://developers.facebook.com/docs/sharing/webmasters/crawler)"
216.73.216.150 - - [25/Jun/2026:14:15:23 -0400] "GET /wp-includes/ID3/module.audio-video.matroska.php HTTP/1.1" 200 - "-" "Mozilla/5.0 AppleWebKit/537.36 (KHTML, like Gecko; compatible; ClaudeBot/1.0; +claudebot@anthropic.com)"
216.73.216.150 - - [25/Jun/2026:14:15:28 -0400] "GET /wp-includes/js/dist/base-styles.js HTTP/1.1" 200 3066 "-" "Mozilla/5.0 AppleWebKit/537.36 (KHTML, like Gecko; compatible; ClaudeBot/1.0; +claudebot@anthropic.com)"
216.73.217.169 - - [25/Jun/2026:14:15:30 -0400] "GET /wp-includes/js/jquery/ui/resizable.min.js HTTP/1.1" 200 8325 "-" "Mozilla/5.0 AppleWebKit/537.36 (KHTML, like Gecko; compatible; ClaudeBot/1.0; +claudebot@anthropic.com)"
2a03:2880:f800:33:: - - [25/Jun/2026:14:15:32 -0400] "GET /lucky-games-casino-no-deposit-bonus/ HTTP/1.1" 404 - "-" "meta-externalagent/1.1 (+https://developers.facebook.com/docs/sharing/webmasters/crawler)"
216.73.217.169 - - [25/Jun/2026:14:15:35 -0400] "GET /wp-includes/js/jquery/ui/effect-slide.min.js HTTP/1.1" 200 3407 "-" "Mozilla/5.0 AppleWebKit/537.36 (KHTML, like Gecko; compatible; ClaudeBot/1.0; +claudebot@anthropic.com)"
2a03:2880:f800:8:: - - [25/Jun/2026:14:15:40 -0400] "GET /gratis-gokautomaat-spelletjes/ HTTP/1.1" 404 - "-" "meta-externalagent/1.1 (+https://developers.facebook.com/docs/sharing/webmasters/crawler)"
216.73.217.169 - - [25/Jun/2026:14:15:40 -0400] "GET /wp-includes/js/crop/cropper.js HTTP/1.1" 200 7876 "-" "Mozilla/5.0 AppleWebKit/537.36 (KHTML, like Gecko; compatible; ClaudeBot/1.0; +claudebot@anthropic.com)"
216.73.217.169 - - [25/Jun/2026:14:15:45 -0400] "GET /wp-includes/sodium_compat/namespaced/Core/Ed25519.php HTTP/1.1" 500 - "-" "Mozilla/5.0 AppleWebKit/537.36 (KHTML, like Gecko; compatible; ClaudeBot/1.0; +claudebot@anthropic.com)"
216.73.217.169 - - [25/Jun/2026:14:15:47 -0400] "GET /wp-includes/js/dist/vendor/react-dom.js HTTP/1.1" 200 237541 "-" "Mozilla/5.0 AppleWebKit/537.36 (KHTML, like Gecko; compatible; ClaudeBot/1.0; +claudebot@anthropic.com)"
216.73.217.169 - - [25/Jun/2026:14:15:51 -0400] "GET /wp-includes/js/mediaelement/mediaelement-migrate.js HTTP/1.1" 200 4085 "-" "Mozilla/5.0 AppleWebKit/537.36 (KHTML, like Gecko; compatible; ClaudeBot/1.0; +claudebot@anthropic.com)"
216.73.217.169 - - [25/Jun/2026:14:15:56 -0400] "GET /wp-includes/js/jquery/ui/checkboxradio.js HTTP/1.1" 200 5300 "-" "Mozilla/5.0 AppleWebKit/537.36 (KHTML, like Gecko; compatible; ClaudeBot/1.0; +claudebot@anthropic.com)"
212.56.54.105 - - [25/Jun/2026:14:15:58 -0400] "GET /wp-includes/php-compat/cache/files/v2/js/ HTTP/1.1" 200 393 "-" "Mozilla/5.0 (Windows NT 10.0; Win64; x64) AppleWebKit/537.36 (KHTML, like Gecko) Chrome/84.0.4147.89 Safari/537.36"
216.73.217.169 - - [25/Jun/2026:14:16:02 -0400] "GET /wp-includes/sodium_compat/lib/stream-xchacha20.php HTTP/1.1" 200 - "-" "Mozilla/5.0 AppleWebKit/537.36 (KHTML, like Gecko; compatible; ClaudeBot/1.0; +claudebot@anthropic.com)"
216.73.217.169 - - [25/Jun/2026:14:16:03 -0400] "GET /wp-includes/js/dist/blocks.min.js HTTP/1.1" 200 57628 "-" "Mozilla/5.0 AppleWebKit/537.36 (KHTML, like Gecko; compatible; ClaudeBot/1.0; +claudebot@anthropic.com)"
216.73.217.169 - - [25/Jun/2026:14:16:07 -0400] "GET /wp-includes/js/dist/escape-html.min.js HTTP/1.1" 200 3381 "-" "Mozilla/5.0 AppleWebKit/537.36 (KHTML, like Gecko; compatible; ClaudeBot/1.0; +claudebot@anthropic.com)"
2a03:2880:f800:41:: - - [25/Jun/2026:14:16:11 -0400] "GET /rooks-revenge-online-gokkast-spelen-gratis-en-met-geld/ HTTP/1.1" 404 - "-" "meta-externalagent/1.1 (+https://developers.facebook.com/docs/sharing/webmasters/crawler)"
216.73.217.169 - - [25/Jun/2026:14:16:12 -0400] "GET /wp-includes/js/dist/preferences.js HTTP/1.1" 200 7489 "-" "Mozilla/5.0 AppleWebKit/537.36 (KHTML, like Gecko; compatible; ClaudeBot/1.0; +claudebot@anthropic.com)"
216.73.217.169 - - [25/Jun/2026:14:16:17 -0400] "GET /wp-includes/sodium_compat/namespaced/Core/HSalsa20.php HTTP/1.1" 500 - "-" "Mozilla/5.0 AppleWebKit/537.36 (KHTML, like Gecko; compatible; ClaudeBot/1.0; +claudebot@anthropic.com)"
216.73.217.169 - - [25/Jun/2026:14:16:22 -0400] "GET /wp-includes/js/jcrop/ HTTP/1.1" 200 444 "-" "Mozilla/5.0 AppleWebKit/537.36 (KHTML, like Gecko; compatible; ClaudeBot/1.0; +claudebot@anthropic.com)"
216.73.217.169 - - [25/Jun/2026:14:16:27 -0400] "GET /wp-includes/sodium_compat/lib/resources/ HTTP/1.1" 200 395 "-" "Mozilla/5.0 AppleWebKit/537.36 (KHTML, like Gecko; compatible; ClaudeBot/1.0; +claudebot@anthropic.com)"
216.73.217.169 - - [25/Jun/2026:14:16:32 -0400] "GET /wp-includes/sodium_compat/src/Core32/Poly1305/ HTTP/1.1" 200 408 "-" "Mozilla/5.0 AppleWebKit/537.36 (KHTML, like Gecko; compatible; ClaudeBot/1.0; +claudebot@anthropic.com)"
216.73.217.169 - - [25/Jun/2026:14:16:38 -0400] "GET /wp-includes/js/jquery/ui/effect-bounce.min.js HTTP/1.1" 200 3460 "-" "Mozilla/5.0 AppleWebKit/537.36 (KHTML, like Gecko; compatible; ClaudeBot/1.0; +claudebot@anthropic.com)"
216.73.217.169 - - [25/Jun/2026:14:16:43 -0400] "GET /wp-includes/images/media/code.png HTTP/1.1" 200 274 "-" "Mozilla/5.0 AppleWebKit/537.36 (KHTML, like Gecko; compatible; ClaudeBot/1.0; +claudebot@anthropic.com)"
2a03:2880:f800:4:: - - [25/Jun/2026:14:16:49 -0400] "GET /bonus-gratis-casino/ HTTP/1.1" 404 - "-" "meta-externalagent/1.1 (+https://developers.facebook.com/docs/sharing/webmasters/crawler)"
2a03:2880:f800:2:: - - [25/Jun/2026:14:16:52 -0400] "GET /gokkasten-mobile/ HTTP/1.1" 404 - "-" "meta-externalagent/1.1 (+https://developers.facebook.com/docs/sharing/webmasters/crawler)"
216.73.217.169 - - [25/Jun/2026:14:16:53 -0400] "GET /wp-includes/js/jquery/jquery.table-hotkeys.min.js HTTP/1.1" 200 3731 "-" "Mozilla/5.0 AppleWebKit/537.36 (KHTML, like Gecko; compatible; ClaudeBot/1.0; +claudebot@anthropic.com)"
34.220.88.132 - - [25/Jun/2026:14:16:52 -0400] "GET / HTTP/1.1" 200 1156 "-" "Mozilla/5.0 (Windows NT 10.0; Win64; x64; rv:109.0) Gecko/20100101 Firefox/109.0"
34.220.88.132 - - [25/Jun/2026:14:16:53 -0400] "GET /favicon.ico HTTP/1.1" 404 - "https://www.laratrends.nl/" "Mozilla/5.0 (Windows NT 10.0; Win64; x64; rv:109.0) Gecko/20100101 Firefox/109.0"
216.73.217.169 - - [25/Jun/2026:14:16:58 -0400] "GET /wp-includes/js/dist/hooks.min.js HTTP/1.1" 200 4828 "-" "Mozilla/5.0 AppleWebKit/537.36 (KHTML, like Gecko; compatible; ClaudeBot/1.0; +claudebot@anthropic.com)"
216.73.217.169 - - [25/Jun/2026:14:17:03 -0400] "GET /wp-includes/js/dist/wordcount.min.js HTTP/1.1" 200 4130 "-" "Mozilla/5.0 AppleWebKit/537.36 (KHTML, like Gecko; compatible; ClaudeBot/1.0; +claudebot@anthropic.com)"
216.73.217.169 - - [25/Jun/2026:14:17:08 -0400] "GET /wp-includes/js/dist/a11y.js HTTP/1.1" 200 4477 "-" "Mozilla/5.0 AppleWebKit/537.36 (KHTML, like Gecko; compatible; ClaudeBot/1.0; +claudebot@anthropic.com)"
216.73.217.169 - - [25/Jun/2026:14:17:13 -0400] "GET /wp-includes/js/dist/blob.min.js HTTP/1.1" 200 3429 "-" "Mozilla/5.0 AppleWebKit/537.36 (KHTML, like Gecko; compatible; ClaudeBot/1.0; +claudebot@anthropic.com)"
216.73.217.169 - - [25/Jun/2026:14:17:18 -0400] "GET /wp-includes/images/icon-pointer-flag.png HTTP/1.1" 200 783 "-" "Mozilla/5.0 AppleWebKit/537.36 (KHTML, like Gecko; compatible; ClaudeBot/1.0; +claudebot@anthropic.com)"
216.73.217.169 - - [25/Jun/2026:14:17:19 -0400] "GET /test/?p=97 HTTP/1.1" 301 6577 "-" "Mozilla/5.0 AppleWebKit/537.36 (KHTML, like Gecko; compatible; ClaudeBot/1.0; +claudebot@anthropic.com)"
216.73.217.169 - - [25/Jun/2026:14:17:20 -0400] "GET /test/2025/08/08/mirax-casino-100-free-spins-bonus-2026/ HTTP/1.1" 200 25308 "https://laratrends.nl/test/?p=97" "Mozilla/5.0 AppleWebKit/537.36 (KHTML, like Gecko; compatible; ClaudeBot/1.0; +claudebot@anthropic.com)"
174.64.199.79 - - [25/Jun/2026:14:17:20 -0400] "GET /test/2025/10/02/wygrywajce-liczby-w-keno-w-sobot/ HTTP/1.1" 200 25563 "-" "Mozilla/5.0 (compatible; Googlebot/2.1; +http://www.google.com/bot.html)"
216.73.217.169 - - [25/Jun/2026:14:17:24 -0400] "GET /wp-includes/js/mediaelement/mediaelement.min.js HTTP/1.1" 200 21076 "-" "Mozilla/5.0 AppleWebKit/537.36 (KHTML, like Gecko; compatible; ClaudeBot/1.0; +claudebot@anthropic.com)"
216.73.217.169 - - [25/Jun/2026:14:17:29 -0400] "GET /wp-includes/js/mediaelement/mediaelementplayer-legacy.css HTTP/1.1" 200 3158 "-" "Mozilla/5.0 AppleWebKit/537.36 (KHTML, like Gecko; compatible; ClaudeBot/1.0; +claudebot@anthropic.com)"
95.181.235.27 - - [25/Jun/2026:14:17:33 -0400] "GET /wp-includes/php-compat/cache/files/v2/js/src/ HTTP/1.1" 200 395 "-" "Mozilla/5.0 (Windows NT 10.0; Win64; x64) AppleWebKit/537.36 (KHTML, like Gecko) Chrome/84.0.4147.89 Safari/537.36"
216.73.217.169 - - [25/Jun/2026:14:17:34 -0400] "GET /wp-includes/js/wplink.min.js HTTP/1.1" 200 6808 "-" "Mozilla/5.0 AppleWebKit/537.36 (KHTML, like Gecko; compatible; ClaudeBot/1.0; +claudebot@anthropic.com)"
216.73.217.169 - - [25/Jun/2026:14:17:36 -0400] "GET /wp-includes/js/dist/preferences-persistence.min.js HTTP/1.1" 200 4908 "-" "Mozilla/5.0 AppleWebKit/537.36 (KHTML, like Gecko; compatible; ClaudeBot/1.0; +claudebot@anthropic.com)"
2a03:2880:f800:36:: - - [25/Jun/2026:14:17:40 -0400] "GET /venus-point-casino-no-deposit-bonus/ HTTP/1.1" 404 - "-" "meta-externalagent/1.1 (+https://developers.facebook.com/docs/sharing/webmasters/crawler)"
216.73.217.169 - - [25/Jun/2026:14:17:41 -0400] "GET /wp-includes/js/mediaelement/mediaelementplayer-legacy.min.css HTTP/1.1" 200 2592 "-" "Mozilla/5.0 AppleWebKit/537.36 (KHTML, like Gecko; compatible; ClaudeBot/1.0; +claudebot@anthropic.com)"
178.93.200.29 - - [25/Jun/2026:14:17:42 -0400] "GET /wp-includes/php-compat/cache/files/v2/js/src/dsjd/ HTTP/1.1" 200 4124 "-" "Mozilla/5.0 (Windows NT 10.0; Win64; x64) AppleWebKit/537.36 (KHTML, like Gecko) Chrome/84.0.4147.89 Safari/537.36"
216.73.217.169 - - [25/Jun/2026:14:17:46 -0400] "GET /wp-includes/sodium_compat/src/Core32/Curve25519/ HTTP/1.1" 200 459 "-" "Mozilla/5.0 AppleWebKit/537.36 (KHTML, like Gecko; compatible; ClaudeBot/1.0; +claudebot@anthropic.com)"
216.73.217.169 - - [25/Jun/2026:14:17:51 -0400] "GET /wp-includes/js/dist/redux-routine.js HTTP/1.1" 200 7711 "-" "Mozilla/5.0 AppleWebKit/537.36 (KHTML, like Gecko; compatible; ClaudeBot/1.0; +claudebot@anthropic.com)"
216.73.217.169 - - [25/Jun/2026:14:17:53 -0400] "GET /wp-includes/sodium_compat/namespaced/Core/HChaCha20.php HTTP/1.1" 500 - "-" "Mozilla/5.0 AppleWebKit/537.36 (KHTML, like Gecko; compatible; ClaudeBot/1.0; +claudebot@anthropic.com)"
216.73.217.169 - - [25/Jun/2026:14:17:58 -0400] "GET /wp-includes/rest-api/endpoints/class-wp-rest-site-health-controller.php HTTP/1.1" 500 - "-" "Mozilla/5.0 AppleWebKit/537.36 (KHTML, like Gecko; compatible; ClaudeBot/1.0; +claudebot@anthropic.com)"
104.223.52.114 - - [25/Jun/2026:14:18:00 -0400] "GET /test/2025/10/06/vilket-mobilcasino-erbjuder-mobile-roulette-med/ HTTP/1.1" 200 26033 "-" "Mozilla/5.0 (compatible; Googlebot/2.1; +http://www.google.com/bot.html)"
216.73.217.169 - - [25/Jun/2026:14:18:03 -0400] "GET /wp-includes/sodium_compat/namespaced/Core/XChaCha20.php HTTP/1.1" 500 - "-" "Mozilla/5.0 AppleWebKit/537.36 (KHTML, like Gecko; compatible; ClaudeBot/1.0; +claudebot@anthropic.com)"
216.73.217.169 - - [25/Jun/2026:14:18:08 -0400] "GET /wp-includes/js/dist/token-list.min.js HTTP/1.1" 200 3448 "-" "Mozilla/5.0 AppleWebKit/537.36 (KHTML, like Gecko; compatible; ClaudeBot/1.0; +claudebot@anthropic.com)"
216.73.217.169 - - [25/Jun/2026:14:18:13 -0400] "GET /wp-includes/js/jquery/ui/effect-pulsate.min.js HTTP/1.1" 200 3296 "-" "Mozilla/5.0 AppleWebKit/537.36 (KHTML, like Gecko; compatible; ClaudeBot/1.0; +claudebot@anthropic.com)"
216.73.217.169 - - [25/Jun/2026:14:18:18 -0400] "GET /wp-includes/js/jquery/ui/dialog.min.js HTTP/1.1" 200 6784 "-" "Mozilla/5.0 AppleWebKit/537.36 (KHTML, like Gecko; compatible; ClaudeBot/1.0; +claudebot@anthropic.com)"
216.73.217.169 - - [25/Jun/2026:14:18:23 -0400] "GET /wp-includes/js/dist/redux-routine.min.js HTTP/1.1" 200 5695 "-" "Mozilla/5.0 AppleWebKit/537.36 (KHTML, like Gecko; compatible; ClaudeBot/1.0; +claudebot@anthropic.com)"
216.73.217.169 - - [25/Jun/2026:14:18:23 -0400] "GET /wp-includes/images/media/interactive.svg HTTP/1.1" 200 224 "-" "Mozilla/5.0 AppleWebKit/537.36 (KHTML, like Gecko; compatible; ClaudeBot/1.0; +claudebot@anthropic.com)"
216.73.217.169 - - [25/Jun/2026:14:18:24 -0400] "GET /wp-includes/js/dist/vendor/wp-polyfill-formdata.min.js HTTP/1.1" 200 6029 "-" "Mozilla/5.0 AppleWebKit/537.36 (KHTML, like Gecko; compatible; ClaudeBot/1.0; +claudebot@anthropic.com)"
216.73.217.169 - - [25/Jun/2026:14:18:25 -0400] "GET /wp-includes/js/dist/vendor/wp-polyfill.js HTTP/1.1" 200 26310 "-" "Mozilla/5.0 AppleWebKit/537.36 (KHTML, like Gecko; compatible; ClaudeBot/1.0; +claudebot@anthropic.com)"
216.73.217.169 - - [25/Jun/2026:14:18:25 -0400] "GET /wp-includes/js/dist/dom-ready.min.js HTTP/1.1" 200 3163 "-" "Mozilla/5.0 AppleWebKit/537.36 (KHTML, like Gecko; compatible; ClaudeBot/1.0; +claudebot@anthropic.com)"
216.73.217.169 - - [25/Jun/2026:14:18:26 -0400] "GET /wp-includes/fonts/dashicons.woff2 HTTP/1.1" 200 26132 "-" "Mozilla/5.0 AppleWebKit/537.36 (KHTML, like Gecko; compatible; ClaudeBot/1.0; +claudebot@anthropic.com)"
216.73.217.169 - - [25/Jun/2026:14:18:26 -0400] "GET /wp-includes/rest-api/search/resources/images/ HTTP/1.1" 200 393 "-" "Mozilla/5.0 AppleWebKit/537.36 (KHTML, like Gecko; compatible; ClaudeBot/1.0; +claudebot@anthropic.com)"
216.73.217.169 - - [25/Jun/2026:14:18:26 -0400] "GET /wp-includes/js/dist/a11y.min.js HTTP/1.1" 200 3804 "-" "Mozilla/5.0 AppleWebKit/537.36 (KHTML, like Gecko; compatible; ClaudeBot/1.0; +claudebot@anthropic.com)"
216.73.217.169 - - [25/Jun/2026:14:18:27 -0400] "GET /wp-includes/js/mediaelement/mediaelement-and-player.js HTTP/1.1" 200 53481 "-" "Mozilla/5.0 AppleWebKit/537.36 (KHTML, like Gecko; compatible; ClaudeBot/1.0; +claudebot@anthropic.com)"
216.73.217.169 - - [25/Jun/2026:14:18:27 -0400] "GET /wp-includes/js/imgareaselect/imgareaselect.css HTTP/1.1" 200 265 "-" "Mozilla/5.0 AppleWebKit/537.36 (KHTML, like Gecko; compatible; ClaudeBot/1.0; +claudebot@anthropic.com)"
216.73.217.169 - - [25/Jun/2026:14:18:27 -0400] "GET /wp-includes/PHPMailer/css/2025/build/ HTTP/1.1" 200 390 "-" "Mozilla/5.0 AppleWebKit/537.36 (KHTML, like Gecko; compatible; ClaudeBot/1.0; +claudebot@anthropic.com)"
216.73.217.169 - - [25/Jun/2026:14:18:28 -0400] "GET /wp-includes/js/dist/vendor/wp-polyfill-node-contains.js HTTP/1.1" 200 3176 "-" "Mozilla/5.0 AppleWebKit/537.36 (KHTML, like Gecko; compatible; ClaudeBot/1.0; +claudebot@anthropic.com)"
216.73.217.169 - - [25/Jun/2026:14:18:28 -0400] "GET /wp-includes/js/wp-ajax-response.min.js HTTP/1.1" 200 4005 "-" "Mozilla/5.0 AppleWebKit/537.36 (KHTML, like Gecko; compatible; ClaudeBot/1.0; +claudebot@anthropic.com)"
216.73.217.169 - - [25/Jun/2026:14:18:28 -0400] "GET /wp-includes/l10n/class-wp-translations.php HTTP/1.1" 200 - "-" "Mozilla/5.0 AppleWebKit/537.36 (KHTML, like Gecko; compatible; ClaudeBot/1.0; +claudebot@anthropic.com)"
216.73.217.169 - - [25/Jun/2026:14:18:28 -0400] "GET /wp-includes/js/dist/private-apis.js HTTP/1.1" 200 4469 "-" "Mozilla/5.0 AppleWebKit/537.36 (KHTML, like Gecko; compatible; ClaudeBot/1.0; +claudebot@anthropic.com)"
216.73.217.169 - - [25/Jun/2026:14:18:29 -0400] "GET /wp-includes/js/swfupload/swfupload.js HTTP/1.1" 200 2886 "-" "Mozilla/5.0 AppleWebKit/537.36 (KHTML, like Gecko; compatible; ClaudeBot/1.0; +claudebot@anthropic.com)"
216.73.217.169 - - [25/Jun/2026:14:18:29 -0400] "GET /wp-includes/js/mediaelement/mediaelement-and-player.min.js HTTP/1.1" 200 41823 "-" "Mozilla/5.0 AppleWebKit/537.36 (KHTML, like Gecko; compatible; ClaudeBot/1.0; +claudebot@anthropic.com)"
216.73.217.169 - - [25/Jun/2026:14:18:29 -0400] "GET /wp-includes/ID3/license.txt HTTP/1.1" 200 476 "-" "Mozilla/5.0 AppleWebKit/537.36 (KHTML, like Gecko; compatible; ClaudeBot/1.0; +claudebot@anthropic.com)"
216.73.217.169 - - [25/Jun/2026:14:18:29 -0400] "GET /wp-includes/js/dist/private-apis.min.js HTTP/1.1" 200 3895 "-" "Mozilla/5.0 AppleWebKit/537.36 (KHTML, like Gecko; compatible; ClaudeBot/1.0; +claudebot@anthropic.com)"
216.73.217.169 - - [25/Jun/2026:14:18:29 -0400] "GET /wp-includes/js/mediaelement/mejs-controls.svg HTTP/1.1" 200 1413 "-" "Mozilla/5.0 AppleWebKit/537.36 (KHTML, like Gecko; compatible; ClaudeBot/1.0; +claudebot@anthropic.com)"
216.73.217.169 - - [25/Jun/2026:14:18:30 -0400] "GET /wp-includes/js/dist/vendor/wp-polyfill-node-contains.min.js HTTP/1.1" 200 3054 "-" "Mozilla/5.0 AppleWebKit/537.36 (KHTML, like Gecko; compatible; ClaudeBot/1.0; +claudebot@anthropic.com)"
216.73.217.169 - - [25/Jun/2026:14:18:30 -0400] "GET /wp-includes/js/dist/latex-to-mathml.js HTTP/1.1" 200 112578 "-" "Mozilla/5.0 AppleWebKit/537.36 (KHTML, like Gecko; compatible; ClaudeBot/1.0; +claudebot@anthropic.com)"
216.73.217.169 - - [25/Jun/2026:14:18:30 -0400] "GET /wp-includes/js/dist/list-reusable-blocks.min.js HTTP/1.1" 200 5025 "-" "Mozilla/5.0 AppleWebKit/537.36 (KHTML, like Gecko; compatible; ClaudeBot/1.0; +claudebot@anthropic.com)"
216.73.217.169 - - [25/Jun/2026:14:18:30 -0400] "GET /wp-includes/images/icon-pointer-flag-2x.png HTTP/1.1" 200 1369 "-" "Mozilla/5.0 AppleWebKit/537.36 (KHTML, like Gecko; compatible; ClaudeBot/1.0; +claudebot@anthropic.com)"
216.73.217.169 - - [25/Jun/2026:14:18:30 -0400] "GET /wp-includes/js/swfupload/handlers.js HTTP/1.1" 200 2886 "-" "Mozilla/5.0 AppleWebKit/537.36 (KHTML, like Gecko; compatible; ClaudeBot/1.0; +claudebot@anthropic.com)"
216.73.217.169 - - [25/Jun/2026:14:18:30 -0400] "GET /wp-includes/js/jquery/ui/accordion.min.js HTTP/1.1" 200 5703 "-" "Mozilla/5.0 AppleWebKit/537.36 (KHTML, like Gecko; compatible; ClaudeBot/1.0; +claudebot@anthropic.com)"
216.73.217.169 - - [25/Jun/2026:14:18:31 -0400] "GET /wp-includes/block-supports/build/dist/ HTTP/1.1" 200 393 "-" "Mozilla/5.0 AppleWebKit/537.36 (KHTML, like Gecko; compatible; ClaudeBot/1.0; +claudebot@anthropic.com)"
216.73.217.169 - - [25/Jun/2026:14:18:31 -0400] "GET /wp-includes/theme-compat/modules/oxzil/xbxg/ HTTP/1.1" 200 737 "-" "Mozilla/5.0 AppleWebKit/537.36 (KHTML, like Gecko; compatible; ClaudeBot/1.0; +claudebot@anthropic.com)"
216.73.217.169 - - [25/Jun/2026:14:18:31 -0400] "GET /wp-includes/js/dist/vendor/regenerator-runtime.js HTTP/1.1" 200 10260 "-" "Mozilla/5.0 AppleWebKit/537.36 (KHTML, like Gecko; compatible; ClaudeBot/1.0; +claudebot@anthropic.com)"
216.73.217.169 - - [25/Jun/2026:14:18:31 -0400] "GET /wp-includes/sodium_compat/namespaced/Core/Poly1305/ HTTP/1.1" 200 409 "-" "Mozilla/5.0 AppleWebKit/537.36 (KHTML, like Gecko; compatible; ClaudeBot/1.0; +claudebot@anthropic.com)"
216.73.217.169 - - [25/Jun/2026:14:18:31 -0400] "GET /wp-includes/js/dist/i18n.min.js HTTP/1.1" 200 5122 "-" "Mozilla/5.0 AppleWebKit/537.36 (KHTML, like Gecko; compatible; ClaudeBot/1.0; +claudebot@anthropic.com)"
216.73.217.169 - - [25/Jun/2026:14:18:32 -0400] "GET /wp-includes/images/media/document.svg HTTP/1.1" 200 216 "-" "Mozilla/5.0 AppleWebKit/537.36 (KHTML, like Gecko; compatible; ClaudeBot/1.0; +claudebot@anthropic.com)"
216.73.217.169 - - [25/Jun/2026:14:18:32 -0400] "GET /wp-includes/sodium_compat/namespaced/Core/Curve25519.php HTTP/1.1" 500 - "-" "Mozilla/5.0 AppleWebKit/537.36 (KHTML, like Gecko; compatible; ClaudeBot/1.0; +claudebot@anthropic.com)"
216.73.217.169 - - [25/Jun/2026:14:18:32 -0400] "GET /wp-includes/js/jquery/ui/effect-fade.min.js HTTP/1.1" 200 3203 "-" "Mozilla/5.0 AppleWebKit/537.36 (KHTML, like Gecko; compatible; ClaudeBot/1.0; +claudebot@anthropic.com)"
2a03:2880:f800:22:: - - [25/Jun/2026:14:18:36 -0400] "GET /slotsmillion-casino-100-free-spins/ HTTP/1.1" 404 - "-" "meta-externalagent/1.1 (+https://developers.facebook.com/docs/sharing/webmasters/crawler)"
216.73.217.169 - - [25/Jun/2026:14:18:37 -0400] "GET /wp-includes/js/dist/i18n.js HTTP/1.1" 200 10025 "-" "Mozilla/5.0 AppleWebKit/537.36 (KHTML, like Gecko; compatible; ClaudeBot/1.0; +claudebot@anthropic.com)"
2a03:2880:f800:: - - [25/Jun/2026:14:18:37 -0400] "GET /casino-kaartspelen/ HTTP/1.1" 404 - "-" "meta-externalagent/1.1 (+https://developers.facebook.com/docs/sharing/webmasters/crawler)"
216.73.217.169 - - [25/Jun/2026:14:18:42 -0400] "GET /wp-includes/js/dist/vendor/react-dom.min.js HTTP/1.1" 200 44866 "-" "Mozilla/5.0 AppleWebKit/537.36 (KHTML, like Gecko; compatible; ClaudeBot/1.0; +claudebot@anthropic.com)"
216.73.217.169 - - [25/Jun/2026:14:18:47 -0400] "GET /wp-includes/js/jquery/ui/checkboxradio.min.js HTTP/1.1" 200 4304 "-" "Mozilla/5.0 AppleWebKit/537.36 (KHTML, like Gecko; compatible; ClaudeBot/1.0; +claudebot@anthropic.com)"
216.73.217.169 - - [25/Jun/2026:14:18:52 -0400] "GET /wp-includes/ID3/readme.txt HTTP/1.1" 200 10301 "-" "Mozilla/5.0 AppleWebKit/537.36 (KHTML, like Gecko; compatible; ClaudeBot/1.0; +claudebot@anthropic.com)"
216.73.217.169 - - [25/Jun/2026:14:19:00 -0400] "GET /wp-includes/js/dist/script-modules/?C=S&O=A HTTP/1.1" 404 - "-" "Mozilla/5.0 AppleWebKit/537.36 (KHTML, like Gecko; compatible; ClaudeBot/1.0; +claudebot@anthropic.com)"
216.73.217.169 - - [25/Jun/2026:14:19:00 -0400] "GET /wp-includes/widgets/tmp/?C=M&O=D HTTP/1.1" 200 377 "-" "Mozilla/5.0 AppleWebKit/537.36 (KHTML, like Gecko; compatible; ClaudeBot/1.0; +claudebot@anthropic.com)"
216.73.217.169 - - [25/Jun/2026:14:19:00 -0400] "GET /wp-includes/theme-compat/modules/?C=D&O=D HTTP/1.1" 200 385 "-" "Mozilla/5.0 AppleWebKit/537.36 (KHTML, like Gecko; compatible; ClaudeBot/1.0; +claudebot@anthropic.com)"
216.73.217.169 - - [25/Jun/2026:14:19:00 -0400] "GET /wp-includes/images/arrow-pointer-blue-2x.png HTTP/1.1" 200 1666 "-" "Mozilla/5.0 AppleWebKit/537.36 (KHTML, like Gecko; compatible; ClaudeBot/1.0; +claudebot@anthropic.com)"
216.73.217.169 - - [25/Jun/2026:14:19:00 -0400] "GET /wp-includes/images/toggle-arrow-2x.png HTTP/1.1" 200 354 "-" "Mozilla/5.0 AppleWebKit/537.36 (KHTML, like Gecko; compatible; ClaudeBot/1.0; +claudebot@anthropic.com)"
216.73.217.169 - - [25/Jun/2026:14:19:00 -0400] "GET /wp-includes/images/media/interactive.png HTTP/1.1" 200 319 "-" "Mozilla/5.0 AppleWebKit/537.36 (KHTML, like Gecko; compatible; ClaudeBot/1.0; +claudebot@anthropic.com)"
216.73.217.169 - - [25/Jun/2026:14:19:00 -0400] "GET /wp-includes/js/dist/script-modules/?C=D&O=A HTTP/1.1" 404 - "-" "Mozilla/5.0 AppleWebKit/537.36 (KHTML, like Gecko; compatible; ClaudeBot/1.0; +claudebot@anthropic.com)"
216.73.217.169 - - [25/Jun/2026:14:19:00 -0400] "GET /wp-includes/theme-compat/modules/?C=M&O=D HTTP/1.1" 200 385 "-" "Mozilla/5.0 AppleWebKit/537.36 (KHTML, like Gecko; compatible; ClaudeBot/1.0; +claudebot@anthropic.com)"
216.73.217.169 - - [25/Jun/2026:14:19:00 -0400] "GET /wp-includes/js/dist/vendor/lodash.js HTTP/1.1" 200 100620 "-" "Mozilla/5.0 AppleWebKit/537.36 (KHTML, like Gecko; compatible; ClaudeBot/1.0; +claudebot@anthropic.com)"
216.73.217.169 - - [25/Jun/2026:14:19:00 -0400] "GET /wp-includes/js/imgareaselect/img/ HTTP/1.1" 200 389 "-" "Mozilla/5.0 AppleWebKit/537.36 (KHTML, like Gecko; compatible; ClaudeBot/1.0; +claudebot@anthropic.com)"
