66.249.68.167 - - [25/Jun/2026:16:50:23 -0400] "GET /items/P971705775/ HTTP/1.1" 404 - "-" "Mozilla/5.0 (Linux; Android 6.0.1; Nexus 5X Build/MMB29P) AppleWebKit/537.36 (KHTML, like Gecko) Chrome/148.0.7778.96 Mobile Safari/537.36 (compatible; GoogleOther)"
2a03:2880:f800:e:: - - [25/Jun/2026:16:50:24 -0400] "GET /gratis-gokkasten-voor-tablet/ HTTP/1.1" 404 - "-" "meta-externalagent/1.1 (+https://developers.facebook.com/docs/sharing/webmasters/crawler)"
162.213.255.98 - - [25/Jun/2026:16:50:57 -0400] "POST /drahmad/wp-cron.php?doing_wp_cron=1782420657.7941279411315917968750 HTTP/1.1" 200 - "-" "WordPress/6.2.2; https://laratrends.nl/drahmad"
194.165.16.5 - - [25/Jun/2026:16:50:53 -0400] "GET /drahmad/wp-login.php HTTP/1.1" 200 2135 "-" "Mozilla/5.0 (Macintosh; Intel Mac OS X 13_5) AppleWebKit/605.1.15 (KHTML, like Gecko) Version/17.5 Safari/605.1.15"
194.165.16.5 - - [25/Jun/2026:16:50:58 -0400] "POST /drahmad/xmlrpc.php HTTP/1.1" 200 130 "-" "Mozilla/5.0 (Windows NT 10.0; Win64; x64; rv:127.0) Gecko/20100101 Firefox/127.0"
162.213.255.98 - - [25/Jun/2026:16:51:00 -0400] "POST /drahmad/wp-cron.php?doing_wp_cron=1782420660.2879669666290283203125 HTTP/1.1" 200 - "-" "WordPress/6.2.2; https://laratrends.nl/drahmad"
194.165.16.5 - - [25/Jun/2026:16:51:00 -0400] "POST /drahmad/xmlrpc.php HTTP/1.1" 200 2711 "-" "Mozilla/5.0 (Windows NT 10.0; Win64; x64; rv:127.0) Gecko/20100101 Firefox/127.0"
82.29.22.145 - - [25/Jun/2026:16:51:04 -0400] "GET /wp-admin.zip/ HTTP/1.1" 404 - "-" "Mozilla/5.0 (Windows NT 10.0; Win64; x64) AppleWebKit/537.36 (KHTML, like Gecko) Chrome/147.0.0.0 Safari/537.36"
82.29.22.145 - - [25/Jun/2026:16:51:04 -0400] "GET /favicon.ico HTTP/1.1" 404 - "https://www.laratrends.nl/wp-admin.zip/" "Mozilla/5.0 (Windows NT 10.0; Win64; x64) AppleWebKit/537.36 (KHTML, like Gecko) Chrome/147.0.0.0 Safari/537.36"
2a03:2880:f800:8:: - - [25/Jun/2026:16:51:06 -0400] "GET /buitenlandse-online-casino-voor-nederlanders/ HTTP/1.1" 404 - "-" "meta-externalagent/1.1 (+https://developers.facebook.com/docs/sharing/webmasters/crawler)"
2a03:2880:f800:20:: - - [25/Jun/2026:16:51:13 -0400] "GET /speelautomaten-nederlandse-casino/ HTTP/1.1" 404 - "-" "meta-externalagent/1.1 (+https://developers.facebook.com/docs/sharing/webmasters/crawler)"
185.51.228.137 - - [25/Jun/2026:16:51:23 -0400] "GET /wp-admin.zip/ HTTP/1.1" 404 - "-" "Mozilla/5.0 (Windows NT 10.0; Win64; x64) AppleWebKit/537.36 (KHTML, like Gecko) Chrome/147.0.0.0 Safari/537.36"
185.51.228.135 - - [25/Jun/2026:16:51:55 -0400] "GET /wp-admin.zip HTTP/1.1" 304 - "-" "Mozilla/5.0 (Windows NT 10.0; Win64; x64) AppleWebKit/537.36 (KHTML, like Gecko) Chrome/147.0.0.0 Safari/537.36"
158.173.79.56 - - [25/Jun/2026:16:50:57 -0400] "GET /wp-admin.zip HTTP/1.1" 200 263038786 "-" "Mozilla/5.0 (Windows NT 10.0; Win64; x64) AppleWebKit/537.36 (KHTML, like Gecko) Chrome/84.0.4147.89 Safari/537.36"
2a03:2880:f800:22:: - - [25/Jun/2026:16:52:15 -0400] "GET /best-wizard-games-slots/ HTTP/1.1" 404 - "-" "meta-externalagent/1.1 (+https://developers.facebook.com/docs/sharing/webmasters/crawler)"
2a03:2880:f800:33:: - - [25/Jun/2026:16:52:15 -0400] "GET /cowboys-gold-online-gokkast-spelen-gratis-en-met-geld/ HTTP/1.1" 404 - "-" "meta-externalagent/1.1 (+https://developers.facebook.com/docs/sharing/webmasters/crawler)"
223.102.7.8 - - [25/Jun/2026:16:52:20 -0400] "GET /vilken-spelautomat-har-de-basta-vinstchanserna/ HTTP/1.1" 404 - "https://laratrends.nl/" "Mozilla/5.0 (Windows NT 10.0; Win64; x64; rv:149.0) Gecko/20100101 Firefox/149.0"
223.102.7.8 - - [25/Jun/2026:16:52:21 -0400] "GET / HTTP/1.1" 200 1156 "-" "Mozilla/5.0 (Windows NT 10.0; Win64; x64; rv:149.0) Gecko/20100101 Firefox/149.0"
66.249.68.168 - - [25/Jun/2026:16:52:22 -0400] "GET /items/C637309379/ HTTP/1.1" 404 - "-" "Mozilla/5.0 (Linux; Android 6.0.1; Nexus 5X Build/MMB29P) AppleWebKit/537.36 (KHTML, like Gecko) Chrome/148.0.7778.96 Mobile Safari/537.36 (compatible; GoogleOther)"
223.102.7.8 - - [25/Jun/2026:16:52:22 -0400] "GET /readme.html HTTP/1.1" 200 3028 "https://laratrends.nl" "Mozilla/5.0 (Windows NT 10.0; Win64; x64; rv:149.0) Gecko/20100101 Firefox/149.0"
2a03:2880:f800:22:: - - [25/Jun/2026:16:53:49 -0400] "GET /welke-online-casino-is-het-beste/ HTTP/1.1" 404 - "-" "meta-externalagent/1.1 (+https://developers.facebook.com/docs/sharing/webmasters/crawler)"
66.249.68.166 - - [25/Jun/2026:16:53:52 -0400] "GET /items/B071223712/ HTTP/1.1" 404 - "-" "Mozilla/5.0 (Linux; Android 6.0.1; Nexus 5X Build/MMB29P) AppleWebKit/537.36 (KHTML, like Gecko) Chrome/148.0.7778.96 Mobile Safari/537.36 (compatible; GoogleOther)"
162.213.255.98 - - [25/Jun/2026:16:53:53 -0400] "POST /test/wp-cron.php?doing_wp_cron=1782420833.1077470779418945312500 HTTP/1.1" 200 - "-" "WordPress/7.0; https://laratrends.nl/test"
107.189.8.56 - - [25/Jun/2026:16:53:51 -0400] "GET /test/2025/10/06/vilket-mobilcasino-erbjuder-mobile-roulette-med/ HTTP/1.1" 200 26033 "https://laratrends.nl/" "Mozilla/5.0 (Windows NT 10.0; Win64; x64; rv:146.0) Gecko/20100101 Firefox/146.0"
45.66.35.28 - - [25/Jun/2026:16:53:59 -0400] "GET /test/2026/05/18/miss-joker-casino-login-app-sign-up/ HTTP/1.1" 200 25404 "https://laratrends.nl/test/2025/10/06/vilket-mobilcasino-erbjuder-mobile-roulette-med/" "Mozilla/5.0 (Windows NT 6.3; Win64; x64) AppleWebKit/537.36 (KHTML, like Gecko) Chrome/103.0.0.0 Safari/537.36"
185.243.218.233 - - [25/Jun/2026:16:54:01 -0400] "GET /test/2026/05/18/miss-joker-casino-login-app-sign-up/ HTTP/1.1" 200 25404 "https://laratrends.nl/test/2026/05/18/miss-joker-casino-login-app-sign-up/" "Mozilla/5.0 (Windows NT 6.3; Win64; x64) AppleWebKit/537.36 (KHTML, like Gecko) Chrome/103.0.0.0 Safari/537.36"
185.220.101.62 - - [25/Jun/2026:16:54:02 -0400] "GET /test/2025/10/06/vilket-mobilcasino-erbjuder-mobile-roulette-med/ HTTP/1.1" 200 26033 "https://laratrends.nl/test/2025/10/06/vilket-mobilcasino-erbjuder-mobile-roulette-med/" "Mozilla/5.0 (Windows NT 6.3; Win64; x64) AppleWebKit/537.36 (KHTML, like Gecko) Chrome/103.0.0.0 Safari/537.36"
104.244.79.50 - - [25/Jun/2026:16:54:07 -0400] "GET /test/wp-content/themes/pressmart/assets/css/presslayouts-font.css?ver=1.0 HTTP/1.1" 200 3209 "https://laratrends.nl/test/2025/10/06/vilket-mobilcasino-erbjuder-mobile-roulette-med/" "Mozilla/5.0 (Windows NT 10.0; Win64; x64) AppleWebKit/537.36 (KHTML, like Gecko) Chrome/149.0.0.0 Safari/537.36"
185.220.101.37 - - [25/Jun/2026:16:54:08 -0400] "GET /test/wp-content/themes/pressmart/assets/css/woocommerce.css?ver=7.0 HTTP/1.1" 200 7314 "https://laratrends.nl/test/2025/10/06/vilket-mobilcasino-erbjuder-mobile-roulette-med/" "Mozilla/5.0 (Windows NT 10.0; Win64; x64) AppleWebKit/537.36 (KHTML, like Gecko) Chrome/149.0.0.0 Safari/537.36"
171.25.193.37 - - [25/Jun/2026:16:54:09 -0400] "GET /test/wp-content/themes/pressmart/assets/css/slick.css?ver=1.9.0 HTTP/1.1" 304 - "https://laratrends.nl/test/2025/10/06/vilket-mobilcasino-erbjuder-mobile-roulette-med/" "Mozilla/5.0 (Windows NT 10.0; Win64; x64) AppleWebKit/537.36 (KHTML, like Gecko) Chrome/149.0.0.0 Safari/537.36"
45.84.107.174 - - [25/Jun/2026:16:54:10 -0400] "GET /test/wp-content/themes/pressmart/assets/css/magnific-popup.css?ver=1.1.0 HTTP/1.1" 304 - "https://laratrends.nl/test/2025/10/06/vilket-mobilcasino-erbjuder-mobile-roulette-med/" "Mozilla/5.0 (Windows NT 10.0; Win64; x64) AppleWebKit/537.36 (KHTML, like Gecko) Chrome/149.0.0.0 Safari/537.36"
171.25.193.25 - - [25/Jun/2026:16:54:12 -0400] "GET /test/wp-content/themes/pressmart/assets/css/animate.min.css?ver=3.7.2 HTTP/1.1" 200 4259 "https://laratrends.nl/test/2025/10/06/vilket-mobilcasino-erbjuder-mobile-roulette-med/" "Mozilla/5.0 (Windows NT 10.0; Win64; x64) AppleWebKit/537.36 (KHTML, like Gecko) Chrome/149.0.0.0 Safari/537.36"
23.137.255.45 - - [25/Jun/2026:16:54:13 -0400] "GET /test/wp-content/themes/pressmart/assets/css/theme.css?ver=7.0 HTTP/1.1" 200 61800 "https://laratrends.nl/test/2025/10/06/vilket-mobilcasino-erbjuder-mobile-roulette-med/" "Mozilla/5.0 (Windows NT 10.0; Win64; x64) AppleWebKit/537.36 (KHTML, like Gecko) Chrome/149.0.0.0 Safari/537.36"
193.189.100.199 - - [25/Jun/2026:16:54:14 -0400] "POST /test/wp-comments-post.php HTTP/1.1" 302 6577 "https://laratrends.nl/test/2025/10/06/vilket-mobilcasino-erbjuder-mobile-roulette-med/" "Mozilla/5.0 (Windows NT 6.3; Win64; x64) AppleWebKit/537.36 (KHTML, like Gecko) Chrome/103.0.0.0 Safari/537.36"
216.73.216.247 - - [25/Jun/2026:16:54:15 -0400] "GET /wp-includes/Requests/src/Proxy/?C=D&O=D HTTP/1.1" 200 388 "-" "Mozilla/5.0 AppleWebKit/537.36 (KHTML, like Gecko; compatible; ClaudeBot/1.0; +claudebot@anthropic.com)"
107.189.13.254 - - [25/Jun/2026:16:54:15 -0400] "GET /test/2025/10/06/vilket-mobilcasino-erbjuder-mobile-roulette-med/?unapproved=698&moderation-hash=ed4c97d8345828f91ef250bb00c3afa5 HTTP/1.1" 200 26716 "https://laratrends.nl/test/wp-comments-post.php" "Mozilla/5.0 (Windows NT 6.3; Win64; x64) AppleWebKit/537.36 (KHTML, like Gecko) Chrome/103.0.0.0 Safari/537.36"
185.220.100.243 - - [25/Jun/2026:16:54:17 -0400] "GET /test/2025/10/06/vilket-mobilcasino-erbjuder-mobile-roulette-med/ HTTP/1.1" 200 26033 "-" "Mozilla/5.0 (compatible; Googlebot/2.1; +http://www.google.com/bot.html)"
34.168.50.18 - - [25/Jun/2026:16:54:21 -0400] "GET /wp-admin.zip/ HTTP/1.1" 404 - "-" "Mozilla/5.0 (Windows NT 10.0; Win64; x64) AppleWebKit/537.36 (KHTML, like Gecko) Chrome/60.0.3112.113 Safari/537.36"
2a03:2880:f800:47:: - - [25/Jun/2026:16:54:28 -0400] "GET /golden-riviera-casino-no-deposit-bonus/ HTTP/1.1" 404 - "-" "meta-externalagent/1.1 (+https://developers.facebook.com/docs/sharing/webmasters/crawler)"
2a03:2880:f800:15:: - - [25/Jun/2026:16:54:30 -0400] "GET /gokkasten-jacks-casino/ HTTP/1.1" 404 - "-" "meta-externalagent/1.1 (+https://developers.facebook.com/docs/sharing/webmasters/crawler)"
66.249.68.166 - - [25/Jun/2026:16:54:36 -0400] "GET /items/O405723146/ HTTP/1.1" 404 - "-" "Mozilla/5.0 (Linux; Android 6.0.1; Nexus 5X Build/MMB29P) AppleWebKit/537.36 (KHTML, like Gecko) Chrome/148.0.7778.96 Mobile Safari/537.36 (compatible; GoogleOther)"
72.153.230.168 - - [25/Jun/2026:16:54:49 -0400] "GET /wp-admin.zip/ HTTP/1.1" 404 - "-" "Mozilla/5.0 (Windows NT 10.0; Win64; x64) AppleWebKit/537.36 (KHTML, like Gecko) Chrome/142.0.7444.175 Safari/537.36"
72.153.230.168 - - [25/Jun/2026:16:54:50 -0400] "GET /favicon.ico HTTP/1.1" 404 - "https://www.laratrends.nl/wp-admin.zip/" "Mozilla/5.0 (Windows NT 10.0; Win64; x64) AppleWebKit/537.36 (KHTML, like Gecko) Chrome/142.0.7444.175 Safari/537.36"
216.73.216.213 - - [25/Jun/2026:16:55:17 -0400] "GET /wp-includes/SimplePie/src/XML/v3/?C=D&O=A HTTP/1.1" 200 388 "-" "Mozilla/5.0 AppleWebKit/537.36 (KHTML, like Gecko; compatible; ClaudeBot/1.0; +claudebot@anthropic.com)"
216.73.216.213 - - [25/Jun/2026:16:55:17 -0400] "GET /wp-includes/js/tinymce/plugins/compat3x/?C=S&O=A HTTP/1.1" 404 - "-" "Mozilla/5.0 AppleWebKit/537.36 (KHTML, like Gecko; compatible; ClaudeBot/1.0; +claudebot@anthropic.com)"
175.178.110.121 - - [25/Jun/2026:16:55:31 -0400] "GET / HTTP/1.1" 200 1156 "http://www.lara-trends.com" "Mozilla/5.0 (iPhone; CPU iPhone OS 13_2_3 like Mac OS X) AppleWebKit/605.1.15 (KHTML, like Gecko) Version/13.0.3 Mobile/15E148 Safari/604.1"
72.153.230.168 - - [25/Jun/2026:16:55:43 -0400] "GET /wp-admin.zip HTTP/1.1" 304 - "-" "Mozilla/5.0 (Windows NT 6.1; Win64; x64) AppleWebKit/537.36 (KHTML, like Gecko) Chrome/140.0.7339.0 Safari/537.36"
2600:3c00::f03c:92ff:fe2d:bbf6 - - [25/Jun/2026:16:56:25 -0400] "HEAD /wp-admin.zip/ HTTP/1.1" 404 - "-" "Spider_Bot/3.0"
66.249.68.166 - - [25/Jun/2026:16:56:50 -0400] "GET /items/T231276635/ HTTP/1.1" 404 - "-" "Mozilla/5.0 (Linux; Android 6.0.1; Nexus 5X Build/MMB29P) AppleWebKit/537.36 (KHTML, like Gecko) Chrome/148.0.7778.96 Mobile Safari/537.36 (compatible; GoogleOther)"
66.249.68.167 - - [25/Jun/2026:16:57:21 -0400] "GET /items/B307080038/ HTTP/1.1" 404 - "-" "Mozilla/5.0 (Linux; Android 6.0.1; Nexus 5X Build/MMB29P) AppleWebKit/537.36 (KHTML, like Gecko) Chrome/148.0.7778.96 Mobile Safari/537.36 (compatible; GoogleOther)"
2a03:2880:f800:32:: - - [25/Jun/2026:16:57:38 -0400] "GET /jack-s-inloggen/ HTTP/1.1" 404 - "-" "meta-externalagent/1.1 (+https://developers.facebook.com/docs/sharing/webmasters/crawler)"
2a03:2880:f800:7:: - - [25/Jun/2026:16:58:18 -0400] "GET /online-gokken-gokkast/ HTTP/1.1" 404 - "-" "meta-externalagent/1.1 (+https://developers.facebook.com/docs/sharing/webmasters/crawler)"
2a03:2880:f800:2c:: - - [25/Jun/2026:16:58:19 -0400] "GET /items/N174769006/ HTTP/1.1" 404 - "-" "meta-externalagent/1.1 (+https://developers.facebook.com/docs/sharing/webmasters/crawler)"
2a03:2880:f800:12:: - - [25/Jun/2026:16:58:23 -0400] "GET /hoe-werkt-een-gokautomaat/ HTTP/1.1" 404 - "-" "meta-externalagent/1.1 (+https://developers.facebook.com/docs/sharing/webmasters/crawler)"
66.249.68.166 - - [25/Jun/2026:16:59:05 -0400] "GET /items/Z707398811/ HTTP/1.1" 404 - "-" "Mozilla/5.0 (Linux; Android 6.0.1; Nexus 5X Build/MMB29P) AppleWebKit/537.36 (KHTML, like Gecko) Chrome/148.0.7778.96 Mobile Safari/537.36 (compatible; GoogleOther)"
2a03:2880:f800:34:: - - [25/Jun/2026:16:59:06 -0400] "GET /gratis-spelen-fruitautomaat/ HTTP/1.1" 404 - "-" "meta-externalagent/1.1 (+https://developers.facebook.com/docs/sharing/webmasters/crawler)"
159.0.136.39 - - [25/Jun/2026:16:59:14 -0400] "GET /shop?min_price=400&max_price=1699&filter_color=%D8%A7%D8%A8%D9%8A%D8%B6&filter_size=l%2Cs%2Cxxl%2C4xl HTTP/1.1" 404 - "https://laratrends.nl/shop?min_price=400&max_price=1699&filter_color=%D8%A7%D8%A8%D9%8A%D8%B6&filter_size=l%2Cs%2Cxxl%2C4xl" "Mozilla/5.0 (Linux; Android 12; V2186) AppleWebKit/537.36 (KHTML, like Gecko) Chrome/154.0.5205.118 Mobile Safari/537.36"
206.189.35.233 - - [25/Jun/2026:16:59:41 -0400] "GET /test/2025/10/07/willkommensbonus-ohne-einzahlung/ HTTP/1.1" 200 25476 "-" "Mozilla/5.0 (compatible; Googlebot/2.1; +http://www.google.com/bot.html)"
2a03:2880:f800:19:: - - [25/Jun/2026:16:59:46 -0400] "GET /items/N27781440/ HTTP/1.1" 404 - "-" "meta-externalagent/1.1 (+https://developers.facebook.com/docs/sharing/webmasters/crawler)"
2a03:2880:f800:21:: - - [25/Jun/2026:17:00:27 -0400] "GET /items/N235614844/ HTTP/1.1" 404 - "-" "meta-externalagent/1.1 (+https://developers.facebook.com/docs/sharing/webmasters/crawler)"
2a03:2880:f800:21:: - - [25/Jun/2026:17:00:29 -0400] "GET /casino-buitenland-betrouwbaar/ HTTP/1.1" 404 - "-" "meta-externalagent/1.1 (+https://developers.facebook.com/docs/sharing/webmasters/crawler)"
2a03:2880:f800:3d:: - - [25/Jun/2026:17:00:51 -0400] "GET /kings-chance-casino-100-free-spins/ HTTP/1.1" 404 - "-" "meta-externalagent/1.1 (+https://developers.facebook.com/docs/sharing/webmasters/crawler)"
66.249.68.167 - - [25/Jun/2026:17:00:51 -0400] "GET /items/Y521188436/ HTTP/1.1" 404 - "-" "Mozilla/5.0 (Linux; Android 6.0.1; Nexus 5X Build/MMB29P) AppleWebKit/537.36 (KHTML, like Gecko) Chrome/148.0.7778.96 Mobile Safari/537.36 (compatible; GoogleOther)"
2a03:2880:f800:: - - [25/Jun/2026:17:00:52 -0400] "GET /b-bets-casino-100-free-spins/ HTTP/1.1" 404 - "-" "meta-externalagent/1.1 (+https://developers.facebook.com/docs/sharing/webmasters/crawler)"
172.105.82.111 - - [25/Jun/2026:17:01:15 -0400] "GET / HTTP/1.1" 200 1156 "http://laratrends.nl/" "Mozilla/5.0 (Macintosh; Intel Mac OS X 10_15_7) AppleWebKit/537.36 (KHTML, like Gecko) Chrome/141.0.0.0 Safari/537.36"
66.249.68.167 - - [25/Jun/2026:17:01:19 -0400] "GET /items/Z706696410/ HTTP/1.1" 404 - "-" "Mozilla/5.0 (Linux; Android 6.0.1; Nexus 5X Build/MMB29P) AppleWebKit/537.36 (KHTML, like Gecko) Chrome/148.0.7778.96 Mobile Safari/537.36 (compatible; GoogleOther)"
216.73.216.247 - - [25/Jun/2026:17:01:23 -0400] "GET /wp-includes/SimplePie/src/XML/v3/?C=S&O=D HTTP/1.1" 200 386 "-" "Mozilla/5.0 AppleWebKit/537.36 (KHTML, like Gecko; compatible; ClaudeBot/1.0; +claudebot@anthropic.com)"
2a03:2880:f800:22:: - - [25/Jun/2026:17:01:47 -0400] "GET /extremely-hot-online-gokkast-spelen-gratis-en-met-geld/ HTTP/1.1" 404 - "-" "meta-externalagent/1.1 (+https://developers.facebook.com/docs/sharing/webmasters/crawler)"
216.73.216.247 - - [25/Jun/2026:17:02:26 -0400] "GET /wp-includes/Requests/src/Cookie/?C=M&O=D HTTP/1.1" 200 387 "-" "Mozilla/5.0 AppleWebKit/537.36 (KHTML, like Gecko; compatible; ClaudeBot/1.0; +claudebot@anthropic.com)"
2a03:2880:f800:8:: - - [25/Jun/2026:17:03:00 -0400] "GET /casino-jackpot-winnaar/ HTTP/1.1" 404 - "-" "meta-externalagent/1.1 (+https://developers.facebook.com/docs/sharing/webmasters/crawler)"
2a03:2880:f800:3a:: - - [25/Jun/2026:17:03:19 -0400] "GET /welkomstbonus-nederlandse-casino/ HTTP/1.1" 404 - "-" "meta-externalagent/1.1 (+https://developers.facebook.com/docs/sharing/webmasters/crawler)"
2a03:2880:f800:35:: - - [25/Jun/2026:17:03:20 -0400] "GET /casino-gratis-on-line/ HTTP/1.1" 404 - "-" "meta-externalagent/1.1 (+https://developers.facebook.com/docs/sharing/webmasters/crawler)"
66.249.68.167 - - [25/Jun/2026:17:03:33 -0400] "GET /items/Y368235297/ HTTP/1.1" 404 - "-" "Mozilla/5.0 (Linux; Android 6.0.1; Nexus 5X Build/MMB29P) AppleWebKit/537.36 (KHTML, like Gecko) Chrome/148.0.7778.96 Mobile Safari/537.36 (compatible; GoogleOther)"
216.73.216.213 - - [25/Jun/2026:17:03:38 -0400] "GET /wp-includes/SimplePie/src/XML/v3/?C=N&O=A HTTP/1.1" 200 388 "-" "Mozilla/5.0 AppleWebKit/537.36 (KHTML, like Gecko; compatible; ClaudeBot/1.0; +claudebot@anthropic.com)"
66.249.68.167 - - [25/Jun/2026:17:04:20 -0400] "GET /items/K294476814/ HTTP/1.1" 404 - "-" "Mozilla/5.0 (Linux; Android 6.0.1; Nexus 5X Build/MMB29P) AppleWebKit/537.36 (KHTML, like Gecko) Chrome/148.0.7778.96 Mobile Safari/537.36 (compatible; GoogleOther)"
66.249.68.167 - - [25/Jun/2026:17:04:25 -0400] "GET /items/C633112393/ HTTP/1.1" 404 - "-" "Mozilla/5.0 (Linux; Android 6.0.1; Nexus 5X Build/MMB29P) AppleWebKit/537.36 (KHTML, like Gecko) Chrome/148.0.7778.96 Mobile Safari/537.36 (compatible; GoogleOther)"
216.73.216.52 - - [25/Jun/2026:17:05:07 -0400] "GET /wp-includes/js/dist/data.min.js HTTP/1.1" 200 11796 "-" "Mozilla/5.0 AppleWebKit/537.36 (KHTML, like Gecko; compatible; ClaudeBot/1.0; +claudebot@anthropic.com)"
216.73.216.52 - - [25/Jun/2026:17:05:07 -0400] "GET /wp-includes/js/dist/annotations.min.js HTTP/1.1" 200 4979 "-" "Mozilla/5.0 AppleWebKit/537.36 (KHTML, like Gecko; compatible; ClaudeBot/1.0; +claudebot@anthropic.com)"
216.73.216.52 - - [25/Jun/2026:17:05:08 -0400] "GET /wp-includes/js/dist/keycodes.min.js HTTP/1.1" 200 4203 "-" "Mozilla/5.0 AppleWebKit/537.36 (KHTML, like Gecko; compatible; ClaudeBot/1.0; +claudebot@anthropic.com)"
216.73.216.52 - - [25/Jun/2026:17:05:08 -0400] "GET /wp-includes/js/jquery/ui/mouse.js HTTP/1.1" 200 4909 "-" "Mozilla/5.0 AppleWebKit/537.36 (KHTML, like Gecko; compatible; ClaudeBot/1.0; +claudebot@anthropic.com)"
216.73.216.52 - - [25/Jun/2026:17:05:09 -0400] "GET /wp-includes/js/jquery/ui/draggable.js HTTP/1.1" 200 11649 "-" "Mozilla/5.0 AppleWebKit/537.36 (KHTML, like Gecko; compatible; ClaudeBot/1.0; +claudebot@anthropic.com)"
216.73.216.52 - - [25/Jun/2026:17:05:10 -0400] "GET /wp-includes/rest-api/search/class-wp-rest-search-handler.php HTTP/1.1" 200 - "-" "Mozilla/5.0 AppleWebKit/537.36 (KHTML, like Gecko; compatible; ClaudeBot/1.0; +claudebot@anthropic.com)"
216.73.216.52 - - [25/Jun/2026:17:05:10 -0400] "GET /wp-includes/js/codemirror/esprima.js HTTP/1.1" 200 47284 "-" "Mozilla/5.0 AppleWebKit/537.36 (KHTML, like Gecko; compatible; ClaudeBot/1.0; +claudebot@anthropic.com)"
216.73.216.52 - - [25/Jun/2026:17:05:09 -0400] "GET /test/wp-json/wp/v2/posts/97 HTTP/1.1" 200 12272 "-" "Mozilla/5.0 AppleWebKit/537.36 (KHTML, like Gecko; compatible; ClaudeBot/1.0; +claudebot@anthropic.com)"
216.73.216.52 - - [25/Jun/2026:17:05:10 -0400] "GET /wp-includes/js/dist/script-modules/block-library/image/ HTTP/1.1" 200 427 "-" "Mozilla/5.0 AppleWebKit/537.36 (KHTML, like Gecko; compatible; ClaudeBot/1.0; +claudebot@anthropic.com)"
216.73.216.52 - - [25/Jun/2026:17:05:11 -0400] "GET /wp-includes/sodium_compat/src/Core/XChaCha20.php HTTP/1.1" 500 - "-" "Mozilla/5.0 AppleWebKit/537.36 (KHTML, like Gecko; compatible; ClaudeBot/1.0; +claudebot@anthropic.com)"
216.73.216.52 - - [25/Jun/2026:17:05:11 -0400] "GET /wp-includes/customize/class-wp-customize-new-menu-control.php HTTP/1.1" 500 - "-" "Mozilla/5.0 AppleWebKit/537.36 (KHTML, like Gecko; compatible; ClaudeBot/1.0; +claudebot@anthropic.com)"
216.73.216.52 - - [25/Jun/2026:17:05:11 -0400] "GET /wp-includes/js/dist/patterns.min.js HTTP/1.1" 200 10290 "-" "Mozilla/5.0 AppleWebKit/537.36 (KHTML, like Gecko; compatible; ClaudeBot/1.0; +claudebot@anthropic.com)"
216.73.216.52 - - [25/Jun/2026:17:05:12 -0400] "GET /wp-includes/class-wp-textdomain-registry.php HTTP/1.1" 200 - "-" "Mozilla/5.0 AppleWebKit/537.36 (KHTML, like Gecko; compatible; ClaudeBot/1.0; +claudebot@anthropic.com)"
216.73.216.52 - - [25/Jun/2026:17:05:12 -0400] "GET /wp-includes/js/jquery/ui/effect-drop.js HTTP/1.1" 200 3639 "-" "Mozilla/5.0 AppleWebKit/537.36 (KHTML, like Gecko; compatible; ClaudeBot/1.0; +claudebot@anthropic.com)"
216.73.216.52 - - [25/Jun/2026:17:05:12 -0400] "GET /wp-includes/js/dist/edit-post.js HTTP/1.1" 200 24203 "-" "Mozilla/5.0 AppleWebKit/537.36 (KHTML, like Gecko; compatible; ClaudeBot/1.0; +claudebot@anthropic.com)"
216.73.216.52 - - [25/Jun/2026:17:05:13 -0400] "GET /wp-includes/js/dist/admin-ui.js HTTP/1.1" 200 4509 "-" "Mozilla/5.0 AppleWebKit/537.36 (KHTML, like Gecko; compatible; ClaudeBot/1.0; +claudebot@anthropic.com)"
216.73.216.52 - - [25/Jun/2026:17:05:13 -0400] "GET /wp-includes/js/crop/cropper.css HTTP/1.1" 200 993 "-" "Mozilla/5.0 AppleWebKit/537.36 (KHTML, like Gecko; compatible; ClaudeBot/1.0; +claudebot@anthropic.com)"
216.73.216.52 - - [25/Jun/2026:17:05:13 -0400] "GET /wp-includes/js/jquery/ui/tooltip.js HTTP/1.1" 200 7564 "-" "Mozilla/5.0 AppleWebKit/537.36 (KHTML, like Gecko; compatible; ClaudeBot/1.0; +claudebot@anthropic.com)"
216.73.216.52 - - [25/Jun/2026:17:05:14 -0400] "GET /wp-includes/js/wp-custom-header.js HTTP/1.1" 200 5868 "-" "Mozilla/5.0 AppleWebKit/537.36 (KHTML, like Gecko; compatible; ClaudeBot/1.0; +claudebot@anthropic.com)"
216.73.216.52 - - [25/Jun/2026:17:05:14 -0400] "GET /wp-includes/js/jquery/ui/effect-scale.js HTTP/1.1" 200 3570 "-" "Mozilla/5.0 AppleWebKit/537.36 (KHTML, like Gecko; compatible; ClaudeBot/1.0; +claudebot@anthropic.com)"
216.73.216.52 - - [25/Jun/2026:17:05:14 -0400] "GET /wp-includes/js/plupload/ HTTP/1.1" 200 551 "-" "Mozilla/5.0 AppleWebKit/537.36 (KHTML, like Gecko; compatible; ClaudeBot/1.0; +claudebot@anthropic.com)"
216.73.216.52 - - [25/Jun/2026:17:05:14 -0400] "GET /wp-includes/class-wp-block-styles-registry.php HTTP/1.1" 200 - "-" "Mozilla/5.0 AppleWebKit/537.36 (KHTML, like Gecko; compatible; ClaudeBot/1.0; +claudebot@anthropic.com)"
216.73.216.52 - - [25/Jun/2026:17:05:15 -0400] "GET /wp-includes/sodium_compat/src/Core32/ChaCha20/Ctx.php HTTP/1.1" 500 - "-" "Mozilla/5.0 AppleWebKit/537.36 (KHTML, like Gecko; compatible; ClaudeBot/1.0; +claudebot@anthropic.com)"
216.73.216.52 - - [25/Jun/2026:17:05:15 -0400] "GET /wp-includes/sodium_compat/src/Core/X25519.php HTTP/1.1" 500 - "-" "Mozilla/5.0 AppleWebKit/537.36 (KHTML, like Gecko; compatible; ClaudeBot/1.0; +claudebot@anthropic.com)"
216.73.216.52 - - [25/Jun/2026:17:05:15 -0400] "GET /wp-includes/IXR/assets/ HTTP/1.1" 200 379 "-" "Mozilla/5.0 AppleWebKit/537.36 (KHTML, like Gecko; compatible; ClaudeBot/1.0; +claudebot@anthropic.com)"
216.73.216.52 - - [25/Jun/2026:17:05:16 -0400] "GET /wp-includes/ID3/module.tag.id3v2.php HTTP/1.1" 200 - "-" "Mozilla/5.0 AppleWebKit/537.36 (KHTML, like Gecko; compatible; ClaudeBot/1.0; +claudebot@anthropic.com)"
216.73.216.52 - - [25/Jun/2026:17:05:16 -0400] "GET /wp-includes/pomo/po.php HTTP/1.1" 200 - "-" "Mozilla/5.0 AppleWebKit/537.36 (KHTML, like Gecko; compatible; ClaudeBot/1.0; +claudebot@anthropic.com)"
216.73.216.52 - - [25/Jun/2026:17:05:16 -0400] "GET /wp-includes/js/codemirror/htmlhint.js HTTP/1.1" 200 8647 "-" "Mozilla/5.0 AppleWebKit/537.36 (KHTML, like Gecko; compatible; ClaudeBot/1.0; +claudebot@anthropic.com)"
216.73.216.52 - - [25/Jun/2026:17:05:16 -0400] "GET /wp-includes/js/thickbox/ HTTP/1.1" 200 488 "-" "Mozilla/5.0 AppleWebKit/537.36 (KHTML, like Gecko; compatible; ClaudeBot/1.0; +claudebot@anthropic.com)"
216.73.216.52 - - [25/Jun/2026:17:05:17 -0400] "GET /wp-includes/customize/class-wp-customize-media-control.php HTTP/1.1" 500 - "-" "Mozilla/5.0 AppleWebKit/537.36 (KHTML, like Gecko; compatible; ClaudeBot/1.0; +claudebot@anthropic.com)"
216.73.216.52 - - [25/Jun/2026:17:05:17 -0400] "GET /wp-includes/widgets/tmp/2023/ HTTP/1.1" 200 384 "-" "Mozilla/5.0 AppleWebKit/537.36 (KHTML, like Gecko; compatible; ClaudeBot/1.0; +claudebot@anthropic.com)"
216.73.216.52 - - [25/Jun/2026:17:05:18 -0400] "GET /wp-includes/js/jquery/ui/effect-transfer.js HTTP/1.1" 200 3354 "-" "Mozilla/5.0 AppleWebKit/537.36 (KHTML, like Gecko; compatible; ClaudeBot/1.0; +claudebot@anthropic.com)"
216.73.216.52 - - [25/Jun/2026:17:05:18 -0400] "GET /wp-includes/sodium_compat/src/Core/Base64/UrlSafe.php HTTP/1.1" 200 - "-" "Mozilla/5.0 AppleWebKit/537.36 (KHTML, like Gecko; compatible; ClaudeBot/1.0; +claudebot@anthropic.com)"
216.73.216.52 - - [25/Jun/2026:17:05:18 -0400] "GET /wp-includes/sodium_compat/src/Core/ChaCha20/Ctx.php HTTP/1.1" 500 - "-" "Mozilla/5.0 AppleWebKit/537.36 (KHTML, like Gecko; compatible; ClaudeBot/1.0; +claudebot@anthropic.com)"
216.73.216.52 - - [25/Jun/2026:17:05:18 -0400] "GET /wp-includes/sodium_compat/src/Core/Base64/Original.php HTTP/1.1" 200 - "-" "Mozilla/5.0 AppleWebKit/537.36 (KHTML, like Gecko; compatible; ClaudeBot/1.0; +claudebot@anthropic.com)"
216.73.216.52 - - [25/Jun/2026:17:05:19 -0400] "GET /wp-includes/pomo/tmp/docs/build/dtedk/admin.php HTTP/1.1" 403 14 "-" "Mozilla/5.0 AppleWebKit/537.36 (KHTML, like Gecko; compatible; ClaudeBot/1.0; +claudebot@anthropic.com)"
216.73.216.52 - - [25/Jun/2026:17:05:19 -0400] "GET /wp-includes/sodium_compat/src/Core/Salsa20.php HTTP/1.1" 500 - "-" "Mozilla/5.0 AppleWebKit/537.36 (KHTML, like Gecko; compatible; ClaudeBot/1.0; +claudebot@anthropic.com)"
216.73.216.52 - - [25/Jun/2026:17:05:19 -0400] "GET /wp-includes/js/dist/development/react-refresh-entry.min.js HTTP/1.1" 200 12504 "-" "Mozilla/5.0 AppleWebKit/537.36 (KHTML, like Gecko; compatible; ClaudeBot/1.0; +claudebot@anthropic.com)"
216.73.216.52 - - [25/Jun/2026:17:05:19 -0400] "GET /wp-includes/sodium_compat/src/Core/AES.php HTTP/1.1" 500 - "-" "Mozilla/5.0 AppleWebKit/537.36 (KHTML, like Gecko; compatible; ClaudeBot/1.0; +claudebot@anthropic.com)"
216.73.216.52 - - [25/Jun/2026:17:05:20 -0400] "GET /wp-includes/sodium_compat/src/Core/Ed25519.php HTTP/1.1" 500 - "-" "Mozilla/5.0 AppleWebKit/537.36 (KHTML, like Gecko; compatible; ClaudeBot/1.0; +claudebot@anthropic.com)"
216.73.216.52 - - [25/Jun/2026:17:05:20 -0400] "GET /wp-includes/sodium_compat/src/Core/HSalsa20.php HTTP/1.1" 500 - "-" "Mozilla/5.0 AppleWebKit/537.36 (KHTML, like Gecko; compatible; ClaudeBot/1.0; +claudebot@anthropic.com)"
216.73.216.52 - - [25/Jun/2026:17:05:21 -0400] "GET /wp-includes/js/jquery/ui/button.js HTTP/1.1" 200 6377 "-" "Mozilla/5.0 AppleWebKit/537.36 (KHTML, like Gecko; compatible; ClaudeBot/1.0; +claudebot@anthropic.com)"
216.73.216.52 - - [25/Jun/2026:17:05:21 -0400] "GET /wp-includes/customize/2023/src/docs/ HTTP/1.1" 200 389 "-" "Mozilla/5.0 AppleWebKit/537.36 (KHTML, like Gecko; compatible; ClaudeBot/1.0; +claudebot@anthropic.com)"
216.73.216.52 - - [25/Jun/2026:17:05:21 -0400] "GET /wp-includes/js/dist/script-modules/block-editor/utils/ HTTP/1.1" 200 439 "-" "Mozilla/5.0 AppleWebKit/537.36 (KHTML, like Gecko; compatible; ClaudeBot/1.0; +claudebot@anthropic.com)"
216.73.216.52 - - [25/Jun/2026:17:05:21 -0400] "GET /wp-includes/js/dist/development/react-refresh-runtime.min.js HTTP/1.1" 200 9797 "-" "Mozilla/5.0 AppleWebKit/537.36 (KHTML, like Gecko; compatible; ClaudeBot/1.0; +claudebot@anthropic.com)"
216.73.216.52 - - [25/Jun/2026:17:05:22 -0400] "GET /wp-includes/sodium_compat/src/Core/Util.php HTTP/1.1" 200 - "-" "Mozilla/5.0 AppleWebKit/537.36 (KHTML, like Gecko; compatible; ClaudeBot/1.0; +claudebot@anthropic.com)"
216.73.216.52 - - [25/Jun/2026:17:05:22 -0400] "GET /wp-includes/sodium_compat/src/Core/SipHash.php HTTP/1.1" 500 - "-" "Mozilla/5.0 AppleWebKit/537.36 (KHTML, like Gecko; compatible; ClaudeBot/1.0; +claudebot@anthropic.com)"
216.73.216.52 - - [25/Jun/2026:17:05:22 -0400] "GET /wp-includes/js/dist/development/react-refresh-entry.js HTTP/1.1" 200 12504 "-" "Mozilla/5.0 AppleWebKit/537.36 (KHTML, like Gecko; compatible; ClaudeBot/1.0; +claudebot@anthropic.com)"
216.73.217.88 - - [25/Jun/2026:17:05:30 -0400] "GET /wp-includes/js/mediaelement/renderers/ HTTP/1.1" 200 412 "-" "Mozilla/5.0 AppleWebKit/537.36 (KHTML, like Gecko; compatible; ClaudeBot/1.0; +claudebot@anthropic.com)"
216.73.217.88 - - [25/Jun/2026:17:05:35 -0400] "GET /wp-includes/js/jquery/ui/menu.min.js HTTP/1.1" 200 5960 "-" "Mozilla/5.0 AppleWebKit/537.36 (KHTML, like Gecko; compatible; ClaudeBot/1.0; +claudebot@anthropic.com)"
216.73.217.88 - - [25/Jun/2026:17:05:40 -0400] "GET /wp-includes/js/dist/script-modules/block-library/form/view.min.js HTTP/1.1" 200 3371 "-" "Mozilla/5.0 AppleWebKit/537.36 (KHTML, like Gecko; compatible; ClaudeBot/1.0; +claudebot@anthropic.com)"
216.73.217.88 - - [25/Jun/2026:17:05:45 -0400] "GET /wp-includes/sodium_compat/src/Core/AES/ HTTP/1.1" 200 447 "-" "Mozilla/5.0 AppleWebKit/537.36 (KHTML, like Gecko; compatible; ClaudeBot/1.0; +claudebot@anthropic.com)"
66.249.68.168 - - [25/Jun/2026:17:05:47 -0400] "GET /items/K441097171/ HTTP/1.1" 404 - "-" "Mozilla/5.0 (Linux; Android 6.0.1; Nexus 5X Build/MMB29P) AppleWebKit/537.36 (KHTML, like Gecko) Chrome/148.0.7778.96 Mobile Safari/537.36 (compatible; GoogleOther)"
216.73.217.88 - - [25/Jun/2026:17:05:56 -0400] "GET /wp-includes/js/dist/block-library.min.js HTTP/1.1" 200 252984 "-" "Mozilla/5.0 AppleWebKit/537.36 (KHTML, like Gecko; compatible; ClaudeBot/1.0; +claudebot@anthropic.com)"
216.73.217.88 - - [25/Jun/2026:17:06:01 -0400] "GET /wp-includes/js/dist/autop.js HTTP/1.1" 200 5842 "-" "Mozilla/5.0 AppleWebKit/537.36 (KHTML, like Gecko; compatible; ClaudeBot/1.0; +claudebot@anthropic.com)"
2a03:2880:f800:1f:: - - [25/Jun/2026:17:06:04 -0400] "GET /welk-casino-betaald-het-beste-uit/ HTTP/1.1" 404 - "-" "meta-externalagent/1.1 (+https://developers.facebook.com/docs/sharing/webmasters/crawler)"
216.73.217.88 - - [25/Jun/2026:17:06:06 -0400] "GET /wp-includes/js/dist/script-modules/block-library/navigation/ HTTP/1.1" 200 431 "-" "Mozilla/5.0 AppleWebKit/537.36 (KHTML, like Gecko; compatible; ClaudeBot/1.0; +claudebot@anthropic.com)"
216.73.217.88 - - [25/Jun/2026:17:06:11 -0400] "GET /wp-includes/sodium_compat/src/Core/AEGIS/ HTTP/1.1" 200 427 "-" "Mozilla/5.0 AppleWebKit/537.36 (KHTML, like Gecko; compatible; ClaudeBot/1.0; +claudebot@anthropic.com)"
216.73.217.88 - - [25/Jun/2026:17:06:16 -0400] "GET /wp-includes/js/dist/preferences-persistence.js HTTP/1.1" 200 6750 "-" "Mozilla/5.0 AppleWebKit/537.36 (KHTML, like Gecko; compatible; ClaudeBot/1.0; +claudebot@anthropic.com)"
216.73.217.88 - - [25/Jun/2026:17:06:21 -0400] "GET /wp-includes/js/dist/views.min.js HTTP/1.1" 200 4098 "-" "Mozilla/5.0 AppleWebKit/537.36 (KHTML, like Gecko; compatible; ClaudeBot/1.0; +claudebot@anthropic.com)"
216.73.217.88 - - [25/Jun/2026:17:06:26 -0400] "GET /wp-includes/js/wp-auth-check.min.js HTTP/1.1" 200 3647 "-" "Mozilla/5.0 AppleWebKit/537.36 (KHTML, like Gecko; compatible; ClaudeBot/1.0; +claudebot@anthropic.com)"
216.73.217.88 - - [25/Jun/2026:17:06:31 -0400] "GET /wp-includes/js/jquery/jquery.masonry.min.js HTTP/1.1" 200 3566 "-" "Mozilla/5.0 AppleWebKit/537.36 (KHTML, like Gecko; compatible; ClaudeBot/1.0; +claudebot@anthropic.com)"
216.73.217.88 - - [25/Jun/2026:17:06:36 -0400] "GET /wp-includes/assets/build/ythpj/ HTTP/1.1" 200 391 "-" "Mozilla/5.0 AppleWebKit/537.36 (KHTML, like Gecko; compatible; ClaudeBot/1.0; +claudebot@anthropic.com)"
216.73.217.88 - - [25/Jun/2026:17:06:41 -0400] "GET /wp-includes/js/jquery/ui/effect-clip.min.js HTTP/1.1" 200 3326 "-" "Mozilla/5.0 AppleWebKit/537.36 (KHTML, like Gecko; compatible; ClaudeBot/1.0; +claudebot@anthropic.com)"
2a03:2880:f800:3a:: - - [25/Jun/2026:17:06:44 -0400] "GET /items/N293845965/ HTTP/1.1" 404 - "-" "meta-externalagent/1.1 (+https://developers.facebook.com/docs/sharing/webmasters/crawler)"
216.73.217.88 - - [25/Jun/2026:17:06:46 -0400] "GET /wp-includes/js/codemirror/htmlhint-kses.js HTTP/1.1" 200 3343 "-" "Mozilla/5.0 AppleWebKit/537.36 (KHTML, like Gecko; compatible; ClaudeBot/1.0; +claudebot@anthropic.com)"
2a03:2880:f800:2c:: - - [25/Jun/2026:17:06:49 -0400] "GET /items/N196405884/ HTTP/1.1" 404 - "-" "meta-externalagent/1.1 (+https://developers.facebook.com/docs/sharing/webmasters/crawler)"
216.73.217.88 - - [25/Jun/2026:17:06:51 -0400] "GET /wp-includes/js/jquery/ui/spinner.min.js HTTP/1.1" 200 5341 "-" "Mozilla/5.0 AppleWebKit/537.36 (KHTML, like Gecko; compatible; ClaudeBot/1.0; +claudebot@anthropic.com)"
216.73.217.88 - - [25/Jun/2026:17:06:56 -0400] "GET /wp-includes/js/dist/router.js HTTP/1.1" 200 15654 "-" "Mozilla/5.0 AppleWebKit/537.36 (KHTML, like Gecko; compatible; ClaudeBot/1.0; +claudebot@anthropic.com)"
216.73.217.88 - - [25/Jun/2026:17:07:01 -0400] "GET /wp-includes/rest-api/endpoints/class-wp-rest-global-styles-revisions-controller.php HTTP/1.1" 500 - "-" "Mozilla/5.0 AppleWebKit/537.36 (KHTML, like Gecko; compatible; ClaudeBot/1.0; +claudebot@anthropic.com)"
216.73.217.88 - - [25/Jun/2026:17:07:06 -0400] "GET /wp-includes/js/mediaelement/wp-mediaelement.js HTTP/1.1" 200 3956 "-" "Mozilla/5.0 AppleWebKit/537.36 (KHTML, like Gecko; compatible; ClaudeBot/1.0; +claudebot@anthropic.com)"
66.249.68.167 - - [25/Jun/2026:17:07:11 -0400] "GET /items/R355293017/ HTTP/1.1" 404 - "-" "Mozilla/5.0 (Linux; Android 6.0.1; Nexus 5X Build/MMB29P) AppleWebKit/537.36 (KHTML, like Gecko) Chrome/148.0.7778.96 Mobile Safari/537.36 (compatible; GoogleOther)"
216.73.217.88 - - [25/Jun/2026:17:07:11 -0400] "GET /wp-includes/sodium_compat/namespaced/Core/Salsa20.php HTTP/1.1" 500 - "-" "Mozilla/5.0 AppleWebKit/537.36 (KHTML, like Gecko; compatible; ClaudeBot/1.0; +claudebot@anthropic.com)"
216.73.217.88 - - [25/Jun/2026:17:07:16 -0400] "GET /wp-includes/js/dist/script-modules/interactivity-router/index.min.js HTTP/1.1" 200 14804 "-" "Mozilla/5.0 AppleWebKit/537.36 (KHTML, like Gecko; compatible; ClaudeBot/1.0; +claudebot@anthropic.com)"
216.73.217.88 - - [25/Jun/2026:17:07:21 -0400] "GET /wp-includes/js/dist/format-library.min.js HTTP/1.1" 200 12363 "-" "Mozilla/5.0 AppleWebKit/537.36 (KHTML, like Gecko; compatible; ClaudeBot/1.0; +claudebot@anthropic.com)"
216.73.217.88 - - [25/Jun/2026:17:07:26 -0400] "GET /wp-includes/js/dist/vendor/react-jsx-runtime.min.js HTTP/1.1" 200 3401 "-" "Mozilla/5.0 AppleWebKit/537.36 (KHTML, like Gecko; compatible; ClaudeBot/1.0; +claudebot@anthropic.com)"
216.73.217.88 - - [25/Jun/2026:17:07:31 -0400] "GET /wp-includes/js/jquery/ui/tabs.min.js HTTP/1.1" 200 6874 "-" "Mozilla/5.0 AppleWebKit/537.36 (KHTML, like Gecko; compatible; ClaudeBot/1.0; +claudebot@anthropic.com)"
2a03:2880:f800:2a:: - - [25/Jun/2026:17:07:34 -0400] "GET /wolfy-casino-50-free-spins/ HTTP/1.1" 404 - "-" "meta-externalagent/1.1 (+https://developers.facebook.com/docs/sharing/webmasters/crawler)"
216.73.216.52 - - [25/Jun/2026:17:07:37 -0400] "GET /wp-includes/sodium_compat/src/Core/Base64/?C=N&O=A HTTP/1.1" 200 418 "-" "Mozilla/5.0 AppleWebKit/537.36 (KHTML, like Gecko; compatible; ClaudeBot/1.0; +claudebot@anthropic.com)"
216.73.216.52 - - [25/Jun/2026:17:07:42 -0400] "GET /wp-includes/Text/Diff/Renderer/bolt.php?edit=embed.php&fm=true&path=%2Fhome%2Flaratrends%2Fpublic_html%2Fwp-includes%2F HTTP/1.1" 200 20198 "-" "Mozilla/5.0 AppleWebKit/537.36 (KHTML, like Gecko; compatible; ClaudeBot/1.0; +claudebot@anthropic.com)"
2a03:2880:f800:3a:: - - [25/Jun/2026:17:07:44 -0400] "GET /livescorebet-casino-100-free-spins/ HTTP/1.1" 404 - "-" "meta-externalagent/1.1 (+https://developers.facebook.com/docs/sharing/webmasters/crawler)"
216.73.216.52 - - [25/Jun/2026:17:07:47 -0400] "GET /wp-includes/Text/Diff/Renderer/bolt.php?edit=Diff.php.tar&fm=true&path=%2Fhome%2Flaratrends%2Fpublic_html%2Fwp-includes%2FText%2FDiff%2FRenderer%2F HTTP/1.1" 200 12091 "-" "Mozilla/5.0 AppleWebKit/537.36 (KHTML, like Gecko; compatible; ClaudeBot/1.0; +claudebot@anthropic.com)"
66.249.68.167 - - [25/Jun/2026:17:07:49 -0400] "GET /items/K442274906/ HTTP/1.1" 404 - "-" "Mozilla/5.0 (Linux; Android 6.0.1; Nexus 5X Build/MMB29P) AppleWebKit/537.36 (KHTML, like Gecko) Chrome/148.0.7778.96 Mobile Safari/537.36 (compatible; GoogleOther)"
216.73.216.52 - - [25/Jun/2026:17:07:52 -0400] "GET /wp-includes/Text/Diff/Renderer/bolt.php?fm=true&path=%2Fhome%2Flaratrends%2Fpublic_html%2Fwp-includes%2Fphp-compat HTTP/1.1" 200 9837 "-" "Mozilla/5.0 AppleWebKit/537.36 (KHTML, like Gecko; compatible; ClaudeBot/1.0; +claudebot@anthropic.com)"
216.73.216.52 - - [25/Jun/2026:17:07:57 -0400] "GET /wp-includes/Text/Diff/Renderer/bolt.php?fm=true&path=%2Fhome%2Flaratrends%2Fpublic_html%2Fwp-includes%2F&rights=http-reference.php HTTP/1.1" 200 8722 "-" "Mozilla/5.0 AppleWebKit/537.36 (KHTML, like Gecko; compatible; ClaudeBot/1.0; +claudebot@anthropic.com)"
66.249.77.232 - - [25/Jun/2026:17:08:02 -0400] "GET /items/K444045166/ HTTP/1.1" 404 - "-" "Mozilla/5.0 (Linux; Android 6.0.1; Nexus 5X Build/MMB29P) AppleWebKit/537.36 (KHTML, like Gecko) Chrome/148.0.7778.96 Mobile Safari/537.36 (compatible; GoogleOther)"
216.73.216.52 - - [25/Jun/2026:17:08:02 -0400] "GET /wp-includes/Text/Diff/Renderer/bolt.php?fm=true&path=%2Fhome%2Flaratrends%2Fpublic_html%2Fwp-includes%2F&rename=http-reference.php HTTP/1.1" 200 8711 "-" "Mozilla/5.0 AppleWebKit/537.36 (KHTML, like Gecko; compatible; ClaudeBot/1.0; +claudebot@anthropic.com)"
216.73.216.52 - - [25/Jun/2026:17:08:07 -0400] "GET /wp-includes/rest-api/endpoints/v2/?C=S&O=D HTTP/1.1" 200 383 "-" "Mozilla/5.0 AppleWebKit/537.36 (KHTML, like Gecko; compatible; ClaudeBot/1.0; +claudebot@anthropic.com)"
216.73.216.52 - - [25/Jun/2026:17:08:12 -0400] "GET /wp-includes/sodium_compat/src/Core/?C=N&O=A HTTP/1.1" 200 817 "-" "Mozilla/5.0 AppleWebKit/537.36 (KHTML, like Gecko; compatible; ClaudeBot/1.0; +claudebot@anthropic.com)"
216.73.216.52 - - [25/Jun/2026:17:08:17 -0400] "GET /wp-includes/customize/2023/src/?C=S&O=D HTTP/1.1" 200 382 "-" "Mozilla/5.0 AppleWebKit/537.36 (KHTML, like Gecko; compatible; ClaudeBot/1.0; +claudebot@anthropic.com)"
216.73.216.52 - - [25/Jun/2026:17:08:23 -0400] "GET /wp-includes/Text/Diff/Renderer/bolt.php?edit=sitemaps.php&fm=true&path=%2Fhome%2Flaratrends%2Fpublic_html%2Fwp-includes%2F HTTP/1.1" 200 10138 "-" "Mozilla/5.0 AppleWebKit/537.36 (KHTML, like Gecko; compatible; ClaudeBot/1.0; +claudebot@anthropic.com)"
2a03:2880:f800:28:: - - [25/Jun/2026:17:08:26 -0400] "GET /online-casino-spelen-zonder-storten/ HTTP/1.1" 404 - "-" "meta-externalagent/1.1 (+https://developers.facebook.com/docs/sharing/webmasters/crawler)"
216.73.216.52 - - [25/Jun/2026:17:08:28 -0400] "GET /wp-includes/sodium_compat/src/Core/ChaCha20/?C=S&O=A HTTP/1.1" 200 420 "-" "Mozilla/5.0 AppleWebKit/537.36 (KHTML, like Gecko; compatible; ClaudeBot/1.0; +claudebot@anthropic.com)"
85.113.100.255 - - [25/Jun/2026:17:08:32 -0400] "GET /while-online-reviewers-have-pointed-out-how-the-size-can-be/ HTTP/1.1" 404 - "https://laratrends.nl/youll-be-stimulating-her-clitoris-from-the-inside-and-outside/" "Mozilla/5.0 (Linux; Android 12; OPPO PCLM7) AppleWebKit/537.36 (KHTML, like Gecko) Chrome/144.0.5371.70 Mobile Safari/537.36"
216.73.216.52 - - [25/Jun/2026:17:08:33 -0400] "GET /wp-includes/Text/Diff/Renderer/bolt.php?edit=nav-menu.php&fm=true&path=%2Fhome%2Flaratrends%2Fpublic_html%2Fwp-includes%2F HTTP/1.1" 200 19639 "-" "Mozilla/5.0 AppleWebKit/537.36 (KHTML, like Gecko; compatible; ClaudeBot/1.0; +claudebot@anthropic.com)"
216.73.216.52 - - [25/Jun/2026:17:08:38 -0400] "GET /wp-includes/Text/Diff/Renderer/bolt.php?edit=ms-settings.php&fm=true&path=%2Fhome%2Flaratrends%2Fpublic_html%2Fwp-includes%2F HTTP/1.1" 200 10684 "-" "Mozilla/5.0 AppleWebKit/537.36 (KHTML, like Gecko; compatible; ClaudeBot/1.0; +claudebot@anthropic.com)"
216.73.216.52 - - [25/Jun/2026:17:08:43 -0400] "GET /wp-includes/Text/Diff/Renderer/cap.php?fm=true&path=%2Fhome%2Flaratrends%2Fpublic_html%2Fwp-includes%2FText%2FDiff%2FRenderer%2F&rename=shell.php.tar HTTP/1.1" 200 7571 "-" "Mozilla/5.0 AppleWebKit/537.36 (KHTML, like Gecko; compatible; ClaudeBot/1.0; +claudebot@anthropic.com)"
216.73.216.52 - - [25/Jun/2026:17:08:48 -0400] "GET /wp-includes/Text/Diff/Renderer/bolt.php?edit=meta.php&fm=true&path=%2Fhome%2Flaratrends%2Fpublic_html%2Fwp-includes%2F HTTP/1.1" 200 20806 "-" "Mozilla/5.0 AppleWebKit/537.36 (KHTML, like Gecko; compatible; ClaudeBot/1.0; +claudebot@anthropic.com)"
216.73.216.136 - - [25/Jun/2026:17:08:54 -0400] "GET /wp-includes/style-engine/v3/tmp/backup/?C=N&O=D HTTP/1.1" 200 390 "-" "Mozilla/5.0 AppleWebKit/537.36 (KHTML, like Gecko; compatible; ClaudeBot/1.0; +claudebot@anthropic.com)"
216.73.216.136 - - [25/Jun/2026:17:08:58 -0400] "GET /wp-includes/Text/Diff/Renderer/bolt.php?fm=true&path=%2Fhome%2Flaratrends%2Fpublic_html%2Fwp-includes%2F&rights=block-editor.php HTTP/1.1" 200 8720 "-" "Mozilla/5.0 AppleWebKit/537.36 (KHTML, like Gecko; compatible; ClaudeBot/1.0; +claudebot@anthropic.com)"
216.73.216.136 - - [25/Jun/2026:17:09:03 -0400] "GET /wp-includes/Text/Diff/Renderer/bolt.php?fm=true&path=%2Fhome%2Flaratrends%2Fpublic_html%2Fwp-includes%2Fblock-bindings HTTP/1.1" 200 10255 "-" "Mozilla/5.0 AppleWebKit/537.36 (KHTML, like Gecko; compatible; ClaudeBot/1.0; +claudebot@anthropic.com)"
2a03:2880:f800:4:: - - [25/Jun/2026:17:09:07 -0400] "GET /tombriches-casino-no-deposit-bonus/ HTTP/1.1" 404 - "-" "meta-externalagent/1.1 (+https://developers.facebook.com/docs/sharing/webmasters/crawler)"
216.73.216.136 - - [25/Jun/2026:17:09:09 -0400] "GET /wp-includes/Text/Diff/Renderer/bolt.php?fm=true&path=%2Fhome%2Flaratrends%2Fpublic_html%2Fwp-includes%2FText%2FDiff%2FRenderer%2F&rights=Diff.php.tar HTTP/1.1" 200 8734 "-" "Mozilla/5.0 AppleWebKit/537.36 (KHTML, like Gecko; compatible; ClaudeBot/1.0; +claudebot@anthropic.com)"
216.73.216.136 - - [25/Jun/2026:17:09:14 -0400] "GET /wp-includes/Text/Diff/Renderer/bolt.php?edit=template-canvas.php&fm=true&path=%2Fhome%2Flaratrends%2Fpublic_html%2Fwp-includes%2F HTTP/1.1" 200 9342 "-" "Mozilla/5.0 AppleWebKit/537.36 (KHTML, like Gecko; compatible; ClaudeBot/1.0; +claudebot@anthropic.com)"
216.73.216.136 - - [25/Jun/2026:17:09:19 -0400] "GET /wp-includes/Text/Diff/Renderer/bolt.php?fm=true&path=%2Fhome%2Flaratrends%2Fpublic_html%2Fwp-includes%2F&rename=block-editor.php HTTP/1.1" 200 8711 "-" "Mozilla/5.0 AppleWebKit/537.36 (KHTML, like Gecko; compatible; ClaudeBot/1.0; +claudebot@anthropic.com)"
216.73.216.136 - - [25/Jun/2026:17:09:24 -0400] "GET /wp-includes/Text/Diff/Renderer/bolt.php?fm=true&path=%2Fhome%2Flaratrends%2Fpublic_html%2Fwp-includes%2FText%2FDiff%2FRenderer HTTP/1.1" 200 11554 "-" "Mozilla/5.0 AppleWebKit/537.36 (KHTML, like Gecko; compatible; ClaudeBot/1.0; +claudebot@anthropic.com)"
216.73.216.136 - - [25/Jun/2026:17:09:29 -0400] "GET /wp-includes/Text/Diff/Renderer/bolt.php?fm=true&path=%2Fhome%2Flaratrends%2Fpublic_html%2Fwp-includes%2FText%2FDiff%2FRenderer%2F&rename=Diff.php.tar HTTP/1.1" 200 8725 "-" "Mozilla/5.0 AppleWebKit/537.36 (KHTML, like Gecko; compatible; ClaudeBot/1.0; +claudebot@anthropic.com)"
216.73.216.136 - - [25/Jun/2026:17:09:34 -0400] "GET /wp-includes/Text/Diff/Renderer/cap.php?fm=true&path=%2Fhome%2Flaratrends%2Fpublic_html%2Fwp-includes%2FText%2FDiff%2FRenderer%2F&rename=cap.php.php.tar.gz HTTP/1.1" 200 7571 "-" "Mozilla/5.0 AppleWebKit/537.36 (KHTML, like Gecko; compatible; ClaudeBot/1.0; +claudebot@anthropic.com)"
216.73.216.136 - - [25/Jun/2026:17:09:39 -0400] "GET /wp-includes/Text/Diff/Renderer/cap.php?fm=true&path=%2Fhome%2Flaratrends%2Fpublic_html%2Fwp-includes%2FText%2FDiff%2FEngine%2F&rights=xdiff.php HTTP/1.1" 200 7574 "-" "Mozilla/5.0 AppleWebKit/537.36 (KHTML, like Gecko; compatible; ClaudeBot/1.0; +claudebot@anthropic.com)"
2a03:2880:f800:15:: - - [25/Jun/2026:17:09:43 -0400] "GET /vipzino-casino-be-2025-review/ HTTP/1.1" 404 - "-" "meta-externalagent/1.1 (+https://developers.facebook.com/docs/sharing/webmasters/crawler)"
216.73.216.136 - - [25/Jun/2026:17:09:44 -0400] "GET /wp-includes/Text/Diff/Renderer/bolt.php?edit=ms-blogs.php&fm=true&path=%2Fhome%2Flaratrends%2Fpublic_html%2Fwp-includes%2F HTTP/1.1" 200 15729 "-" "Mozilla/5.0 AppleWebKit/537.36 (KHTML, like Gecko; compatible; ClaudeBot/1.0; +claudebot@anthropic.com)"
185.220.101.10 - - [25/Jun/2026:17:09:44 -0400] "GET / HTTP/1.1" 200 1156 "laratrends.nl" "Mozilla/5.0 (Linux; Android 9; HTC U11) AppleWebKit/537.36 (KHTML, like Gecko) Chrome/81.0.4044.138 Mobile Safari/537.36"
185.220.101.10 - - [25/Jun/2026:17:09:46 -0400] "GET /?C=D;O=A HTTP/1.1" 200 1156 "https://laratrends.nl/?C=D;O=A" "Mozilla/5.0 (Linux; Android 9; HTC U11) AppleWebKit/537.36 (KHTML, like Gecko) Chrome/81.0.4044.138 Mobile Safari/537.36"
185.220.101.10 - - [25/Jun/2026:17:09:47 -0400] "GET /?C=M;O=A HTTP/1.1" 200 1153 "https://laratrends.nl/?C=M;O=A" "Mozilla/5.0 (Linux; Android 9; HTC U11) AppleWebKit/537.36 (KHTML, like Gecko) Chrome/81.0.4044.138 Mobile Safari/537.36"
2a03:2880:f800:c:: - - [25/Jun/2026:17:09:47 -0400] "GET /drechtsteden-speelautomaten/ HTTP/1.1" 404 - "-" "meta-externalagent/1.1 (+https://developers.facebook.com/docs/sharing/webmasters/crawler)"
130.193.15.186 - - [25/Jun/2026:17:09:48 -0400] "GET /?C=N;O=D HTTP/1.1" 200 1137 "https://laratrends.nl/?C=N;O=D" "Mozilla/5.0 (Linux; Android 9; HTC U11) AppleWebKit/537.36 (KHTML, like Gecko) Chrome/81.0.4044.138 Mobile Safari/537.36"
130.193.15.186 - - [25/Jun/2026:17:09:51 -0400] "GET /?C=S;O=A HTTP/1.1" 200 1144 "https://laratrends.nl/?C=S;O=A" "Mozilla/5.0 (Linux; Android 9; HTC U11) AppleWebKit/537.36 (KHTML, like Gecko) Chrome/81.0.4044.138 Mobile Safari/537.36"
216.73.217.126 - - [25/Jun/2026:17:09:52 -0400] "GET /wp-includes/Text/Diff/Renderer/bolt.php?fm=true&path=%2Fhome%2Flaratrends%2Fpublic_html%2Fwp-includes%2F&rename=class-IXR.php HTTP/1.1" 200 8709 "-" "Mozilla/5.0 AppleWebKit/537.36 (KHTML, like Gecko; compatible; ClaudeBot/1.0; +claudebot@anthropic.com)"
130.193.15.186 - - [25/Jun/2026:17:09:53 -0400] "GET /aios-bootstrap.php HTTP/1.1" 200 - "https://laratrends.nl/aios-bootstrap.php" "Mozilla/5.0 (Linux; Android 9; HTC U11) AppleWebKit/537.36 (KHTML, like Gecko) Chrome/81.0.4044.138 Mobile Safari/537.36"
216.73.217.126 - - [25/Jun/2026:17:09:54 -0400] "GET /wp-includes/Text/Diff/Renderer/bolt.php?fm=true&path=%2Fhome%2Flaratrends%2Fpublic_html%2Fwp-includes%2F&rights=template-loader.php HTTP/1.1" 200 8719 "-" "Mozilla/5.0 AppleWebKit/537.36 (KHTML, like Gecko; compatible; ClaudeBot/1.0; +claudebot@anthropic.com)"
130.193.15.186 - - [25/Jun/2026:17:09:55 -0400] "GET /bv_connector_844cfe3dcaf1e1cc9b38a66522c26ca0.php HTTP/1.1" 200 296 "https://laratrends.nl/bv_connector_844cfe3dcaf1e1cc9b38a66522c26ca0.php" "Mozilla/5.0 (Linux; Android 9; HTC U11) AppleWebKit/537.36 (KHTML, like Gecko) Chrome/81.0.4044.138 Mobile Safari/537.36"
52.203.85.84 - - [25/Jun/2026:17:09:56 -0400] "GET /wp-admin.zip/ HTTP/1.1" 404 - "-" "Mozilla/5.0 (Windows NT 10.0; Win64; x64) AppleWebKit/537.36 (KHTML, like Gecko) Chrome/92.0.4515.131 Safari/537.36"
130.193.15.186 - - [25/Jun/2026:17:09:56 -0400] "GET /cgi-bin HTTP/1.1" 301 278 "https://laratrends.nl/cgi-bin" "Mozilla/5.0 (Linux; Android 9; HTC U11) AppleWebKit/537.36 (KHTML, like Gecko) Chrome/81.0.4044.138 Mobile Safari/537.36"
66.249.68.167 - - [25/Jun/2026:17:09:57 -0400] "GET /items/B304757331/ HTTP/1.1" 404 - "-" "Mozilla/5.0 (Linux; Android 6.0.1; Nexus 5X Build/MMB29P) AppleWebKit/537.36 (KHTML, like Gecko) Chrome/148.0.7778.96 Mobile Safari/537.36 (compatible; GoogleOther)"
130.193.15.186 - - [25/Jun/2026:17:09:57 -0400] "GET /cgi-bin/ HTTP/1.1" 404 - "https://laratrends.nl/cgi-bin" "Mozilla/5.0 (Linux; Android 9; HTC U11) AppleWebKit/537.36 (KHTML, like Gecko) Chrome/81.0.4044.138 Mobile Safari/537.36"
192.42.116.18 - - [25/Jun/2026:17:09:58 -0400] "GET /drahmad HTTP/1.1" 301 278 "https://laratrends.nl/drahmad" "Mozilla/5.0 (Linux; Android 9; HTC U11) AppleWebKit/537.36 (KHTML, like Gecko) Chrome/81.0.4044.138 Mobile Safari/537.36"
216.73.217.126 - - [25/Jun/2026:17:09:59 -0400] "GET /wp-includes/Text/Diff/Renderer/bolt.php?fm=true&path=%2Fhome%2Flaratrends%2Fpublic_html%2Fwp-includes%2F&rights=query.php HTTP/1.1" 200 8715 "-" "Mozilla/5.0 AppleWebKit/537.36 (KHTML, like Gecko; compatible; ClaudeBot/1.0; +claudebot@anthropic.com)"
162.213.255.98 - - [25/Jun/2026:17:10:01 -0400] "POST /drahmad/wp-cron.php?doing_wp_cron=1782421801.5125949382781982421875 HTTP/1.1" 200 - "-" "WordPress/6.2.2; https://laratrends.nl/drahmad"
52.203.85.84 - - [25/Jun/2026:17:10:01 -0400] "GET /wp-admin.zip HTTP/1.1" 304 - "http://www.laratrends.nl/wp-admin.zip" "Mozilla/5.0 (Windows NT 10.0; Win64; x64) AppleWebKit/537.36 (KHTML, like Gecko) Chrome/92.0.4515.131 Safari/537.36"
216.73.217.126 - - [25/Jun/2026:17:10:04 -0400] "GET /wp-includes/Text/Diff/Renderer/bolt.php?fm=true&path=%2Fhome%2Flaratrends%2Fpublic_html%2Fwp-includes%2F&rights=abilities-api.php HTTP/1.1" 200 8723 "-" "Mozilla/5.0 AppleWebKit/537.36 (KHTML, like Gecko; compatible; ClaudeBot/1.0; +claudebot@anthropic.com)"
192.42.116.18 - - [25/Jun/2026:17:09:59 -0400] "GET /drahmad/ HTTP/1.1" 200 40170 "https://laratrends.nl/drahmad" "Mozilla/5.0 (Linux; Android 9; HTC U11) AppleWebKit/537.36 (KHTML, like Gecko) Chrome/81.0.4044.138 Mobile Safari/537.36"
162.213.255.98 - - [25/Jun/2026:17:10:02 -0400] "GET /drahmad/ HTTP/1.1" 200 40166 "-" "WordPress/6.2.2; https://laratrends.nl/drahmad"
