216.73.217.104 - - [25/Jun/2026:13:25:47 -0400] "GET /wp-includes/html-api/backup/cache/?C=N&O=D HTTP/1.1" 200 384 "-" "Mozilla/5.0 AppleWebKit/537.36 (KHTML, like Gecko; compatible; ClaudeBot/1.0; +claudebot@anthropic.com)"
216.73.217.104 - - [25/Jun/2026:13:26:01 -0400] "GET /wp-includes/css/dist/patterns/?C=N&O=D HTTP/1.1" 200 427 "-" "Mozilla/5.0 AppleWebKit/537.36 (KHTML, like Gecko; compatible; ClaudeBot/1.0; +claudebot@anthropic.com)"
216.73.217.104 - - [25/Jun/2026:13:26:01 -0400] "GET /wp-includes/php-compat/cache/files/?C=D&O=A HTTP/1.1" 200 386 "-" "Mozilla/5.0 AppleWebKit/537.36 (KHTML, like Gecko; compatible; ClaudeBot/1.0; +claudebot@anthropic.com)"
216.73.217.104 - - [25/Jun/2026:13:26:02 -0400] "GET /wp-includes/php-compat/cache/files/?C=M&O=A HTTP/1.1" 200 387 "-" "Mozilla/5.0 AppleWebKit/537.36 (KHTML, like Gecko; compatible; ClaudeBot/1.0; +claudebot@anthropic.com)"
216.73.217.104 - - [25/Jun/2026:13:26:02 -0400] "GET /wp-includes/Text/Diff/Renderer/?C=N&O=D HTTP/1.1" 200 437 "-" "Mozilla/5.0 AppleWebKit/537.36 (KHTML, like Gecko; compatible; ClaudeBot/1.0; +claudebot@anthropic.com)"
216.73.217.104 - - [25/Jun/2026:13:26:15 -0400] "GET /wp-includes/Text/Diff/Renderer/?C=D&O=A HTTP/1.1" 200 439 "-" "Mozilla/5.0 AppleWebKit/537.36 (KHTML, like Gecko; compatible; ClaudeBot/1.0; +claudebot@anthropic.com)"
216.73.217.104 - - [25/Jun/2026:13:26:16 -0400] "GET /wp-includes/php-compat/cache/files/?C=S&O=A HTTP/1.1" 200 387 "-" "Mozilla/5.0 AppleWebKit/537.36 (KHTML, like Gecko; compatible; ClaudeBot/1.0; +claudebot@anthropic.com)"
216.73.217.104 - - [25/Jun/2026:13:26:16 -0400] "GET /wp-includes/css/dist/patterns/?C=M&O=A HTTP/1.1" 200 427 "-" "Mozilla/5.0 AppleWebKit/537.36 (KHTML, like Gecko; compatible; ClaudeBot/1.0; +claudebot@anthropic.com)"
216.73.217.104 - - [25/Jun/2026:13:26:17 -0400] "GET /wp-includes/Text/Diff/Renderer/?C=M&O=A HTTP/1.1" 200 439 "-" "Mozilla/5.0 AppleWebKit/537.36 (KHTML, like Gecko; compatible; ClaudeBot/1.0; +claudebot@anthropic.com)"
2a03:2880:f800:2e:: - - [25/Jun/2026:13:26:28 -0400] "GET /50-gratis-spins-zonder-storting/ HTTP/1.1" 404 - "-" "meta-externalagent/1.1 (+https://developers.facebook.com/docs/sharing/webmasters/crawler)"
2a03:2880:f800:3d:: - - [25/Jun/2026:13:27:08 -0400] "GET /millionz-casino-100-free-spins/ HTTP/1.1" 404 - "-" "meta-externalagent/1.1 (+https://developers.facebook.com/docs/sharing/webmasters/crawler)"
2a03:2880:f800:3c:: - - [25/Jun/2026:13:27:10 -0400] "GET /nieuwe-slots-2025-geen-storting/ HTTP/1.1" 404 - "-" "meta-externalagent/1.1 (+https://developers.facebook.com/docs/sharing/webmasters/crawler)"
2a03:2880:f800:40:: - - [25/Jun/2026:13:27:10 -0400] "GET /items/N99967410/ HTTP/1.1" 404 - "-" "meta-externalagent/1.1 (+https://developers.facebook.com/docs/sharing/webmasters/crawler)"
2a03:2880:f800:6:: - - [25/Jun/2026:13:27:20 -0400] "GET /nucleonbet-casino-no-deposit-bonus/ HTTP/1.1" 404 - "-" "meta-externalagent/1.1 (+https://developers.facebook.com/docs/sharing/webmasters/crawler)"
2a03:2880:f800:26:: - - [25/Jun/2026:13:27:22 -0400] "GET /wanneer-is-blackjack/ HTTP/1.1" 404 - "-" "meta-externalagent/1.1 (+https://developers.facebook.com/docs/sharing/webmasters/crawler)"
2a03:2880:f800:41:: - - [25/Jun/2026:13:27:25 -0400] "GET /welk-casino-betaald-direct-uit/ HTTP/1.1" 404 - "-" "meta-externalagent/1.1 (+https://developers.facebook.com/docs/sharing/webmasters/crawler)"
34.140.240.84 - - [25/Jun/2026:13:27:28 -0400] "GET / HTTP/1.1" 200 1156 "-" "python-requests/2.32.5"
34.22.217.74 - - [25/Jun/2026:13:27:29 -0400] "GET / HTTP/1.1" 200 1156 "-" "Mozilla/5.0 (Windows NT 10.0; rv:78.0) Gecko/20100101 Firefox/78.0"
34.22.217.74 - - [25/Jun/2026:13:27:30 -0400] "GET /cgi-bin/ HTTP/1.1" 404 - "-" "Mozilla/5.0 (Windows NT 10.0; rv:78.0) Gecko/20100101 Firefox/78.0"
162.213.255.98 - - [25/Jun/2026:13:27:35 -0400] "POST /drahmad/wp-cron.php?doing_wp_cron=1782408455.1805949211120605468750 HTTP/1.1" 200 - "-" "WordPress/6.2.2; https://laratrends.nl/drahmad"
34.22.217.74 - - [25/Jun/2026:13:27:30 -0400] "GET /drahmad/ HTTP/1.1" 301 - "-" "Mozilla/5.0 (Windows NT 10.0; rv:78.0) Gecko/20100101 Firefox/78.0"
34.22.217.74 - - [25/Jun/2026:13:27:36 -0400] "GET /test/ HTTP/1.1" 301 6577 "-" "Mozilla/5.0 (Windows NT 10.0; rv:78.0) Gecko/20100101 Firefox/78.0"
34.22.217.74 - - [25/Jun/2026:13:27:37 -0400] "GET /wp-content/ HTTP/1.1" 200 - "-" "Mozilla/5.0 (Windows NT 10.0; rv:78.0) Gecko/20100101 Firefox/78.0"
34.22.217.74 - - [25/Jun/2026:13:27:37 -0400] "GET /wp-includes/ HTTP/1.1" 200 5995 "-" "Mozilla/5.0 (Windows NT 10.0; rv:78.0) Gecko/20100101 Firefox/78.0"
34.22.217.74 - - [25/Jun/2026:13:27:41 -0400] "GET /wp-includes/ID3/ HTTP/1.1" 200 723 "-" "Mozilla/5.0 (Windows NT 10.0; rv:78.0) Gecko/20100101 Firefox/78.0"
34.22.217.74 - - [25/Jun/2026:13:27:42 -0400] "GET /wp-includes/IXR/ HTTP/1.1" 200 627 "-" "Mozilla/5.0 (Windows NT 10.0; rv:78.0) Gecko/20100101 Firefox/78.0"
34.22.217.74 - - [25/Jun/2026:13:27:42 -0400] "GET /wp-includes/IXR/assets/ HTTP/1.1" 200 379 "-" "Mozilla/5.0 (Windows NT 10.0; rv:78.0) Gecko/20100101 Firefox/78.0"
34.22.217.74 - - [25/Jun/2026:13:27:42 -0400] "GET /wp-includes/IXR/assets/v3/ HTTP/1.1" 200 382 "-" "Mozilla/5.0 (Windows NT 10.0; rv:78.0) Gecko/20100101 Firefox/78.0"
34.22.217.74 - - [25/Jun/2026:13:27:42 -0400] "GET /wp-includes/IXR/assets/v3/files/ HTTP/1.1" 200 386 "-" "Mozilla/5.0 (Windows NT 10.0; rv:78.0) Gecko/20100101 Firefox/78.0"
34.22.217.74 - - [25/Jun/2026:13:27:43 -0400] "GET /wp-includes/IXR/assets/v3/files/xgmu/ HTTP/1.1" 200 391 "-" "Mozilla/5.0 (Windows NT 10.0; rv:78.0) Gecko/20100101 Firefox/78.0"
34.22.217.74 - - [25/Jun/2026:13:27:43 -0400] "GET /wp-includes/IXR/assets/v3/files/xgmu/xscmb/ HTTP/1.1" 200 403 "-" "Mozilla/5.0 (Windows NT 10.0; rv:78.0) Gecko/20100101 Firefox/78.0"
34.22.217.74 - - [25/Jun/2026:13:27:43 -0400] "GET /wp-includes/PHPMailer/ HTTP/1.1" 200 551 "-" "Mozilla/5.0 (Windows NT 10.0; rv:78.0) Gecko/20100101 Firefox/78.0"
34.22.217.74 - - [25/Jun/2026:13:27:43 -0400] "GET /wp-includes/PHPMailer/css/ HTTP/1.1" 200 382 "-" "Mozilla/5.0 (Windows NT 10.0; rv:78.0) Gecko/20100101 Firefox/78.0"
34.22.217.74 - - [25/Jun/2026:13:27:44 -0400] "GET /wp-includes/PHPMailer/css/2025/ HTTP/1.1" 200 387 "-" "Mozilla/5.0 (Windows NT 10.0; rv:78.0) Gecko/20100101 Firefox/78.0"
34.22.217.74 - - [25/Jun/2026:13:27:44 -0400] "GET /wp-includes/PHPMailer/css/2025/build/ HTTP/1.1" 200 390 "-" "Mozilla/5.0 (Windows NT 10.0; rv:78.0) Gecko/20100101 Firefox/78.0"
34.22.217.74 - - [25/Jun/2026:13:27:44 -0400] "GET /wp-includes/PHPMailer/css/2025/build/v1/ HTTP/1.1" 200 393 "-" "Mozilla/5.0 (Windows NT 10.0; rv:78.0) Gecko/20100101 Firefox/78.0"
34.22.217.74 - - [25/Jun/2026:13:27:44 -0400] "GET /wp-includes/PHPMailer/css/2025/build/v1/hzf/ HTTP/1.1" 403 14 "-" "Mozilla/5.0 (Windows NT 10.0; rv:78.0) Gecko/20100101 Firefox/78.0"
154.16.4.155 - - [25/Jun/2026:13:27:44 -0400] "GET /test/2025/10/02/wygrywajce-liczby-w-keno-w-sobot/ HTTP/1.1" 200 25563 "https://laratrends.nl/" "Mozilla/5.0 (Windows NT 10.0; Win64; x64) AppleWebKit/537.36 (KHTML, like Gecko) Chrome/144.0.0.0 Safari/537.36"
34.22.217.74 - - [25/Jun/2026:13:27:45 -0400] "GET /wp-includes/Requests/ HTTP/1.1" 200 395 "-" "Mozilla/5.0 (Windows NT 10.0; rv:78.0) Gecko/20100101 Firefox/78.0"
34.22.217.74 - - [25/Jun/2026:13:27:45 -0400] "GET /wp-includes/Requests/library/ HTTP/1.1" 200 387 "-" "Mozilla/5.0 (Windows NT 10.0; rv:78.0) Gecko/20100101 Firefox/78.0"
34.22.217.74 - - [25/Jun/2026:13:27:45 -0400] "GET /wp-includes/Requests/src/ HTTP/1.1" 200 800 "-" "Mozilla/5.0 (Windows NT 10.0; rv:78.0) Gecko/20100101 Firefox/78.0"
34.22.217.74 - - [25/Jun/2026:13:27:46 -0400] "GET /wp-includes/Requests/src/Auth/ HTTP/1.1" 200 388 "-" "Mozilla/5.0 (Windows NT 10.0; rv:78.0) Gecko/20100101 Firefox/78.0"
34.22.217.74 - - [25/Jun/2026:13:27:46 -0400] "GET /wp-includes/Requests/src/Cookie/ HTTP/1.1" 200 388 "-" "Mozilla/5.0 (Windows NT 10.0; rv:78.0) Gecko/20100101 Firefox/78.0"
34.22.217.74 - - [25/Jun/2026:13:27:47 -0400] "GET /wp-includes/Requests/src/Exception/ HTTP/1.1" 200 493 "-" "Mozilla/5.0 (Windows NT 10.0; rv:78.0) Gecko/20100101 Firefox/78.0"
34.22.217.74 - - [25/Jun/2026:13:27:47 -0400] "GET /wp-includes/Requests/src/Exception/Http/ HTTP/1.1" 200 728 "-" "Mozilla/5.0 (Windows NT 10.0; rv:78.0) Gecko/20100101 Firefox/78.0"
154.16.4.155 - - [25/Jun/2026:13:27:48 -0400] "GET /test/wp-content/themes/pressmart/style.css?ver=7.0 HTTP/1.1" 304 - "https://laratrends.nl/test/2025/10/02/wygrywajce-liczby-w-keno-w-sobot/" "Mozilla/5.0 (Windows NT 10.0; Win64; x64) AppleWebKit/537.36 (KHTML, like Gecko) Chrome/149.0.0.0 Safari/537.36"
34.22.217.74 - - [25/Jun/2026:13:27:48 -0400] "GET /wp-includes/Requests/src/Exception/Transport/ HTTP/1.1" 200 403 "-" "Mozilla/5.0 (Windows NT 10.0; rv:78.0) Gecko/20100101 Firefox/78.0"
34.22.217.74 - - [25/Jun/2026:13:27:48 -0400] "GET /wp-includes/Requests/src/Proxy/ HTTP/1.1" 200 390 "-" "Mozilla/5.0 (Windows NT 10.0; rv:78.0) Gecko/20100101 Firefox/78.0"
34.22.217.74 - - [25/Jun/2026:13:27:48 -0400] "GET /wp-includes/Requests/src/Response/ HTTP/1.1" 200 394 "-" "Mozilla/5.0 (Windows NT 10.0; rv:78.0) Gecko/20100101 Firefox/78.0"
34.22.217.74 - - [25/Jun/2026:13:27:48 -0400] "GET /wp-includes/Requests/src/Transport/ HTTP/1.1" 200 431 "-" "Mozilla/5.0 (Windows NT 10.0; rv:78.0) Gecko/20100101 Firefox/78.0"
34.22.217.74 - - [25/Jun/2026:13:27:49 -0400] "GET /wp-includes/Requests/src/Utility/ HTTP/1.1" 200 471 "-" "Mozilla/5.0 (Windows NT 10.0; rv:78.0) Gecko/20100101 Firefox/78.0"
34.22.217.74 - - [25/Jun/2026:13:27:49 -0400] "GET /wp-includes/SimplePie/ HTTP/1.1" 200 429 "-" "Mozilla/5.0 (Windows NT 10.0; rv:78.0) Gecko/20100101 Firefox/78.0"
34.22.217.74 - - [25/Jun/2026:13:27:49 -0400] "GET /wp-includes/SimplePie/library/ HTTP/1.1" 200 413 "-" "Mozilla/5.0 (Windows NT 10.0; rv:78.0) Gecko/20100101 Firefox/78.0"
154.16.4.155 - - [25/Jun/2026:13:27:50 -0400] "GET /test/wp-content/themes/pressmart/assets/css/bootstrap-grid.css?ver=4.1.3 HTTP/1.1" 304 - "https://laratrends.nl/test/2025/10/02/wygrywajce-liczby-w-keno-w-sobot/" "Mozilla/5.0 (Windows NT 10.0; Win64; x64) AppleWebKit/537.36 (KHTML, like Gecko) Chrome/149.0.0.0 Safari/537.36"
34.22.217.74 - - [25/Jun/2026:13:27:49 -0400] "GET /wp-includes/SimplePie/library/SimplePie/ HTTP/1.1" 200 758 "-" "Mozilla/5.0 (Windows NT 10.0; rv:78.0) Gecko/20100101 Firefox/78.0"
34.22.217.74 - - [25/Jun/2026:13:27:50 -0400] "GET /wp-includes/SimplePie/library/SimplePie/Cache/ HTTP/1.1" 200 491 "-" "Mozilla/5.0 (Windows NT 10.0; rv:78.0) Gecko/20100101 Firefox/78.0"
34.22.217.74 - - [25/Jun/2026:13:27:50 -0400] "GET /wp-includes/SimplePie/library/SimplePie/Content/ HTTP/1.1" 200 393 "-" "Mozilla/5.0 (Windows NT 10.0; rv:78.0) Gecko/20100101 Firefox/78.0"
34.22.217.74 - - [25/Jun/2026:13:27:51 -0400] "GET /wp-includes/SimplePie/library/SimplePie/Content/Type/ HTTP/1.1" 200 402 "-" "Mozilla/5.0 (Windows NT 10.0; rv:78.0) Gecko/20100101 Firefox/78.0"
34.22.217.74 - - [25/Jun/2026:13:27:51 -0400] "GET /wp-includes/SimplePie/library/SimplePie/Decode/ HTTP/1.1" 200 392 "-" "Mozilla/5.0 (Windows NT 10.0; rv:78.0) Gecko/20100101 Firefox/78.0"
154.16.4.155 - - [25/Jun/2026:13:27:51 -0400] "GET /test/wp-content/themes/pressmart/assets/css/presslayouts-font.css?ver=1.0 HTTP/1.1" 304 - "https://laratrends.nl/test/2025/10/02/wygrywajce-liczby-w-keno-w-sobot/" "Mozilla/5.0 (Windows NT 10.0; Win64; x64) AppleWebKit/537.36 (KHTML, like Gecko) Chrome/149.0.0.0 Safari/537.36"
34.22.217.74 - - [25/Jun/2026:13:27:51 -0400] "GET /wp-includes/SimplePie/library/SimplePie/Decode/HTML/ HTTP/1.1" 200 402 "-" "Mozilla/5.0 (Windows NT 10.0; rv:78.0) Gecko/20100101 Firefox/78.0"
34.22.217.74 - - [25/Jun/2026:13:27:51 -0400] "GET /wp-includes/SimplePie/library/SimplePie/HTTP/ HTTP/1.1" 200 398 "-" "Mozilla/5.0 (Windows NT 10.0; rv:78.0) Gecko/20100101 Firefox/78.0"
34.22.217.74 - - [25/Jun/2026:13:27:52 -0400] "GET /wp-includes/SimplePie/library/SimplePie/Net/ HTTP/1.1" 200 396 "-" "Mozilla/5.0 (Windows NT 10.0; rv:78.0) Gecko/20100101 Firefox/78.0"
34.22.217.74 - - [25/Jun/2026:13:27:52 -0400] "GET /wp-includes/SimplePie/library/SimplePie/Parse/ HTTP/1.1" 200 397 "-" "Mozilla/5.0 (Windows NT 10.0; rv:78.0) Gecko/20100101 Firefox/78.0"
34.22.217.74 - - [25/Jun/2026:13:27:52 -0400] "GET /wp-includes/SimplePie/library/SimplePie/XML/ HTTP/1.1" 200 397 "-" "Mozilla/5.0 (Windows NT 10.0; rv:78.0) Gecko/20100101 Firefox/78.0"
34.22.217.74 - - [25/Jun/2026:13:27:52 -0400] "GET /wp-includes/SimplePie/library/SimplePie/XML/Declaration/ HTTP/1.1" 200 405 "-" "Mozilla/5.0 (Windows NT 10.0; rv:78.0) Gecko/20100101 Firefox/78.0"
34.22.217.74 - - [25/Jun/2026:13:27:52 -0400] "GET /wp-includes/SimplePie/src/ HTTP/1.1" 200 837 "-" "Mozilla/5.0 (Windows NT 10.0; rv:78.0) Gecko/20100101 Firefox/78.0"
154.16.4.155 - - [25/Jun/2026:13:27:53 -0400] "GET /test/wp-content/themes/pressmart/assets/css/woocommerce.css?ver=7.0 HTTP/1.1" 304 - "https://laratrends.nl/test/2025/10/02/wygrywajce-liczby-w-keno-w-sobot/" "Mozilla/5.0 (Windows NT 10.0; Win64; x64) AppleWebKit/537.36 (KHTML, like Gecko) Chrome/149.0.0.0 Safari/537.36"
34.22.217.74 - - [25/Jun/2026:13:27:53 -0400] "GET /wp-includes/SimplePie/src/Cache/ HTTP/1.1" 200 565 "-" "Mozilla/5.0 (Windows NT 10.0; rv:78.0) Gecko/20100101 Firefox/78.0"
34.22.217.74 - - [25/Jun/2026:13:27:53 -0400] "GET /wp-includes/SimplePie/src/Content/ HTTP/1.1" 200 387 "-" "Mozilla/5.0 (Windows NT 10.0; rv:78.0) Gecko/20100101 Firefox/78.0"
34.22.217.74 - - [25/Jun/2026:13:27:54 -0400] "GET /wp-includes/SimplePie/src/Content/Type/ HTTP/1.1" 200 399 "-" "Mozilla/5.0 (Windows NT 10.0; rv:78.0) Gecko/20100101 Firefox/78.0"
34.22.217.74 - - [25/Jun/2026:13:27:54 -0400] "GET /wp-includes/SimplePie/src/HTTP/ HTTP/1.1" 200 518 "-" "Mozilla/5.0 (Windows NT 10.0; rv:78.0) Gecko/20100101 Firefox/78.0"
34.22.217.74 - - [25/Jun/2026:13:27:54 -0400] "GET /wp-includes/SimplePie/src/Net/ HTTP/1.1" 200 392 "-" "Mozilla/5.0 (Windows NT 10.0; rv:78.0) Gecko/20100101 Firefox/78.0"
34.22.217.74 - - [25/Jun/2026:13:27:54 -0400] "GET /wp-includes/SimplePie/src/Parse/ HTTP/1.1" 200 392 "-" "Mozilla/5.0 (Windows NT 10.0; rv:78.0) Gecko/20100101 Firefox/78.0"
154.16.4.155 - - [25/Jun/2026:13:27:54 -0400] "GET /test/wp-content/themes/pressmart/assets/css/owl.carousel.min.css?ver=2.3.4 HTTP/1.1" 304 - "https://laratrends.nl/test/2025/10/02/wygrywajce-liczby-w-keno-w-sobot/" "Mozilla/5.0 (Windows NT 10.0; Win64; x64) AppleWebKit/537.36 (KHTML, like Gecko) Chrome/149.0.0.0 Safari/537.36"
34.22.217.74 - - [25/Jun/2026:13:27:55 -0400] "GET /wp-includes/SimplePie/src/XML/ HTTP/1.1" 200 416 "-" "Mozilla/5.0 (Windows NT 10.0; rv:78.0) Gecko/20100101 Firefox/78.0"
34.22.217.74 - - [25/Jun/2026:13:27:55 -0400] "GET /wp-includes/SimplePie/src/XML/Declaration/ HTTP/1.1" 200 402 "-" "Mozilla/5.0 (Windows NT 10.0; rv:78.0) Gecko/20100101 Firefox/78.0"
34.22.217.74 - - [25/Jun/2026:13:27:55 -0400] "GET /wp-includes/SimplePie/src/XML/v3/ HTTP/1.1" 200 388 "-" "Mozilla/5.0 (Windows NT 10.0; rv:78.0) Gecko/20100101 Firefox/78.0"
34.22.217.74 - - [25/Jun/2026:13:27:55 -0400] "GET /wp-includes/SimplePie/src/XML/v3/zjrsr/ HTTP/1.1" 200 426 "-" "Mozilla/5.0 (Windows NT 10.0; rv:78.0) Gecko/20100101 Firefox/78.0"
154.16.4.155 - - [25/Jun/2026:13:27:56 -0400] "GET /test/wp-content/themes/pressmart/assets/css/slick.css?ver=1.9.0 HTTP/1.1" 200 485 "https://laratrends.nl/test/2025/10/02/wygrywajce-liczby-w-keno-w-sobot/" "Mozilla/5.0 (Windows NT 10.0; Win64; x64) AppleWebKit/537.36 (KHTML, like Gecko) Chrome/149.0.0.0 Safari/537.36"
34.22.217.74 - - [25/Jun/2026:13:27:56 -0400] "GET /wp-includes/Text/ HTTP/1.1" 200 440 "-" "Mozilla/5.0 (Windows NT 10.0; rv:78.0) Gecko/20100101 Firefox/78.0"
34.22.217.74 - - [25/Jun/2026:13:27:56 -0400] "GET /wp-includes/Text/Diff/ HTTP/1.1" 200 438 "-" "Mozilla/5.0 (Windows NT 10.0; rv:78.0) Gecko/20100101 Firefox/78.0"
34.22.217.74 - - [25/Jun/2026:13:27:56 -0400] "GET /wp-includes/Text/Diff/Engine/ HTTP/1.1" 200 452 "-" "Mozilla/5.0 (Windows NT 10.0; rv:78.0) Gecko/20100101 Firefox/78.0"
34.22.217.74 - - [25/Jun/2026:13:27:56 -0400] "GET /wp-includes/Text/Diff/Renderer/ HTTP/1.1" 200 439 "-" "Mozilla/5.0 (Windows NT 10.0; rv:78.0) Gecko/20100101 Firefox/78.0"
154.16.4.155 - - [25/Jun/2026:13:27:57 -0400] "GET /test/wp-content/themes/pressmart/assets/css/magnific-popup.css?ver=1.1.0 HTTP/1.1" 304 - "https://laratrends.nl/test/2025/10/02/wygrywajce-liczby-w-keno-w-sobot/" "Mozilla/5.0 (Windows NT 10.0; Win64; x64) AppleWebKit/537.36 (KHTML, like Gecko) Chrome/149.0.0.0 Safari/537.36"
34.22.217.74 - - [25/Jun/2026:13:27:57 -0400] "GET /wp-includes/abilities-api/ HTTP/1.1" 200 456 "-" "Mozilla/5.0 (Windows NT 10.0; rv:78.0) Gecko/20100101 Firefox/78.0"
34.22.217.74 - - [25/Jun/2026:13:27:57 -0400] "GET /wp-includes/assets/ HTTP/1.1" 200 531 "-" "Mozilla/5.0 (Windows NT 10.0; rv:78.0) Gecko/20100101 Firefox/78.0"
34.22.217.74 - - [25/Jun/2026:13:27:57 -0400] "GET /wp-includes/assets/build/ HTTP/1.1" 200 381 "-" "Mozilla/5.0 (Windows NT 10.0; rv:78.0) Gecko/20100101 Firefox/78.0"
34.22.217.74 - - [25/Jun/2026:13:27:58 -0400] "GET /wp-includes/assets/build/ythpj/ HTTP/1.1" 200 391 "-" "Mozilla/5.0 (Windows NT 10.0; rv:78.0) Gecko/20100101 Firefox/78.0"
154.16.4.155 - - [25/Jun/2026:13:27:58 -0400] "GET /test/wp-content/themes/pressmart/assets/css/animate.min.css?ver=3.7.2 HTTP/1.1" 304 - "https://laratrends.nl/test/2025/10/02/wygrywajce-liczby-w-keno-w-sobot/" "Mozilla/5.0 (Windows NT 10.0; Win64; x64) AppleWebKit/537.36 (KHTML, like Gecko) Chrome/149.0.0.0 Safari/537.36"
34.22.217.74 - - [25/Jun/2026:13:27:58 -0400] "GET /wp-includes/block-bindings/ HTTP/1.1" 200 494 "-" "Mozilla/5.0 (Windows NT 10.0; rv:78.0) Gecko/20100101 Firefox/78.0"
34.22.217.74 - - [25/Jun/2026:13:27:58 -0400] "GET /wp-includes/block-bindings/dist/ HTTP/1.1" 200 387 "-" "Mozilla/5.0 (Windows NT 10.0; rv:78.0) Gecko/20100101 Firefox/78.0"
34.22.217.74 - - [25/Jun/2026:13:27:58 -0400] "GET /wp-includes/block-bindings/dist/bwcu/ HTTP/1.1" 200 1245 "-" "Mozilla/5.0 (Windows NT 10.0; rv:78.0) Gecko/20100101 Firefox/78.0"
34.22.217.74 - - [25/Jun/2026:13:27:58 -0400] "GET /wp-includes/block-patterns/ HTTP/1.1" 200 570 "-" "Mozilla/5.0 (Windows NT 10.0; rv:78.0) Gecko/20100101 Firefox/78.0"
2a03:2880:f800:1c:: - - [25/Jun/2026:13:27:59 -0400] "GET /gratis-free-spins-zonder-storting/ HTTP/1.1" 404 - "-" "meta-externalagent/1.1 (+https://developers.facebook.com/docs/sharing/webmasters/crawler)"
34.22.217.74 - - [25/Jun/2026:13:27:59 -0400] "GET /wp-includes/block-patterns/v1/ HTTP/1.1" 200 386 "-" "Mozilla/5.0 (Windows NT 10.0; rv:78.0) Gecko/20100101 Firefox/78.0"
154.16.4.155 - - [25/Jun/2026:13:27:59 -0400] "GET /test/wp-content/themes/pressmart/assets/css/theme.css?ver=7.0 HTTP/1.1" 304 - "https://laratrends.nl/test/2025/10/02/wygrywajce-liczby-w-keno-w-sobot/" "Mozilla/5.0 (Windows NT 10.0; Win64; x64) AppleWebKit/537.36 (KHTML, like Gecko) Chrome/149.0.0.0 Safari/537.36"
34.22.217.74 - - [25/Jun/2026:13:27:59 -0400] "GET /wp-includes/block-patterns/v1/jenyt/ HTTP/1.1" 200 4857 "-" "Mozilla/5.0 (Windows NT 10.0; rv:78.0) Gecko/20100101 Firefox/78.0"
34.22.217.74 - - [25/Jun/2026:13:28:01 -0400] "GET /wp-includes/block-supports/ HTTP/1.1" 200 870 "-" "Mozilla/5.0 (Windows NT 10.0; rv:78.0) Gecko/20100101 Firefox/78.0"
34.22.217.74 - - [25/Jun/2026:13:28:01 -0400] "GET /wp-includes/block-supports/build/ HTTP/1.1" 200 402 "-" "Mozilla/5.0 (Windows NT 10.0; rv:78.0) Gecko/20100101 Firefox/78.0"
34.22.217.74 - - [25/Jun/2026:13:28:01 -0400] "GET /wp-includes/block-supports/build/dist/ HTTP/1.1" 200 393 "-" "Mozilla/5.0 (Windows NT 10.0; rv:78.0) Gecko/20100101 Firefox/78.0"
34.22.217.74 - - [25/Jun/2026:13:28:02 -0400] "GET /wp-includes/block-supports/build/dist/ljqxa/ HTTP/1.1" 200 396 "-" "Mozilla/5.0 (Windows NT 10.0; rv:78.0) Gecko/20100101 Firefox/78.0"
34.22.217.74 - - [25/Jun/2026:13:28:02 -0400] "GET /wp-includes/block-supports/build/dist/ljqxa/rcnm/ HTTP/1.1" 200 411 "-" "Mozilla/5.0 (Windows NT 10.0; rv:78.0) Gecko/20100101 Firefox/78.0"
34.22.217.74 - - [25/Jun/2026:13:28:02 -0400] "GET /wp-includes/block-supports/build/images/ HTTP/1.1" 200 392 "-" "Mozilla/5.0 (Windows NT 10.0; rv:78.0) Gecko/20100101 Firefox/78.0"
34.22.217.74 - - [25/Jun/2026:13:28:02 -0400] "GET /wp-includes/block-supports/build/images/images/ HTTP/1.1" 200 394 "-" "Mozilla/5.0 (Windows NT 10.0; rv:78.0) Gecko/20100101 Firefox/78.0"
34.22.217.74 - - [25/Jun/2026:13:28:03 -0400] "GET /wp-includes/block-supports/build/images/images/v2/ HTTP/1.1" 200 397 "-" "Mozilla/5.0 (Windows NT 10.0; rv:78.0) Gecko/20100101 Firefox/78.0"
34.22.217.74 - - [25/Jun/2026:13:28:03 -0400] "GET /wp-includes/block-supports/build/images/images/v2/kfbl/ HTTP/1.1" 200 366 "-" "Mozilla/5.0 (Windows NT 10.0; rv:78.0) Gecko/20100101 Firefox/78.0"
34.22.217.74 - - [25/Jun/2026:13:28:03 -0400] "GET /wp-includes/blocks/ HTTP/1.1" 200 22 "-" "Mozilla/5.0 (Windows NT 10.0; rv:78.0) Gecko/20100101 Firefox/78.0"
34.22.217.74 - - [25/Jun/2026:13:28:03 -0400] "GET /wp-includes/certificates/ HTTP/1.1" 200 389 "-" "Mozilla/5.0 (Windows NT 10.0; rv:78.0) Gecko/20100101 Firefox/78.0"
34.22.217.74 - - [25/Jun/2026:13:28:03 -0400] "GET /wp-includes/css/ HTTP/1.1" 200 1066 "-" "Mozilla/5.0 (Windows NT 10.0; rv:78.0) Gecko/20100101 Firefox/78.0"
34.22.217.74 - - [25/Jun/2026:13:28:04 -0400] "GET /wp-includes/css/dist/ HTTP/1.1" 200 687 "-" "Mozilla/5.0 (Windows NT 10.0; rv:78.0) Gecko/20100101 Firefox/78.0"
34.22.217.74 - - [25/Jun/2026:13:28:05 -0400] "GET /wp-includes/css/dist/admin-ui/ HTTP/1.1" 200 427 "-" "Mozilla/5.0 (Windows NT 10.0; rv:78.0) Gecko/20100101 Firefox/78.0"
154.16.4.155 - - [25/Jun/2026:13:28:05 -0400] "POST /test/wp-comments-post.php HTTP/1.1" 302 6577 "https://laratrends.nl/test/2025/10/02/wygrywajce-liczby-w-keno-w-sobot/" "Mozilla/5.0 (Windows NT 10.0; Win64; x64) AppleWebKit/537.36 (KHTML, like Gecko) Chrome/144.0.0.0 Safari/537.36"
34.22.217.74 - - [25/Jun/2026:13:28:05 -0400] "GET /wp-includes/css/dist/base-styles/ HTTP/1.1" 200 446 "-" "Mozilla/5.0 (Windows NT 10.0; rv:78.0) Gecko/20100101 Firefox/78.0"
34.22.217.74 - - [25/Jun/2026:13:28:05 -0400] "GET /wp-includes/css/dist/block-directory/ HTTP/1.1" 200 435 "-" "Mozilla/5.0 (Windows NT 10.0; rv:78.0) Gecko/20100101 Firefox/78.0"
34.22.217.74 - - [25/Jun/2026:13:28:05 -0400] "GET /wp-includes/css/dist/block-editor/ HTTP/1.1" 200 553 "-" "Mozilla/5.0 (Windows NT 10.0; rv:78.0) Gecko/20100101 Firefox/78.0"
34.22.217.74 - - [25/Jun/2026:13:28:06 -0400] "GET /wp-includes/css/dist/block-library/ HTTP/1.1" 200 825 "-" "Mozilla/5.0 (Windows NT 10.0; rv:78.0) Gecko/20100101 Firefox/78.0"
34.22.217.74 - - [25/Jun/2026:13:28:06 -0400] "GET /wp-includes/css/dist/commands/ HTTP/1.1" 200 431 "-" "Mozilla/5.0 (Windows NT 10.0; rv:78.0) Gecko/20100101 Firefox/78.0"
34.22.217.74 - - [25/Jun/2026:13:28:07 -0400] "GET /wp-includes/css/dist/components/ HTTP/1.1" 200 433 "-" "Mozilla/5.0 (Windows NT 10.0; rv:78.0) Gecko/20100101 Firefox/78.0"
34.22.217.74 - - [25/Jun/2026:13:28:07 -0400] "GET /wp-includes/css/dist/customize-widgets/ HTTP/1.1" 200 438 "-" "Mozilla/5.0 (Windows NT 10.0; rv:78.0) Gecko/20100101 Firefox/78.0"
154.16.4.155 - - [25/Jun/2026:13:28:07 -0400] "GET /test/2025/10/02/wygrywajce-liczby-w-keno-w-sobot/?unapproved=691&moderation-hash=8396750dfe5462fd45e6bef62b4fb9aa HTTP/1.1" 200 26286 "https://laratrends.nl/test/wp-comments-post.php" "Mozilla/5.0 (Windows NT 10.0; Win64; x64) AppleWebKit/537.36 (KHTML, like Gecko) Chrome/144.0.0.0 Safari/537.36"
34.22.217.74 - - [25/Jun/2026:13:28:07 -0400] "GET /wp-includes/css/dist/edit-post/ HTTP/1.1" 200 476 "-" "Mozilla/5.0 (Windows NT 10.0; rv:78.0) Gecko/20100101 Firefox/78.0"
34.22.217.74 - - [25/Jun/2026:13:28:07 -0400] "GET /wp-includes/css/dist/edit-site/ HTTP/1.1" 200 473 "-" "Mozilla/5.0 (Windows NT 10.0; rv:78.0) Gecko/20100101 Firefox/78.0"
34.22.217.74 - - [25/Jun/2026:13:28:08 -0400] "GET /wp-includes/css/dist/edit-widgets/ HTTP/1.1" 200 429 "-" "Mozilla/5.0 (Windows NT 10.0; rv:78.0) Gecko/20100101 Firefox/78.0"
34.22.217.74 - - [25/Jun/2026:13:28:08 -0400] "GET /wp-includes/css/dist/editor/ HTTP/1.1" 200 426 "-" "Mozilla/5.0 (Windows NT 10.0; rv:78.0) Gecko/20100101 Firefox/78.0"
34.22.217.74 - - [25/Jun/2026:13:28:08 -0400] "GET /wp-includes/css/dist/format-library/ HTTP/1.1" 200 462 "-" "Mozilla/5.0 (Windows NT 10.0; rv:78.0) Gecko/20100101 Firefox/78.0"
34.22.217.74 - - [25/Jun/2026:13:28:08 -0400] "GET /wp-includes/css/dist/format-library/assets/ HTTP/1.1" 200 393 "-" "Mozilla/5.0 (Windows NT 10.0; rv:78.0) Gecko/20100101 Firefox/78.0"
34.22.217.74 - - [25/Jun/2026:13:28:09 -0400] "GET /wp-includes/css/dist/format-library/assets/data/ HTTP/1.1" 200 400 "-" "Mozilla/5.0 (Windows NT 10.0; rv:78.0) Gecko/20100101 Firefox/78.0"
34.22.217.74 - - [25/Jun/2026:13:28:09 -0400] "GET /wp-includes/css/dist/format-library/assets/data/resources/ HTTP/1.1" 200 403 "-" "Mozilla/5.0 (Windows NT 10.0; rv:78.0) Gecko/20100101 Firefox/78.0"
34.22.217.74 - - [25/Jun/2026:13:28:09 -0400] "GET /wp-includes/css/dist/format-library/assets/data/resources/src/ HTTP/1.1" 200 407 "-" "Mozilla/5.0 (Windows NT 10.0; rv:78.0) Gecko/20100101 Firefox/78.0"
216.73.217.104 - - [25/Jun/2026:13:28:09 -0400] "GET /wp-includes/php-compat/cache/gtsa/?C=N&O=D HTTP/1.1" 200 391 "-" "Mozilla/5.0 AppleWebKit/537.36 (KHTML, like Gecko; compatible; ClaudeBot/1.0; +claudebot@anthropic.com)"
216.73.217.104 - - [25/Jun/2026:13:28:09 -0400] "GET /wp-includes/css/dist/patterns/?C=S&O=A HTTP/1.1" 200 427 "-" "Mozilla/5.0 AppleWebKit/537.36 (KHTML, like Gecko; compatible; ClaudeBot/1.0; +claudebot@anthropic.com)"
34.22.217.74 - - [25/Jun/2026:13:28:09 -0400] "GET /wp-includes/css/dist/format-library/assets/data/resources/src/hajzx/ HTTP/1.1" 200 410 "-" "Mozilla/5.0 (Windows NT 10.0; rv:78.0) Gecko/20100101 Firefox/78.0"
216.73.217.104 - - [25/Jun/2026:13:28:09 -0400] "GET /wp-includes/Text/Diff/Renderer/?C=S&O=A HTTP/1.1" 200 439 "-" "Mozilla/5.0 AppleWebKit/537.36 (KHTML, like Gecko; compatible; ClaudeBot/1.0; +claudebot@anthropic.com)"
34.22.217.74 - - [25/Jun/2026:13:28:09 -0400] "GET /wp-includes/css/dist/format-library/assets/data/resources/src/hajzx/wmy/ HTTP/1.1" 200 378 "-" "Mozilla/5.0 (Windows NT 10.0; rv:78.0) Gecko/20100101 Firefox/78.0"
2a03:2880:f800:45:: - - [25/Jun/2026:13:28:10 -0400] "GET /items/N189502662/ HTTP/1.1" 404 - "-" "meta-externalagent/1.1 (+https://developers.facebook.com/docs/sharing/webmasters/crawler)"
34.22.217.74 - - [25/Jun/2026:13:28:10 -0400] "GET /wp-includes/css/dist/list-reusable-blocks/ HTTP/1.1" 200 440 "-" "Mozilla/5.0 (Windows NT 10.0; rv:78.0) Gecko/20100101 Firefox/78.0"
154.16.4.155 - - [25/Jun/2026:13:28:10 -0400] "GET /test/2025/10/02/wygrywajce-liczby-w-keno-w-sobot/ HTTP/1.1" 200 25563 "-" "Mozilla/5.0 (compatible; Googlebot/2.1; +http://www.google.com/bot.html)"
34.22.217.74 - - [25/Jun/2026:13:28:10 -0400] "GET /wp-includes/css/dist/nux/ HTTP/1.1" 200 424 "-" "Mozilla/5.0 (Windows NT 10.0; rv:78.0) Gecko/20100101 Firefox/78.0"
2a03:2880:f800:34:: - - [25/Jun/2026:13:28:10 -0400] "GET /gratis-fruitautomaten/ HTTP/1.1" 404 - "-" "meta-externalagent/1.1 (+https://developers.facebook.com/docs/sharing/webmasters/crawler)"
216.73.217.104 - - [25/Jun/2026:13:28:10 -0400] "GET /wp-includes/css/dist/patterns/?C=D&O=A HTTP/1.1" 200 427 "-" "Mozilla/5.0 AppleWebKit/537.36 (KHTML, like Gecko; compatible; ClaudeBot/1.0; +claudebot@anthropic.com)"
34.22.217.74 - - [25/Jun/2026:13:28:10 -0400] "GET /wp-includes/css/dist/patterns/ HTTP/1.1" 200 427 "-" "Mozilla/5.0 (Windows NT 10.0; rv:78.0) Gecko/20100101 Firefox/78.0"
34.22.217.74 - - [25/Jun/2026:13:28:10 -0400] "GET /wp-includes/css/dist/preferences/ HTTP/1.1" 200 428 "-" "Mozilla/5.0 (Windows NT 10.0; rv:78.0) Gecko/20100101 Firefox/78.0"
34.22.217.74 - - [25/Jun/2026:13:28:11 -0400] "GET /wp-includes/css/dist/reusable-blocks/ HTTP/1.1" 200 438 "-" "Mozilla/5.0 (Windows NT 10.0; rv:78.0) Gecko/20100101 Firefox/78.0"
34.22.217.74 - - [25/Jun/2026:13:28:11 -0400] "GET /wp-includes/css/dist/widgets/ HTTP/1.1" 200 428 "-" "Mozilla/5.0 (Windows NT 10.0; rv:78.0) Gecko/20100101 Firefox/78.0"
34.22.217.74 - - [25/Jun/2026:13:28:11 -0400] "GET /wp-includes/customize/ HTTP/1.1" 200 1161 "-" "Mozilla/5.0 (Windows NT 10.0; rv:78.0) Gecko/20100101 Firefox/78.0"
34.22.217.74 - - [25/Jun/2026:13:28:12 -0400] "GET /wp-includes/customize/2023/ HTTP/1.1" 200 382 "-" "Mozilla/5.0 (Windows NT 10.0; rv:78.0) Gecko/20100101 Firefox/78.0"
34.22.217.74 - - [25/Jun/2026:13:28:12 -0400] "GET /wp-includes/customize/2023/src/ HTTP/1.1" 200 384 "-" "Mozilla/5.0 (Windows NT 10.0; rv:78.0) Gecko/20100101 Firefox/78.0"
34.22.217.74 - - [25/Jun/2026:13:28:12 -0400] "GET /wp-includes/customize/2023/src/docs/ HTTP/1.1" 200 389 "-" "Mozilla/5.0 (Windows NT 10.0; rv:78.0) Gecko/20100101 Firefox/78.0"
34.22.217.74 - - [25/Jun/2026:13:28:13 -0400] "GET /wp-includes/customize/2023/src/docs/zqdwy/ HTTP/1.1" 200 394 "-" "Mozilla/5.0 (Windows NT 10.0; rv:78.0) Gecko/20100101 Firefox/78.0"
34.22.217.74 - - [25/Jun/2026:13:28:13 -0400] "GET /wp-includes/customize/2023/src/docs/zqdwy/kmnz/ HTTP/1.1" 200 4119 "-" "Mozilla/5.0 (Windows NT 10.0; rv:78.0) Gecko/20100101 Firefox/78.0"
34.22.217.74 - - [25/Jun/2026:13:28:13 -0400] "GET /wp-includes/fonts/ HTTP/1.1" 200 594 "-" "Mozilla/5.0 (Windows NT 10.0; rv:78.0) Gecko/20100101 Firefox/78.0"
34.22.217.74 - - [25/Jun/2026:13:28:13 -0400] "GET /wp-includes/html-api/ HTTP/1.1" 200 774 "-" "Mozilla/5.0 (Windows NT 10.0; rv:78.0) Gecko/20100101 Firefox/78.0"
34.22.217.74 - - [25/Jun/2026:13:28:14 -0400] "GET /wp-includes/html-api/backup/ HTTP/1.1" 200 382 "-" "Mozilla/5.0 (Windows NT 10.0; rv:78.0) Gecko/20100101 Firefox/78.0"
34.22.217.74 - - [25/Jun/2026:13:28:14 -0400] "GET /wp-includes/html-api/backup/cache/ HTTP/1.1" 200 386 "-" "Mozilla/5.0 (Windows NT 10.0; rv:78.0) Gecko/20100101 Firefox/78.0"
34.22.217.74 - - [25/Jun/2026:13:28:14 -0400] "GET /wp-includes/html-api/backup/cache/assets/ HTTP/1.1" 200 391 "-" "Mozilla/5.0 (Windows NT 10.0; rv:78.0) Gecko/20100101 Firefox/78.0"
34.22.217.74 - - [25/Jun/2026:13:28:15 -0400] "GET /wp-includes/html-api/backup/cache/assets/src/ HTTP/1.1" 200 397 "-" "Mozilla/5.0 (Windows NT 10.0; rv:78.0) Gecko/20100101 Firefox/78.0"
34.22.217.74 - - [25/Jun/2026:13:28:15 -0400] "GET /wp-includes/html-api/backup/cache/assets/src/resources/ HTTP/1.1" 200 404 "-" "Mozilla/5.0 (Windows NT 10.0; rv:78.0) Gecko/20100101 Firefox/78.0"
34.22.217.74 - - [25/Jun/2026:13:28:15 -0400] "GET /wp-includes/html-api/backup/cache/assets/src/resources/kbtyu/ HTTP/1.1" 200 408 "-" "Mozilla/5.0 (Windows NT 10.0; rv:78.0) Gecko/20100101 Firefox/78.0"
34.22.217.74 - - [25/Jun/2026:13:28:15 -0400] "GET /wp-includes/html-api/backup/cache/assets/src/resources/kbtyu/eiq/ HTTP/1.1" 200 2875 "-" "Mozilla/5.0 (Windows NT 10.0; rv:78.0) Gecko/20100101 Firefox/78.0"
34.22.217.74 - - [25/Jun/2026:13:28:17 -0400] "GET /wp-includes/images/ HTTP/1.1" 200 964 "-" "Mozilla/5.0 (Windows NT 10.0; rv:78.0) Gecko/20100101 Firefox/78.0"
34.22.217.74 - - [25/Jun/2026:13:28:17 -0400] "GET /wp-includes/images/crystal/ HTTP/1.1" 200 582 "-" "Mozilla/5.0 (Windows NT 10.0; rv:78.0) Gecko/20100101 Firefox/78.0"
34.22.217.74 - - [25/Jun/2026:13:28:18 -0400] "GET /wp-includes/images/media/ HTTP/1.1" 200 664 "-" "Mozilla/5.0 (Windows NT 10.0; rv:78.0) Gecko/20100101 Firefox/78.0"
34.22.217.74 - - [25/Jun/2026:13:28:18 -0400] "GET /wp-includes/images/smilies/ HTTP/1.1" 200 792 "-" "Mozilla/5.0 (Windows NT 10.0; rv:78.0) Gecko/20100101 Firefox/78.0"
34.22.217.74 - - [25/Jun/2026:13:28:19 -0400] "GET /wp-includes/interactivity-api/ HTTP/1.1" 200 465 "-" "Mozilla/5.0 (Windows NT 10.0; rv:78.0) Gecko/20100101 Firefox/78.0"
34.22.217.74 - - [25/Jun/2026:13:28:19 -0400] "GET /wp-includes/js/ HTTP/1.1" 200 2526 "-" "Mozilla/5.0 (Windows NT 10.0; rv:78.0) Gecko/20100101 Firefox/78.0"
34.22.217.74 - - [25/Jun/2026:13:28:20 -0400] "GET /wp-includes/js/codemirror/ HTTP/1.1" 200 531 "-" "Mozilla/5.0 (Windows NT 10.0; rv:78.0) Gecko/20100101 Firefox/78.0"
34.22.217.74 - - [25/Jun/2026:13:28:21 -0400] "GET /wp-includes/js/crop/ HTTP/1.1" 200 471 "-" "Mozilla/5.0 (Windows NT 10.0; rv:78.0) Gecko/20100101 Firefox/78.0"
216.73.217.104 - - [25/Jun/2026:13:28:22 -0400] "GET /wp-includes/php-compat/cache/gtsa/?C=S&O=A HTTP/1.1" 200 394 "-" "Mozilla/5.0 AppleWebKit/537.36 (KHTML, like Gecko; compatible; ClaudeBot/1.0; +claudebot@anthropic.com)"
216.73.217.104 - - [25/Jun/2026:13:28:22 -0400] "GET /wp-includes/css/dist/edit-post/?C=N&O=D HTTP/1.1" 200 480 "-" "Mozilla/5.0 AppleWebKit/537.36 (KHTML, like Gecko; compatible; ClaudeBot/1.0; +claudebot@anthropic.com)"
216.73.217.104 - - [25/Jun/2026:13:28:22 -0400] "GET /wp-includes/php-compat/cache/gtsa/?C=D&O=A HTTP/1.1" 200 393 "-" "Mozilla/5.0 AppleWebKit/537.36 (KHTML, like Gecko; compatible; ClaudeBot/1.0; +claudebot@anthropic.com)"
34.22.217.74 - - [25/Jun/2026:13:28:21 -0400] "GET /wp-includes/js/dist/ HTTP/1.1" 200 2318 "-" "Mozilla/5.0 (Windows NT 10.0; rv:78.0) Gecko/20100101 Firefox/78.0"
216.73.217.104 - - [25/Jun/2026:13:28:22 -0400] "GET /wp-includes/php-compat/cache/gtsa/?C=M&O=A HTTP/1.1" 200 394 "-" "Mozilla/5.0 AppleWebKit/537.36 (KHTML, like Gecko; compatible; ClaudeBot/1.0; +claudebot@anthropic.com)"
34.22.217.74 - - [25/Jun/2026:13:28:23 -0400] "GET /wp-includes/js/dist/development/ HTTP/1.1" 200 454 "-" "Mozilla/5.0 (Windows NT 10.0; rv:78.0) Gecko/20100101 Firefox/78.0"
34.22.217.74 - - [25/Jun/2026:13:28:23 -0400] "GET /wp-includes/js/dist/script-modules/ HTTP/1.1" 200 468 "-" "Mozilla/5.0 (Windows NT 10.0; rv:78.0) Gecko/20100101 Firefox/78.0"
2a03:2880:f800:2d:: - - [25/Jun/2026:13:28:23 -0400] "GET /onedun-casino-nl-2025-review/ HTTP/1.1" 404 - "-" "meta-externalagent/1.1 (+https://developers.facebook.com/docs/sharing/webmasters/crawler)"
34.22.217.74 - - [25/Jun/2026:13:28:23 -0400] "GET /wp-includes/js/dist/script-modules/a11y/ HTTP/1.1" 200 430 "-" "Mozilla/5.0 (Windows NT 10.0; rv:78.0) Gecko/20100101 Firefox/78.0"
34.22.217.74 - - [25/Jun/2026:13:28:24 -0400] "GET /wp-includes/js/dist/script-modules/block-editor/ HTTP/1.1" 200 395 "-" "Mozilla/5.0 (Windows NT 10.0; rv:78.0) Gecko/20100101 Firefox/78.0"
34.22.217.74 - - [25/Jun/2026:13:28:24 -0400] "GET /wp-includes/js/dist/script-modules/block-editor/utils/ HTTP/1.1" 200 439 "-" "Mozilla/5.0 (Windows NT 10.0; rv:78.0) Gecko/20100101 Firefox/78.0"
34.22.217.74 - - [25/Jun/2026:13:28:24 -0400] "GET /wp-includes/js/dist/script-modules/block-library/ HTTP/1.1" 200 498 "-" "Mozilla/5.0 (Windows NT 10.0; rv:78.0) Gecko/20100101 Firefox/78.0"
34.22.217.74 - - [25/Jun/2026:13:28:25 -0400] "GET /wp-includes/js/dist/script-modules/block-library/accordion/ HTTP/1.1" 200 425 "-" "Mozilla/5.0 (Windows NT 10.0; rv:78.0) Gecko/20100101 Firefox/78.0"
34.22.217.74 - - [25/Jun/2026:13:28:25 -0400] "GET /wp-includes/js/dist/script-modules/block-library/file/ HTTP/1.1" 200 425 "-" "Mozilla/5.0 (Windows NT 10.0; rv:78.0) Gecko/20100101 Firefox/78.0"
34.22.217.74 - - [25/Jun/2026:13:28:25 -0400] "GET /wp-includes/js/dist/script-modules/block-library/form/ HTTP/1.1" 200 436 "-" "Mozilla/5.0 (Windows NT 10.0; rv:78.0) Gecko/20100101 Firefox/78.0"
34.22.217.74 - - [25/Jun/2026:13:28:25 -0400] "GET /wp-includes/js/dist/script-modules/block-library/image/ HTTP/1.1" 200 427 "-" "Mozilla/5.0 (Windows NT 10.0; rv:78.0) Gecko/20100101 Firefox/78.0"
34.22.217.74 - - [25/Jun/2026:13:28:25 -0400] "GET /wp-includes/js/dist/script-modules/block-library/navigation/ HTTP/1.1" 200 431 "-" "Mozilla/5.0 (Windows NT 10.0; rv:78.0) Gecko/20100101 Firefox/78.0"
34.22.217.74 - - [25/Jun/2026:13:28:26 -0400] "GET /wp-includes/js/dist/script-modules/block-library/query/ HTTP/1.1" 200 437 "-" "Mozilla/5.0 (Windows NT 10.0; rv:78.0) Gecko/20100101 Firefox/78.0"
34.22.217.74 - - [25/Jun/2026:13:28:26 -0400] "GET /wp-includes/js/dist/script-modules/block-library/search/ HTTP/1.1" 200 428 "-" "Mozilla/5.0 (Windows NT 10.0; rv:78.0) Gecko/20100101 Firefox/78.0"
34.22.217.74 - - [25/Jun/2026:13:28:26 -0400] "GET /wp-includes/js/dist/script-modules/interactivity-router/ HTTP/1.1" 200 426 "-" "Mozilla/5.0 (Windows NT 10.0; rv:78.0) Gecko/20100101 Firefox/78.0"
34.22.217.74 - - [25/Jun/2026:13:28:26 -0400] "GET /wp-includes/js/dist/script-modules/interactivity/ HTTP/1.1" 200 452 "-" "Mozilla/5.0 (Windows NT 10.0; rv:78.0) Gecko/20100101 Firefox/78.0"
34.22.217.74 - - [25/Jun/2026:13:28:27 -0400] "GET /wp-includes/js/dist/vendor/ HTTP/1.1" 200 1028 "-" "Mozilla/5.0 (Windows NT 10.0; rv:78.0) Gecko/20100101 Firefox/78.0"
34.22.217.74 - - [25/Jun/2026:13:28:27 -0400] "GET /wp-includes/js/imgareaselect/ HTTP/1.1" 200 526 "-" "Mozilla/5.0 (Windows NT 10.0; rv:78.0) Gecko/20100101 Firefox/78.0"
34.22.217.74 - - [25/Jun/2026:13:28:28 -0400] "GET /wp-includes/js/imgareaselect/img/ HTTP/1.1" 200 389 "-" "Mozilla/5.0 (Windows NT 10.0; rv:78.0) Gecko/20100101 Firefox/78.0"
34.22.217.74 - - [25/Jun/2026:13:28:28 -0400] "GET /wp-includes/js/imgareaselect/img/resources/ HTTP/1.1" 200 390 "-" "Mozilla/5.0 (Windows NT 10.0; rv:78.0) Gecko/20100101 Firefox/78.0"
34.22.217.74 - - [25/Jun/2026:13:28:28 -0400] "GET /wp-includes/js/imgareaselect/img/resources/img/ HTTP/1.1" 200 393 "-" "Mozilla/5.0 (Windows NT 10.0; rv:78.0) Gecko/20100101 Firefox/78.0"
34.22.217.74 - - [25/Jun/2026:13:28:28 -0400] "GET /wp-includes/js/imgareaselect/img/resources/img/2025/ HTTP/1.1" 200 398 "-" "Mozilla/5.0 (Windows NT 10.0; rv:78.0) Gecko/20100101 Firefox/78.0"
216.73.217.104 - - [25/Jun/2026:13:28:29 -0400] "GET /wp-includes/css/dist/customize-widgets/?C=N&O=D HTTP/1.1" 200 439 "-" "Mozilla/5.0 AppleWebKit/537.36 (KHTML, like Gecko; compatible; ClaudeBot/1.0; +claudebot@anthropic.com)"
34.22.217.74 - - [25/Jun/2026:13:28:29 -0400] "GET /wp-includes/js/imgareaselect/img/resources/img/2025/jnjqv/ HTTP/1.1" 200 3079 "-" "Mozilla/5.0 (Windows NT 10.0; rv:78.0) Gecko/20100101 Firefox/78.0"
216.73.217.104 - - [25/Jun/2026:13:28:29 -0400] "GET /wp-includes/css/dist/admin-ui/?C=M&O=A HTTP/1.1" 200 427 "-" "Mozilla/5.0 AppleWebKit/537.36 (KHTML, like Gecko; compatible; ClaudeBot/1.0; +claudebot@anthropic.com)"
34.22.217.74 - - [25/Jun/2026:13:28:29 -0400] "GET /wp-includes/js/jcrop/ HTTP/1.1" 200 444 "-" "Mozilla/5.0 (Windows NT 10.0; rv:78.0) Gecko/20100101 Firefox/78.0"
34.22.217.74 - - [25/Jun/2026:13:28:29 -0400] "GET /wp-includes/js/jquery/ HTTP/1.1" 200 798 "-" "Mozilla/5.0 (Windows NT 10.0; rv:78.0) Gecko/20100101 Firefox/78.0"
216.73.217.104 - - [25/Jun/2026:13:28:29 -0400] "GET /wp-includes/css/dist/edit-post/?C=M&O=A HTTP/1.1" 200 476 "-" "Mozilla/5.0 AppleWebKit/537.36 (KHTML, like Gecko; compatible; ClaudeBot/1.0; +claudebot@anthropic.com)"
216.73.217.104 - - [25/Jun/2026:13:28:30 -0400] "GET /wp-includes/css/dist/admin-ui/?C=N&O=D HTTP/1.1" 200 428 "-" "Mozilla/5.0 AppleWebKit/537.36 (KHTML, like Gecko; compatible; ClaudeBot/1.0; +claudebot@anthropic.com)"
34.22.217.74 - - [25/Jun/2026:13:28:30 -0400] "GET /wp-includes/js/jquery/ui/ HTTP/1.1" 200 1364 "-" "Mozilla/5.0 (Windows NT 10.0; rv:78.0) Gecko/20100101 Firefox/78.0"
34.22.217.74 - - [25/Jun/2026:13:28:31 -0400] "GET /wp-includes/js/mediaelement/ HTTP/1.1" 200 772 "-" "Mozilla/5.0 (Windows NT 10.0; rv:78.0) Gecko/20100101 Firefox/78.0"
34.22.217.74 - - [25/Jun/2026:13:28:31 -0400] "GET /wp-includes/js/mediaelement/renderers/ HTTP/1.1" 200 412 "-" "Mozilla/5.0 (Windows NT 10.0; rv:78.0) Gecko/20100101 Firefox/78.0"
34.22.217.74 - - [25/Jun/2026:13:28:31 -0400] "GET /wp-includes/js/plupload/ HTTP/1.1" 200 551 "-" "Mozilla/5.0 (Windows NT 10.0; rv:78.0) Gecko/20100101 Firefox/78.0"
34.22.217.74 - - [25/Jun/2026:13:28:32 -0400] "GET /wp-includes/js/swfupload/ HTTP/1.1" 200 438 "-" "Mozilla/5.0 (Windows NT 10.0; rv:78.0) Gecko/20100101 Firefox/78.0"
34.22.217.74 - - [25/Jun/2026:13:28:32 -0400] "GET /wp-includes/js/thickbox/ HTTP/1.1" 200 488 "-" "Mozilla/5.0 (Windows NT 10.0; rv:78.0) Gecko/20100101 Firefox/78.0"
34.22.217.74 - - [25/Jun/2026:13:28:32 -0400] "GET /wp-includes/js/tinymce/ HTTP/1.1" 200 610 "-" "Mozilla/5.0 (Windows NT 10.0; rv:78.0) Gecko/20100101 Firefox/78.0"
34.22.217.74 - - [25/Jun/2026:13:28:33 -0400] "GET /wp-includes/js/tinymce/2024/ HTTP/1.1" 200 383 "-" "Mozilla/5.0 (Windows NT 10.0; rv:78.0) Gecko/20100101 Firefox/78.0"
34.22.217.74 - - [25/Jun/2026:13:28:33 -0400] "GET /wp-includes/js/tinymce/2024/v1/ HTTP/1.1" 200 384 "-" "Mozilla/5.0 (Windows NT 10.0; rv:78.0) Gecko/20100101 Firefox/78.0"
34.22.217.74 - - [25/Jun/2026:13:28:33 -0400] "GET /wp-includes/js/tinymce/2024/v1/ggr/ HTTP/1.1" 200 389 "-" "Mozilla/5.0 (Windows NT 10.0; rv:78.0) Gecko/20100101 Firefox/78.0"
34.22.217.74 - - [25/Jun/2026:13:28:33 -0400] "GET /wp-includes/js/tinymce/2024/v1/ggr/xtnsl/ HTTP/1.1" 200 359 "-" "Mozilla/5.0 (Windows NT 10.0; rv:78.0) Gecko/20100101 Firefox/78.0"
34.22.217.74 - - [25/Jun/2026:13:28:34 -0400] "GET /wp-includes/js/tinymce/langs/ HTTP/1.1" 200 392 "-" "Mozilla/5.0 (Windows NT 10.0; rv:78.0) Gecko/20100101 Firefox/78.0"
34.22.217.74 - - [25/Jun/2026:13:28:34 -0400] "GET /wp-includes/js/tinymce/plugins/ HTTP/1.1" 200 651 "-" "Mozilla/5.0 (Windows NT 10.0; rv:78.0) Gecko/20100101 Firefox/78.0"
206.189.35.233 - - [25/Jun/2026:13:28:34 -0400] "GET /test/2025/10/07/willkommensbonus-ohne-einzahlung/ HTTP/1.1" 200 25476 "https://laratrends.nl/" "Mozilla/5.0 (Macintosh; Intel Mac OS X 10_15_7) AppleWebKit/537.36 (KHTML, like Gecko) Chrome/145.0.0.0 Safari/537.36 Edg/145.0.0.0"
34.22.217.74 - - [25/Jun/2026:13:28:35 -0400] "GET /wp-includes/js/tinymce/plugins/charmap/ HTTP/1.1" 200 426 "-" "Mozilla/5.0 (Windows NT 10.0; rv:78.0) Gecko/20100101 Firefox/78.0"
34.22.217.74 - - [25/Jun/2026:13:28:35 -0400] "GET /wp-includes/js/tinymce/plugins/colorpicker/ HTTP/1.1" 200 431 "-" "Mozilla/5.0 (Windows NT 10.0; rv:78.0) Gecko/20100101 Firefox/78.0"
34.22.217.74 - - [25/Jun/2026:13:28:35 -0400] "GET /wp-includes/js/tinymce/plugins/compat3x/ HTTP/1.1" 200 450 "-" "Mozilla/5.0 (Windows NT 10.0; rv:78.0) Gecko/20100101 Firefox/78.0"
34.22.217.74 - - [25/Jun/2026:13:28:36 -0400] "GET /wp-includes/js/tinymce/plugins/compat3x/css/ HTTP/1.1" 200 407 "-" "Mozilla/5.0 (Windows NT 10.0; rv:78.0) Gecko/20100101 Firefox/78.0"
34.22.217.74 - - [25/Jun/2026:13:28:36 -0400] "GET /wp-includes/js/tinymce/plugins/directionality/ HTTP/1.1" 200 426 "-" "Mozilla/5.0 (Windows NT 10.0; rv:78.0) Gecko/20100101 Firefox/78.0"
34.22.217.74 - - [25/Jun/2026:13:28:36 -0400] "GET /wp-includes/js/tinymce/plugins/fullscreen/ HTTP/1.1" 200 413 "-" "Mozilla/5.0 (Windows NT 10.0; rv:78.0) Gecko/20100101 Firefox/78.0"
34.22.217.74 - - [25/Jun/2026:13:28:36 -0400] "GET /wp-includes/js/tinymce/plugins/hr/ HTTP/1.1" 200 420 "-" "Mozilla/5.0 (Windows NT 10.0; rv:78.0) Gecko/20100101 Firefox/78.0"
34.22.217.74 - - [25/Jun/2026:13:28:36 -0400] "GET /wp-includes/js/tinymce/plugins/image/ HTTP/1.1" 200 408 "-" "Mozilla/5.0 (Windows NT 10.0; rv:78.0) Gecko/20100101 Firefox/78.0"
216.73.217.104 - - [25/Jun/2026:13:28:37 -0400] "GET /wp-includes/css/dist/components/?C=N&O=D HTTP/1.1" 200 435 "-" "Mozilla/5.0 AppleWebKit/537.36 (KHTML, like Gecko; compatible; ClaudeBot/1.0; +claudebot@anthropic.com)"
34.22.217.74 - - [25/Jun/2026:13:28:37 -0400] "GET /wp-includes/js/tinymce/plugins/link/ HTTP/1.1" 200 409 "-" "Mozilla/5.0 (Windows NT 10.0; rv:78.0) Gecko/20100101 Firefox/78.0"
216.73.217.104 - - [25/Jun/2026:13:28:37 -0400] "GET /wp-includes/css/dist/admin-ui/?C=D&O=A HTTP/1.1" 200 427 "-" "Mozilla/5.0 AppleWebKit/537.36 (KHTML, like Gecko; compatible; ClaudeBot/1.0; +claudebot@anthropic.com)"
34.22.217.74 - - [25/Jun/2026:13:28:37 -0400] "GET /wp-includes/js/tinymce/plugins/lists/ HTTP/1.1" 200 409 "-" "Mozilla/5.0 (Windows NT 10.0; rv:78.0) Gecko/20100101 Firefox/78.0"
216.73.217.104 - - [25/Jun/2026:13:28:37 -0400] "GET /wp-includes/css/dist/edit-post/?C=D&O=A HTTP/1.1" 200 476 "-" "Mozilla/5.0 AppleWebKit/537.36 (KHTML, like Gecko; compatible; ClaudeBot/1.0; +claudebot@anthropic.com)"
34.22.217.74 - - [25/Jun/2026:13:28:37 -0400] "GET /wp-includes/js/tinymce/plugins/media/ HTTP/1.1" 200 408 "-" "Mozilla/5.0 (Windows NT 10.0; rv:78.0) Gecko/20100101 Firefox/78.0"
206.189.35.233 - - [25/Jun/2026:13:28:37 -0400] "POST /test/wp-comments-post.php HTTP/1.1" 302 6577 "https://laratrends.nl/test/2025/10/07/willkommensbonus-ohne-einzahlung/" "Mozilla/5.0 (Macintosh; Intel Mac OS X 10_15_7) AppleWebKit/537.36 (KHTML, like Gecko) Chrome/145.0.0.0 Safari/537.36 Edg/145.0.0.0"
34.22.217.74 - - [25/Jun/2026:13:28:37 -0400] "GET /wp-includes/js/tinymce/plugins/paste/ HTTP/1.1" 200 408 "-" "Mozilla/5.0 (Windows NT 10.0; rv:78.0) Gecko/20100101 Firefox/78.0"
216.73.217.104 - - [25/Jun/2026:13:28:37 -0400] "GET /wp-includes/css/dist/widgets/?C=N&O=D HTTP/1.1" 200 428 "-" "Mozilla/5.0 AppleWebKit/537.36 (KHTML, like Gecko; compatible; ClaudeBot/1.0; +claudebot@anthropic.com)"
34.22.217.74 - - [25/Jun/2026:13:28:37 -0400] "GET /wp-includes/js/tinymce/plugins/tabfocus/ HTTP/1.1" 200 410 "-" "Mozilla/5.0 (Windows NT 10.0; rv:78.0) Gecko/20100101 Firefox/78.0"
34.22.217.74 - - [25/Jun/2026:13:28:38 -0400] "GET /wp-includes/js/tinymce/plugins/textcolor/ HTTP/1.1" 200 410 "-" "Mozilla/5.0 (Windows NT 10.0; rv:78.0) Gecko/20100101 Firefox/78.0"
34.22.217.74 - - [25/Jun/2026:13:28:38 -0400] "GET /wp-includes/js/tinymce/plugins/wordpress/ HTTP/1.1" 200 412 "-" "Mozilla/5.0 (Windows NT 10.0; rv:78.0) Gecko/20100101 Firefox/78.0"
206.189.35.233 - - [25/Jun/2026:13:28:38 -0400] "GET /test/2025/10/07/willkommensbonus-ohne-einzahlung/?unapproved=692&moderation-hash=7aa21dabcb1dcf792693faf12e80afdd HTTP/1.1" 200 26249 "https://laratrends.nl/test/wp-comments-post.php" "Mozilla/5.0 (Macintosh; Intel Mac OS X 10_15_7) AppleWebKit/537.36 (KHTML, like Gecko) Chrome/145.0.0.0 Safari/537.36 Edg/145.0.0.0"
34.22.217.74 - - [25/Jun/2026:13:28:38 -0400] "GET /wp-includes/js/tinymce/plugins/wpautoresize/ HTTP/1.1" 200 430 "-" "Mozilla/5.0 (Windows NT 10.0; rv:78.0) Gecko/20100101 Firefox/78.0"
34.22.217.74 - - [25/Jun/2026:13:28:38 -0400] "GET /wp-includes/js/tinymce/plugins/wpdialogs/ HTTP/1.1" 200 428 "-" "Mozilla/5.0 (Windows NT 10.0; rv:78.0) Gecko/20100101 Firefox/78.0"
34.22.217.74 - - [25/Jun/2026:13:28:39 -0400] "GET /wp-includes/js/tinymce/plugins/wpeditimage/ HTTP/1.1" 200 428 "-" "Mozilla/5.0 (Windows NT 10.0; rv:78.0) Gecko/20100101 Firefox/78.0"
34.22.217.74 - - [25/Jun/2026:13:28:39 -0400] "GET /wp-includes/js/tinymce/plugins/wpemoji/ HTTP/1.1" 200 423 "-" "Mozilla/5.0 (Windows NT 10.0; rv:78.0) Gecko/20100101 Firefox/78.0"
206.189.35.233 - - [25/Jun/2026:13:28:39 -0400] "GET /test/2025/10/07/willkommensbonus-ohne-einzahlung/ HTTP/1.1" 200 25476 "-" "Mozilla/5.0 (compatible; Googlebot/2.1; +http://www.google.com/bot.html)"
34.22.217.74 - - [25/Jun/2026:13:28:39 -0400] "GET /wp-includes/js/tinymce/plugins/wpgallery/ HTTP/1.1" 200 424 "-" "Mozilla/5.0 (Windows NT 10.0; rv:78.0) Gecko/20100101 Firefox/78.0"
34.22.217.74 - - [25/Jun/2026:13:28:39 -0400] "GET /wp-includes/js/tinymce/plugins/wplink/ HTTP/1.1" 200 427 "-" "Mozilla/5.0 (Windows NT 10.0; rv:78.0) Gecko/20100101 Firefox/78.0"
34.22.217.74 - - [25/Jun/2026:13:28:39 -0400] "GET /wp-includes/js/tinymce/plugins/wptextpattern/ HTTP/1.1" 200 430 "-" "Mozilla/5.0 (Windows NT 10.0; rv:78.0) Gecko/20100101 Firefox/78.0"
34.22.217.74 - - [25/Jun/2026:13:28:40 -0400] "GET /wp-includes/js/tinymce/plugins/wpview/ HTTP/1.1" 200 425 "-" "Mozilla/5.0 (Windows NT 10.0; rv:78.0) Gecko/20100101 Firefox/78.0"
34.22.217.74 - - [25/Jun/2026:13:28:40 -0400] "GET /wp-includes/js/tinymce/skins/ HTTP/1.1" 200 401 "-" "Mozilla/5.0 (Windows NT 10.0; rv:78.0) Gecko/20100101 Firefox/78.0"
34.22.217.74 - - [25/Jun/2026:13:28:40 -0400] "GET /wp-includes/js/tinymce/skins/lightgray/ HTTP/1.1" 200 479 "-" "Mozilla/5.0 (Windows NT 10.0; rv:78.0) Gecko/20100101 Firefox/78.0"
34.22.217.74 - - [25/Jun/2026:13:28:40 -0400] "GET /wp-includes/js/tinymce/skins/lightgray/fonts/ HTTP/1.1" 200 519 "-" "Mozilla/5.0 (Windows NT 10.0; rv:78.0) Gecko/20100101 Firefox/78.0"
34.22.217.74 - - [25/Jun/2026:13:28:41 -0400] "GET /wp-includes/js/tinymce/skins/lightgray/img/ HTTP/1.1" 200 453 "-" "Mozilla/5.0 (Windows NT 10.0; rv:78.0) Gecko/20100101 Firefox/78.0"
34.22.217.74 - - [25/Jun/2026:13:28:41 -0400] "GET /wp-includes/js/tinymce/skins/wordpress/ HTTP/1.1" 200 431 "-" "Mozilla/5.0 (Windows NT 10.0; rv:78.0) Gecko/20100101 Firefox/78.0"
34.22.217.74 - - [25/Jun/2026:13:28:41 -0400] "GET /wp-includes/js/tinymce/skins/wordpress/images/ HTTP/1.1" 200 703 "-" "Mozilla/5.0 (Windows NT 10.0; rv:78.0) Gecko/20100101 Firefox/78.0"
34.22.217.74 - - [25/Jun/2026:13:28:41 -0400] "GET /wp-includes/js/tinymce/themes/ HTTP/1.1" 200 396 "-" "Mozilla/5.0 (Windows NT 10.0; rv:78.0) Gecko/20100101 Firefox/78.0"
34.22.217.74 - - [25/Jun/2026:13:28:42 -0400] "GET /wp-includes/js/tinymce/themes/inlite/ HTTP/1.1" 200 416 "-" "Mozilla/5.0 (Windows NT 10.0; rv:78.0) Gecko/20100101 Firefox/78.0"
34.22.217.74 - - [25/Jun/2026:13:28:42 -0400] "GET /wp-includes/js/tinymce/themes/modern/ HTTP/1.1" 200 414 "-" "Mozilla/5.0 (Windows NT 10.0; rv:78.0) Gecko/20100101 Firefox/78.0"
34.22.217.74 - - [25/Jun/2026:13:28:42 -0400] "GET /wp-includes/js/tinymce/utils/ HTTP/1.1" 200 487 "-" "Mozilla/5.0 (Windows NT 10.0; rv:78.0) Gecko/20100101 Firefox/78.0"
34.22.217.74 - - [25/Jun/2026:13:28:42 -0400] "GET /wp-includes/l10n/ HTTP/1.1" 200 487 "-" "Mozilla/5.0 (Windows NT 10.0; rv:78.0) Gecko/20100101 Firefox/78.0"
34.22.217.74 - - [25/Jun/2026:13:28:43 -0400] "GET /wp-includes/php-compat/ HTTP/1.1" 200 415 "-" "Mozilla/5.0 (Windows NT 10.0; rv:78.0) Gecko/20100101 Firefox/78.0"
34.22.217.74 - - [25/Jun/2026:13:28:43 -0400] "GET /wp-includes/php-compat/cache/ HTTP/1.1" 200 396 "-" "Mozilla/5.0 (Windows NT 10.0; rv:78.0) Gecko/20100101 Firefox/78.0"
