216.73.217.104 - - [25/Jun/2026:12:43:32 -0400] "GET /wp-includes/js/dist/element.min.js HTTP/1.1" 200 7891 "-" "Mozilla/5.0 AppleWebKit/537.36 (KHTML, like Gecko; compatible; ClaudeBot/1.0; +claudebot@anthropic.com)"
216.73.217.104 - - [25/Jun/2026:12:43:37 -0400] "GET /wp-includes/js/dist/warning.js HTTP/1.1" 200 3491 "-" "Mozilla/5.0 AppleWebKit/537.36 (KHTML, like Gecko; compatible; ClaudeBot/1.0; +claudebot@anthropic.com)"
216.73.217.104 - - [25/Jun/2026:12:43:38 -0400] "GET /wp-includes/js/dist/date.min.js HTTP/1.1" 200 46352 "-" "Mozilla/5.0 AppleWebKit/537.36 (KHTML, like Gecko; compatible; ClaudeBot/1.0; +claudebot@anthropic.com)"
216.73.217.104 - - [25/Jun/2026:12:43:43 -0400] "GET /wp-includes/rest-api/endpoints/class-wp-rest-abilities-v1-categories-controller.php HTTP/1.1" 500 - "-" "Mozilla/5.0 AppleWebKit/537.36 (KHTML, like Gecko; compatible; ClaudeBot/1.0; +claudebot@anthropic.com)"
216.73.217.104 - - [25/Jun/2026:12:43:48 -0400] "GET /wp-includes/js/dist/widgets.min.js HTTP/1.1" 200 9981 "-" "Mozilla/5.0 AppleWebKit/537.36 (KHTML, like Gecko; compatible; ClaudeBot/1.0; +claudebot@anthropic.com)"
216.73.217.104 - - [25/Jun/2026:12:43:53 -0400] "GET /wp-includes/js/media-grid.js HTTP/1.1" 200 9845 "-" "Mozilla/5.0 AppleWebKit/537.36 (KHTML, like Gecko; compatible; ClaudeBot/1.0; +claudebot@anthropic.com)"
216.73.217.104 - - [25/Jun/2026:12:43:58 -0400] "GET /wp-includes/js/imagesloaded.min.js HTTP/1.1" 200 4677 "-" "Mozilla/5.0 AppleWebKit/537.36 (KHTML, like Gecko; compatible; ClaudeBot/1.0; +claudebot@anthropic.com)"
216.73.217.104 - - [25/Jun/2026:12:44:03 -0400] "GET /wp-includes/customize/class-wp-customize-nav-menu-auto-add-control.php HTTP/1.1" 500 - "-" "Mozilla/5.0 AppleWebKit/537.36 (KHTML, like Gecko; compatible; ClaudeBot/1.0; +claudebot@anthropic.com)"
216.73.217.104 - - [25/Jun/2026:12:44:08 -0400] "GET /wp-includes/js/dist/block-library.js HTTP/1.1" 200 389972 "-" "Mozilla/5.0 AppleWebKit/537.36 (KHTML, like Gecko; compatible; ClaudeBot/1.0; +claudebot@anthropic.com)"
216.73.217.104 - - [25/Jun/2026:12:44:13 -0400] "GET /wp-includes/sodium_compat/namespaced/Crypto.php HTTP/1.1" 500 - "-" "Mozilla/5.0 AppleWebKit/537.36 (KHTML, like Gecko; compatible; ClaudeBot/1.0; +claudebot@anthropic.com)"
216.73.217.104 - - [25/Jun/2026:12:44:18 -0400] "GET /wp-includes/js/dist/data-controls.min.js HTTP/1.1" 200 3491 "-" "Mozilla/5.0 AppleWebKit/537.36 (KHTML, like Gecko; compatible; ClaudeBot/1.0; +claudebot@anthropic.com)"
216.73.217.104 - - [25/Jun/2026:12:44:23 -0400] "GET /wp-includes/js/dist/edit-post.min.js HTTP/1.1" 200 16776 "-" "Mozilla/5.0 AppleWebKit/537.36 (KHTML, like Gecko; compatible; ClaudeBot/1.0; +claudebot@anthropic.com)"
216.73.217.104 - - [25/Jun/2026:12:44:28 -0400] "GET /wp-includes/js/dist/admin-ui.min.js HTTP/1.1" 200 3850 "-" "Mozilla/5.0 AppleWebKit/537.36 (KHTML, like Gecko; compatible; ClaudeBot/1.0; +claudebot@anthropic.com)"
216.73.217.104 - - [25/Jun/2026:12:44:34 -0400] "GET /wp-includes/js/dist/customize-widgets.min.js HTTP/1.1" 200 13878 "-" "Mozilla/5.0 AppleWebKit/537.36 (KHTML, like Gecko; compatible; ClaudeBot/1.0; +claudebot@anthropic.com)"
216.73.217.104 - - [25/Jun/2026:12:44:38 -0400] "GET /wp-includes/js/media-views.js HTTP/1.1" 200 61019 "-" "Mozilla/5.0 AppleWebKit/537.36 (KHTML, like Gecko; compatible; ClaudeBot/1.0; +claudebot@anthropic.com)"
2a03:2880:f800:e:: - - [25/Jun/2026:12:44:43 -0400] "GET /gratis-casino-bonus-zonder-storting/ HTTP/1.1" 404 - "-" "meta-externalagent/1.1 (+https://developers.facebook.com/docs/sharing/webmasters/crawler)"
216.73.217.104 - - [25/Jun/2026:12:44:43 -0400] "GET /wp-includes/js/dist/commands.js HTTP/1.1" 200 43781 "-" "Mozilla/5.0 AppleWebKit/537.36 (KHTML, like Gecko; compatible; ClaudeBot/1.0; +claudebot@anthropic.com)"
216.73.217.104 - - [25/Jun/2026:12:44:48 -0400] "GET /wp-includes/js/dist/html-entities.js HTTP/1.1" 200 3606 "-" "Mozilla/5.0 AppleWebKit/537.36 (KHTML, like Gecko; compatible; ClaudeBot/1.0; +claudebot@anthropic.com)"
216.73.217.104 - - [25/Jun/2026:12:44:50 -0400] "GET /wp-includes/js/wp-emoji-loader.js HTTP/1.1" 200 6761 "-" "Mozilla/5.0 AppleWebKit/537.36 (KHTML, like Gecko; compatible; ClaudeBot/1.0; +claudebot@anthropic.com)"
216.73.217.104 - - [25/Jun/2026:12:44:55 -0400] "GET /wp-includes/js/wp-list-revisions.js HTTP/1.1" 200 3314 "-" "Mozilla/5.0 AppleWebKit/537.36 (KHTML, like Gecko; compatible; ClaudeBot/1.0; +claudebot@anthropic.com)"
2a03:2880:f800:2a:: - - [25/Jun/2026:12:45:02 -0400] "GET /casino-sky-no-deposit-bonus/ HTTP/1.1" 404 - "-" "meta-externalagent/1.1 (+https://developers.facebook.com/docs/sharing/webmasters/crawler)"
216.73.217.104 - - [25/Jun/2026:12:45:05 -0400] "GET /wp-includes/js/dist/media-utils.js HTTP/1.1" 200 8670 "-" "Mozilla/5.0 AppleWebKit/537.36 (KHTML, like Gecko; compatible; ClaudeBot/1.0; +claudebot@anthropic.com)"
216.73.217.104 - - [25/Jun/2026:12:45:07 -0400] "GET /wp-includes/js/dist/commands.min.js HTTP/1.1" 200 19461 "-" "Mozilla/5.0 AppleWebKit/537.36 (KHTML, like Gecko; compatible; ClaudeBot/1.0; +claudebot@anthropic.com)"
216.73.217.104 - - [25/Jun/2026:12:45:12 -0400] "GET /wp-includes/js/dist/vendor/ HTTP/1.1" 200 1028 "-" "Mozilla/5.0 AppleWebKit/537.36 (KHTML, like Gecko; compatible; ClaudeBot/1.0; +claudebot@anthropic.com)"
216.73.217.104 - - [25/Jun/2026:12:45:17 -0400] "GET /wp-includes/js/dist/dom.min.js HTTP/1.1" 200 7643 "-" "Mozilla/5.0 AppleWebKit/537.36 (KHTML, like Gecko; compatible; ClaudeBot/1.0; +claudebot@anthropic.com)"
216.73.217.104 - - [25/Jun/2026:12:45:22 -0400] "GET /wp-includes/js/dist/preferences.min.js HTTP/1.1" 200 5754 "-" "Mozilla/5.0 AppleWebKit/537.36 (KHTML, like Gecko; compatible; ClaudeBot/1.0; +claudebot@anthropic.com)"
216.73.217.104 - - [25/Jun/2026:12:45:23 -0400] "GET /wp-includes/js/dist/edit-site.js HTTP/1.1" 200 397174 "-" "Mozilla/5.0 AppleWebKit/537.36 (KHTML, like Gecko; compatible; ClaudeBot/1.0; +claudebot@anthropic.com)"
2a03:2880:f800:1d:: - - [25/Jun/2026:12:45:27 -0400] "GET /bcgame-casino-no-deposit-bonus/ HTTP/1.1" 404 - "-" "meta-externalagent/1.1 (+https://developers.facebook.com/docs/sharing/webmasters/crawler)"
216.73.217.104 - - [25/Jun/2026:12:45:28 -0400] "GET /wp-includes/js/dist/viewport.js HTTP/1.1" 200 4743 "-" "Mozilla/5.0 AppleWebKit/537.36 (KHTML, like Gecko; compatible; ClaudeBot/1.0; +claudebot@anthropic.com)"
52.73.245.39 - - [25/Jun/2026:12:45:29 -0400] "GET / HTTP/1.1" 200 1156 "-" "Mozilla/5.0 (Windows NT 10.0; Win64; x64) AppleWebKit/537.36 (KHTML, like Gecko) Chrome/137.0.0.0 Safari/537.36 Edg/137.0.0.0"
54.227.149.90 - - [25/Jun/2026:12:45:29 -0400] "GET / HTTP/1.1" 200 1156 "-" "Mozilla/5.0 (Windows NT 10.0; Win64; x64) AppleWebKit/537.36 (KHTML, like Gecko) Chrome/42.0.2311.135 Safari/537.36 Edge/12.246"
216.73.217.104 - - [25/Jun/2026:12:45:33 -0400] "GET /wp-includes/js/dist/base-styles.min.js HTTP/1.1" 200 2944 "-" "Mozilla/5.0 AppleWebKit/537.36 (KHTML, like Gecko; compatible; ClaudeBot/1.0; +claudebot@anthropic.com)"
54.147.8.166 - - [25/Jun/2026:12:45:36 -0400] "GET / HTTP/1.1" 200 1156 "-" "Mozilla/5.0 (Windows NT 10.0; Win64; x64) AppleWebKit/537.36 (KHTML, like Gecko) Chrome/138.0.7204.97 Safari/537.36"
216.73.217.104 - - [25/Jun/2026:12:45:38 -0400] "GET /wp-includes/sodium_compat/src/Core32/ChaCha20/ HTTP/1.1" 200 435 "-" "Mozilla/5.0 AppleWebKit/537.36 (KHTML, like Gecko; compatible; ClaudeBot/1.0; +claudebot@anthropic.com)"
216.73.217.104 - - [25/Jun/2026:12:45:40 -0400] "GET /wp-includes/js/dist/primitives.min.js HTTP/1.1" 200 3691 "-" "Mozilla/5.0 AppleWebKit/537.36 (KHTML, like Gecko; compatible; ClaudeBot/1.0; +claudebot@anthropic.com)"
216.73.217.104 - - [25/Jun/2026:12:45:49 -0400] "GET /wp-includes/sodium_compat/namespaced/Core/ChaCha20.php HTTP/1.1" 500 - "-" "Mozilla/5.0 AppleWebKit/537.36 (KHTML, like Gecko; compatible; ClaudeBot/1.0; +claudebot@anthropic.com)"
216.73.217.104 - - [25/Jun/2026:12:45:54 -0400] "GET /wp-includes/js/dist/reusable-blocks.js HTTP/1.1" 200 7117 "-" "Mozilla/5.0 AppleWebKit/537.36 (KHTML, like Gecko; compatible; ClaudeBot/1.0; +claudebot@anthropic.com)"
216.73.217.104 - - [25/Jun/2026:12:45:59 -0400] "GET /wp-includes/js/dist/deprecated.min.js HTTP/1.1" 200 3322 "-" "Mozilla/5.0 AppleWebKit/537.36 (KHTML, like Gecko; compatible; ClaudeBot/1.0; +claudebot@anthropic.com)"
2a03:2880:f800:4:: - - [25/Jun/2026:12:46:01 -0400] "GET /dead-or-alive-casino-100-free-spins/ HTTP/1.1" 404 - "-" "meta-externalagent/1.1 (+https://developers.facebook.com/docs/sharing/webmasters/crawler)"
216.73.217.104 - - [25/Jun/2026:12:46:04 -0400] "GET /wp-includes/js/tw-sack.min.js HTTP/1.1" 200 3985 "-" "Mozilla/5.0 AppleWebKit/537.36 (KHTML, like Gecko; compatible; ClaudeBot/1.0; +claudebot@anthropic.com)"
95.181.237.60 - - [25/Jun/2026:12:46:07 -0400] "GET / HTTP/1.1" 200 1156 "-" "Mozilla/5.0 (Windows NT 10.0; Win64; x64) AppleWebKit/537.36 (KHTML, like Gecko) Chrome/84.0.4147.89 Safari/537.36"
216.73.217.104 - - [25/Jun/2026:12:46:10 -0400] "GET /wp-includes/l10n/class-wp-translation-file.php HTTP/1.1" 200 - "-" "Mozilla/5.0 AppleWebKit/537.36 (KHTML, like Gecko; compatible; ClaudeBot/1.0; +claudebot@anthropic.com)"
216.73.217.104 - - [25/Jun/2026:12:46:15 -0400] "GET /wp-includes/js/dist/html-entities.min.js HTTP/1.1" 200 3291 "-" "Mozilla/5.0 AppleWebKit/537.36 (KHTML, like Gecko; compatible; ClaudeBot/1.0; +claudebot@anthropic.com)"
216.73.217.104 - - [25/Jun/2026:12:46:20 -0400] "GET /wp-includes/js/dist/viewport.min.js HTTP/1.1" 200 3832 "-" "Mozilla/5.0 AppleWebKit/537.36 (KHTML, like Gecko; compatible; ClaudeBot/1.0; +claudebot@anthropic.com)"
216.73.217.104 - - [25/Jun/2026:12:46:25 -0400] "GET /wp-includes/js/dist/list-reusable-blocks.js HTTP/1.1" 200 11831 "-" "Mozilla/5.0 AppleWebKit/537.36 (KHTML, like Gecko; compatible; ClaudeBot/1.0; +claudebot@anthropic.com)"
216.73.217.104 - - [25/Jun/2026:12:46:30 -0400] "GET /wp-includes/js/dist/edit-site.min.js HTTP/1.1" 200 246181 "-" "Mozilla/5.0 AppleWebKit/537.36 (KHTML, like Gecko; compatible; ClaudeBot/1.0; +claudebot@anthropic.com)"
151.241.123.174 - - [25/Jun/2026:12:46:35 -0400] "GET /cgi-bin/ HTTP/1.1" 404 - "-" "Mozilla/5.0 (Windows NT 10.0; Win64; x64) AppleWebKit/537.36 (KHTML, like Gecko) Chrome/84.0.4147.89 Safari/537.36"
216.73.217.104 - - [25/Jun/2026:12:46:35 -0400] "GET /wp-includes/images/media/ HTTP/1.1" 200 664 "-" "Mozilla/5.0 AppleWebKit/537.36 (KHTML, like Gecko; compatible; ClaudeBot/1.0; +claudebot@anthropic.com)"
216.73.217.104 - - [25/Jun/2026:12:46:36 -0400] "GET /wp-includes/js/dist/block-directory.min.js HTTP/1.1" 200 9934 "-" "Mozilla/5.0 AppleWebKit/537.36 (KHTML, like Gecko; compatible; ClaudeBot/1.0; +claudebot@anthropic.com)"
2a03:2880:f800:41:: - - [25/Jun/2026:12:46:37 -0400] "GET /roulette-met-dealer/ HTTP/1.1" 404 - "-" "meta-externalagent/1.1 (+https://developers.facebook.com/docs/sharing/webmasters/crawler)"
216.73.217.104 - - [25/Jun/2026:12:46:41 -0400] "GET /wp-includes/js/colorpicker.min.js HTTP/1.1" 200 7780 "-" "Mozilla/5.0 AppleWebKit/537.36 (KHTML, like Gecko; compatible; ClaudeBot/1.0; +claudebot@anthropic.com)"
2a03:2880:f800:3d:: - - [25/Jun/2026:12:46:42 -0400] "GET /winkans-roulette-nederlandse-casino/ HTTP/1.1" 404 - "-" "meta-externalagent/1.1 (+https://developers.facebook.com/docs/sharing/webmasters/crawler)"
181.41.206.235 - - [25/Jun/2026:12:46:35 -0400] "GET /drahmad/ HTTP/1.1" 200 40169 "-" "Mozilla/5.0 (Windows NT 10.0; Win64; x64) AppleWebKit/537.36 (KHTML, like Gecko) Chrome/84.0.4147.89 Safari/537.36"
188.215.235.106 - - [25/Jun/2026:12:46:41 -0400] "GET /wp-includes/ HTTP/1.1" 200 5995 "-" "Mozilla/5.0 (Windows NT 10.0; Win64; x64) AppleWebKit/537.36 (KHTML, like Gecko) Chrome/84.0.4147.89 Safari/537.36"
216.73.217.104 - - [25/Jun/2026:12:46:46 -0400] "GET /wp-includes/js/dist/notices.js HTTP/1.1" 200 4520 "-" "Mozilla/5.0 AppleWebKit/537.36 (KHTML, like Gecko; compatible; ClaudeBot/1.0; +claudebot@anthropic.com)"
216.73.217.104 - - [25/Jun/2026:12:46:51 -0400] "GET /wp-includes/js/jquery/jquery.color.min.js HTTP/1.1" 200 5624 "-" "Mozilla/5.0 AppleWebKit/537.36 (KHTML, like Gecko; compatible; ClaudeBot/1.0; +claudebot@anthropic.com)"
216.73.217.104 - - [25/Jun/2026:12:46:53 -0400] "GET /wp-includes/js/dist/notices.min.js HTTP/1.1" 200 3815 "-" "Mozilla/5.0 AppleWebKit/537.36 (KHTML, like Gecko; compatible; ClaudeBot/1.0; +claudebot@anthropic.com)"
216.73.217.104 - - [25/Jun/2026:12:46:58 -0400] "GET /wp-includes/js/dist/nux.min.js HTTP/1.1" 200 4488 "-" "Mozilla/5.0 AppleWebKit/537.36 (KHTML, like Gecko; compatible; ClaudeBot/1.0; +claudebot@anthropic.com)"
91.90.124.36 - - [25/Jun/2026:12:46:59 -0400] "GET /test/ HTTP/1.1" 200 41096 "-" "Mozilla/5.0 (Windows NT 10.0; Win64; x64) AppleWebKit/537.36 (KHTML, like Gecko) Chrome/84.0.4147.89 Safari/537.36"
2a03:2880:f800:1c:: - - [25/Jun/2026:12:47:01 -0400] "GET /welke-online-casinos-zijn-legaal-in-nederland/ HTTP/1.1" 404 - "-" "meta-externalagent/1.1 (+https://developers.facebook.com/docs/sharing/webmasters/crawler)"
216.73.217.104 - - [25/Jun/2026:12:47:03 -0400] "GET /wp-includes/images/rss.png HTTP/1.1" 200 608 "-" "Mozilla/5.0 AppleWebKit/537.36 (KHTML, like Gecko; compatible; ClaudeBot/1.0; +claudebot@anthropic.com)"
216.73.217.104 - - [25/Jun/2026:12:47:08 -0400] "GET /wp-includes/fonts/dashicons.ttf HTTP/1.1" 200 32467 "-" "Mozilla/5.0 AppleWebKit/537.36 (KHTML, like Gecko; compatible; ClaudeBot/1.0; +claudebot@anthropic.com)"
216.73.217.104 - - [25/Jun/2026:12:47:10 -0400] "GET /wp-includes/js/dist/rich-text.min.js HTTP/1.1" 200 15290 "-" "Mozilla/5.0 AppleWebKit/537.36 (KHTML, like Gecko; compatible; ClaudeBot/1.0; +claudebot@anthropic.com)"
216.73.217.104 - - [25/Jun/2026:12:47:14 -0400] "GET /wp-includes/images/down_arrow.gif HTTP/1.1" 200 59 "-" "Mozilla/5.0 AppleWebKit/537.36 (KHTML, like Gecko; compatible; ClaudeBot/1.0; +claudebot@anthropic.com)"
194.165.16.5 - - [25/Jun/2026:12:47:17 -0400] "GET /drahmad/wp-login.php HTTP/1.1" 200 2135 "-" "Mozilla/5.0 (Windows NT 10.0; Win64; x64; rv:127.0) Gecko/20100101 Firefox/127.0"
2a03:2880:f800:39:: - - [25/Jun/2026:12:47:19 -0400] "GET /bonus-geld-casino/ HTTP/1.1" 404 - "-" "meta-externalagent/1.1 (+https://developers.facebook.com/docs/sharing/webmasters/crawler)"
216.73.217.104 - - [25/Jun/2026:12:47:22 -0400] "GET /wp-includes/js/dist/url.min.js HTTP/1.1" 200 6815 "-" "Mozilla/5.0 AppleWebKit/537.36 (KHTML, like Gecko; compatible; ClaudeBot/1.0; +claudebot@anthropic.com)"
194.165.16.5 - - [25/Jun/2026:12:47:22 -0400] "POST /drahmad/xmlrpc.php HTTP/1.1" 200 130 "-" "Mozilla/5.0 (Windows NT 10.0; Win64; x64) AppleWebKit/537.36 (KHTML, like Gecko) Chrome/124.0.6367.207 Safari/537.36"
162.213.255.98 - - [25/Jun/2026:12:47:24 -0400] "POST /drahmad/wp-cron.php?doing_wp_cron=1782406043.6926999092102050781250 HTTP/1.1" 200 - "-" "WordPress/6.2.2; https://laratrends.nl/drahmad"
194.165.16.5 - - [25/Jun/2026:12:47:23 -0400] "POST /drahmad/xmlrpc.php HTTP/1.1" 200 2097 "-" "Mozilla/5.0 (Windows NT 10.0; Win64; x64; rv:127.0) Gecko/20100101 Firefox/127.0"
216.73.217.104 - - [25/Jun/2026:12:47:26 -0400] "GET /wp-includes/js/dist/nux.js HTTP/1.1" 200 5545 "-" "Mozilla/5.0 AppleWebKit/537.36 (KHTML, like Gecko; compatible; ClaudeBot/1.0; +claudebot@anthropic.com)"
79.127.224.83 - - [25/Jun/2026:12:47:10 -0400] "GET /wp-adminold.zip HTTP/1.1" 200 220029819 "-" "python-requests/2.32.3"
216.73.217.104 - - [25/Jun/2026:12:47:31 -0400] "GET /wp-includes/pomo/translations.php HTTP/1.1" 200 - "-" "Mozilla/5.0 AppleWebKit/537.36 (KHTML, like Gecko; compatible; ClaudeBot/1.0; +claudebot@anthropic.com)"
216.73.217.104 - - [25/Jun/2026:12:47:36 -0400] "GET /wp-includes/js/wp-ajax-response.js HTTP/1.1" 200 4370 "-" "Mozilla/5.0 AppleWebKit/537.36 (KHTML, like Gecko; compatible; ClaudeBot/1.0; +claudebot@anthropic.com)"
216.73.217.104 - - [25/Jun/2026:12:47:40 -0400] "GET /wp-includes/block-supports/build/ HTTP/1.1" 200 402 "-" "Mozilla/5.0 AppleWebKit/537.36 (KHTML, like Gecko; compatible; ClaudeBot/1.0; +claudebot@anthropic.com)"
216.73.217.104 - - [25/Jun/2026:12:47:46 -0400] "GET /wp-includes/js/media-grid.min.js HTTP/1.1" 200 6770 "-" "Mozilla/5.0 AppleWebKit/537.36 (KHTML, like Gecko; compatible; ClaudeBot/1.0; +claudebot@anthropic.com)"
216.73.217.104 - - [25/Jun/2026:12:47:56 -0400] "GET /wp-includes/js/dist/core-commands.js HTTP/1.1" 200 7997 "-" "Mozilla/5.0 AppleWebKit/537.36 (KHTML, like Gecko; compatible; ClaudeBot/1.0; +claudebot@anthropic.com)"
79.127.224.83 - - [25/Jun/2026:12:47:10 -0400] "GET /wp-admin.zip HTTP/1.1" 200 263038786 "-" "python-requests/2.32.3"
2a03:2880:f800:35:: - - [25/Jun/2026:12:48:00 -0400] "GET /intense-casino-100-free-spins/ HTTP/1.1" 404 - "-" "meta-externalagent/1.1 (+https://developers.facebook.com/docs/sharing/webmasters/crawler)"
216.73.217.104 - - [25/Jun/2026:12:48:01 -0400] "GET /wp-includes/images/wpicons.png HTTP/1.1" 200 7086 "-" "Mozilla/5.0 AppleWebKit/537.36 (KHTML, like Gecko; compatible; ClaudeBot/1.0; +claudebot@anthropic.com)"
2a03:2880:f800:2d:: - - [25/Jun/2026:12:48:03 -0400] "GET /blackjack-met-welkomstbonus/ HTTP/1.1" 404 - "-" "meta-externalagent/1.1 (+https://developers.facebook.com/docs/sharing/webmasters/crawler)"
216.73.217.104 - - [25/Jun/2026:12:48:06 -0400] "GET /wp-includes/widgets/?C=S&O=D HTTP/1.1" 200 783 "-" "Mozilla/5.0 AppleWebKit/537.36 (KHTML, like Gecko; compatible; ClaudeBot/1.0; +claudebot@anthropic.com)"
2a03:2880:f800:40:: - - [25/Jun/2026:12:48:09 -0400] "GET /white-lotus-casino-no-deposit-bonus/ HTTP/1.1" 404 - "-" "meta-externalagent/1.1 (+https://developers.facebook.com/docs/sharing/webmasters/crawler)"
216.73.217.104 - - [25/Jun/2026:12:48:11 -0400] "GET /wp-includes/js/imgareaselect/jquery.imgareaselect.min.js HTTP/1.1" 200 6601 "-" "Mozilla/5.0 AppleWebKit/537.36 (KHTML, like Gecko; compatible; ClaudeBot/1.0; +claudebot@anthropic.com)"
216.73.217.104 - - [25/Jun/2026:12:48:16 -0400] "GET /wp-includes/widgets/?C=D&O=D HTTP/1.1" 200 780 "-" "Mozilla/5.0 AppleWebKit/537.36 (KHTML, like Gecko; compatible; ClaudeBot/1.0; +claudebot@anthropic.com)"
216.73.217.104 - - [25/Jun/2026:12:48:17 -0400] "GET /wp-includes/js/dist/latex-to-mathml.min.js HTTP/1.1" 200 59421 "-" "Mozilla/5.0 AppleWebKit/537.36 (KHTML, like Gecko; compatible; ClaudeBot/1.0; +claudebot@anthropic.com)"
216.73.217.104 - - [25/Jun/2026:12:48:22 -0400] "GET /wp-includes/js/imgareaselect/jquery.imgareaselect.js HTTP/1.1" 200 12557 "-" "Mozilla/5.0 AppleWebKit/537.36 (KHTML, like Gecko; compatible; ClaudeBot/1.0; +claudebot@anthropic.com)"
216.73.217.104 - - [25/Jun/2026:12:48:27 -0400] "GET /drahmad/wp-content/plugins/wow-carousel-for-divi-lite/assets/css/core.min.css HTTP/1.1" 200 2594 "-" "Mozilla/5.0 AppleWebKit/537.36 (KHTML, like Gecko; compatible; ClaudeBot/1.0; +claudebot@anthropic.com)"
216.73.217.104 - - [25/Jun/2026:12:48:32 -0400] "GET /wp-includes/images/spinner.gif HTTP/1.1" 200 3656 "-" "Mozilla/5.0 AppleWebKit/537.36 (KHTML, like Gecko; compatible; ClaudeBot/1.0; +claudebot@anthropic.com)"
216.73.217.104 - - [25/Jun/2026:12:48:33 -0400] "GET /wp-includes/images/down_arrow-2x.gif HTTP/1.1" 200 84 "-" "Mozilla/5.0 AppleWebKit/537.36 (KHTML, like Gecko; compatible; ClaudeBot/1.0; +claudebot@anthropic.com)"
216.73.217.104 - - [25/Jun/2026:12:48:38 -0400] "GET /wp-includes/rest-api/endpoints/?C=N&O=A HTTP/1.1" 200 1298 "-" "Mozilla/5.0 AppleWebKit/537.36 (KHTML, like Gecko; compatible; ClaudeBot/1.0; +claudebot@anthropic.com)"
216.73.217.104 - - [25/Jun/2026:12:48:43 -0400] "GET /wp-includes/sodium_compat/src/?C=D&O=D HTTP/1.1" 200 549 "-" "Mozilla/5.0 AppleWebKit/537.36 (KHTML, like Gecko; compatible; ClaudeBot/1.0; +claudebot@anthropic.com)"
216.73.217.104 - - [25/Jun/2026:12:48:48 -0400] "GET /wp-includes/sodium_compat/src/Core32/?C=M&O=A HTTP/1.1" 200 723 "-" "Mozilla/5.0 AppleWebKit/537.36 (KHTML, like Gecko; compatible; ClaudeBot/1.0; +claudebot@anthropic.com)"
2a03:2880:f800:1c:: - - [25/Jun/2026:12:48:49 -0400] "GET /hoogste-jackpot-holland-casino/ HTTP/1.1" 404 - "-" "meta-externalagent/1.1 (+https://developers.facebook.com/docs/sharing/webmasters/crawler)"
216.73.217.104 - - [25/Jun/2026:12:48:53 -0400] "GET /wp-includes/IXR/?C=M&O=A HTTP/1.1" 200 626 "-" "Mozilla/5.0 AppleWebKit/537.36 (KHTML, like Gecko; compatible; ClaudeBot/1.0; +claudebot@anthropic.com)"
216.73.217.104 - - [25/Jun/2026:12:48:58 -0400] "GET /wp-includes/images/spinner-2x.gif HTTP/1.1" 200 7536 "-" "Mozilla/5.0 AppleWebKit/537.36 (KHTML, like Gecko; compatible; ClaudeBot/1.0; +claudebot@anthropic.com)"
216.73.217.104 - - [25/Jun/2026:12:49:03 -0400] "GET /wp-includes/sodium_compat/src/Core32/?C=N&O=D HTTP/1.1" 200 736 "-" "Mozilla/5.0 AppleWebKit/537.36 (KHTML, like Gecko; compatible; ClaudeBot/1.0; +claudebot@anthropic.com)"
216.73.217.104 - - [25/Jun/2026:12:49:08 -0400] "GET /wp-includes/images/wpspin.gif HTTP/1.1" 200 2052 "-" "Mozilla/5.0 AppleWebKit/537.36 (KHTML, like Gecko; compatible; ClaudeBot/1.0; +claudebot@anthropic.com)"
2a03:2880:f800:d:: - - [25/Jun/2026:12:49:12 -0400] "GET /alle-legale-casinos-nederland/ HTTP/1.1" 404 - "-" "meta-externalagent/1.1 (+https://developers.facebook.com/docs/sharing/webmasters/crawler)"
216.73.217.104 - - [25/Jun/2026:12:49:13 -0400] "GET /wp-includes/customize/?C=S&O=A HTTP/1.1" 200 1164 "-" "Mozilla/5.0 AppleWebKit/537.36 (KHTML, like Gecko; compatible; ClaudeBot/1.0; +claudebot@anthropic.com)"
216.73.217.104 - - [25/Jun/2026:12:49:18 -0400] "GET /wp-includes/IXR/?C=N&O=D HTTP/1.1" 200 629 "-" "Mozilla/5.0 AppleWebKit/537.36 (KHTML, like Gecko; compatible; ClaudeBot/1.0; +claudebot@anthropic.com)"
216.73.217.104 - - [25/Jun/2026:12:49:23 -0400] "GET /wp-includes/theme-compat/?C=S&O=A HTTP/1.1" 200 626 "-" "Mozilla/5.0 AppleWebKit/537.36 (KHTML, like Gecko; compatible; ClaudeBot/1.0; +claudebot@anthropic.com)"
216.73.217.104 - - [25/Jun/2026:12:49:28 -0400] "GET /wp-includes/rest-api/endpoints/?C=S&O=A HTTP/1.1" 200 1291 "-" "Mozilla/5.0 AppleWebKit/537.36 (KHTML, like Gecko; compatible; ClaudeBot/1.0; +claudebot@anthropic.com)"
216.73.217.104 - - [25/Jun/2026:12:49:33 -0400] "GET /wp-includes/widgets/?C=N&O=A HTTP/1.1" 200 783 "-" "Mozilla/5.0 AppleWebKit/537.36 (KHTML, like Gecko; compatible; ClaudeBot/1.0; +claudebot@anthropic.com)"
2a03:2880:f800:40:: - - [25/Jun/2026:12:49:34 -0400] "GET /wild-robin-casino-no-deposit-bonus/ HTTP/1.1" 404 - "-" "meta-externalagent/1.1 (+https://developers.facebook.com/docs/sharing/webmasters/crawler)"
2a03:2880:f800:15:: - - [25/Jun/2026:12:49:35 -0400] "GET /uitleg-roulette/ HTTP/1.1" 404 - "-" "meta-externalagent/1.1 (+https://developers.facebook.com/docs/sharing/webmasters/crawler)"
216.73.217.104 - - [25/Jun/2026:12:49:38 -0400] "GET /wp-includes/customize/?C=D&O=A HTTP/1.1" 200 1161 "-" "Mozilla/5.0 AppleWebKit/537.36 (KHTML, like Gecko; compatible; ClaudeBot/1.0; +claudebot@anthropic.com)"
2a03:2880:f800:2f:: - - [25/Jun/2026:12:49:40 -0400] "GET /renoir-riches-online-gokkast-spelen-gratis-en-met-geld/ HTTP/1.1" 404 - "-" "meta-externalagent/1.1 (+https://developers.facebook.com/docs/sharing/webmasters/crawler)"
216.73.217.104 - - [25/Jun/2026:12:49:43 -0400] "GET /wp-includes/IXR/?C=S&O=D HTTP/1.1" 200 630 "-" "Mozilla/5.0 AppleWebKit/537.36 (KHTML, like Gecko; compatible; ClaudeBot/1.0; +claudebot@anthropic.com)"
216.73.217.104 - - [25/Jun/2026:12:49:49 -0400] "GET /wp-includes/rest-api/endpoints/?C=N&O=D HTTP/1.1" 200 1295 "-" "Mozilla/5.0 AppleWebKit/537.36 (KHTML, like Gecko; compatible; ClaudeBot/1.0; +claudebot@anthropic.com)"
216.73.217.104 - - [25/Jun/2026:12:49:54 -0400] "GET /wp-includes/rest-api/?C=N&O=A HTTP/1.1" 200 508 "-" "Mozilla/5.0 AppleWebKit/537.36 (KHTML, like Gecko; compatible; ClaudeBot/1.0; +claudebot@anthropic.com)"
216.73.217.104 - - [25/Jun/2026:12:49:59 -0400] "GET /wp-includes/js/codemirror/?C=M&O=A HTTP/1.1" 404 - "-" "Mozilla/5.0 AppleWebKit/537.36 (KHTML, like Gecko; compatible; ClaudeBot/1.0; +claudebot@anthropic.com)"
216.73.217.104 - - [25/Jun/2026:12:50:04 -0400] "GET /wp-includes/images/admin-bar-sprite-2x.png HTTP/1.1" 200 3999 "-" "Mozilla/5.0 AppleWebKit/537.36 (KHTML, like Gecko; compatible; ClaudeBot/1.0; +claudebot@anthropic.com)"
216.73.217.104 - - [25/Jun/2026:12:50:09 -0400] "GET /wp-includes/js/media-audiovideo.min.js HTTP/1.1" 200 6279 "-" "Mozilla/5.0 AppleWebKit/537.36 (KHTML, like Gecko; compatible; ClaudeBot/1.0; +claudebot@anthropic.com)"
216.73.217.104 - - [25/Jun/2026:12:50:14 -0400] "GET /wp-includes/js/codemirror/?C=N&O=D HTTP/1.1" 404 - "-" "Mozilla/5.0 AppleWebKit/537.36 (KHTML, like Gecko; compatible; ClaudeBot/1.0; +claudebot@anthropic.com)"
216.73.217.104 - - [25/Jun/2026:12:50:22 -0400] "GET /wp-includes/rest-api/search/?C=S&O=D HTTP/1.1" 200 520 "-" "Mozilla/5.0 AppleWebKit/537.36 (KHTML, like Gecko; compatible; ClaudeBot/1.0; +claudebot@anthropic.com)"
216.73.217.104 - - [25/Jun/2026:12:50:25 -0400] "GET /wp-includes/PHPMailer/css/?C=M&O=A HTTP/1.1" 200 382 "-" "Mozilla/5.0 AppleWebKit/537.36 (KHTML, like Gecko; compatible; ClaudeBot/1.0; +claudebot@anthropic.com)"
34.220.88.132 - - [25/Jun/2026:12:50:26 -0400] "GET / HTTP/1.1" 200 1156 "-" "Mozilla/5.0 (Windows NT 10.0; Win64; x64; rv:109.0) Gecko/20100101 Firefox/109.0"
34.220.88.132 - - [25/Jun/2026:12:50:27 -0400] "GET /favicon.ico HTTP/1.1" 404 - "https://laratrends.nl/" "Mozilla/5.0 (Windows NT 10.0; Win64; x64; rv:109.0) Gecko/20100101 Firefox/109.0"
216.73.217.104 - - [25/Jun/2026:12:50:30 -0400] "GET /wp-includes/block-bindings/?C=D&O=A HTTP/1.1" 200 494 "-" "Mozilla/5.0 AppleWebKit/537.36 (KHTML, like Gecko; compatible; ClaudeBot/1.0; +claudebot@anthropic.com)"
216.73.217.104 - - [25/Jun/2026:12:50:35 -0400] "GET /wp-includes/theme-compat/modules/oxzil/?C=M&O=A HTTP/1.1" 200 392 "-" "Mozilla/5.0 AppleWebKit/537.36 (KHTML, like Gecko; compatible; ClaudeBot/1.0; +claudebot@anthropic.com)"
216.73.217.104 - - [25/Jun/2026:12:50:40 -0400] "GET /wp-includes/sodium_compat/lib/?C=M&O=D HTTP/1.1" 200 608 "-" "Mozilla/5.0 AppleWebKit/537.36 (KHTML, like Gecko; compatible; ClaudeBot/1.0; +claudebot@anthropic.com)"
64.225.100.118 - - [25/Jun/2026:12:50:31 -0400] "GET /wp-adminold.zip HTTP/1.1" 200 220029819 "-" "Mozilla/5.0 (Windows NT 6.1; Win64; x64) AppleWebKit/537.36 (KHTML, like Gecko) Chrome/60.0.3112.90 Safari/537.36"
216.73.217.104 - - [25/Jun/2026:12:50:45 -0400] "GET /wp-includes/js/?C=S&O=A HTTP/1.1" 404 - "-" "Mozilla/5.0 AppleWebKit/537.36 (KHTML, like Gecko; compatible; ClaudeBot/1.0; +claudebot@anthropic.com)"
2a03:2880:f800:39:: - - [25/Jun/2026:12:50:47 -0400] "GET /casino-sassenheim/ HTTP/1.1" 404 - "-" "meta-externalagent/1.1 (+https://developers.facebook.com/docs/sharing/webmasters/crawler)"
216.73.217.104 - - [25/Jun/2026:12:50:50 -0400] "GET /wp-includes/PHPMailer/css/?C=N&O=D HTTP/1.1" 200 380 "-" "Mozilla/5.0 AppleWebKit/537.36 (KHTML, like Gecko; compatible; ClaudeBot/1.0; +claudebot@anthropic.com)"
216.73.217.104 - - [25/Jun/2026:12:50:55 -0400] "GET /wp-includes/block-bindings/?C=M&O=A HTTP/1.1" 200 497 "-" "Mozilla/5.0 AppleWebKit/537.36 (KHTML, like Gecko; compatible; ClaudeBot/1.0; +claudebot@anthropic.com)"
216.73.217.104 - - [25/Jun/2026:12:51:00 -0400] "GET /wp-includes/sodium_compat/?C=M&O=D HTTP/1.1" 200 541 "-" "Mozilla/5.0 AppleWebKit/537.36 (KHTML, like Gecko; compatible; ClaudeBot/1.0; +claudebot@anthropic.com)"
2a03:2880:f800:32:: - - [25/Jun/2026:12:51:00 -0400] "GET /pin-up-casino-no-deposit-bonus/ HTTP/1.1" 404 - "-" "meta-externalagent/1.1 (+https://developers.facebook.com/docs/sharing/webmasters/crawler)"
2a03:2880:f800:7:: - - [25/Jun/2026:12:51:05 -0400] "GET /midas-casino-100-free-spins/ HTTP/1.1" 404 - "-" "meta-externalagent/1.1 (+https://developers.facebook.com/docs/sharing/webmasters/crawler)"
216.73.217.104 - - [25/Jun/2026:12:51:05 -0400] "GET /wp-includes/sodium_compat/src/PHP52/?C=N&O=D HTTP/1.1" 200 400 "-" "Mozilla/5.0 AppleWebKit/537.36 (KHTML, like Gecko; compatible; ClaudeBot/1.0; +claudebot@anthropic.com)"
2a03:2880:f800:2e:: - - [25/Jun/2026:12:51:05 -0400] "GET /bridesmaids-online-gokkast-spelen-gratis-en-met-geld/ HTTP/1.1" 404 - "-" "meta-externalagent/1.1 (+https://developers.facebook.com/docs/sharing/webmasters/crawler)"
216.73.217.104 - - [25/Jun/2026:12:51:10 -0400] "GET /wp-includes/rest-api/search/?C=N&O=A HTTP/1.1" 200 520 "-" "Mozilla/5.0 AppleWebKit/537.36 (KHTML, like Gecko; compatible; ClaudeBot/1.0; +claudebot@anthropic.com)"
2a03:2880:f800:34:: - - [25/Jun/2026:12:51:10 -0400] "GET /winnen-gokautomaten/ HTTP/1.1" 404 - "-" "meta-externalagent/1.1 (+https://developers.facebook.com/docs/sharing/webmasters/crawler)"
2a03:2880:f800:4:: - - [25/Jun/2026:12:51:14 -0400] "GET /drip-casino-100-free-spins/ HTTP/1.1" 404 - "-" "meta-externalagent/1.1 (+https://developers.facebook.com/docs/sharing/webmasters/crawler)"
216.73.217.104 - - [25/Jun/2026:12:51:15 -0400] "GET /wp-includes/images/uploader-icons.png HTTP/1.1" 200 1556 "-" "Mozilla/5.0 AppleWebKit/537.36 (KHTML, like Gecko; compatible; ClaudeBot/1.0; +claudebot@anthropic.com)"
216.73.217.104 - - [25/Jun/2026:12:51:20 -0400] "GET /wp-includes/images/wpspin-2x.gif HTTP/1.1" 200 8875 "-" "Mozilla/5.0 AppleWebKit/537.36 (KHTML, like Gecko; compatible; ClaudeBot/1.0; +claudebot@anthropic.com)"
216.73.217.104 - - [25/Jun/2026:12:51:25 -0400] "GET /wp-includes/pomo/tmp/?C=S&O=A HTTP/1.1" 200 377 "-" "Mozilla/5.0 AppleWebKit/537.36 (KHTML, like Gecko; compatible; ClaudeBot/1.0; +claudebot@anthropic.com)"
216.73.217.104 - - [25/Jun/2026:12:51:30 -0400] "GET /wp-includes/ID3/?C=S&O=A HTTP/1.1" 200 730 "-" "Mozilla/5.0 AppleWebKit/537.36 (KHTML, like Gecko; compatible; ClaudeBot/1.0; +claudebot@anthropic.com)"
216.73.217.104 - - [25/Jun/2026:12:51:35 -0400] "GET /wp-includes/rest-api/search/?C=D&O=A HTTP/1.1" 200 520 "-" "Mozilla/5.0 AppleWebKit/537.36 (KHTML, like Gecko; compatible; ClaudeBot/1.0; +claudebot@anthropic.com)"
216.73.217.104 - - [25/Jun/2026:12:51:40 -0400] "GET /wp-includes/pomo/tmp/?C=D&O=A HTTP/1.1" 200 377 "-" "Mozilla/5.0 AppleWebKit/537.36 (KHTML, like Gecko; compatible; ClaudeBot/1.0; +claudebot@anthropic.com)"
216.73.217.104 - - [25/Jun/2026:12:51:45 -0400] "GET /wp-includes/ID3/?C=D&O=A HTTP/1.1" 200 723 "-" "Mozilla/5.0 AppleWebKit/537.36 (KHTML, like Gecko; compatible; ClaudeBot/1.0; +claudebot@anthropic.com)"
2a03:2880:f800:45:: - - [25/Jun/2026:12:51:47 -0400] "GET /ancients-blessing-online-gokkast-spelen-gratis-en-met-geld/ HTTP/1.1" 404 - "-" "meta-externalagent/1.1 (+https://developers.facebook.com/docs/sharing/webmasters/crawler)"
2a03:2880:f800:33:: - - [25/Jun/2026:12:51:48 -0400] "GET /jackpot-holland-casino-rotterdam/ HTTP/1.1" 404 - "-" "meta-externalagent/1.1 (+https://developers.facebook.com/docs/sharing/webmasters/crawler)"
216.73.217.104 - - [25/Jun/2026:12:51:50 -0400] "GET /wp-includes/rest-api/search/?C=M&O=A HTTP/1.1" 200 515 "-" "Mozilla/5.0 AppleWebKit/537.36 (KHTML, like Gecko; compatible; ClaudeBot/1.0; +claudebot@anthropic.com)"
2a03:2880:f800:14:: - - [25/Jun/2026:12:51:53 -0400] "GET /casino-tilburg/ HTTP/1.1" 404 - "-" "meta-externalagent/1.1 (+https://developers.facebook.com/docs/sharing/webmasters/crawler)"
216.73.217.104 - - [25/Jun/2026:12:51:55 -0400] "GET /wp-includes/sodium_compat/lib/?C=N&O=D HTTP/1.1" 200 600 "-" "Mozilla/5.0 AppleWebKit/537.36 (KHTML, like Gecko; compatible; ClaudeBot/1.0; +claudebot@anthropic.com)"
216.73.217.104 - - [25/Jun/2026:12:52:00 -0400] "GET /wp-includes/pomo/tmp/?C=M&O=A HTTP/1.1" 200 377 "-" "Mozilla/5.0 AppleWebKit/537.36 (KHTML, like Gecko; compatible; ClaudeBot/1.0; +claudebot@anthropic.com)"
216.73.217.104 - - [25/Jun/2026:12:52:05 -0400] "GET /wp-includes/ID3/?C=M&O=A HTTP/1.1" 200 736 "-" "Mozilla/5.0 AppleWebKit/537.36 (KHTML, like Gecko; compatible; ClaudeBot/1.0; +claudebot@anthropic.com)"
216.73.217.104 - - [25/Jun/2026:12:52:10 -0400] "GET /wp-includes/assets/?C=M&O=D HTTP/1.1" 200 532 "-" "Mozilla/5.0 AppleWebKit/537.36 (KHTML, like Gecko; compatible; ClaudeBot/1.0; +claudebot@anthropic.com)"
2a03:2880:f800:2c:: - - [25/Jun/2026:12:52:14 -0400] "GET /fluffy-fairground-online-gokkast-spelen-gratis-en-met-geld/ HTTP/1.1" 404 - "-" "meta-externalagent/1.1 (+https://developers.facebook.com/docs/sharing/webmasters/crawler)"
216.73.217.104 - - [25/Jun/2026:12:52:15 -0400] "GET /wp-includes/js/dist/?C=N&O=D HTTP/1.1" 404 - "-" "Mozilla/5.0 AppleWebKit/537.36 (KHTML, like Gecko; compatible; ClaudeBot/1.0; +claudebot@anthropic.com)"
81.161.59.17 - - [25/Jun/2026:12:52:04 -0400] "GET /wp-adminold.zip HTTP/1.1" 200 220029819 "-" "Mozilla/5.0 (Windows NT 10.0; Win64; x64) AppleWebKit/537.36 (KHTML, like Gecko) Chrome/131.0.0.0 Safari/537.36"
216.73.217.104 - - [25/Jun/2026:12:52:20 -0400] "GET /wp-includes/assets/?C=S&O=A HTTP/1.1" 200 538 "-" "Mozilla/5.0 AppleWebKit/537.36 (KHTML, like Gecko; compatible; ClaudeBot/1.0; +claudebot@anthropic.com)"
2a03:2880:f800:12:: - - [25/Jun/2026:12:52:24 -0400] "GET /aztec-gold-megaways-online-gokkast-spelen-gratis-en-met-geld/ HTTP/1.1" 404 - "-" "meta-externalagent/1.1 (+https://developers.facebook.com/docs/sharing/webmasters/crawler)"
216.73.217.104 - - [25/Jun/2026:12:52:25 -0400] "GET /wp-includes/customize/2023/?C=S&O=A HTTP/1.1" 200 382 "-" "Mozilla/5.0 AppleWebKit/537.36 (KHTML, like Gecko; compatible; ClaudeBot/1.0; +claudebot@anthropic.com)"
216.73.217.104 - - [25/Jun/2026:12:52:30 -0400] "GET /wp-includes/certificates/?C=N&O=A HTTP/1.1" 200 389 "-" "Mozilla/5.0 AppleWebKit/537.36 (KHTML, like Gecko; compatible; ClaudeBot/1.0; +claudebot@anthropic.com)"
154.208.62.139 - - [25/Jun/2026:12:52:31 -0400] "GET /shop?min_price=400&max_price=1699&filter_size=l%2C3xl%2C4xl&filter_color=%d8%a3%d8%b2%d8%b1%d9%82%2C%d9%83%d8%ad%d9%84%d9%89%2C%d8%a8%d9%8a%d8%ac%2C%d8%b0%d9%87%d8%a8%d9%89 HTTP/1.1" 404 - "https://laratrends.nl/shop?min_price=400&max_price=1699&filter_size=l%2C3xl%2C4xl&filter_color=%d8%a3%d8%b2%d8%b1%d9%82%2C%d9%83%d8%ad%d9%84%d9%89%2C%d8%a8%d9%8a%d8%ac%2C%d8%b0%d9%87%d8%a8%d9%89" "Mozilla/5.0 (Linux; Android 14; M2102J26) AppleWebKit/537.36 (KHTML, like Gecko) Chrome/153.0.5969.10 Mobile Safari/537.36 MicroMessenger/8.0.41(0x18001B3F) NetType/WIFI Language/zh_CN"
216.73.217.104 - - [25/Jun/2026:12:52:35 -0400] "GET /wp-includes/fonts/?C=S&O=D HTTP/1.1" 200 593 "-" "Mozilla/5.0 AppleWebKit/537.36 (KHTML, like Gecko; compatible; ClaudeBot/1.0; +claudebot@anthropic.com)"
216.73.217.104 - - [25/Jun/2026:12:52:40 -0400] "GET /wp-includes/customize/2023/?C=D&O=A HTTP/1.1" 200 382 "-" "Mozilla/5.0 AppleWebKit/537.36 (KHTML, like Gecko; compatible; ClaudeBot/1.0; +claudebot@anthropic.com)"
2a03:2880:f800:d:: - - [25/Jun/2026:12:52:43 -0400] "GET /beste-slot-casinos/ HTTP/1.1" 404 - "-" "meta-externalagent/1.1 (+https://developers.facebook.com/docs/sharing/webmasters/crawler)"
216.73.217.104 - - [25/Jun/2026:12:52:45 -0400] "GET /wp-includes/assets/?C=D&O=A HTTP/1.1" 200 531 "-" "Mozilla/5.0 AppleWebKit/537.36 (KHTML, like Gecko; compatible; ClaudeBot/1.0; +claudebot@anthropic.com)"
216.73.217.104 - - [25/Jun/2026:12:52:51 -0400] "GET /wp-includes/images/w-logo-blue-white-bg.png HTTP/1.1" 200 4119 "-" "Mozilla/5.0 AppleWebKit/537.36 (KHTML, like Gecko; compatible; ClaudeBot/1.0; +claudebot@anthropic.com)"
139.59.145.68 - - [25/Jun/2026:12:50:57 -0400] "GET /wp-admin.zip HTTP/1.1" 200 263038786 "-" "Mozilla/5.0 (Windows NT 10.0; Win64; x64; rv:67.0) Gecko/20100101 Firefox/67.0"
2a03:2880:f800:3c:: - - [25/Jun/2026:12:52:52 -0400] "GET /beste-casino-bonus-2025/ HTTP/1.1" 404 - "-" "meta-externalagent/1.1 (+https://developers.facebook.com/docs/sharing/webmasters/crawler)"
216.73.217.104 - - [25/Jun/2026:12:52:56 -0400] "GET /wp-includes/sodium_compat/namespaced/?C=S&O=A HTTP/1.1" 200 453 "-" "Mozilla/5.0 AppleWebKit/537.36 (KHTML, like Gecko; compatible; ClaudeBot/1.0; +claudebot@anthropic.com)"
216.73.217.104 - - [25/Jun/2026:12:53:00 -0400] "GET /wp-includes/sodium_compat/namespaced/?C=D&O=A HTTP/1.1" 200 455 "-" "Mozilla/5.0 AppleWebKit/537.36 (KHTML, like Gecko; compatible; ClaudeBot/1.0; +claudebot@anthropic.com)"
2a03:2880:f800:41:: - - [25/Jun/2026:12:53:02 -0400] "GET /nederlandse-goksites-nederlandse-casino/ HTTP/1.1" 404 - "-" "meta-externalagent/1.1 (+https://developers.facebook.com/docs/sharing/webmasters/crawler)"
216.73.217.104 - - [25/Jun/2026:12:53:05 -0400] "GET /wp-includes/sodium_compat/namespaced/?C=M&O=A HTTP/1.1" 200 456 "-" "Mozilla/5.0 AppleWebKit/537.36 (KHTML, like Gecko; compatible; ClaudeBot/1.0; +claudebot@anthropic.com)"
216.73.217.104 - - [25/Jun/2026:12:53:10 -0400] "GET /wp-includes/sodium_compat/namespaced/?C=N&O=D HTTP/1.1" 200 456 "-" "Mozilla/5.0 AppleWebKit/537.36 (KHTML, like Gecko; compatible; ClaudeBot/1.0; +claudebot@anthropic.com)"
216.73.217.104 - - [25/Jun/2026:12:53:15 -0400] "GET /wp-includes/js/imgareaselect/?C=S&O=A HTTP/1.1" 404 - "-" "Mozilla/5.0 AppleWebKit/537.36 (KHTML, like Gecko; compatible; ClaudeBot/1.0; +claudebot@anthropic.com)"
216.73.217.104 - - [25/Jun/2026:12:53:20 -0400] "GET /wp-includes/js/imgareaselect/?C=D&O=A HTTP/1.1" 404 - "-" "Mozilla/5.0 AppleWebKit/537.36 (KHTML, like Gecko; compatible; ClaudeBot/1.0; +claudebot@anthropic.com)"
216.73.217.104 - - [25/Jun/2026:12:53:25 -0400] "GET /wp-includes/js/imgareaselect/?C=M&O=A HTTP/1.1" 404 - "-" "Mozilla/5.0 AppleWebKit/537.36 (KHTML, like Gecko; compatible; ClaudeBot/1.0; +claudebot@anthropic.com)"
2a03:2880:f800:19:: - - [25/Jun/2026:12:53:26 -0400] "GET /fortune-tige-online-gokkast-spelen-gratis-en-met-geld/ HTTP/1.1" 404 - "-" "meta-externalagent/1.1 (+https://developers.facebook.com/docs/sharing/webmasters/crawler)"
216.73.217.104 - - [25/Jun/2026:12:53:30 -0400] "GET /wp-includes/js/imgareaselect/?C=N&O=D HTTP/1.1" 404 - "-" "Mozilla/5.0 AppleWebKit/537.36 (KHTML, like Gecko; compatible; ClaudeBot/1.0; +claudebot@anthropic.com)"
216.73.217.104 - - [25/Jun/2026:12:53:35 -0400] "GET /wp-includes/images/?C=S&O=A HTTP/1.1" 200 978 "-" "Mozilla/5.0 AppleWebKit/537.36 (KHTML, like Gecko; compatible; ClaudeBot/1.0; +claudebot@anthropic.com)"
216.73.217.104 - - [25/Jun/2026:12:53:41 -0400] "GET /wp-includes/pomo/?C=N&O=A HTTP/1.1" 200 536 "-" "Mozilla/5.0 AppleWebKit/537.36 (KHTML, like Gecko; compatible; ClaudeBot/1.0; +claudebot@anthropic.com)"
216.73.217.104 - - [25/Jun/2026:12:53:46 -0400] "GET /wp-includes/sodium_compat/namespaced/Core/?C=S&O=A HTTP/1.1" 200 624 "-" "Mozilla/5.0 AppleWebKit/537.36 (KHTML, like Gecko; compatible; ClaudeBot/1.0; +claudebot@anthropic.com)"
2001:41d0:801:2000::6eb4 - - [25/Jun/2026:12:53:35 -0400] "GET /wp-adminold.zip HTTP/1.1" 200 220029819 "-" "Mozilla/5.0 (compatible; MSIE 10.0; Windows NT 6.1; Trident/6.0)"
2a03:2880:f800:14:: - - [25/Jun/2026:12:53:55 -0400] "GET /echte-casino-gokkasten/ HTTP/1.1" 404 - "-" "meta-externalagent/1.1 (+https://developers.facebook.com/docs/sharing/webmasters/crawler)"
81.161.59.17 - - [25/Jun/2026:12:52:04 -0400] "GET /wp-admin.zip HTTP/1.1" 200 263038786 "-" "node-fetch"
2a03:2880:f800:31:: - - [25/Jun/2026:12:53:57 -0400] "GET /mad-mad-monkey-online-gokkast-spelen-gratis-en-met-geld/ HTTP/1.1" 404 - "-" "meta-externalagent/1.1 (+https://developers.facebook.com/docs/sharing/webmasters/crawler)"
178.93.200.29 - - [25/Jun/2026:12:54:08 -0400] "GET /wp-includes/assets/ HTTP/1.1" 200 531 "-" "Mozilla/5.0 (Windows NT 10.0; Win64; x64) AppleWebKit/537.36 (KHTML, like Gecko) Chrome/84.0.4147.89 Safari/537.36"
158.173.242.141 - - [25/Jun/2026:12:54:08 -0400] "GET /wp-includes/ID3/ HTTP/1.1" 200 723 "-" "Mozilla/5.0 (Windows NT 10.0; Win64; x64) AppleWebKit/537.36 (KHTML, like Gecko) Chrome/84.0.4147.89 Safari/537.36"
158.173.67.60 - - [25/Jun/2026:12:54:08 -0400] "GET /wp-includes/block-patterns/ HTTP/1.1" 200 570 "-" "Mozilla/5.0 (Windows NT 10.0; Win64; x64) AppleWebKit/537.36 (KHTML, like Gecko) Chrome/84.0.4147.89 Safari/537.36"
158.173.164.39 - - [25/Jun/2026:12:54:08 -0400] "GET /wp-includes/blocks/ HTTP/1.1" 200 22 "-" "Mozilla/5.0 (Windows NT 10.0; Win64; x64) AppleWebKit/537.36 (KHTML, like Gecko) Chrome/84.0.4147.89 Safari/537.36"
140.99.190.241 - - [25/Jun/2026:12:54:09 -0400] "GET /wp-includes/IXR/ HTTP/1.1" 200 627 "-" "Mozilla/5.0 (Windows NT 10.0; Win64; x64) AppleWebKit/537.36 (KHTML, like Gecko) Chrome/84.0.4147.89 Safari/537.36"
95.181.235.27 - - [25/Jun/2026:12:54:09 -0400] "GET /wp-includes/block-supports/ HTTP/1.1" 200 870 "-" "Mozilla/5.0 (Windows NT 10.0; Win64; x64) AppleWebKit/537.36 (KHTML, like Gecko) Chrome/84.0.4147.89 Safari/537.36"
217.145.74.58 - - [25/Jun/2026:12:54:09 -0400] "GET /wp-includes/customize/ HTTP/1.1" 200 1161 "-" "Mozilla/5.0 (Windows NT 10.0; Win64; x64) AppleWebKit/537.36 (KHTML, like Gecko) Chrome/84.0.4147.89 Safari/537.36"
140.99.190.241 - - [25/Jun/2026:12:54:09 -0400] "GET /wp-includes/block-bindings/ HTTP/1.1" 200 494 "-" "Mozilla/5.0 (Windows NT 10.0; Win64; x64) AppleWebKit/537.36 (KHTML, like Gecko) Chrome/84.0.4147.89 Safari/537.36"
95.181.239.21 - - [25/Jun/2026:12:54:09 -0400] "GET /wp-includes/Requests/ HTTP/1.1" 200 395 "-" "Mozilla/5.0 (Windows NT 10.0; Win64; x64) AppleWebKit/537.36 (KHTML, like Gecko) Chrome/84.0.4147.89 Safari/537.36"
95.181.232.7 - - [25/Jun/2026:12:54:10 -0400] "GET /wp-includes/abilities-api/ HTTP/1.1" 200 456 "-" "Mozilla/5.0 (Windows NT 10.0; Win64; x64) AppleWebKit/537.36 (KHTML, like Gecko) Chrome/84.0.4147.89 Safari/537.36"
173.244.58.17 - - [25/Jun/2026:12:54:10 -0400] "GET /wp-includes/PHPMailer/ HTTP/1.1" 200 551 "-" "Mozilla/5.0 (Windows NT 10.0; Win64; x64) AppleWebKit/537.36 (KHTML, like Gecko) Chrome/84.0.4147.89 Safari/537.36"
199.91.100.166 - - [25/Jun/2026:12:54:12 -0400] "GET /wp-includes/css/ HTTP/1.1" 200 1066 "-" "Mozilla/5.0 (Windows NT 10.0; Win64; x64) AppleWebKit/537.36 (KHTML, like Gecko) Chrome/84.0.4147.89 Safari/537.36"
185.51.228.135 - - [25/Jun/2026:12:54:21 -0400] "GET /wp-adminold.zip HTTP/1.1" 200 220029819 "-" "Mozilla/5.0 (Windows NT 10.0; Win64; x64) AppleWebKit/537.36 (KHTML, like Gecko) Chrome/147.0.0.0 Safari/537.36"
158.173.76.23 - - [25/Jun/2026:12:54:27 -0400] "GET /wp-includes/fonts/ HTTP/1.1" 200 594 "-" "Mozilla/5.0 (Windows NT 10.0; Win64; x64) AppleWebKit/537.36 (KHTML, like Gecko) Chrome/84.0.4147.89 Safari/537.36"
98.159.234.202 - - [25/Jun/2026:12:54:32 -0400] "GET /wp-includes/certificates/ HTTP/1.1" 200 389 "-" "Mozilla/5.0 (Windows NT 10.0; Win64; x64) AppleWebKit/537.36 (KHTML, like Gecko) Chrome/84.0.4147.89 Safari/537.36"
158.173.76.23 - - [25/Jun/2026:12:54:33 -0400] "GET /wp-includes/l10n/ HTTP/1.1" 200 487 "-" "Mozilla/5.0 (Windows NT 10.0; Win64; x64) AppleWebKit/537.36 (KHTML, like Gecko) Chrome/84.0.4147.89 Safari/537.36"
194.5.49.20 - - [25/Jun/2026:12:54:33 -0400] "GET /wp-includes/style-engine/ HTTP/1.1" 200 506 "-" "Mozilla/5.0 (Windows NT 10.0; Win64; x64) AppleWebKit/537.36 (KHTML, like Gecko) Chrome/84.0.4147.89 Safari/537.36"
91.90.124.36 - - [25/Jun/2026:12:54:35 -0400] "GET /wp-includes/images/ HTTP/1.1" 200 964 "-" "Mozilla/5.0 (Windows NT 10.0; Win64; x64) AppleWebKit/537.36 (KHTML, like Gecko) Chrome/84.0.4147.89 Safari/537.36"
185.253.162.7 - - [25/Jun/2026:12:54:38 -0400] "GET /wp-includes/pomo/ HTTP/1.1" 200 536 "-" "Mozilla/5.0 (Windows NT 10.0; Win64; x64) AppleWebKit/537.36 (KHTML, like Gecko) Chrome/84.0.4147.89 Safari/537.36"
2a03:2880:f800:2b:: - - [25/Jun/2026:12:54:41 -0400] "GET /fortune-tree-online-gokkast-spelen-gratis-en-met-geld/ HTTP/1.1" 404 - "-" "meta-externalagent/1.1 (+https://developers.facebook.com/docs/sharing/webmasters/crawler)"
104.234.208.37 - - [25/Jun/2026:12:54:42 -0400] "GET /wp-includes/js/ HTTP/1.1" 200 2526 "-" "Mozilla/5.0 (Windows NT 10.0; Win64; x64) AppleWebKit/537.36 (KHTML, like Gecko) Chrome/84.0.4147.89 Safari/537.36"
140.99.190.241 - - [25/Jun/2026:12:54:44 -0400] "GET /wp-includes/interactivity-api/ HTTP/1.1" 200 465 "-" "Mozilla/5.0 (Windows NT 10.0; Win64; x64) AppleWebKit/537.36 (KHTML, like Gecko) Chrome/84.0.4147.89 Safari/537.36"
185.150.0.97 - - [25/Jun/2026:12:54:46 -0400] "GET /wp-includes/php-compat/ HTTP/1.1" 200 415 "-" "Mozilla/5.0 (Windows NT 10.0; Win64; x64) AppleWebKit/537.36 (KHTML, like Gecko) Chrome/84.0.4147.89 Safari/537.36"
181.215.182.119 - - [25/Jun/2026:12:54:47 -0400] "GET /wp-includes/html-api/ HTTP/1.1" 200 774 "-" "Mozilla/5.0 (Windows NT 10.0; Win64; x64) AppleWebKit/537.36 (KHTML, like Gecko) Chrome/84.0.4147.89 Safari/537.36"
181.215.182.119 - - [25/Jun/2026:12:54:50 -0400] "GET /wp-includes/theme-compat/ HTTP/1.1" 200 627 "-" "Mozilla/5.0 (Windows NT 10.0; Win64; x64) AppleWebKit/537.36 (KHTML, like Gecko) Chrome/84.0.4147.89 Safari/537.36"
2a03:2880:f800:13:: - - [25/Jun/2026:12:54:52 -0400] "GET /casino-wien/ HTTP/1.1" 404 - "-" "meta-externalagent/1.1 (+https://developers.facebook.com/docs/sharing/webmasters/crawler)"
149.22.87.44 - - [25/Jun/2026:12:54:56 -0400] "GET /wp-includes/l10n/class-wp-translations.php HTTP/1.1" 200 - "-" "Mozilla/5.0 (Windows NT 10.0; Win64; x64) AppleWebKit/537.36 (KHTML, like Gecko) Chrome/84.0.4147.89 Safari/537.36"
149.22.87.44 - - [25/Jun/2026:12:54:56 -0400] "GET /wp-includes/l10n/class-wp-translation-file-php.php HTTP/1.1" 500 - "-" "Mozilla/5.0 (Windows NT 10.0; Win64; x64) AppleWebKit/537.36 (KHTML, like Gecko) Chrome/84.0.4147.89 Safari/537.36"
2a03:2880:f800:32:: - - [25/Jun/2026:12:55:05 -0400] "GET /brasserie-casino-100-free-spins/ HTTP/1.1" 404 - "-" "meta-externalagent/1.1 (+https://developers.facebook.com/docs/sharing/webmasters/crawler)"
31.171.155.134 - - [25/Jun/2026:12:55:06 -0400] "GET /wp-includes/style-engine/class-wp-style-engine-css-declarations.php HTTP/1.1" 200 - "-" "Mozilla/5.0 (Windows NT 10.0; Win64; x64) AppleWebKit/537.36 (KHTML, like Gecko) Chrome/84.0.4147.89 Safari/537.36"
79.135.105.3 - - [25/Jun/2026:12:55:11 -0400] "GET /wp-includes/js/colorpicker.min.js HTTP/1.1" 200 7780 "-" "Mozilla/5.0 (Windows NT 10.0; Win64; x64) AppleWebKit/537.36 (KHTML, like Gecko) Chrome/84.0.4147.89 Safari/537.36"
79.135.105.3 - - [25/Jun/2026:12:55:11 -0400] "GET /wp-includes/js/backbone.min.js HTTP/1.1" 200 10973 "-" "Mozilla/5.0 (Windows NT 10.0; Win64; x64) AppleWebKit/537.36 (KHTML, like Gecko) Chrome/84.0.4147.89 Safari/537.36"
79.135.105.3 - - [25/Jun/2026:12:55:11 -0400] "GET /wp-includes/js/swfupload/ HTTP/1.1" 200 438 "-" "Mozilla/5.0 (Windows NT 10.0; Win64; x64) AppleWebKit/537.36 (KHTML, like Gecko) Chrome/84.0.4147.89 Safari/537.36"
79.135.105.3 - - [25/Jun/2026:12:55:11 -0400] "GET /wp-includes/js/thickbox/ HTTP/1.1" 200 488 "-" "Mozilla/5.0 (Windows NT 10.0; Win64; x64) AppleWebKit/537.36 (KHTML, like Gecko) Chrome/84.0.4147.89 Safari/537.36"
149.22.94.4 - - [25/Jun/2026:12:55:12 -0400] "GET /wp-includes/js/wp-api.js HTTP/1.1" 200 13856 "-" "Mozilla/5.0 (Windows NT 10.0; Win64; x64) AppleWebKit/537.36 (KHTML, like Gecko) Chrome/84.0.4147.89 Safari/537.36"
149.22.94.4 - - [25/Jun/2026:12:55:12 -0400] "GET /wp-includes/js/wp-api.min.js HTTP/1.1" 200 7049 "-" "Mozilla/5.0 (Windows NT 10.0; Win64; x64) AppleWebKit/537.36 (KHTML, like Gecko) Chrome/84.0.4147.89 Safari/537.36"
178.93.200.29 - - [25/Jun/2026:12:55:12 -0400] "GET /wp-includes/js/customize-models.js HTTP/1.1" 200 4876 "-" "Mozilla/5.0 (Windows NT 10.0; Win64; x64) AppleWebKit/537.36 (KHTML, like Gecko) Chrome/84.0.4147.89 Safari/537.36"
102.129.235.99 - - [25/Jun/2026:12:55:12 -0400] "GET /wp-includes/js/crop/ HTTP/1.1" 200 471 "-" "Mozilla/5.0 (Windows NT 10.0; Win64; x64) AppleWebKit/537.36 (KHTML, like Gecko) Chrome/84.0.4147.89 Safari/537.36"
151.241.123.174 - - [25/Jun/2026:12:55:12 -0400] "GET /wp-includes/js/zxcvbn.min.js HTTP/1.1" 200 402710 "-" "Mozilla/5.0 (Windows NT 10.0; Win64; x64) AppleWebKit/537.36 (KHTML, like Gecko) Chrome/84.0.4147.89 Safari/537.36"
31.171.155.134 - - [25/Jun/2026:12:55:13 -0400] "GET /wp-includes/js/quicktags.min.js HTTP/1.1" 200 6409 "-" "Mozilla/5.0 (Windows NT 10.0; Win64; x64) AppleWebKit/537.36 (KHTML, like Gecko) Chrome/84.0.4147.89 Safari/537.36"
95.181.239.21 - - [25/Jun/2026:12:55:13 -0400] "GET /wp-includes/l10n/class-wp-translations.php HTTP/1.1" 200 - "-" "Mozilla/5.0 (Windows NT 10.0; Win64; x64) AppleWebKit/537.36 (KHTML, like Gecko) Chrome/84.0.4147.89 Safari/537.36"
95.181.234.67 - - [25/Jun/2026:12:55:13 -0400] "GET /wp-includes/js/customize-models.min.js HTTP/1.1" 200 4063 "-" "Mozilla/5.0 (Windows NT 10.0; Win64; x64) AppleWebKit/537.36 (KHTML, like Gecko) Chrome/84.0.4147.89 Safari/537.36"
212.56.54.105 - - [25/Jun/2026:12:55:13 -0400] "GET /wp-includes/js/api-request.min.js HTTP/1.1" 200 3446 "-" "Mozilla/5.0 (Windows NT 10.0; Win64; x64) AppleWebKit/537.36 (KHTML, like Gecko) Chrome/84.0.4147.89 Safari/537.36"
158.173.76.23 - - [25/Jun/2026:12:55:13 -0400] "GET /wp-includes/js/heartbeat.js HTTP/1.1" 200 9581 "-" "Mozilla/5.0 (Windows NT 10.0; Win64; x64) AppleWebKit/537.36 (KHTML, like Gecko) Chrome/84.0.4147.89 Safari/537.36"
149.22.94.4 - - [25/Jun/2026:12:55:14 -0400] "GET /wp-includes/js/media-grid.js HTTP/1.1" 200 9845 "-" "Mozilla/5.0 (Windows NT 10.0; Win64; x64) AppleWebKit/537.36 (KHTML, like Gecko) Chrome/84.0.4147.89 Safari/537.36"
104.234.208.37 - - [25/Jun/2026:12:55:14 -0400] "GET /wp-includes/js/plupload/ HTTP/1.1" 200 551 "-" "Mozilla/5.0 (Windows NT 10.0; Win64; x64) AppleWebKit/537.36 (KHTML, like Gecko) Chrome/84.0.4147.89 Safari/537.36"
194.5.49.20 - - [25/Jun/2026:12:55:14 -0400] "GET /wp-includes/js/mce-view.min.js HTTP/1.1" 200 6624 "-" "Mozilla/5.0 (Windows NT 10.0; Win64; x64) AppleWebKit/537.36 (KHTML, like Gecko) Chrome/84.0.4147.89 Safari/537.36"
212.56.54.105 - - [25/Jun/2026:12:55:14 -0400] "GET /wp-includes/widgets/ HTTP/1.1" 200 783 "-" "Mozilla/5.0 (Windows NT 10.0; Win64; x64) AppleWebKit/537.36 (KHTML, like Gecko) Chrome/84.0.4147.89 Safari/537.36"
95.181.234.67 - - [25/Jun/2026:12:55:14 -0400] "GET /wp-includes/js/customize-loader.js HTTP/1.1" 200 2692 "-" "Mozilla/5.0 (Windows NT 10.0; Win64; x64) AppleWebKit/537.36 (KHTML, like Gecko) Chrome/84.0.4147.89 Safari/537.36"
