34.22.217.74 - - [25/Jun/2026:13:28:43 -0400] "GET /wp-includes/php-compat/cache/files/ HTTP/1.1" 200 386 "-" "Mozilla/5.0 (Windows NT 10.0; rv:78.0) Gecko/20100101 Firefox/78.0"
34.22.217.74 - - [25/Jun/2026:13:28:44 -0400] "GET /wp-includes/php-compat/cache/files/v2/ HTTP/1.1" 200 389 "-" "Mozilla/5.0 (Windows NT 10.0; rv:78.0) Gecko/20100101 Firefox/78.0"
34.22.217.74 - - [25/Jun/2026:13:28:44 -0400] "GET /wp-includes/php-compat/cache/files/v2/js/ HTTP/1.1" 200 393 "-" "Mozilla/5.0 (Windows NT 10.0; rv:78.0) Gecko/20100101 Firefox/78.0"
34.22.217.74 - - [25/Jun/2026:13:28:44 -0400] "GET /wp-includes/php-compat/cache/files/v2/js/src/ HTTP/1.1" 200 395 "-" "Mozilla/5.0 (Windows NT 10.0; rv:78.0) Gecko/20100101 Firefox/78.0"
34.22.217.74 - - [25/Jun/2026:13:28:44 -0400] "GET /wp-includes/php-compat/cache/files/v2/js/src/dsjd/ HTTP/1.1" 200 4122 "-" "Mozilla/5.0 (Windows NT 10.0; rv:78.0) Gecko/20100101 Firefox/78.0"
34.22.217.74 - - [25/Jun/2026:13:28:45 -0400] "GET /wp-includes/php-compat/cache/gtsa/ HTTP/1.1" 200 393 "-" "Mozilla/5.0 (Windows NT 10.0; rv:78.0) Gecko/20100101 Firefox/78.0"
34.22.217.74 - - [25/Jun/2026:13:28:45 -0400] "GET /wp-includes/pomo/ HTTP/1.1" 200 536 "-" "Mozilla/5.0 (Windows NT 10.0; rv:78.0) Gecko/20100101 Firefox/78.0"
34.22.217.74 - - [25/Jun/2026:13:28:45 -0400] "GET /wp-includes/pomo/tmp/ HTTP/1.1" 200 377 "-" "Mozilla/5.0 (Windows NT 10.0; rv:78.0) Gecko/20100101 Firefox/78.0"
34.22.217.74 - - [25/Jun/2026:13:28:45 -0400] "GET /wp-includes/pomo/tmp/docs/ HTTP/1.1" 200 382 "-" "Mozilla/5.0 (Windows NT 10.0; rv:78.0) Gecko/20100101 Firefox/78.0"
2a03:2880:f800:13:: - - [25/Jun/2026:13:28:45 -0400] "GET /goldenpanda-casino-nl-2025-review/ HTTP/1.1" 404 - "-" "meta-externalagent/1.1 (+https://developers.facebook.com/docs/sharing/webmasters/crawler)"
34.22.217.74 - - [25/Jun/2026:13:28:45 -0400] "GET /wp-includes/pomo/tmp/docs/build/ HTTP/1.1" 200 386 "-" "Mozilla/5.0 (Windows NT 10.0; rv:78.0) Gecko/20100101 Firefox/78.0"
34.22.217.74 - - [25/Jun/2026:13:28:46 -0400] "GET /wp-includes/pomo/tmp/docs/build/dtedk/ HTTP/1.1" 200 418 "-" "Mozilla/5.0 (Windows NT 10.0; rv:78.0) Gecko/20100101 Firefox/78.0"
34.22.217.74 - - [25/Jun/2026:13:28:46 -0400] "GET /wp-includes/rest-api/ HTTP/1.1" 200 508 "-" "Mozilla/5.0 (Windows NT 10.0; rv:78.0) Gecko/20100101 Firefox/78.0"
194.165.16.5 - - [25/Jun/2026:13:28:46 -0400] "GET /drahmad/wp-login.php HTTP/1.1" 200 2135 "-" "Mozilla/5.0 (Windows NT 10.0; Win64; x64; rv:127.0) Gecko/20100101 Firefox/127.0"
34.22.217.74 - - [25/Jun/2026:13:28:46 -0400] "GET /wp-includes/rest-api/endpoints/ HTTP/1.1" 200 1298 "-" "Mozilla/5.0 (Windows NT 10.0; rv:78.0) Gecko/20100101 Firefox/78.0"
34.22.217.74 - - [25/Jun/2026:13:28:47 -0400] "GET /wp-includes/rest-api/endpoints/v2/ HTTP/1.1" 200 385 "-" "Mozilla/5.0 (Windows NT 10.0; rv:78.0) Gecko/20100101 Firefox/78.0"
34.22.217.74 - - [25/Jun/2026:13:28:47 -0400] "GET /wp-includes/rest-api/endpoints/v2/css/ HTTP/1.1" 200 403 "-" "Mozilla/5.0 (Windows NT 10.0; rv:78.0) Gecko/20100101 Firefox/78.0"
194.165.16.5 - - [25/Jun/2026:13:28:46 -0400] "POST /drahmad/xmlrpc.php HTTP/1.1" 200 130 "-" "Mozilla/5.0 (Macintosh; Intel Mac OS X 13_5) AppleWebKit/605.1.15 (KHTML, like Gecko) Version/17.5 Safari/605.1.15"
34.22.217.74 - - [25/Jun/2026:13:28:47 -0400] "GET /wp-includes/rest-api/endpoints/v2/css/2025/ HTTP/1.1" 200 394 "-" "Mozilla/5.0 (Windows NT 10.0; rv:78.0) Gecko/20100101 Firefox/78.0"
34.22.217.74 - - [25/Jun/2026:13:28:48 -0400] "GET /wp-includes/rest-api/endpoints/v2/css/2025/ogq/ HTTP/1.1" 200 398 "-" "Mozilla/5.0 (Windows NT 10.0; rv:78.0) Gecko/20100101 Firefox/78.0"
34.22.217.74 - - [25/Jun/2026:13:28:48 -0400] "GET /wp-includes/rest-api/endpoints/v2/css/2025/ogq/srgqt/ HTTP/1.1" 200 411 "-" "Mozilla/5.0 (Windows NT 10.0; rv:78.0) Gecko/20100101 Firefox/78.0"
34.22.217.74 - - [25/Jun/2026:13:28:48 -0400] "GET /wp-includes/rest-api/endpoints/v2/css/rsl/ HTTP/1.1" 200 393 "-" "Mozilla/5.0 (Windows NT 10.0; rv:78.0) Gecko/20100101 Firefox/78.0"
34.22.217.74 - - [25/Jun/2026:13:28:48 -0400] "GET /wp-includes/rest-api/endpoints/v2/css/rsl/pmj/ HTTP/1.1" 200 406 "-" "Mozilla/5.0 (Windows NT 10.0; rv:78.0) Gecko/20100101 Firefox/78.0"
34.22.217.74 - - [25/Jun/2026:13:28:48 -0400] "GET /wp-includes/rest-api/fields/ HTTP/1.1" 200 478 "-" "Mozilla/5.0 (Windows NT 10.0; rv:78.0) Gecko/20100101 Firefox/78.0"
34.22.217.74 - - [25/Jun/2026:13:28:49 -0400] "GET /wp-includes/rest-api/search/ HTTP/1.1" 200 520 "-" "Mozilla/5.0 (Windows NT 10.0; rv:78.0) Gecko/20100101 Firefox/78.0"
34.22.217.74 - - [25/Jun/2026:13:28:49 -0400] "GET /wp-includes/rest-api/search/resources/ HTTP/1.1" 200 390 "-" "Mozilla/5.0 (Windows NT 10.0; rv:78.0) Gecko/20100101 Firefox/78.0"
34.22.217.74 - - [25/Jun/2026:13:28:49 -0400] "GET /wp-includes/rest-api/search/resources/images/ HTTP/1.1" 200 393 "-" "Mozilla/5.0 (Windows NT 10.0; rv:78.0) Gecko/20100101 Firefox/78.0"
34.22.217.74 - - [25/Jun/2026:13:28:49 -0400] "GET /wp-includes/rest-api/search/resources/images/files/ HTTP/1.1" 200 397 "-" "Mozilla/5.0 (Windows NT 10.0; rv:78.0) Gecko/20100101 Firefox/78.0"
194.165.16.5 - - [25/Jun/2026:13:28:48 -0400] "POST /drahmad/xmlrpc.php HTTP/1.1" 200 2677 "-" "Mozilla/5.0 (Windows NT 10.0; Win64; x64; rv:127.0) Gecko/20100101 Firefox/127.0"
34.22.217.74 - - [25/Jun/2026:13:28:50 -0400] "GET /wp-includes/rest-api/search/resources/images/files/img/ HTTP/1.1" 200 399 "-" "Mozilla/5.0 (Windows NT 10.0; rv:78.0) Gecko/20100101 Firefox/78.0"
34.22.217.74 - - [25/Jun/2026:13:28:50 -0400] "GET /wp-includes/rest-api/search/resources/images/files/img/v3/ HTTP/1.1" 200 402 "-" "Mozilla/5.0 (Windows NT 10.0; rv:78.0) Gecko/20100101 Firefox/78.0"
216.73.217.104 - - [25/Jun/2026:13:28:50 -0400] "GET /wp-includes/css/dist/widgets/?C=M&O=A HTTP/1.1" 200 428 "-" "Mozilla/5.0 AppleWebKit/537.36 (KHTML, like Gecko; compatible; ClaudeBot/1.0; +claudebot@anthropic.com)"
216.73.217.104 - - [25/Jun/2026:13:28:50 -0400] "GET /wp-includes/css/dist/admin-ui/?C=S&O=A HTTP/1.1" 200 423 "-" "Mozilla/5.0 AppleWebKit/537.36 (KHTML, like Gecko; compatible; ClaudeBot/1.0; +claudebot@anthropic.com)"
34.22.217.74 - - [25/Jun/2026:13:28:50 -0400] "GET /wp-includes/rest-api/search/resources/images/files/img/v3/sthy/ HTTP/1.1" 200 406 "-" "Mozilla/5.0 (Windows NT 10.0; rv:78.0) Gecko/20100101 Firefox/78.0"
34.22.217.74 - - [25/Jun/2026:13:28:50 -0400] "GET /wp-includes/rest-api/search/resources/images/files/img/v3/sthy/xbjke/ HTTP/1.1" 200 417 "-" "Mozilla/5.0 (Windows NT 10.0; rv:78.0) Gecko/20100101 Firefox/78.0"
34.22.217.74 - - [25/Jun/2026:13:28:51 -0400] "GET /wp-includes/sitemaps/ HTTP/1.1" 200 545 "-" "Mozilla/5.0 (Windows NT 10.0; rv:78.0) Gecko/20100101 Firefox/78.0"
34.22.217.74 - - [25/Jun/2026:13:28:51 -0400] "GET /wp-includes/sitemaps/providers/ HTTP/1.1" 200 493 "-" "Mozilla/5.0 (Windows NT 10.0; rv:78.0) Gecko/20100101 Firefox/78.0"
34.22.217.74 - - [25/Jun/2026:13:28:51 -0400] "GET /wp-includes/sitemaps/providers/js/ HTTP/1.1" 200 387 "-" "Mozilla/5.0 (Windows NT 10.0; rv:78.0) Gecko/20100101 Firefox/78.0"
34.22.217.74 - - [25/Jun/2026:13:28:52 -0400] "GET /wp-includes/sitemaps/providers/js/img/ HTTP/1.1" 200 393 "-" "Mozilla/5.0 (Windows NT 10.0; rv:78.0) Gecko/20100101 Firefox/78.0"
34.22.217.74 - - [25/Jun/2026:13:28:52 -0400] "GET /wp-includes/sitemaps/providers/js/img/backup/ HTTP/1.1" 200 396 "-" "Mozilla/5.0 (Windows NT 10.0; rv:78.0) Gecko/20100101 Firefox/78.0"
34.22.217.74 - - [25/Jun/2026:13:28:52 -0400] "GET /wp-includes/sitemaps/providers/js/img/backup/data/ HTTP/1.1" 200 401 "-" "Mozilla/5.0 (Windows NT 10.0; rv:78.0) Gecko/20100101 Firefox/78.0"
34.22.217.74 - - [25/Jun/2026:13:28:52 -0400] "GET /wp-includes/sitemaps/providers/js/img/backup/data/xujv/ HTTP/1.1" 200 408 "-" "Mozilla/5.0 (Windows NT 10.0; rv:78.0) Gecko/20100101 Firefox/78.0"
34.22.217.74 - - [25/Jun/2026:13:28:53 -0400] "GET /wp-includes/sitemaps/providers/js/img/backup/data/xujv/yvtx/ HTTP/1.1" 200 509 "-" "Mozilla/5.0 (Windows NT 10.0; rv:78.0) Gecko/20100101 Firefox/78.0"
216.73.217.104 - - [25/Jun/2026:13:28:53 -0400] "GET /wp-includes/css/dist/edit-post/?C=S&O=A HTTP/1.1" 200 479 "-" "Mozilla/5.0 AppleWebKit/537.36 (KHTML, like Gecko; compatible; ClaudeBot/1.0; +claudebot@anthropic.com)"
34.22.217.74 - - [25/Jun/2026:13:28:53 -0400] "GET /wp-includes/sodium_compat/ HTTP/1.1" 200 539 "-" "Mozilla/5.0 (Windows NT 10.0; rv:78.0) Gecko/20100101 Firefox/78.0"
216.73.217.104 - - [25/Jun/2026:13:28:53 -0400] "GET /wp-includes/css/dist/customize-widgets/?C=M&O=A HTTP/1.1" 200 438 "-" "Mozilla/5.0 AppleWebKit/537.36 (KHTML, like Gecko; compatible; ClaudeBot/1.0; +claudebot@anthropic.com)"
34.22.217.74 - - [25/Jun/2026:13:28:53 -0400] "GET /wp-includes/sodium_compat/lib/ HTTP/1.1" 200 611 "-" "Mozilla/5.0 (Windows NT 10.0; rv:78.0) Gecko/20100101 Firefox/78.0"
34.22.217.74 - - [25/Jun/2026:13:28:54 -0400] "GET /wp-includes/sodium_compat/lib/resources/ HTTP/1.1" 200 395 "-" "Mozilla/5.0 (Windows NT 10.0; rv:78.0) Gecko/20100101 Firefox/78.0"
34.22.217.74 - - [25/Jun/2026:13:28:54 -0400] "GET /wp-includes/sodium_compat/lib/resources/assets/ HTTP/1.1" 200 397 "-" "Mozilla/5.0 (Windows NT 10.0; rv:78.0) Gecko/20100101 Firefox/78.0"
34.22.217.74 - - [25/Jun/2026:13:28:54 -0400] "GET /wp-includes/sodium_compat/lib/resources/assets/dist/ HTTP/1.1" 200 400 "-" "Mozilla/5.0 (Windows NT 10.0; rv:78.0) Gecko/20100101 Firefox/78.0"
34.22.217.74 - - [25/Jun/2026:13:28:54 -0400] "GET /wp-includes/sodium_compat/lib/resources/assets/dist/img/ HTTP/1.1" 200 403 "-" "Mozilla/5.0 (Windows NT 10.0; rv:78.0) Gecko/20100101 Firefox/78.0"
34.22.217.74 - - [25/Jun/2026:13:28:54 -0400] "GET /wp-includes/sodium_compat/lib/resources/assets/dist/img/rgjvt/ HTTP/1.1" 200 409 "-" "Mozilla/5.0 (Windows NT 10.0; rv:78.0) Gecko/20100101 Firefox/78.0"
34.22.217.74 - - [25/Jun/2026:13:28:55 -0400] "GET /wp-includes/sodium_compat/lib/resources/assets/dist/img/rgjvt/bwdbu/ HTTP/1.1" 200 1342 "-" "Mozilla/5.0 (Windows NT 10.0; rv:78.0) Gecko/20100101 Firefox/78.0"
34.22.217.74 - - [25/Jun/2026:13:28:55 -0400] "GET /wp-includes/sodium_compat/namespaced/ HTTP/1.1" 200 455 "-" "Mozilla/5.0 (Windows NT 10.0; rv:78.0) Gecko/20100101 Firefox/78.0"
34.22.217.74 - - [25/Jun/2026:13:28:55 -0400] "GET /wp-includes/sodium_compat/namespaced/Core/ HTTP/1.1" 200 616 "-" "Mozilla/5.0 (Windows NT 10.0; rv:78.0) Gecko/20100101 Firefox/78.0"
34.22.217.74 - - [25/Jun/2026:13:28:56 -0400] "GET /wp-includes/sodium_compat/namespaced/Core/ChaCha20/ HTTP/1.1" 200 424 "-" "Mozilla/5.0 (Windows NT 10.0; rv:78.0) Gecko/20100101 Firefox/78.0"
34.22.217.74 - - [25/Jun/2026:13:28:56 -0400] "GET /wp-includes/sodium_compat/namespaced/Core/Curve25519/ HTTP/1.1" 200 451 "-" "Mozilla/5.0 (Windows NT 10.0; rv:78.0) Gecko/20100101 Firefox/78.0"
34.22.217.74 - - [25/Jun/2026:13:28:56 -0400] "GET /wp-includes/sodium_compat/namespaced/Core/Curve25519/Ge/ HTTP/1.1" 200 468 "-" "Mozilla/5.0 (Windows NT 10.0; rv:78.0) Gecko/20100101 Firefox/78.0"
34.22.217.74 - - [25/Jun/2026:13:28:56 -0400] "GET /wp-includes/sodium_compat/namespaced/Core/Poly1305/ HTTP/1.1" 200 409 "-" "Mozilla/5.0 (Windows NT 10.0; rv:78.0) Gecko/20100101 Firefox/78.0"
34.22.217.74 - - [25/Jun/2026:13:28:57 -0400] "GET /wp-includes/sodium_compat/src/ HTTP/1.1" 200 557 "-" "Mozilla/5.0 (Windows NT 10.0; rv:78.0) Gecko/20100101 Firefox/78.0"
34.22.217.74 - - [25/Jun/2026:13:28:57 -0400] "GET /wp-includes/sodium_compat/src/Core/ HTTP/1.1" 200 817 "-" "Mozilla/5.0 (Windows NT 10.0; rv:78.0) Gecko/20100101 Firefox/78.0"
34.22.217.74 - - [25/Jun/2026:13:28:58 -0400] "GET /wp-includes/sodium_compat/src/Core/AEGIS/ HTTP/1.1" 200 427 "-" "Mozilla/5.0 (Windows NT 10.0; rv:78.0) Gecko/20100101 Firefox/78.0"
34.22.217.74 - - [25/Jun/2026:13:28:58 -0400] "GET /wp-includes/sodium_compat/src/Core/AES/ HTTP/1.1" 200 447 "-" "Mozilla/5.0 (Windows NT 10.0; rv:78.0) Gecko/20100101 Firefox/78.0"
34.22.217.74 - - [25/Jun/2026:13:28:58 -0400] "GET /wp-includes/sodium_compat/src/Core/Base64/ HTTP/1.1" 200 418 "-" "Mozilla/5.0 (Windows NT 10.0; rv:78.0) Gecko/20100101 Firefox/78.0"
34.22.217.74 - - [25/Jun/2026:13:28:58 -0400] "GET /wp-includes/sodium_compat/src/Core/ChaCha20/ HTTP/1.1" 200 420 "-" "Mozilla/5.0 (Windows NT 10.0; rv:78.0) Gecko/20100101 Firefox/78.0"
34.22.217.74 - - [25/Jun/2026:13:28:58 -0400] "GET /wp-includes/sodium_compat/src/Core/Curve25519/ HTTP/1.1" 200 459 "-" "Mozilla/5.0 (Windows NT 10.0; rv:78.0) Gecko/20100101 Firefox/78.0"
34.22.217.74 - - [25/Jun/2026:13:28:59 -0400] "GET /wp-includes/sodium_compat/src/Core/Curve25519/Ge/ HTTP/1.1" 200 468 "-" "Mozilla/5.0 (Windows NT 10.0; rv:78.0) Gecko/20100101 Firefox/78.0"
34.22.217.74 - - [25/Jun/2026:13:28:59 -0400] "GET /wp-includes/sodium_compat/src/Core/Poly1305/ HTTP/1.1" 200 405 "-" "Mozilla/5.0 (Windows NT 10.0; rv:78.0) Gecko/20100101 Firefox/78.0"
34.22.217.74 - - [25/Jun/2026:13:29:00 -0400] "GET /wp-includes/sodium_compat/src/Core/SecretStream/ HTTP/1.1" 200 406 "-" "Mozilla/5.0 (Windows NT 10.0; rv:78.0) Gecko/20100101 Firefox/78.0"
34.22.217.74 - - [25/Jun/2026:13:29:00 -0400] "GET /wp-includes/sodium_compat/src/Core32/ HTTP/1.1" 200 733 "-" "Mozilla/5.0 (Windows NT 10.0; rv:78.0) Gecko/20100101 Firefox/78.0"
34.22.217.74 - - [25/Jun/2026:13:29:00 -0400] "GET /wp-includes/sodium_compat/src/Core32/ChaCha20/ HTTP/1.1" 200 435 "-" "Mozilla/5.0 (Windows NT 10.0; rv:78.0) Gecko/20100101 Firefox/78.0"
34.22.217.74 - - [25/Jun/2026:13:29:00 -0400] "GET /wp-includes/sodium_compat/src/Core32/Curve25519/ HTTP/1.1" 200 459 "-" "Mozilla/5.0 (Windows NT 10.0; rv:78.0) Gecko/20100101 Firefox/78.0"
34.22.217.74 - - [25/Jun/2026:13:29:01 -0400] "GET /wp-includes/sodium_compat/src/Core32/Curve25519/Ge/ HTTP/1.1" 200 467 "-" "Mozilla/5.0 (Windows NT 10.0; rv:78.0) Gecko/20100101 Firefox/78.0"
34.22.217.74 - - [25/Jun/2026:13:29:01 -0400] "GET /wp-includes/sodium_compat/src/Core32/Poly1305/ HTTP/1.1" 200 408 "-" "Mozilla/5.0 (Windows NT 10.0; rv:78.0) Gecko/20100101 Firefox/78.0"
34.22.217.74 - - [25/Jun/2026:13:29:01 -0400] "GET /wp-includes/sodium_compat/src/Core32/SecretStream/ HTTP/1.1" 200 410 "-" "Mozilla/5.0 (Windows NT 10.0; rv:78.0) Gecko/20100101 Firefox/78.0"
34.22.217.74 - - [25/Jun/2026:13:29:01 -0400] "GET /wp-includes/sodium_compat/src/PHP52/ HTTP/1.1" 200 402 "-" "Mozilla/5.0 (Windows NT 10.0; rv:78.0) Gecko/20100101 Firefox/78.0"
34.22.217.74 - - [25/Jun/2026:13:29:02 -0400] "GET /wp-includes/style-engine/ HTTP/1.1" 200 506 "-" "Mozilla/5.0 (Windows NT 10.0; rv:78.0) Gecko/20100101 Firefox/78.0"
34.22.217.74 - - [25/Jun/2026:13:29:02 -0400] "GET /wp-includes/style-engine/v3/ HTTP/1.1" 200 383 "-" "Mozilla/5.0 (Windows NT 10.0; rv:78.0) Gecko/20100101 Firefox/78.0"
34.22.217.74 - - [25/Jun/2026:13:29:02 -0400] "GET /wp-includes/style-engine/v3/tmp/ HTTP/1.1" 200 388 "-" "Mozilla/5.0 (Windows NT 10.0; rv:78.0) Gecko/20100101 Firefox/78.0"
34.22.217.74 - - [25/Jun/2026:13:29:02 -0400] "GET /wp-includes/style-engine/v3/tmp/backup/ HTTP/1.1" 200 392 "-" "Mozilla/5.0 (Windows NT 10.0; rv:78.0) Gecko/20100101 Firefox/78.0"
34.22.217.74 - - [25/Jun/2026:13:29:03 -0400] "GET /wp-includes/style-engine/v3/tmp/backup/2025/ HTTP/1.1" 200 396 "-" "Mozilla/5.0 (Windows NT 10.0; rv:78.0) Gecko/20100101 Firefox/78.0"
34.22.217.74 - - [25/Jun/2026:13:29:03 -0400] "GET /wp-includes/style-engine/v3/tmp/backup/2025/tmp/ HTTP/1.1" 200 398 "-" "Mozilla/5.0 (Windows NT 10.0; rv:78.0) Gecko/20100101 Firefox/78.0"
34.22.217.74 - - [25/Jun/2026:13:29:03 -0400] "GET /wp-includes/style-engine/v3/tmp/backup/2025/tmp/hlc/ HTTP/1.1" 302 13606 "-" "Mozilla/5.0 (Windows NT 10.0; rv:78.0) Gecko/20100101 Firefox/78.0"
34.22.217.74 - - [25/Jun/2026:13:29:04 -0400] "GET /wp-includes/theme-compat/ HTTP/1.1" 200 627 "-" "Mozilla/5.0 (Windows NT 10.0; rv:78.0) Gecko/20100101 Firefox/78.0"
34.22.217.74 - - [25/Jun/2026:13:29:05 -0400] "GET /wp-includes/theme-compat/modules/ HTTP/1.1" 200 387 "-" "Mozilla/5.0 (Windows NT 10.0; rv:78.0) Gecko/20100101 Firefox/78.0"
34.22.217.74 - - [25/Jun/2026:13:29:05 -0400] "GET /wp-includes/theme-compat/modules/oxzil/ HTTP/1.1" 200 392 "-" "Mozilla/5.0 (Windows NT 10.0; rv:78.0) Gecko/20100101 Firefox/78.0"
34.22.217.74 - - [25/Jun/2026:13:29:05 -0400] "GET /wp-includes/theme-compat/modules/oxzil/xbxg/ HTTP/1.1" 200 737 "-" "Mozilla/5.0 (Windows NT 10.0; rv:78.0) Gecko/20100101 Firefox/78.0"
34.22.217.74 - - [25/Jun/2026:13:29:05 -0400] "GET /wp-includes/widgets/ HTTP/1.1" 200 783 "-" "Mozilla/5.0 (Windows NT 10.0; rv:78.0) Gecko/20100101 Firefox/78.0"
34.22.217.74 - - [25/Jun/2026:13:29:06 -0400] "GET /wp-includes/widgets/tmp/ HTTP/1.1" 200 379 "-" "Mozilla/5.0 (Windows NT 10.0; rv:78.0) Gecko/20100101 Firefox/78.0"
34.22.217.74 - - [25/Jun/2026:13:29:06 -0400] "GET /wp-includes/widgets/tmp/2023/ HTTP/1.1" 200 384 "-" "Mozilla/5.0 (Windows NT 10.0; rv:78.0) Gecko/20100101 Firefox/78.0"
34.22.217.74 - - [25/Jun/2026:13:29:06 -0400] "GET /wp-includes/widgets/tmp/2023/images/ HTTP/1.1" 200 387 "-" "Mozilla/5.0 (Windows NT 10.0; rv:78.0) Gecko/20100101 Firefox/78.0"
34.22.217.74 - - [25/Jun/2026:13:29:06 -0400] "GET /wp-includes/widgets/tmp/2023/images/cep/ HTTP/1.1" 403 14 "-" "Mozilla/5.0 (Windows NT 10.0; rv:78.0) Gecko/20100101 Firefox/78.0"
216.73.217.104 - - [25/Jun/2026:13:29:14 -0400] "GET /wp-includes/css/dist/customize-widgets/?C=D&O=A HTTP/1.1" 200 438 "-" "Mozilla/5.0 AppleWebKit/537.36 (KHTML, like Gecko; compatible; ClaudeBot/1.0; +claudebot@anthropic.com)"
216.73.217.104 - - [25/Jun/2026:13:29:14 -0400] "GET /wp-includes/css/dist/widgets/?C=D&O=A HTTP/1.1" 200 428 "-" "Mozilla/5.0 AppleWebKit/537.36 (KHTML, like Gecko; compatible; ClaudeBot/1.0; +claudebot@anthropic.com)"
216.73.217.104 - - [25/Jun/2026:13:29:15 -0400] "GET /wp-includes/css/dist/components/?C=M&O=A HTTP/1.1" 200 433 "-" "Mozilla/5.0 AppleWebKit/537.36 (KHTML, like Gecko; compatible; ClaudeBot/1.0; +claudebot@anthropic.com)"
2a03:2880:f800:2d:: - - [25/Jun/2026:13:29:27 -0400] "GET /play2win-casino-100-free-spins/ HTTP/1.1" 404 - "-" "meta-externalagent/1.1 (+https://developers.facebook.com/docs/sharing/webmasters/crawler)"
2a03:2880:f800:39:: - - [25/Jun/2026:13:29:40 -0400] "GET /beste-online-roulette-site/ HTTP/1.1" 404 - "-" "meta-externalagent/1.1 (+https://developers.facebook.com/docs/sharing/webmasters/crawler)"
2a03:2880:f800:13:: - - [25/Jun/2026:13:29:43 -0400] "GET /double-ducks-gokken/ HTTP/1.1" 404 - "-" "meta-externalagent/1.1 (+https://developers.facebook.com/docs/sharing/webmasters/crawler)"
2a03:2880:f800:1f:: - - [25/Jun/2026:13:29:43 -0400] "GET /vanaf-welke-leeftijd-casino/ HTTP/1.1" 404 - "-" "meta-externalagent/1.1 (+https://developers.facebook.com/docs/sharing/webmasters/crawler)"
2a03:2880:f800:31:: - - [25/Jun/2026:13:29:49 -0400] "GET /nederlandse-casino-geld-laten-storten/ HTTP/1.1" 404 - "-" "meta-externalagent/1.1 (+https://developers.facebook.com/docs/sharing/webmasters/crawler)"
2a03:2880:f800:6:: - - [25/Jun/2026:13:30:02 -0400] "GET /gratis-oude-gokkasten-spelen-mobiel/ HTTP/1.1" 404 - "-" "meta-externalagent/1.1 (+https://developers.facebook.com/docs/sharing/webmasters/crawler)"
216.73.217.104 - - [25/Jun/2026:13:30:16 -0400] "GET /wp-includes/css/dist/widgets/?C=S&O=A HTTP/1.1" 200 429 "-" "Mozilla/5.0 AppleWebKit/537.36 (KHTML, like Gecko; compatible; ClaudeBot/1.0; +claudebot@anthropic.com)"
216.73.217.104 - - [25/Jun/2026:13:30:17 -0400] "GET /wp-includes/css/dist/customize-widgets/?C=S&O=A HTTP/1.1" 200 434 "-" "Mozilla/5.0 AppleWebKit/537.36 (KHTML, like Gecko; compatible; ClaudeBot/1.0; +claudebot@anthropic.com)"
216.73.217.104 - - [25/Jun/2026:13:30:18 -0400] "GET /wp-includes/css/dist/components/?C=D&O=A HTTP/1.1" 200 433 "-" "Mozilla/5.0 AppleWebKit/537.36 (KHTML, like Gecko; compatible; ClaudeBot/1.0; +claudebot@anthropic.com)"
216.73.217.104 - - [25/Jun/2026:13:30:25 -0400] "GET /wp-includes/css/dist/format-library/?C=M&O=A HTTP/1.1" 200 464 "-" "Mozilla/5.0 AppleWebKit/537.36 (KHTML, like Gecko; compatible; ClaudeBot/1.0; +claudebot@anthropic.com)"
216.73.217.104 - - [25/Jun/2026:13:30:25 -0400] "GET /wp-includes/css/dist/format-library/?C=N&O=D HTTP/1.1" 200 466 "-" "Mozilla/5.0 AppleWebKit/537.36 (KHTML, like Gecko; compatible; ClaudeBot/1.0; +claudebot@anthropic.com)"
216.73.217.104 - - [25/Jun/2026:13:30:26 -0400] "GET /wp-includes/css/dist/components/?C=S&O=A HTTP/1.1" 200 432 "-" "Mozilla/5.0 AppleWebKit/537.36 (KHTML, like Gecko; compatible; ClaudeBot/1.0; +claudebot@anthropic.com)"
2a03:2880:f800:2f:: - - [25/Jun/2026:13:30:32 -0400] "GET /items/N32062066/ HTTP/1.1" 404 - "-" "meta-externalagent/1.1 (+https://developers.facebook.com/docs/sharing/webmasters/crawler)"
216.73.217.104 - - [25/Jun/2026:13:30:49 -0400] "GET /wp-includes/css/dist/editor/?C=M&O=A HTTP/1.1" 200 427 "-" "Mozilla/5.0 AppleWebKit/537.36 (KHTML, like Gecko; compatible; ClaudeBot/1.0; +claudebot@anthropic.com)"
216.73.217.104 - - [25/Jun/2026:13:30:49 -0400] "GET /wp-includes/css/dist/format-library/?C=D&O=A HTTP/1.1" 200 462 "-" "Mozilla/5.0 AppleWebKit/537.36 (KHTML, like Gecko; compatible; ClaudeBot/1.0; +claudebot@anthropic.com)"
216.73.217.104 - - [25/Jun/2026:13:30:50 -0400] "GET /wp-includes/css/dist/editor/?C=N&O=D HTTP/1.1" 200 427 "-" "Mozilla/5.0 AppleWebKit/537.36 (KHTML, like Gecko; compatible; ClaudeBot/1.0; +claudebot@anthropic.com)"
216.73.217.104 - - [25/Jun/2026:13:30:55 -0400] "GET /wp-includes/css/dist/editor/?C=S&O=A HTTP/1.1" 200 428 "-" "Mozilla/5.0 AppleWebKit/537.36 (KHTML, like Gecko; compatible; ClaudeBot/1.0; +claudebot@anthropic.com)"
216.73.217.104 - - [25/Jun/2026:13:30:55 -0400] "GET /wp-includes/css/dist/editor/?C=D&O=A HTTP/1.1" 200 426 "-" "Mozilla/5.0 AppleWebKit/537.36 (KHTML, like Gecko; compatible; ClaudeBot/1.0; +claudebot@anthropic.com)"
216.73.217.104 - - [25/Jun/2026:13:30:55 -0400] "GET /wp-includes/css/dist/format-library/?C=S&O=A HTTP/1.1" 200 461 "-" "Mozilla/5.0 AppleWebKit/537.36 (KHTML, like Gecko; compatible; ClaudeBot/1.0; +claudebot@anthropic.com)"
74.179.67.173 - - [25/Jun/2026:13:31:05 -0400] "GET / HTTP/1.1" 200 1156 "-" "Mozilla/5.0 (Windows NT 10.0; Win64; x64) AppleWebKit/537.36 (KHTML, like Gecko) Chrome/141.0.7390.0 Safari/537.36"
74.179.67.173 - - [25/Jun/2026:13:31:06 -0400] "GET /favicon.ico HTTP/1.1" 404 - "https://laratrends.nl/" "Mozilla/5.0 (Windows NT 10.0; Win64; x64) AppleWebKit/537.36 (KHTML, like Gecko) Chrome/141.0.7390.0 Safari/537.36"
216.73.217.104 - - [25/Jun/2026:13:31:21 -0400] "GET /wp-includes/css/dist/block-directory/?C=M&O=A HTTP/1.1" 200 435 "-" "Mozilla/5.0 AppleWebKit/537.36 (KHTML, like Gecko; compatible; ClaudeBot/1.0; +claudebot@anthropic.com)"
216.73.217.104 - - [25/Jun/2026:13:31:21 -0400] "GET /wp-includes/css/dist/preferences/?C=N&O=D HTTP/1.1" 200 429 "-" "Mozilla/5.0 AppleWebKit/537.36 (KHTML, like Gecko; compatible; ClaudeBot/1.0; +claudebot@anthropic.com)"
216.73.217.104 - - [25/Jun/2026:13:31:23 -0400] "GET /wp-includes/css/dist/block-directory/?C=N&O=D HTTP/1.1" 200 431 "-" "Mozilla/5.0 AppleWebKit/537.36 (KHTML, like Gecko; compatible; ClaudeBot/1.0; +claudebot@anthropic.com)"
74.179.67.173 - - [25/Jun/2026:13:31:24 -0400] "GET /bv_connector_844cfe3dcaf1e1cc9b38a66522c26ca0.php HTTP/1.1" 200 296 "https://laratrends.nl/" "Mozilla/5.0 (Windows NT 10.0; Win64; x64) AppleWebKit/537.36 (KHTML, like Gecko) Chrome/142.0.7444.175 Safari/537.36"
74.179.67.173 - - [25/Jun/2026:13:31:25 -0400] "GET /wp-comments-post.php HTTP/1.1" 405 - "https://laratrends.nl/wp-comments-post.php" "Mozilla/5.0 (Windows NT 10.0; Win64; x64) AppleWebKit/537.36 (KHTML, like Gecko) Chrome/142.0.7444.175 Safari/537.36"
216.73.217.104 - - [25/Jun/2026:13:31:35 -0400] "GET /wp-includes/css/dist/block-directory/?C=S&O=A HTTP/1.1" 200 431 "-" "Mozilla/5.0 AppleWebKit/537.36 (KHTML, like Gecko; compatible; ClaudeBot/1.0; +claudebot@anthropic.com)"
216.73.217.104 - - [25/Jun/2026:13:31:35 -0400] "GET /wp-includes/css/dist/preferences/?C=M&O=A HTTP/1.1" 200 428 "-" "Mozilla/5.0 AppleWebKit/537.36 (KHTML, like Gecko; compatible; ClaudeBot/1.0; +claudebot@anthropic.com)"
216.73.217.104 - - [25/Jun/2026:13:31:38 -0400] "GET /wp-includes/css/dist/block-directory/?C=D&O=A HTTP/1.1" 200 435 "-" "Mozilla/5.0 AppleWebKit/537.36 (KHTML, like Gecko; compatible; ClaudeBot/1.0; +claudebot@anthropic.com)"
2a03:2880:f800:d:: - - [25/Jun/2026:13:32:08 -0400] "GET /best-redgenn-slots/ HTTP/1.1" 404 - "-" "meta-externalagent/1.1 (+https://developers.facebook.com/docs/sharing/webmasters/crawler)"
2a03:2880:f800:c:: - - [25/Jun/2026:13:32:12 -0400] "GET /gratis-gokkasten-spelen-kroon-casino/ HTTP/1.1" 404 - "-" "meta-externalagent/1.1 (+https://developers.facebook.com/docs/sharing/webmasters/crawler)"
2a03:2880:f800:6:: - - [25/Jun/2026:13:32:19 -0400] "GET /blackjack-3h-online-gokkast-spelen-gratis-en-met-geld/ HTTP/1.1" 404 - "-" "meta-externalagent/1.1 (+https://developers.facebook.com/docs/sharing/webmasters/crawler)"
216.73.217.104 - - [25/Jun/2026:13:32:19 -0400] "GET /wp-includes/css/dist/preferences/?C=S&O=A HTTP/1.1" 200 429 "-" "Mozilla/5.0 AppleWebKit/537.36 (KHTML, like Gecko; compatible; ClaudeBot/1.0; +claudebot@anthropic.com)"
216.73.217.104 - - [25/Jun/2026:13:32:19 -0400] "GET /wp-includes/css/dist/edit-site/?C=N&O=D HTTP/1.1" 200 476 "-" "Mozilla/5.0 AppleWebKit/537.36 (KHTML, like Gecko; compatible; ClaudeBot/1.0; +claudebot@anthropic.com)"
216.73.217.104 - - [25/Jun/2026:13:32:20 -0400] "GET /wp-includes/css/dist/preferences/?C=D&O=A HTTP/1.1" 200 428 "-" "Mozilla/5.0 AppleWebKit/537.36 (KHTML, like Gecko; compatible; ClaudeBot/1.0; +claudebot@anthropic.com)"
2a03:2880:f800:3a:: - - [25/Jun/2026:13:32:38 -0400] "GET /blue-heart-online-gokkast-spelen-gratis-en-met-geld/ HTTP/1.1" 404 - "-" "meta-externalagent/1.1 (+https://developers.facebook.com/docs/sharing/webmasters/crawler)"
2a03:2880:f800:: - - [25/Jun/2026:13:32:48 -0400] "GET /best-online-casino-inpay-nederland/ HTTP/1.1" 404 - "-" "meta-externalagent/1.1 (+https://developers.facebook.com/docs/sharing/webmasters/crawler)"
206.189.35.233 - - [25/Jun/2026:13:32:48 -0400] "GET /test/2025/10/07/willkommensbonus-ohne-einzahlung/ HTTP/1.1" 200 25476 "-" "Mozilla/5.0 (compatible; Googlebot/2.1; +http://www.google.com/bot.html)"
216.73.217.104 - - [25/Jun/2026:13:32:58 -0400] "GET /wp-includes/css/dist/edit-site/?C=S&O=A HTTP/1.1" 200 474 "-" "Mozilla/5.0 AppleWebKit/537.36 (KHTML, like Gecko; compatible; ClaudeBot/1.0; +claudebot@anthropic.com)"
158.140.211.15 - - [25/Jun/2026:13:32:58 -0400] "GET /sftp-config.json HTTP/1.1" 404 - "-" "Mozilla/5.0 (Macintosh; Intel Mac OS X 10_15_7) AppleWebKit/537.36 (KHTML, like Gecko) Chrome/119.0.0.0 Safari/537.36"
216.73.217.104 - - [25/Jun/2026:13:32:58 -0400] "GET /wp-includes/css/dist/edit-site/?C=D&O=A HTTP/1.1" 200 473 "-" "Mozilla/5.0 AppleWebKit/537.36 (KHTML, like Gecko; compatible; ClaudeBot/1.0; +claudebot@anthropic.com)"
176.121.109.23 - - [25/Jun/2026:13:32:58 -0400] "GET /.vscode/sftp.json HTTP/1.1" 404 - "-" "Mozilla/5.0 (X11; Linux x86_64) AppleWebKit/537.36 (KHTML, like Gecko) Chrome/118.0.0.0 Safari/537.36"
216.73.217.104 - - [25/Jun/2026:13:32:59 -0400] "GET /wp-includes/css/dist/edit-site/?C=M&O=A HTTP/1.1" 200 474 "-" "Mozilla/5.0 AppleWebKit/537.36 (KHTML, like Gecko; compatible; ClaudeBot/1.0; +claudebot@anthropic.com)"
216.73.217.104 - - [25/Jun/2026:13:33:06 -0400] "GET /wp-includes/css/dist/block-library/elements.css HTTP/1.1" 200 39 "-" "Mozilla/5.0 AppleWebKit/537.36 (KHTML, like Gecko; compatible; ClaudeBot/1.0; +claudebot@anthropic.com)"
2a03:2880:f800:2b:: - - [25/Jun/2026:13:33:06 -0400] "GET /reddog-casino-be-2025-review/ HTTP/1.1" 404 - "-" "meta-externalagent/1.1 (+https://developers.facebook.com/docs/sharing/webmasters/crawler)"
216.73.217.104 - - [25/Jun/2026:13:33:06 -0400] "GET /wp-includes/css/dist/block-library/theme.css HTTP/1.1" 200 756 "-" "Mozilla/5.0 AppleWebKit/537.36 (KHTML, like Gecko; compatible; ClaudeBot/1.0; +claudebot@anthropic.com)"
216.73.217.104 - - [25/Jun/2026:13:33:07 -0400] "GET /wp-includes/css/dist/block-library/editor.css HTTP/1.1" 200 12210 "-" "Mozilla/5.0 AppleWebKit/537.36 (KHTML, like Gecko; compatible; ClaudeBot/1.0; +claudebot@anthropic.com)"
216.73.217.104 - - [25/Jun/2026:13:33:07 -0400] "GET /wp-includes/css/dist/block-library/editor-elements.css HTTP/1.1" 200 82 "-" "Mozilla/5.0 AppleWebKit/537.36 (KHTML, like Gecko; compatible; ClaudeBot/1.0; +claudebot@anthropic.com)"
191.101.106.126 - - [25/Jun/2026:13:33:27 -0400] "GET /test/2025/10/02/wygrywajce-liczby-w-keno-w-sobot/ HTTP/1.1" 200 25563 "-" "Mozilla/5.0 (compatible; Googlebot/2.1; +http://www.google.com/bot.html)"
2a03:2880:f800:3c:: - - [25/Jun/2026:13:33:32 -0400] "GET /lijst-online-casino-nederland/ HTTP/1.1" 404 - "-" "meta-externalagent/1.1 (+https://developers.facebook.com/docs/sharing/webmasters/crawler)"
84.54.71.51 - - [25/Jun/2026:13:33:33 -0400] "GET /shop?min_price=400&max_price=1699&filter_color=%D9%83%D8%AD%D9%84%D9%89%2C%D8%A8%D9%8A%D8%AC&filter_size=m HTTP/1.1" 404 - "https://laratrends.nl/shop?min_price=400&max_price=1699&filter_color=%D9%83%D8%AD%D9%84%D9%89%2C%D8%A8%D9%8A%D8%AC&filter_size=m" "Mozilla/5.0 (Linux; Android 15; V2185) AppleWebKit/537.36 (KHTML, like Gecko) Chrome/141.0.5113.72 Mobile Safari/537.36 MicroMessenger/8.0.40(0x18001B3F) NetType/WIFI Language/zh_CN"
216.73.217.104 - - [25/Jun/2026:13:33:47 -0400] "GET /wp-includes/css/dist/block-library/common.css HTTP/1.1" 200 1169 "-" "Mozilla/5.0 AppleWebKit/537.36 (KHTML, like Gecko; compatible; ClaudeBot/1.0; +claudebot@anthropic.com)"
216.73.217.104 - - [25/Jun/2026:13:33:47 -0400] "GET /wp-includes/css/dist/block-library/editor.min.css HTTP/1.1" 200 11729 "-" "Mozilla/5.0 AppleWebKit/537.36 (KHTML, like Gecko; compatible; ClaudeBot/1.0; +claudebot@anthropic.com)"
216.73.217.104 - - [25/Jun/2026:13:33:48 -0400] "GET /wp-includes/css/dist/block-editor/content.css HTTP/1.1" 200 5052 "-" "Mozilla/5.0 AppleWebKit/537.36 (KHTML, like Gecko; compatible; ClaudeBot/1.0; +claudebot@anthropic.com)"
216.73.217.104 - - [25/Jun/2026:13:33:48 -0400] "GET /wp-includes/css/dist/block-library/editor-elements.min.css HTTP/1.1" 200 75 "-" "Mozilla/5.0 AppleWebKit/537.36 (KHTML, like Gecko; compatible; ClaudeBot/1.0; +claudebot@anthropic.com)"
216.73.217.104 - - [25/Jun/2026:13:33:53 -0400] "GET /wp-includes/css/dist/block-library/editor-elements-rtl.css HTTP/1.1" 200 82 "-" "Mozilla/5.0 AppleWebKit/537.36 (KHTML, like Gecko; compatible; ClaudeBot/1.0; +claudebot@anthropic.com)"
216.73.217.104 - - [25/Jun/2026:13:33:53 -0400] "GET /wp-includes/css/dist/block-library/theme.min.css HTTP/1.1" 200 725 "-" "Mozilla/5.0 AppleWebKit/537.36 (KHTML, like Gecko; compatible; ClaudeBot/1.0; +claudebot@anthropic.com)"
216.73.217.104 - - [25/Jun/2026:13:33:54 -0400] "GET /wp-includes/css/dist/edit-widgets/style.css HTTP/1.1" 200 4845 "-" "Mozilla/5.0 AppleWebKit/537.36 (KHTML, like Gecko; compatible; ClaudeBot/1.0; +claudebot@anthropic.com)"
216.73.217.104 - - [25/Jun/2026:13:33:54 -0400] "GET /wp-includes/css/dist/block-library/reset.css HTTP/1.1" 200 494 "-" "Mozilla/5.0 AppleWebKit/537.36 (KHTML, like Gecko; compatible; ClaudeBot/1.0; +claudebot@anthropic.com)"
216.73.217.104 - - [25/Jun/2026:13:34:20 -0400] "GET /wp-includes/css/dist/block-library/theme-rtl.css HTTP/1.1" 200 752 "-" "Mozilla/5.0 AppleWebKit/537.36 (KHTML, like Gecko; compatible; ClaudeBot/1.0; +claudebot@anthropic.com)"
216.73.217.104 - - [25/Jun/2026:13:34:20 -0400] "GET /wp-includes/css/dist/block-editor/default-editor-styles.css HTTP/1.1" 200 240 "-" "Mozilla/5.0 AppleWebKit/537.36 (KHTML, like Gecko; compatible; ClaudeBot/1.0; +claudebot@anthropic.com)"
216.73.217.104 - - [25/Jun/2026:13:34:20 -0400] "GET /wp-includes/css/dist/block-editor/style.css HTTP/1.1" 200 17275 "-" "Mozilla/5.0 AppleWebKit/537.36 (KHTML, like Gecko; compatible; ClaudeBot/1.0; +claudebot@anthropic.com)"
216.73.217.104 - - [25/Jun/2026:13:34:21 -0400] "GET /wp-includes/css/dist/block-library/elements.min.css HTTP/1.1" 200 34 "-" "Mozilla/5.0 AppleWebKit/537.36 (KHTML, like Gecko; compatible; ClaudeBot/1.0; +claudebot@anthropic.com)"
216.73.217.104 - - [25/Jun/2026:13:34:32 -0400] "GET /wp-includes/css/dist/block-library/common.min.css HTTP/1.1" 200 1114 "-" "Mozilla/5.0 AppleWebKit/537.36 (KHTML, like Gecko; compatible; ClaudeBot/1.0; +claudebot@anthropic.com)"
216.73.217.104 - - [25/Jun/2026:13:34:33 -0400] "GET /wp-includes/css/dist/block-library/classic.css HTTP/1.1" 200 340 "-" "Mozilla/5.0 AppleWebKit/537.36 (KHTML, like Gecko; compatible; ClaudeBot/1.0; +claudebot@anthropic.com)"
216.73.217.104 - - [25/Jun/2026:13:34:34 -0400] "GET /wp-includes/css/dist/block-library/style.css HTTP/1.1" 200 16551 "-" "Mozilla/5.0 AppleWebKit/537.36 (KHTML, like Gecko; compatible; ClaudeBot/1.0; +claudebot@anthropic.com)"
216.73.217.104 - - [25/Jun/2026:13:34:35 -0400] "GET /wp-includes/css/dist/block-editor/content.min.css HTTP/1.1" 200 4872 "-" "Mozilla/5.0 AppleWebKit/537.36 (KHTML, like Gecko; compatible; ClaudeBot/1.0; +claudebot@anthropic.com)"
2a03:2880:f800:8:: - - [25/Jun/2026:13:34:38 -0400] "GET /lost-treasure-online-gokkast-spelen-gratis-en-met-geld/ HTTP/1.1" 404 - "-" "meta-externalagent/1.1 (+https://developers.facebook.com/docs/sharing/webmasters/crawler)"
2a03:2880:f800:17:: - - [25/Jun/2026:13:34:39 -0400] "GET /bruce-lee-online-gokkast-spelen-gratis-en-met-geld/ HTTP/1.1" 404 - "-" "meta-externalagent/1.1 (+https://developers.facebook.com/docs/sharing/webmasters/crawler)"
2a03:2880:f800:c:: - - [25/Jun/2026:13:34:45 -0400] "GET /gratis-pragmatic-play-gokkasten/ HTTP/1.1" 404 - "-" "meta-externalagent/1.1 (+https://developers.facebook.com/docs/sharing/webmasters/crawler)"
2a03:2880:f800:39:: - - [25/Jun/2026:13:35:02 -0400] "GET /wbetz-casino-no-deposit-bonus/ HTTP/1.1" 404 - "-" "meta-externalagent/1.1 (+https://developers.facebook.com/docs/sharing/webmasters/crawler)"
207.102.138.19 - - [25/Jun/2026:13:35:02 -0400] "GET /wp-adminold.zip HTTP/1.1" 200 220029819 "-" "Mozilla/5.0 (X11; Ubuntu; Linux x86_64; rv:15.0) Gecko/20100101 Firefox/15.0.1)"
2a03:2880:f800:3a:: - - [25/Jun/2026:13:35:14 -0400] "GET /items/N291477511/ HTTP/1.1" 404 - "-" "meta-externalagent/1.1 (+https://developers.facebook.com/docs/sharing/webmasters/crawler)"
216.73.217.104 - - [25/Jun/2026:13:35:15 -0400] "GET /wp-includes/css/dist/block-library/editor-elements-rtl.min.css HTTP/1.1" 200 75 "-" "Mozilla/5.0 AppleWebKit/537.36 (KHTML, like Gecko; compatible; ClaudeBot/1.0; +claudebot@anthropic.com)"
216.73.217.104 - - [25/Jun/2026:13:35:15 -0400] "GET /wp-includes/css/dist/commands/style.css HTTP/1.1" 200 1806 "-" "Mozilla/5.0 AppleWebKit/537.36 (KHTML, like Gecko; compatible; ClaudeBot/1.0; +claudebot@anthropic.com)"
216.73.217.104 - - [25/Jun/2026:13:35:18 -0400] "GET /wp-includes/css/dist/block-editor/content-rtl.css HTTP/1.1" 200 5055 "-" "Mozilla/5.0 AppleWebKit/537.36 (KHTML, like Gecko; compatible; ClaudeBot/1.0; +claudebot@anthropic.com)"
216.73.217.104 - - [25/Jun/2026:13:35:19 -0400] "GET /wp-includes/css/dist/block-library/reset.min.css HTTP/1.1" 200 477 "-" "Mozilla/5.0 AppleWebKit/537.36 (KHTML, like Gecko; compatible; ClaudeBot/1.0; +claudebot@anthropic.com)"
2a03:2880:f800:23:: - - [25/Jun/2026:13:35:40 -0400] "GET /online-gratis-gokken/ HTTP/1.1" 404 - "-" "meta-externalagent/1.1 (+https://developers.facebook.com/docs/sharing/webmasters/crawler)"
2a03:2880:f800:1f:: - - [25/Jun/2026:13:35:47 -0400] "GET /stickywilds-casino-no-deposit-bonus/ HTTP/1.1" 404 - "-" "meta-externalagent/1.1 (+https://developers.facebook.com/docs/sharing/webmasters/crawler)"
165.154.227.39 - - [25/Jun/2026:13:35:50 -0400] "GET /test/2025/10/06/vilket-mobilcasino-erbjuder-mobile-roulette-med/ HTTP/1.1" 200 26033 "-" "Mozilla/5.0 (compatible; Googlebot/2.1; +http://www.google.com/bot.html)"
216.73.217.104 - - [25/Jun/2026:13:36:10 -0400] "GET /wp-includes/css/dist/edit-widgets/style.min.css HTTP/1.1" 200 4634 "-" "Mozilla/5.0 AppleWebKit/537.36 (KHTML, like Gecko; compatible; ClaudeBot/1.0; +claudebot@anthropic.com)"
216.73.217.104 - - [25/Jun/2026:13:36:10 -0400] "GET /wp-includes/css/dist/block-library/elements-rtl.css HTTP/1.1" 200 39 "-" "Mozilla/5.0 AppleWebKit/537.36 (KHTML, like Gecko; compatible; ClaudeBot/1.0; +claudebot@anthropic.com)"
216.73.217.104 - - [25/Jun/2026:13:36:11 -0400] "GET /wp-includes/css/dist/block-library/editor-rtl.css HTTP/1.1" 200 12206 "-" "Mozilla/5.0 AppleWebKit/537.36 (KHTML, like Gecko; compatible; ClaudeBot/1.0; +claudebot@anthropic.com)"
216.73.217.104 - - [25/Jun/2026:13:36:11 -0400] "GET /wp-includes/css/dist/base-styles/admin-schemes.css HTTP/1.1" 200 868 "-" "Mozilla/5.0 AppleWebKit/537.36 (KHTML, like Gecko; compatible; ClaudeBot/1.0; +claudebot@anthropic.com)"
207.102.138.19 - - [25/Jun/2026:13:34:59 -0400] "GET /wp-admin.zip HTTP/1.1" 200 263038786 "-" "Mozilla/5.0 (X11; Ubuntu; Linux x86_64; rv:15.0) Gecko/20100101 Firefox/15.0.1)"
43.167.236.228 - - [25/Jun/2026:13:36:29 -0400] "GET / HTTP/1.1" 200 1156 "http://laratrends.nl" "Mozilla/5.0 (iPhone; CPU iPhone OS 13_2_3 like Mac OS X) AppleWebKit/605.1.15 (KHTML, like Gecko) Version/13.0.3 Mobile/15E148 Safari/604.1"
216.73.217.104 - - [25/Jun/2026:13:36:34 -0400] "GET /wp-includes/css/dist/block-editor/style.min.css HTTP/1.1" 200 16506 "-" "Mozilla/5.0 AppleWebKit/537.36 (KHTML, like Gecko; compatible; ClaudeBot/1.0; +claudebot@anthropic.com)"
216.73.217.104 - - [25/Jun/2026:13:36:35 -0400] "GET /wp-includes/css/dist/block-library/common-rtl.css HTTP/1.1" 200 1171 "-" "Mozilla/5.0 AppleWebKit/537.36 (KHTML, like Gecko; compatible; ClaudeBot/1.0; +claudebot@anthropic.com)"
216.73.217.104 - - [25/Jun/2026:13:36:35 -0400] "GET /wp-includes/css/dist/block-library/reset-rtl.css HTTP/1.1" 200 494 "-" "Mozilla/5.0 AppleWebKit/537.36 (KHTML, like Gecko; compatible; ClaudeBot/1.0; +claudebot@anthropic.com)"
216.73.217.104 - - [25/Jun/2026:13:36:35 -0400] "GET /wp-includes/css/dist/edit-widgets/style-rtl.css HTTP/1.1" 200 4842 "-" "Mozilla/5.0 AppleWebKit/537.36 (KHTML, like Gecko; compatible; ClaudeBot/1.0; +claudebot@anthropic.com)"
216.73.217.104 - - [25/Jun/2026:13:36:43 -0400] "GET /wp-includes/css/dist/reusable-blocks/style.css HTTP/1.1" 200 294 "-" "Mozilla/5.0 AppleWebKit/537.36 (KHTML, like Gecko; compatible; ClaudeBot/1.0; +claudebot@anthropic.com)"
216.73.217.104 - - [25/Jun/2026:13:36:43 -0400] "GET /wp-includes/css/dist/block-library/theme-rtl.min.css HTTP/1.1" 200 719 "-" "Mozilla/5.0 AppleWebKit/537.36 (KHTML, like Gecko; compatible; ClaudeBot/1.0; +claudebot@anthropic.com)"
216.73.217.104 - - [25/Jun/2026:13:36:44 -0400] "GET /test/wp-json/wp/v2/posts/95 HTTP/1.1" 200 12073 "-" "Mozilla/5.0 AppleWebKit/537.36 (KHTML, like Gecko; compatible; ClaudeBot/1.0; +claudebot@anthropic.com)"
216.73.217.104 - - [25/Jun/2026:13:36:45 -0400] "GET /wp-includes/css/dist/block-editor/default-editor-styles.min.css HTTP/1.1" 200 226 "-" "Mozilla/5.0 AppleWebKit/537.36 (KHTML, like Gecko; compatible; ClaudeBot/1.0; +claudebot@anthropic.com)"
216.73.217.104 - - [25/Jun/2026:13:36:59 -0400] "GET /wp-includes/css/dist/nux/style.css HTTP/1.1" 200 661 "-" "Mozilla/5.0 AppleWebKit/537.36 (KHTML, like Gecko; compatible; ClaudeBot/1.0; +claudebot@anthropic.com)"
216.73.217.104 - - [25/Jun/2026:13:36:59 -0400] "GET /wp-includes/css/dist/block-editor/style-rtl.css HTTP/1.1" 200 17307 "-" "Mozilla/5.0 AppleWebKit/537.36 (KHTML, like Gecko; compatible; ClaudeBot/1.0; +claudebot@anthropic.com)"
216.73.217.104 - - [25/Jun/2026:13:37:00 -0400] "GET /wp-includes/css/dist/block-editor/default-editor-styles-rtl.css HTTP/1.1" 200 240 "-" "Mozilla/5.0 AppleWebKit/537.36 (KHTML, like Gecko; compatible; ClaudeBot/1.0; +claudebot@anthropic.com)"
216.73.217.104 - - [25/Jun/2026:13:37:00 -0400] "GET /test/wp-json/wp/v2/posts/59 HTTP/1.1" 200 12458 "-" "Mozilla/5.0 AppleWebKit/537.36 (KHTML, like Gecko; compatible; ClaudeBot/1.0; +claudebot@anthropic.com)"
35.240.3.145 - - [25/Jun/2026:13:37:19 -0400] "GET / HTTP/1.1" 200 1156 "-" "python-requests/2.32.5"
34.77.86.45 - - [25/Jun/2026:13:37:21 -0400] "GET / HTTP/1.1" 200 1156 "-" "Mozilla/5.0 (Windows NT 10.0; rv:78.0) Gecko/20100101 Firefox/78.0"
34.77.86.45 - - [25/Jun/2026:13:37:22 -0400] "GET /cgi-bin/ HTTP/1.1" 404 - "-" "Mozilla/5.0 (Windows NT 10.0; rv:78.0) Gecko/20100101 Firefox/78.0"
2a03:2880:f800:c:: - - [25/Jun/2026:13:37:22 -0400] "GET /40-burning-hot-online-gokkast-spelen-gratis-en-met-geld/ HTTP/1.1" 404 - "-" "meta-externalagent/1.1 (+https://developers.facebook.com/docs/sharing/webmasters/crawler)"
216.73.217.104 - - [25/Jun/2026:13:37:24 -0400] "GET /wp-includes/css/dist/base-styles/admin-schemes.min.css HTTP/1.1" 200 829 "-" "Mozilla/5.0 AppleWebKit/537.36 (KHTML, like Gecko; compatible; ClaudeBot/1.0; +claudebot@anthropic.com)"
216.73.217.104 - - [25/Jun/2026:13:37:25 -0400] "GET /wp-includes/css/dist/block-editor/content-rtl.min.css HTTP/1.1" 200 4875 "-" "Mozilla/5.0 AppleWebKit/537.36 (KHTML, like Gecko; compatible; ClaudeBot/1.0; +claudebot@anthropic.com)"
216.73.217.104 - - [25/Jun/2026:13:37:25 -0400] "GET /wp-includes/css/dist/block-library/classic.min.css HTTP/1.1" 200 320 "-" "Mozilla/5.0 AppleWebKit/537.36 (KHTML, like Gecko; compatible; ClaudeBot/1.0; +claudebot@anthropic.com)"
162.213.255.98 - - [25/Jun/2026:13:37:25 -0400] "POST /drahmad/wp-cron.php?doing_wp_cron=1782409045.5925610065460205078125 HTTP/1.1" 200 - "-" "WordPress/6.2.2; https://laratrends.nl/drahmad"
34.77.86.45 - - [25/Jun/2026:13:37:22 -0400] "GET /drahmad/ HTTP/1.1" 301 - "-" "Mozilla/5.0 (Windows NT 10.0; rv:78.0) Gecko/20100101 Firefox/78.0"
216.73.217.104 - - [25/Jun/2026:13:37:26 -0400] "GET /wp-includes/css/dist/block-library/style.min.css HTTP/1.1" 200 15916 "-" "Mozilla/5.0 AppleWebKit/537.36 (KHTML, like Gecko; compatible; ClaudeBot/1.0; +claudebot@anthropic.com)"
34.77.86.45 - - [25/Jun/2026:13:37:26 -0400] "GET /test/ HTTP/1.1" 301 6577 "-" "Mozilla/5.0 (Windows NT 10.0; rv:78.0) Gecko/20100101 Firefox/78.0"
34.77.86.45 - - [25/Jun/2026:13:37:26 -0400] "GET /wp-content/ HTTP/1.1" 200 - "-" "Mozilla/5.0 (Windows NT 10.0; rv:78.0) Gecko/20100101 Firefox/78.0"
34.77.86.45 - - [25/Jun/2026:13:37:27 -0400] "GET /wp-includes/ HTTP/1.1" 200 5995 "-" "Mozilla/5.0 (Windows NT 10.0; rv:78.0) Gecko/20100101 Firefox/78.0"
34.77.86.45 - - [25/Jun/2026:13:37:29 -0400] "GET /wp-includes/ID3/ HTTP/1.1" 200 723 "-" "Mozilla/5.0 (Windows NT 10.0; rv:78.0) Gecko/20100101 Firefox/78.0"
34.77.86.45 - - [25/Jun/2026:13:37:30 -0400] "GET /wp-includes/IXR/ HTTP/1.1" 200 627 "-" "Mozilla/5.0 (Windows NT 10.0; rv:78.0) Gecko/20100101 Firefox/78.0"
34.77.86.45 - - [25/Jun/2026:13:37:30 -0400] "GET /wp-includes/IXR/assets/ HTTP/1.1" 200 379 "-" "Mozilla/5.0 (Windows NT 10.0; rv:78.0) Gecko/20100101 Firefox/78.0"
34.77.86.45 - - [25/Jun/2026:13:37:30 -0400] "GET /wp-includes/IXR/assets/v3/ HTTP/1.1" 200 382 "-" "Mozilla/5.0 (Windows NT 10.0; rv:78.0) Gecko/20100101 Firefox/78.0"
34.77.86.45 - - [25/Jun/2026:13:37:31 -0400] "GET /wp-includes/IXR/assets/v3/files/ HTTP/1.1" 200 386 "-" "Mozilla/5.0 (Windows NT 10.0; rv:78.0) Gecko/20100101 Firefox/78.0"
34.77.86.45 - - [25/Jun/2026:13:37:31 -0400] "GET /wp-includes/IXR/assets/v3/files/xgmu/ HTTP/1.1" 200 391 "-" "Mozilla/5.0 (Windows NT 10.0; rv:78.0) Gecko/20100101 Firefox/78.0"
34.77.86.45 - - [25/Jun/2026:13:37:31 -0400] "GET /wp-includes/IXR/assets/v3/files/xgmu/xscmb/ HTTP/1.1" 200 403 "-" "Mozilla/5.0 (Windows NT 10.0; rv:78.0) Gecko/20100101 Firefox/78.0"
34.77.86.45 - - [25/Jun/2026:13:37:31 -0400] "GET /wp-includes/PHPMailer/ HTTP/1.1" 200 551 "-" "Mozilla/5.0 (Windows NT 10.0; rv:78.0) Gecko/20100101 Firefox/78.0"
34.77.86.45 - - [25/Jun/2026:13:37:32 -0400] "GET /wp-includes/PHPMailer/css/ HTTP/1.1" 200 382 "-" "Mozilla/5.0 (Windows NT 10.0; rv:78.0) Gecko/20100101 Firefox/78.0"
34.77.86.45 - - [25/Jun/2026:13:37:32 -0400] "GET /wp-includes/PHPMailer/css/2025/ HTTP/1.1" 200 387 "-" "Mozilla/5.0 (Windows NT 10.0; rv:78.0) Gecko/20100101 Firefox/78.0"
34.77.86.45 - - [25/Jun/2026:13:37:32 -0400] "GET /wp-includes/PHPMailer/css/2025/build/ HTTP/1.1" 200 390 "-" "Mozilla/5.0 (Windows NT 10.0; rv:78.0) Gecko/20100101 Firefox/78.0"
34.77.86.45 - - [25/Jun/2026:13:37:33 -0400] "GET /wp-includes/PHPMailer/css/2025/build/v1/ HTTP/1.1" 200 393 "-" "Mozilla/5.0 (Windows NT 10.0; rv:78.0) Gecko/20100101 Firefox/78.0"
34.77.86.45 - - [25/Jun/2026:13:37:33 -0400] "GET /wp-includes/PHPMailer/css/2025/build/v1/hzf/ HTTP/1.1" 403 14 "-" "Mozilla/5.0 (Windows NT 10.0; rv:78.0) Gecko/20100101 Firefox/78.0"
34.77.86.45 - - [25/Jun/2026:13:37:33 -0400] "GET /wp-includes/Requests/ HTTP/1.1" 200 395 "-" "Mozilla/5.0 (Windows NT 10.0; rv:78.0) Gecko/20100101 Firefox/78.0"
34.77.86.45 - - [25/Jun/2026:13:37:34 -0400] "GET /wp-includes/Requests/library/ HTTP/1.1" 200 387 "-" "Mozilla/5.0 (Windows NT 10.0; rv:78.0) Gecko/20100101 Firefox/78.0"
34.77.86.45 - - [25/Jun/2026:13:37:34 -0400] "GET /wp-includes/Requests/src/ HTTP/1.1" 200 800 "-" "Mozilla/5.0 (Windows NT 10.0; rv:78.0) Gecko/20100101 Firefox/78.0"
34.77.86.45 - - [25/Jun/2026:13:37:34 -0400] "GET /wp-includes/Requests/src/Auth/ HTTP/1.1" 200 388 "-" "Mozilla/5.0 (Windows NT 10.0; rv:78.0) Gecko/20100101 Firefox/78.0"
34.77.86.45 - - [25/Jun/2026:13:37:35 -0400] "GET /wp-includes/Requests/src/Cookie/ HTTP/1.1" 200 388 "-" "Mozilla/5.0 (Windows NT 10.0; rv:78.0) Gecko/20100101 Firefox/78.0"
34.77.86.45 - - [25/Jun/2026:13:37:35 -0400] "GET /wp-includes/Requests/src/Exception/ HTTP/1.1" 200 493 "-" "Mozilla/5.0 (Windows NT 10.0; rv:78.0) Gecko/20100101 Firefox/78.0"
34.77.86.45 - - [25/Jun/2026:13:37:35 -0400] "GET /wp-includes/Requests/src/Exception/Http/ HTTP/1.1" 200 728 "-" "Mozilla/5.0 (Windows NT 10.0; rv:78.0) Gecko/20100101 Firefox/78.0"
34.77.86.45 - - [25/Jun/2026:13:37:36 -0400] "GET /wp-includes/Requests/src/Exception/Transport/ HTTP/1.1" 200 403 "-" "Mozilla/5.0 (Windows NT 10.0; rv:78.0) Gecko/20100101 Firefox/78.0"
34.77.86.45 - - [25/Jun/2026:13:37:36 -0400] "GET /wp-includes/Requests/src/Proxy/ HTTP/1.1" 200 390 "-" "Mozilla/5.0 (Windows NT 10.0; rv:78.0) Gecko/20100101 Firefox/78.0"
34.77.86.45 - - [25/Jun/2026:13:37:36 -0400] "GET /wp-includes/Requests/src/Response/ HTTP/1.1" 200 394 "-" "Mozilla/5.0 (Windows NT 10.0; rv:78.0) Gecko/20100101 Firefox/78.0"
34.77.86.45 - - [25/Jun/2026:13:37:36 -0400] "GET /wp-includes/Requests/src/Transport/ HTTP/1.1" 200 431 "-" "Mozilla/5.0 (Windows NT 10.0; rv:78.0) Gecko/20100101 Firefox/78.0"
34.77.86.45 - - [25/Jun/2026:13:37:37 -0400] "GET /wp-includes/Requests/src/Utility/ HTTP/1.1" 200 471 "-" "Mozilla/5.0 (Windows NT 10.0; rv:78.0) Gecko/20100101 Firefox/78.0"
34.77.86.45 - - [25/Jun/2026:13:37:37 -0400] "GET /wp-includes/SimplePie/ HTTP/1.1" 200 429 "-" "Mozilla/5.0 (Windows NT 10.0; rv:78.0) Gecko/20100101 Firefox/78.0"
34.77.86.45 - - [25/Jun/2026:13:37:37 -0400] "GET /wp-includes/SimplePie/library/ HTTP/1.1" 200 413 "-" "Mozilla/5.0 (Windows NT 10.0; rv:78.0) Gecko/20100101 Firefox/78.0"
34.77.86.45 - - [25/Jun/2026:13:37:37 -0400] "GET /wp-includes/SimplePie/library/SimplePie/ HTTP/1.1" 200 758 "-" "Mozilla/5.0 (Windows NT 10.0; rv:78.0) Gecko/20100101 Firefox/78.0"
2a03:2880:f800:23:: - - [25/Jun/2026:13:37:38 -0400] "GET /playfina-casino-100-free-spins/ HTTP/1.1" 404 - "-" "meta-externalagent/1.1 (+https://developers.facebook.com/docs/sharing/webmasters/crawler)"
34.77.86.45 - - [25/Jun/2026:13:37:38 -0400] "GET /wp-includes/SimplePie/library/SimplePie/Cache/ HTTP/1.1" 200 491 "-" "Mozilla/5.0 (Windows NT 10.0; rv:78.0) Gecko/20100101 Firefox/78.0"
34.77.86.45 - - [25/Jun/2026:13:37:38 -0400] "GET /wp-includes/SimplePie/library/SimplePie/Content/ HTTP/1.1" 200 393 "-" "Mozilla/5.0 (Windows NT 10.0; rv:78.0) Gecko/20100101 Firefox/78.0"
34.77.86.45 - - [25/Jun/2026:13:37:39 -0400] "GET /wp-includes/SimplePie/library/SimplePie/Content/Type/ HTTP/1.1" 200 402 "-" "Mozilla/5.0 (Windows NT 10.0; rv:78.0) Gecko/20100101 Firefox/78.0"
34.77.86.45 - - [25/Jun/2026:13:37:39 -0400] "GET /wp-includes/SimplePie/library/SimplePie/Decode/ HTTP/1.1" 200 392 "-" "Mozilla/5.0 (Windows NT 10.0; rv:78.0) Gecko/20100101 Firefox/78.0"
34.77.86.45 - - [25/Jun/2026:13:37:39 -0400] "GET /wp-includes/SimplePie/library/SimplePie/Decode/HTML/ HTTP/1.1" 200 402 "-" "Mozilla/5.0 (Windows NT 10.0; rv:78.0) Gecko/20100101 Firefox/78.0"
34.77.86.45 - - [25/Jun/2026:13:37:39 -0400] "GET /wp-includes/SimplePie/library/SimplePie/HTTP/ HTTP/1.1" 200 398 "-" "Mozilla/5.0 (Windows NT 10.0; rv:78.0) Gecko/20100101 Firefox/78.0"
34.77.86.45 - - [25/Jun/2026:13:37:39 -0400] "GET /wp-includes/SimplePie/library/SimplePie/Net/ HTTP/1.1" 200 396 "-" "Mozilla/5.0 (Windows NT 10.0; rv:78.0) Gecko/20100101 Firefox/78.0"
34.77.86.45 - - [25/Jun/2026:13:37:40 -0400] "GET /wp-includes/SimplePie/library/SimplePie/Parse/ HTTP/1.1" 200 397 "-" "Mozilla/5.0 (Windows NT 10.0; rv:78.0) Gecko/20100101 Firefox/78.0"
34.77.86.45 - - [25/Jun/2026:13:37:40 -0400] "GET /wp-includes/SimplePie/library/SimplePie/XML/ HTTP/1.1" 200 397 "-" "Mozilla/5.0 (Windows NT 10.0; rv:78.0) Gecko/20100101 Firefox/78.0"
34.77.86.45 - - [25/Jun/2026:13:37:40 -0400] "GET /wp-includes/SimplePie/library/SimplePie/XML/Declaration/ HTTP/1.1" 200 405 "-" "Mozilla/5.0 (Windows NT 10.0; rv:78.0) Gecko/20100101 Firefox/78.0"
34.77.86.45 - - [25/Jun/2026:13:37:40 -0400] "GET /wp-includes/SimplePie/src/ HTTP/1.1" 200 837 "-" "Mozilla/5.0 (Windows NT 10.0; rv:78.0) Gecko/20100101 Firefox/78.0"
34.77.86.45 - - [25/Jun/2026:13:37:41 -0400] "GET /wp-includes/SimplePie/src/Cache/ HTTP/1.1" 200 565 "-" "Mozilla/5.0 (Windows NT 10.0; rv:78.0) Gecko/20100101 Firefox/78.0"
34.77.86.45 - - [25/Jun/2026:13:37:41 -0400] "GET /wp-includes/SimplePie/src/Content/ HTTP/1.1" 200 387 "-" "Mozilla/5.0 (Windows NT 10.0; rv:78.0) Gecko/20100101 Firefox/78.0"
34.77.86.45 - - [25/Jun/2026:13:37:41 -0400] "GET /wp-includes/SimplePie/src/Content/Type/ HTTP/1.1" 200 399 "-" "Mozilla/5.0 (Windows NT 10.0; rv:78.0) Gecko/20100101 Firefox/78.0"
