216.73.217.88 - - [25/Jun/2026:18:04:31 -0400] "GET /wp-includes/SimplePie/src/XML/v3/zjrsr/?C=S&O=D HTTP/1.1" 200 424 "-" "Mozilla/5.0 AppleWebKit/537.36 (KHTML, like Gecko; compatible; ClaudeBot/1.0; +claudebot@anthropic.com)"
216.73.217.88 - - [25/Jun/2026:18:04:32 -0400] "GET /wp-includes/SimplePie/src/XML/v3/zjrsr/?C=D&O=D HTTP/1.1" 200 422 "-" "Mozilla/5.0 AppleWebKit/537.36 (KHTML, like Gecko; compatible; ClaudeBot/1.0; +claudebot@anthropic.com)"
169.224.118.123 - - [25/Jun/2026:18:04:36 -0400] "GET /shop?min_price=400&max_price=1699&filter_color=%D8%A7%D8%B3%D9%88%D8%AF%2C%D8%A7%D8%B5%D9%81%D8%B1%2C%D8%A3%D8%B2%D8%B1%D9%82%2C%D8%A8%D9%8A%D8%AC&filter_size=m%2Cxl%2Cl%2C4xl HTTP/1.1" 404 - "https://laratrends.nl/shop?min_price=400&max_price=1699&filter_color=%D8%A7%D8%B3%D9%88%D8%AF%2C%D8%A7%D8%B5%D9%81%D8%B1%2C%D8%A3%D8%B2%D8%B1%D9%82%2C%D8%A8%D9%8A%D8%AC&filter_size=m%2Cxl%2Cl%2C4xl" "Mozilla/5.0 (Linux; Android 13; V2188) AppleWebKit/537.36 (KHTML, like Gecko) Chrome/140.0.5700.85 Mobile Safari/537.36 MicroMessenger/8.0.47(0x18001B3F) NetType/WIFI Language/zh_CN"
216.73.217.88 - - [25/Jun/2026:18:04:42 -0400] "GET /wp-includes/sitemaps/providers/js/?C=M&O=D HTTP/1.1" 200 385 "-" "Mozilla/5.0 AppleWebKit/537.36 (KHTML, like Gecko; compatible; ClaudeBot/1.0; +claudebot@anthropic.com)"
216.73.217.88 - - [25/Jun/2026:18:04:42 -0400] "GET /wp-includes/SimplePie/src/XML/v3/zjrsr/?C=N&O=A HTTP/1.1" 200 426 "-" "Mozilla/5.0 AppleWebKit/537.36 (KHTML, like Gecko; compatible; ClaudeBot/1.0; +claudebot@anthropic.com)"
122.199.158.30 - - [25/Jun/2026:18:04:38 -0400] "GET /wp-adminold.zip HTTP/1.1" 200 220029819 "-" "Mozilla/5.0 (Windows NT 10.0; WOW64) AppleWebKit/537.36 (KHTML, like Gecko) Chrome/90.0.4430.72 Safari/537.36"
2a03:2880:f800:32:: - - [25/Jun/2026:18:04:48 -0400] "GET /cat-casino-no-deposit-bonus/ HTTP/1.1" 404 - "-" "meta-externalagent/1.1 (+https://developers.facebook.com/docs/sharing/webmasters/crawler)"
216.73.217.88 - - [25/Jun/2026:18:05:04 -0400] "GET /wp-includes/sitemaps/providers/js/?C=S&O=D HTTP/1.1" 200 385 "-" "Mozilla/5.0 AppleWebKit/537.36 (KHTML, like Gecko; compatible; ClaudeBot/1.0; +claudebot@anthropic.com)"
216.73.217.88 - - [25/Jun/2026:18:05:04 -0400] "GET /wp-includes/sitemaps/providers/js/?C=D&O=D HTTP/1.1" 200 385 "-" "Mozilla/5.0 AppleWebKit/537.36 (KHTML, like Gecko; compatible; ClaudeBot/1.0; +claudebot@anthropic.com)"
216.73.217.88 - - [25/Jun/2026:18:05:14 -0400] "GET /wp-includes/sitemaps/providers/js/img/?C=N&O=D HTTP/1.1" 200 390 "-" "Mozilla/5.0 AppleWebKit/537.36 (KHTML, like Gecko; compatible; ClaudeBot/1.0; +claudebot@anthropic.com)"
216.73.217.88 - - [25/Jun/2026:18:05:16 -0400] "GET /wp-includes/sitemaps/providers/js/?C=N&O=A HTTP/1.1" 200 387 "-" "Mozilla/5.0 AppleWebKit/537.36 (KHTML, like Gecko; compatible; ClaudeBot/1.0; +claudebot@anthropic.com)"
2a03:2880:f800:2:: - - [25/Jun/2026:18:05:17 -0400] "GET /casino-noord-holland/ HTTP/1.1" 404 - "-" "meta-externalagent/1.1 (+https://developers.facebook.com/docs/sharing/webmasters/crawler)"
216.73.217.88 - - [25/Jun/2026:18:05:22 -0400] "GET /wp-includes/sitemaps/providers/js/img/?C=D&O=A HTTP/1.1" 200 393 "-" "Mozilla/5.0 AppleWebKit/537.36 (KHTML, like Gecko; compatible; ClaudeBot/1.0; +claudebot@anthropic.com)"
216.73.217.88 - - [25/Jun/2026:18:05:22 -0400] "GET /wp-includes/sitemaps/providers/js/img/?C=M&O=A HTTP/1.1" 200 393 "-" "Mozilla/5.0 AppleWebKit/537.36 (KHTML, like Gecko; compatible; ClaudeBot/1.0; +claudebot@anthropic.com)"
2a03:2880:f800:16:: - - [25/Jun/2026:18:05:59 -0400] "GET /n1-casino-no-deposit-bonus/ HTTP/1.1" 404 - "-" "meta-externalagent/1.1 (+https://developers.facebook.com/docs/sharing/webmasters/crawler)"
2a03:2880:f800:13:: - - [25/Jun/2026:18:06:01 -0400] "GET /gokken-amsterdam/ HTTP/1.1" 404 - "-" "meta-externalagent/1.1 (+https://developers.facebook.com/docs/sharing/webmasters/crawler)"
122.199.158.30 - - [25/Jun/2026:18:06:06 -0400] "GET /wp-admin.zip HTTP/1.1" 304 - "-" "Mozilla/5.0 (Windows NT 10.0; Win64; x64) AppleWebKit/537.36 (KHTML, like Gecko) Chrome/90.0.4430.72 Safari/537.36 Edg/90.0.818.39"
2a03:2880:f800:39:: - - [25/Jun/2026:18:06:27 -0400] "GET /gokkasten-free/ HTTP/1.1" 404 - "-" "meta-externalagent/1.1 (+https://developers.facebook.com/docs/sharing/webmasters/crawler)"
216.73.217.88 - - [25/Jun/2026:18:06:43 -0400] "GET /wp-includes/sitemaps/providers/js/img/?C=S&O=A HTTP/1.1" 200 393 "-" "Mozilla/5.0 AppleWebKit/537.36 (KHTML, like Gecko; compatible; ClaudeBot/1.0; +claudebot@anthropic.com)"
2a03:2880:f800:d:: - - [25/Jun/2026:18:06:44 -0400] "GET /sloty-casino-no-deposit-bonus/ HTTP/1.1" 404 - "-" "meta-externalagent/1.1 (+https://developers.facebook.com/docs/sharing/webmasters/crawler)"
216.73.217.88 - - [25/Jun/2026:18:06:44 -0400] "GET /sitemap-9.xml HTTP/1.1" 404 - "-" "Mozilla/5.0 AppleWebKit/537.36 (KHTML, like Gecko; compatible; ClaudeBot/1.0; +claudebot@anthropic.com)"
216.73.217.88 - - [25/Jun/2026:18:06:52 -0400] "GET /sitemap-18.xml HTTP/1.1" 404 - "-" "Mozilla/5.0 AppleWebKit/537.36 (KHTML, like Gecko; compatible; ClaudeBot/1.0; +claudebot@anthropic.com)"
216.73.217.88 - - [25/Jun/2026:18:06:52 -0400] "GET /sitemap-12.xml HTTP/1.1" 404 - "-" "Mozilla/5.0 AppleWebKit/537.36 (KHTML, like Gecko; compatible; ClaudeBot/1.0; +claudebot@anthropic.com)"
2a03:2880:f800:10:: - - [25/Jun/2026:18:06:57 -0400] "GET /casino-zevenaar/ HTTP/1.1" 404 - "-" "meta-externalagent/1.1 (+https://developers.facebook.com/docs/sharing/webmasters/crawler)"
170.106.65.93 - - [25/Jun/2026:18:06:58 -0400] "GET / HTTP/1.1" 200 1156 "http://laratrends.nl" "Mozilla/5.0 (iPhone; CPU iPhone OS 13_2_3 like Mac OS X) AppleWebKit/605.1.15 (KHTML, like Gecko) Version/13.0.3 Mobile/15E148 Safari/604.1"
2a03:2880:f800:7:: - - [25/Jun/2026:18:07:15 -0400] "GET /online-casino-legaal-in-nederland/ HTTP/1.1" 404 - "-" "meta-externalagent/1.1 (+https://developers.facebook.com/docs/sharing/webmasters/crawler)"
216.73.217.88 - - [25/Jun/2026:18:07:32 -0400] "GET /sitemap-16.xml HTTP/1.1" 404 - "-" "Mozilla/5.0 AppleWebKit/537.36 (KHTML, like Gecko; compatible; ClaudeBot/1.0; +claudebot@anthropic.com)"
216.73.217.88 - - [25/Jun/2026:18:07:32 -0400] "GET /sitemap-7.xml HTTP/1.1" 404 - "-" "Mozilla/5.0 AppleWebKit/537.36 (KHTML, like Gecko; compatible; ClaudeBot/1.0; +claudebot@anthropic.com)"
216.73.217.88 - - [25/Jun/2026:18:07:40 -0400] "GET /sitemap-13.xml HTTP/1.1" 404 - "-" "Mozilla/5.0 AppleWebKit/537.36 (KHTML, like Gecko; compatible; ClaudeBot/1.0; +claudebot@anthropic.com)"
216.73.217.88 - - [25/Jun/2026:18:07:41 -0400] "GET /sitemap-2.xml HTTP/1.1" 404 - "-" "Mozilla/5.0 AppleWebKit/537.36 (KHTML, like Gecko; compatible; ClaudeBot/1.0; +claudebot@anthropic.com)"
2a03:2880:f800:35:: - - [25/Jun/2026:18:07:44 -0400] "GET /gratis-roulette-spelen/ HTTP/1.1" 404 - "-" "meta-externalagent/1.1 (+https://developers.facebook.com/docs/sharing/webmasters/crawler)"
216.73.217.88 - - [25/Jun/2026:18:07:57 -0400] "GET /sitemap-10.xml HTTP/1.1" 404 - "-" "Mozilla/5.0 AppleWebKit/537.36 (KHTML, like Gecko; compatible; ClaudeBot/1.0; +claudebot@anthropic.com)"
66.249.68.167 - - [25/Jun/2026:18:08:01 -0400] "GET /items/Z708022069/ HTTP/1.1" 404 - "-" "Mozilla/5.0 (Linux; Android 6.0.1; Nexus 5X Build/MMB29P) AppleWebKit/537.36 (KHTML, like Gecko) Chrome/148.0.7778.96 Mobile Safari/537.36 (compatible; GoogleOther)"
66.249.68.168 - - [25/Jun/2026:18:08:01 -0400] "GET /robots.txt HTTP/1.1" 200 141 "-" "Mozilla/5.0 (compatible; Googlebot/2.1; +http://www.google.com/bot.html)"
2a03:2880:f800:1d:: - - [25/Jun/2026:18:08:11 -0400] "GET /items/N139615228/ HTTP/1.1" 404 - "-" "meta-externalagent/1.1 (+https://developers.facebook.com/docs/sharing/webmasters/crawler)"
2a03:2880:f800:2c:: - - [25/Jun/2026:18:08:15 -0400] "GET /gratis-gokkasten-spelen-casino/ HTTP/1.1" 404 - "-" "meta-externalagent/1.1 (+https://developers.facebook.com/docs/sharing/webmasters/crawler)"
216.73.217.88 - - [25/Jun/2026:18:08:53 -0400] "GET /robots.txt HTTP/1.1" 304 - "-" "Mozilla/5.0 AppleWebKit/537.36 (KHTML, like Gecko; compatible; ClaudeBot/1.0; +claudebot@anthropic.com)"
216.73.217.88 - - [25/Jun/2026:18:08:53 -0400] "GET /sitemap-4.xml HTTP/1.1" 404 - "-" "Mozilla/5.0 AppleWebKit/537.36 (KHTML, like Gecko; compatible; ClaudeBot/1.0; +claudebot@anthropic.com)"
2a03:2880:f800:: - - [25/Jun/2026:18:08:56 -0400] "GET /rockbet-casino-100-free-spins/ HTTP/1.1" 404 - "-" "meta-externalagent/1.1 (+https://developers.facebook.com/docs/sharing/webmasters/crawler)"
2a03:2880:f800:2f:: - - [25/Jun/2026:18:08:59 -0400] "GET /tradition-casino-100-free-spins/ HTTP/1.1" 404 - "-" "meta-externalagent/1.1 (+https://developers.facebook.com/docs/sharing/webmasters/crawler)"
216.73.217.88 - - [25/Jun/2026:18:09:06 -0400] "GET /sitemap-11.xml HTTP/1.1" 404 - "-" "Mozilla/5.0 AppleWebKit/537.36 (KHTML, like Gecko; compatible; ClaudeBot/1.0; +claudebot@anthropic.com)"
2a03:2880:f800:4:: - - [25/Jun/2026:18:09:27 -0400] "GET /gokautomaat-spelen-gratis/ HTTP/1.1" 404 - "-" "meta-externalagent/1.1 (+https://developers.facebook.com/docs/sharing/webmasters/crawler)"
216.73.217.88 - - [25/Jun/2026:18:09:37 -0400] "GET /sitemap-14.xml HTTP/1.1" 404 - "-" "Mozilla/5.0 AppleWebKit/537.36 (KHTML, like Gecko; compatible; ClaudeBot/1.0; +claudebot@anthropic.com)"
2a03:2880:f800:12:: - - [25/Jun/2026:18:09:48 -0400] "GET /onedun-casino-no-deposit-bonus/ HTTP/1.1" 404 - "-" "meta-externalagent/1.1 (+https://developers.facebook.com/docs/sharing/webmasters/crawler)"
216.73.217.88 - - [25/Jun/2026:18:09:55 -0400] "GET /sitemap-17.xml HTTP/1.1" 404 - "-" "Mozilla/5.0 AppleWebKit/537.36 (KHTML, like Gecko; compatible; ClaudeBot/1.0; +claudebot@anthropic.com)"
216.73.217.88 - - [25/Jun/2026:18:09:59 -0400] "GET /sitemap-3.xml HTTP/1.1" 404 - "-" "Mozilla/5.0 AppleWebKit/537.36 (KHTML, like Gecko; compatible; ClaudeBot/1.0; +claudebot@anthropic.com)"
2a03:2880:f800:3d:: - - [25/Jun/2026:18:10:03 -0400] "GET /gokkast-spelen/ HTTP/1.1" 404 - "-" "meta-externalagent/1.1 (+https://developers.facebook.com/docs/sharing/webmasters/crawler)"
194.165.16.5 - - [25/Jun/2026:18:10:12 -0400] "GET /drahmad/wp-login.php HTTP/1.1" 200 2135 "-" "Mozilla/5.0 (Windows NT 10.0; Win64; x64; rv:127.0) Gecko/20100101 Firefox/127.0"
194.165.16.5 - - [25/Jun/2026:18:10:16 -0400] "POST /drahmad/xmlrpc.php HTTP/1.1" 200 130 "-" "Mozilla/5.0 (Macintosh; Intel Mac OS X 13_5) AppleWebKit/605.1.15 (KHTML, like Gecko) Version/17.5 Safari/605.1.15"
162.213.255.98 - - [25/Jun/2026:18:10:18 -0400] "POST /drahmad/wp-cron.php?doing_wp_cron=1782425418.0458619594573974609375 HTTP/1.1" 200 - "-" "WordPress/6.2.2; https://laratrends.nl/drahmad"
194.165.16.5 - - [25/Jun/2026:18:10:17 -0400] "POST /drahmad/xmlrpc.php HTTP/1.1" 200 2584 "-" "Mozilla/5.0 (Windows NT 10.0; Win64; x64; rv:127.0) Gecko/20100101 Firefox/127.0"
2a03:2880:f800:32:: - - [25/Jun/2026:18:10:30 -0400] "GET /items/N128794066/ HTTP/1.1" 404 - "-" "meta-externalagent/1.1 (+https://developers.facebook.com/docs/sharing/webmasters/crawler)"
2a03:2880:f800:40:: - - [25/Jun/2026:18:10:33 -0400] "GET /svenbet-casino-50-free-spins/ HTTP/1.1" 404 - "-" "meta-externalagent/1.1 (+https://developers.facebook.com/docs/sharing/webmasters/crawler)"
216.73.217.88 - - [25/Jun/2026:18:10:36 -0400] "GET /sitemap-1.xml HTTP/1.1" 404 - "-" "Mozilla/5.0 AppleWebKit/537.36 (KHTML, like Gecko; compatible; ClaudeBot/1.0; +claudebot@anthropic.com)"
2a03:2880:f800:41:: - - [25/Jun/2026:18:10:39 -0400] "GET /bethard-casino-50-free-spins/ HTTP/1.1" 404 - "-" "meta-externalagent/1.1 (+https://developers.facebook.com/docs/sharing/webmasters/crawler)"
216.73.217.88 - - [25/Jun/2026:18:10:53 -0400] "GET /sitemap.xml HTTP/1.1" 404 - "-" "Mozilla/5.0 AppleWebKit/537.36 (KHTML, like Gecko; compatible; ClaudeBot/1.0; +claudebot@anthropic.com)"
2a03:2880:f800:3c:: - - [25/Jun/2026:18:11:04 -0400] "GET /kaarten-tellen-online-blackjack/ HTTP/1.1" 404 - "-" "meta-externalagent/1.1 (+https://developers.facebook.com/docs/sharing/webmasters/crawler)"
66.249.68.166 - - [25/Jun/2026:18:11:27 -0400] "GET /robots.txt HTTP/1.1" 200 141 "-" "Mozilla/5.0 (compatible; Googlebot/2.1; +http://www.google.com/bot.html)"
66.249.68.167 - - [25/Jun/2026:18:11:27 -0400] "GET /items/L974711708/ HTTP/1.1" 404 - "-" "Mozilla/5.0 (Linux; Android 6.0.1; Nexus 5X Build/MMB29P) AppleWebKit/537.36 (KHTML, like Gecko) Chrome/148.0.7778.96 Mobile Safari/537.36 (compatible; GoogleOther)"
66.249.68.166 - - [25/Jun/2026:18:11:38 -0400] "GET /items/B307140387/ HTTP/1.1" 404 - "-" "Mozilla/5.0 (Linux; Android 6.0.1; Nexus 5X Build/MMB29P) AppleWebKit/537.36 (KHTML, like Gecko) Chrome/148.0.7778.96 Mobile Safari/537.36 (compatible; GoogleOther)"
170.78.124.36 - - [25/Jun/2026:18:11:58 -0400] "GET /shop?min_price=400&max_price=1699&filter_color=%D8%A7%D8%A8%D9%8A%D8%B6%2C%D9%83%D8%AD%D9%84%D9%89%2C%D8%B3%D9%8A%D9%84%D9%81%D8%B1&filter_size=m HTTP/1.1" 404 - "https://laratrends.nl/shop?min_price=400&max_price=1699&filter_color=%D8%A7%D8%A8%D9%8A%D8%B6%2C%D9%83%D8%AD%D9%84%D9%89%2C%D8%B3%D9%8A%D9%84%D9%81%D8%B1&filter_size=m" "Mozilla/5.0 (iPhone; CPU iPhone OS 17_2 like Mac OS X) AppleWebKit/605.1.15 (KHTML, like Gecko) Version/17.2 Mobile/15E148 Safari/604.1 MicroMessenger/8.0.43(0x18001B3F) NetType/WIFI Language/zh_CN"
216.73.217.88 - - [25/Jun/2026:18:12:00 -0400] "GET /sitemap-15.xml HTTP/1.1" 404 - "-" "Mozilla/5.0 AppleWebKit/537.36 (KHTML, like Gecko; compatible; ClaudeBot/1.0; +claudebot@anthropic.com)"
216.73.217.88 - - [25/Jun/2026:18:12:10 -0400] "GET /sitemap-6.xml HTTP/1.1" 404 - "-" "Mozilla/5.0 AppleWebKit/537.36 (KHTML, like Gecko; compatible; ClaudeBot/1.0; +claudebot@anthropic.com)"
2a03:2880:f800:27:: - - [25/Jun/2026:18:12:11 -0400] "GET /bingokaart/ HTTP/1.1" 404 - "-" "meta-externalagent/1.1 (+https://developers.facebook.com/docs/sharing/webmasters/crawler)"
2a03:2880:f800:2d:: - - [25/Jun/2026:18:12:12 -0400] "GET /bekende-gokkasten/ HTTP/1.1" 404 - "-" "meta-externalagent/1.1 (+https://developers.facebook.com/docs/sharing/webmasters/crawler)"
2a03:2880:f800:2c:: - - [25/Jun/2026:18:12:23 -0400] "GET /gokkasten-mobiel/ HTTP/1.1" 404 - "-" "meta-externalagent/1.1 (+https://developers.facebook.com/docs/sharing/webmasters/crawler)"
66.249.68.167 - - [25/Jun/2026:18:12:26 -0400] "GET /items/N691715352/ HTTP/1.1" 404 - "-" "Mozilla/5.0 (Linux; Android 6.0.1; Nexus 5X Build/MMB29P) AppleWebKit/537.36 (KHTML, like Gecko) Chrome/148.0.7778.96 Mobile Safari/537.36 (compatible; GoogleOther)"
216.73.217.88 - - [25/Jun/2026:18:12:28 -0400] "GET /sitemap-8.xml HTTP/1.1" 404 - "-" "Mozilla/5.0 AppleWebKit/537.36 (KHTML, like Gecko; compatible; ClaudeBot/1.0; +claudebot@anthropic.com)"
2a03:2880:f800:10:: - - [25/Jun/2026:18:12:42 -0400] "GET /dream-vegas-casino-100-free-spins/ HTTP/1.1" 404 - "-" "meta-externalagent/1.1 (+https://developers.facebook.com/docs/sharing/webmasters/crawler)"
216.73.217.88 - - [25/Jun/2026:18:12:48 -0400] "GET /sitemap-5.xml HTTP/1.1" 404 - "-" "Mozilla/5.0 AppleWebKit/537.36 (KHTML, like Gecko; compatible; ClaudeBot/1.0; +claudebot@anthropic.com)"
216.73.217.88 - - [25/Jun/2026:18:12:54 -0400] "GET /sitemap-19.xml HTTP/1.1" 404 - "-" "Mozilla/5.0 AppleWebKit/537.36 (KHTML, like Gecko; compatible; ClaudeBot/1.0; +claudebot@anthropic.com)"
2a03:2880:f800:7:: - - [25/Jun/2026:18:13:03 -0400] "GET /scibet-casino-no-deposit-bonus/ HTTP/1.1" 404 - "-" "meta-externalagent/1.1 (+https://developers.facebook.com/docs/sharing/webmasters/crawler)"
2a03:2880:f800:4:: - - [25/Jun/2026:18:13:27 -0400] "GET /nederlandse-casino-gokken/ HTTP/1.1" 404 - "-" "meta-externalagent/1.1 (+https://developers.facebook.com/docs/sharing/webmasters/crawler)"
2a03:2880:f800:20:: - - [25/Jun/2026:18:13:47 -0400] "GET /infiniti-casino-no-deposit-bonus/ HTTP/1.1" 404 - "-" "meta-externalagent/1.1 (+https://developers.facebook.com/docs/sharing/webmasters/crawler)"
2a03:2880:f800:35:: - - [25/Jun/2026:18:13:53 -0400] "GET /items/N123604117/ HTTP/1.1" 404 - "-" "meta-externalagent/1.1 (+https://developers.facebook.com/docs/sharing/webmasters/crawler)"
2a03:2880:f800:2:: - - [25/Jun/2026:18:13:55 -0400] "GET /items/N300727470/ HTTP/1.1" 404 - "-" "meta-externalagent/1.1 (+https://developers.facebook.com/docs/sharing/webmasters/crawler)"
2a03:2880:f800:14:: - - [25/Jun/2026:18:14:04 -0400] "GET /merkur-gokkast-kopen/ HTTP/1.1" 404 - "-" "meta-externalagent/1.1 (+https://developers.facebook.com/docs/sharing/webmasters/crawler)"
2a03:2880:f800:9:: - - [25/Jun/2026:18:14:09 -0400] "GET /items/N29013652/ HTTP/1.1" 404 - "-" "meta-externalagent/1.1 (+https://developers.facebook.com/docs/sharing/webmasters/crawler)"
2a03:2880:f800:6:: - - [25/Jun/2026:18:14:23 -0400] "GET /book-of-magic-online-gokkast-spelen-gratis-en-met-geld/ HTTP/1.1" 404 - "-" "meta-externalagent/1.1 (+https://developers.facebook.com/docs/sharing/webmasters/crawler)"
2a03:2880:f800:2c:: - - [25/Jun/2026:18:14:32 -0400] "GET /wild-falls-online-gokkast-spelen-gratis-en-met-geld/ HTTP/1.1" 404 - "-" "meta-externalagent/1.1 (+https://developers.facebook.com/docs/sharing/webmasters/crawler)"
2a03:2880:f800:2d:: - - [25/Jun/2026:18:14:52 -0400] "GET /tahiti-casino-50-free-spins/ HTTP/1.1" 404 - "-" "meta-externalagent/1.1 (+https://developers.facebook.com/docs/sharing/webmasters/crawler)"
2a03:2880:f800:21:: - - [25/Jun/2026:18:15:57 -0400] "GET /betrouwbare-online-goksites/ HTTP/1.1" 404 - "-" "meta-externalagent/1.1 (+https://developers.facebook.com/docs/sharing/webmasters/crawler)"
177.222.63.205 - - [25/Jun/2026:18:16:09 -0400] "GET /shop?min_price=400&max_price=1699&filter_color=%D8%A7%D8%A8%D9%8A%D8%B6%2C%D8%A8%D9%86%D9%89%2C%D9%83%D8%AD%D9%84%D9%89%2C%D8%A7%D8%B5%D9%81%D8%B1&filter_size=s%2Cl%2Cm HTTP/1.1" 404 - "https://laratrends.nl/shop?min_price=400&max_price=1699&filter_color=%D8%A7%D8%A8%D9%8A%D8%B6%2C%D8%A8%D9%86%D9%89%2C%D9%83%D8%AD%D9%84%D9%89%2C%D8%A7%D8%B5%D9%81%D8%B1&filter_size=s%2Cl%2Cm" "Mozilla/5.0 (Linux; Android 12; V2189) AppleWebKit/537.36 (KHTML, like Gecko) Chrome/142.0.5111.47 Mobile Safari/537.36"
2a03:2880:f800:40:: - - [25/Jun/2026:18:16:18 -0400] "GET /24bettle-casino-100-free-spins/ HTTP/1.1" 404 - "-" "meta-externalagent/1.1 (+https://developers.facebook.com/docs/sharing/webmasters/crawler)"
2a03:2880:f800:29:: - - [25/Jun/2026:18:16:33 -0400] "GET /offici%C3%ABle-online-casino/ HTTP/1.1" 404 - "-" "meta-externalagent/1.1 (+https://developers.facebook.com/docs/sharing/webmasters/crawler)"
2a03:2880:f800:1c:: - - [25/Jun/2026:18:16:46 -0400] "GET /ladbrokes-casino-nl-2025-review/ HTTP/1.1" 404 - "-" "meta-externalagent/1.1 (+https://developers.facebook.com/docs/sharing/webmasters/crawler)"
66.249.68.166 - - [25/Jun/2026:18:16:51 -0400] "GET /shop/pg/1005024240/ HTTP/1.1" 404 - "-" "Mozilla/5.0 (Linux; Android 6.0.1; Nexus 5X Build/MMB29P) AppleWebKit/537.36 (KHTML, like Gecko) Chrome/148.0.7778.96 Mobile Safari/537.36 (compatible; GoogleOther)"
2a03:2880:f800:35:: - - [25/Jun/2026:18:17:04 -0400] "GET /gratis-gokspellen/ HTTP/1.1" 404 - "-" "meta-externalagent/1.1 (+https://developers.facebook.com/docs/sharing/webmasters/crawler)"
43.157.67.70 - - [25/Jun/2026:18:17:18 -0400] "GET /?C=S;O=A HTTP/1.1" 200 1144 "-" "Mozilla/5.0 (iPhone; CPU iPhone OS 13_2_3 like Mac OS X) AppleWebKit/605.1.15 (KHTML, like Gecko) Version/13.0.3 Mobile/15E148 Safari/604.1"
2a03:2880:f800:12:: - - [25/Jun/2026:18:17:21 -0400] "GET /online-gokken-geen-vergunning/ HTTP/1.1" 404 - "-" "meta-externalagent/1.1 (+https://developers.facebook.com/docs/sharing/webmasters/crawler)"
2a03:2880:f800:29:: - - [25/Jun/2026:18:17:35 -0400] "GET /nieuwe-gratis-gokkasten/ HTTP/1.1" 404 - "-" "meta-externalagent/1.1 (+https://developers.facebook.com/docs/sharing/webmasters/crawler)"
46.55.98.201 - - [25/Jun/2026:18:18:13 -0400] "GET /shop?min_price=400&max_price=1699&filter_color=%D8%A7%D8%A8%D9%8A%D8%B6%2C%D8%A7%D8%B5%D9%81%D8%B1%2C%D8%B0%D9%87%D8%A8%D9%89&filter_size=4xl HTTP/1.1" 404 - "https://laratrends.nl/shop?min_price=400&max_price=1699&filter_color=%D8%A7%D8%A8%D9%8A%D8%B6%2C%D8%A7%D8%B5%D9%81%D8%B1%2C%D8%B0%D9%87%D8%A8%D9%89&filter_size=4xl" "Mozilla/5.0 (Linux; Android 13; V2188) AppleWebKit/537.36 (KHTML, like Gecko) Chrome/152.0.5796.48 Mobile Safari/537.36 MicroMessenger/8.0.46(0x18001B3F) NetType/WIFI Language/zh_CN"
2a03:2880:f800:10:: - - [25/Jun/2026:18:18:35 -0400] "GET /gratis-casino-geld-zonder-storten-nederland/ HTTP/1.1" 404 - "-" "meta-externalagent/1.1 (+https://developers.facebook.com/docs/sharing/webmasters/crawler)"
66.249.68.168 - - [25/Jun/2026:18:18:35 -0400] "GET /items/S593436787/ HTTP/1.1" 404 - "-" "Mozilla/5.0 (Linux; Android 6.0.1; Nexus 5X Build/MMB29P) AppleWebKit/537.36 (KHTML, like Gecko) Chrome/148.0.7778.96 Mobile Safari/537.36 (compatible; GoogleOther)"
2a03:2880:f800:35:: - - [25/Jun/2026:18:18:41 -0400] "GET /online-casino-met-welkomstbonus/ HTTP/1.1" 404 - "-" "meta-externalagent/1.1 (+https://developers.facebook.com/docs/sharing/webmasters/crawler)"
2a03:2880:f800:18:: - - [25/Jun/2026:18:19:03 -0400] "GET /casino-opwaarderen-met-telefoon/ HTTP/1.1" 404 - "-" "meta-externalagent/1.1 (+https://developers.facebook.com/docs/sharing/webmasters/crawler)"
2a03:2880:f800:13:: - - [25/Jun/2026:18:19:23 -0400] "GET /billionaire-casino-100-free-spins/ HTTP/1.1" 404 - "-" "meta-externalagent/1.1 (+https://developers.facebook.com/docs/sharing/webmasters/crawler)"
2a03:2880:f800:29:: - - [25/Jun/2026:18:19:40 -0400] "GET /loki-casino-50-free-spins/ HTTP/1.1" 404 - "-" "meta-externalagent/1.1 (+https://developers.facebook.com/docs/sharing/webmasters/crawler)"
2a03:2880:f800:41:: - - [25/Jun/2026:18:19:42 -0400] "GET /online-roulette-regels/ HTTP/1.1" 404 - "-" "meta-externalagent/1.1 (+https://developers.facebook.com/docs/sharing/webmasters/crawler)"
2a03:2880:f800:17:: - - [25/Jun/2026:18:19:59 -0400] "GET /casino-veenendaal/ HTTP/1.1" 404 - "-" "meta-externalagent/1.1 (+https://developers.facebook.com/docs/sharing/webmasters/crawler)"
2a03:2880:f800:3a:: - - [25/Jun/2026:18:20:15 -0400] "GET /book-of-dead-online-gokkast-spelen-gratis-en-met-geld/ HTTP/1.1" 404 - "-" "meta-externalagent/1.1 (+https://developers.facebook.com/docs/sharing/webmasters/crawler)"
177.245.64.108 - - [25/Jun/2026:18:20:18 -0400] "GET /shop?min_price=400&max_price=1699&filter_color=%D8%A7%D8%A8%D9%8A%D8%B6%2C%D8%A7%D8%B5%D9%81%D8%B1%2C%D8%B0%D9%87%D8%A8%D9%89%2C%D8%A3%D8%B2%D8%B1%D9%82&filter_size=l%2Cxxl HTTP/1.1" 404 - "https://laratrends.nl/shop?min_price=400&max_price=1699&filter_color=%D8%A7%D8%A8%D9%8A%D8%B6%2C%D8%A7%D8%B5%D9%81%D8%B1%2C%D8%B0%D9%87%D8%A8%D9%89%2C%D8%A3%D8%B2%D8%B1%D9%82&filter_size=l%2Cxxl" "Mozilla/5.0 (Linux; Android 12; M2102J24) AppleWebKit/537.36 (KHTML, like Gecko) Chrome/141.0.5954.131 Mobile Safari/537.36 MicroMessenger/8.0.46(0x18001B3F) NetType/WIFI Language/zh_CN"
2a03:2880:f800:25:: - - [25/Jun/2026:18:20:46 -0400] "GET /nieuw-nederlands-casino/ HTTP/1.1" 404 - "-" "meta-externalagent/1.1 (+https://developers.facebook.com/docs/sharing/webmasters/crawler)"
2a03:2880:f800:c:: - - [25/Jun/2026:18:20:55 -0400] "GET /casino-sites-nederland/ HTTP/1.1" 404 - "-" "meta-externalagent/1.1 (+https://developers.facebook.com/docs/sharing/webmasters/crawler)"
2a03:2880:f800:3d:: - - [25/Jun/2026:18:21:11 -0400] "GET /cruks-bedenktijd/ HTTP/1.1" 404 - "-" "meta-externalagent/1.1 (+https://developers.facebook.com/docs/sharing/webmasters/crawler)"
66.249.68.168 - - [25/Jun/2026:18:21:15 -0400] "GET /items/M966884202/ HTTP/1.1" 404 - "-" "Mozilla/5.0 (Linux; Android 6.0.1; Nexus 5X Build/MMB29P) AppleWebKit/537.36 (KHTML, like Gecko) Chrome/148.0.7778.96 Mobile Safari/537.36 (compatible; GoogleOther)"
2a03:2880:f800:3d:: - - [25/Jun/2026:18:21:23 -0400] "GET /aladdins-gold-casino-no-deposit-bonus/ HTTP/1.1" 404 - "-" "meta-externalagent/1.1 (+https://developers.facebook.com/docs/sharing/webmasters/crawler)"
2a03:2880:f800:40:: - - [25/Jun/2026:18:21:29 -0400] "GET /megarush-casino-100-free-spins/ HTTP/1.1" 404 - "-" "meta-externalagent/1.1 (+https://developers.facebook.com/docs/sharing/webmasters/crawler)"
2a03:2880:f800:21:: - - [25/Jun/2026:18:21:46 -0400] "GET /winstgevend-gokken/ HTTP/1.1" 404 - "-" "meta-externalagent/1.1 (+https://developers.facebook.com/docs/sharing/webmasters/crawler)"
2a03:2880:f800:39:: - - [25/Jun/2026:18:21:51 -0400] "GET /nomini-casino-100-free-spins/ HTTP/1.1" 404 - "-" "meta-externalagent/1.1 (+https://developers.facebook.com/docs/sharing/webmasters/crawler)"
2a03:2880:f800:25:: - - [25/Jun/2026:18:22:01 -0400] "GET /de-vries-gokkasten/ HTTP/1.1" 404 - "-" "meta-externalagent/1.1 (+https://developers.facebook.com/docs/sharing/webmasters/crawler)"
2a03:2880:f800:4:: - - [25/Jun/2026:18:22:08 -0400] "GET /osiris-casino-no-deposit-bonus/ HTTP/1.1" 404 - "-" "meta-externalagent/1.1 (+https://developers.facebook.com/docs/sharing/webmasters/crawler)"
2a03:2880:f800:2a:: - - [25/Jun/2026:18:22:09 -0400] "GET /roulette-verdubbelingsstrategie/ HTTP/1.1" 404 - "-" "meta-externalagent/1.1 (+https://developers.facebook.com/docs/sharing/webmasters/crawler)"
2a03:2880:f800:c:: - - [25/Jun/2026:18:22:19 -0400] "GET /classic-spinner-gokkast/ HTTP/1.1" 404 - "-" "meta-externalagent/1.1 (+https://developers.facebook.com/docs/sharing/webmasters/crawler)"
95.186.101.155 - - [25/Jun/2026:18:22:24 -0400] "GET /shop?min_price=400&max_price=1699&filter_color=%D8%A3%D8%B2%D8%B1%D9%82%2C%D9%83%D8%AD%D9%84%D9%89&filter_size=xl%2Cl%2Cs%2Cxs HTTP/1.1" 404 - "https://laratrends.nl/shop?min_price=400&max_price=1699&filter_color=%D8%A3%D8%B2%D8%B1%D9%82%2C%D9%83%D8%AD%D9%84%D9%89&filter_size=xl%2Cl%2Cs%2Cxs" "Mozilla/5.0 (Linux; Android 13; M2102J21) AppleWebKit/537.36 (KHTML, like Gecko) Chrome/145.0.5357.107 Mobile Safari/537.36 MicroMessenger/8.0.39(0x18001B3F) NetType/WIFI Language/zh_CN"
2a03:2880:f800:e:: - - [25/Jun/2026:18:22:36 -0400] "GET /best-betalende-online-casino/ HTTP/1.1" 404 - "-" "meta-externalagent/1.1 (+https://developers.facebook.com/docs/sharing/webmasters/crawler)"
2a03:2880:f800:d:: - - [25/Jun/2026:18:22:45 -0400] "GET /karjala-casino-no-deposit-bonus/ HTTP/1.1" 404 - "-" "meta-externalagent/1.1 (+https://developers.facebook.com/docs/sharing/webmasters/crawler)"
2a03:2880:f800:8:: - - [25/Jun/2026:18:22:59 -0400] "GET /royal-vegas-casino-100-free-spins/ HTTP/1.1" 404 - "-" "meta-externalagent/1.1 (+https://developers.facebook.com/docs/sharing/webmasters/crawler)"
2a03:2880:f800:6:: - - [25/Jun/2026:18:23:17 -0400] "GET /bullcasino-casino-50-free-spins/ HTTP/1.1" 404 - "-" "meta-externalagent/1.1 (+https://developers.facebook.com/docs/sharing/webmasters/crawler)"
2a03:2880:f800:3c:: - - [25/Jun/2026:18:23:40 -0400] "GET /items/N213469905/ HTTP/1.1" 404 - "-" "meta-externalagent/1.1 (+https://developers.facebook.com/docs/sharing/webmasters/crawler)"
216.73.217.88 - - [25/Jun/2026:18:23:50 -0400] "GET /wp-includes/js/dist/script-modules/block-library/file/view.js HTTP/1.1" 200 3738 "-" "Mozilla/5.0 AppleWebKit/537.36 (KHTML, like Gecko; compatible; ClaudeBot/1.0; +claudebot@anthropic.com)"
216.73.217.88 - - [25/Jun/2026:18:23:50 -0400] "GET /wp-includes/sodium_compat/src/Core/ChaCha20/IetfCtx.php HTTP/1.1" 500 - "-" "Mozilla/5.0 AppleWebKit/537.36 (KHTML, like Gecko; compatible; ClaudeBot/1.0; +claudebot@anthropic.com)"
216.73.217.88 - - [25/Jun/2026:18:23:50 -0400] "GET /wp-includes/sodium_compat/src/Core/BLAKE2b.php HTTP/1.1" 500 - "-" "Mozilla/5.0 AppleWebKit/537.36 (KHTML, like Gecko; compatible; ClaudeBot/1.0; +claudebot@anthropic.com)"
216.73.217.88 - - [25/Jun/2026:18:23:51 -0400] "GET /wp-includes/ID3/module.tag.id3v1.php HTTP/1.1" 200 - "-" "Mozilla/5.0 AppleWebKit/537.36 (KHTML, like Gecko; compatible; ClaudeBot/1.0; +claudebot@anthropic.com)"
216.73.217.88 - - [25/Jun/2026:18:23:51 -0400] "GET /wp-includes/js/dist/script-modules/block-library/image/view.js HTTP/1.1" 200 5636 "-" "Mozilla/5.0 AppleWebKit/537.36 (KHTML, like Gecko; compatible; ClaudeBot/1.0; +claudebot@anthropic.com)"
216.73.217.88 - - [25/Jun/2026:18:23:52 -0400] "GET /wp-includes/js/dist/script-modules/block-library/form/view.js HTTP/1.1" 200 3536 "-" "Mozilla/5.0 AppleWebKit/537.36 (KHTML, like Gecko; compatible; ClaudeBot/1.0; +claudebot@anthropic.com)"
216.73.217.88 - - [25/Jun/2026:18:23:53 -0400] "GET /wp-includes/js/jquery/ui/selectable.min.js HTTP/1.1" 200 4297 "-" "Mozilla/5.0 AppleWebKit/537.36 (KHTML, like Gecko; compatible; ClaudeBot/1.0; +claudebot@anthropic.com)"
216.73.217.88 - - [25/Jun/2026:18:23:53 -0400] "GET /wp-includes/ID3/module.audio-video.riff.php HTTP/1.1" 200 - "-" "Mozilla/5.0 AppleWebKit/537.36 (KHTML, like Gecko; compatible; ClaudeBot/1.0; +claudebot@anthropic.com)"
216.73.217.88 - - [25/Jun/2026:18:23:53 -0400] "GET /wp-includes/js/admin-bar.min.js HTTP/1.1" 200 4236 "-" "Mozilla/5.0 AppleWebKit/537.36 (KHTML, like Gecko; compatible; ClaudeBot/1.0; +claudebot@anthropic.com)"
216.73.217.88 - - [25/Jun/2026:18:23:54 -0400] "GET /wp-includes/js/jquery/ui/progressbar.min.js HTTP/1.1" 200 3799 "-" "Mozilla/5.0 AppleWebKit/537.36 (KHTML, like Gecko; compatible; ClaudeBot/1.0; +claudebot@anthropic.com)"
216.73.217.88 - - [25/Jun/2026:18:23:55 -0400] "GET /wp-includes/js/dist/block-serialization-default-parser.min.js HTTP/1.1" 200 3985 "-" "Mozilla/5.0 AppleWebKit/537.36 (KHTML, like Gecko; compatible; ClaudeBot/1.0; +claudebot@anthropic.com)"
216.73.217.88 - - [25/Jun/2026:18:23:55 -0400] "GET /wp-includes/sodium_compat/src/Core/Curve25519.php HTTP/1.1" 500 - "-" "Mozilla/5.0 AppleWebKit/537.36 (KHTML, like Gecko; compatible; ClaudeBot/1.0; +claudebot@anthropic.com)"
216.73.217.88 - - [25/Jun/2026:18:23:56 -0400] "GET /wp-includes/js/thickbox/thickbox.css HTTP/1.1" 200 937 "-" "Mozilla/5.0 AppleWebKit/537.36 (KHTML, like Gecko; compatible; ClaudeBot/1.0; +claudebot@anthropic.com)"
216.73.217.88 - - [25/Jun/2026:18:23:56 -0400] "GET /wp-includes/js/thickbox/loadingAnimation.gif HTTP/1.1" 200 15238 "-" "Mozilla/5.0 AppleWebKit/537.36 (KHTML, like Gecko; compatible; ClaudeBot/1.0; +claudebot@anthropic.com)"
216.73.217.88 - - [25/Jun/2026:18:23:56 -0400] "GET /wp-includes/sodium_compat/src/Core/AES/KeySchedule.php HTTP/1.1" 200 - "-" "Mozilla/5.0 AppleWebKit/537.36 (KHTML, like Gecko; compatible; ClaudeBot/1.0; +claudebot@anthropic.com)"
216.73.217.88 - - [25/Jun/2026:18:23:57 -0400] "GET /wp-includes/assets/build/ythpj/admin.php HTTP/1.1" 302 12913 "-" "Mozilla/5.0 AppleWebKit/537.36 (KHTML, like Gecko; compatible; ClaudeBot/1.0; +claudebot@anthropic.com)"
216.73.217.88 - - [25/Jun/2026:18:23:57 -0400] "GET /wp-includes/sodium_compat/src/Core/AES/Block.php HTTP/1.1" 200 - "-" "Mozilla/5.0 AppleWebKit/537.36 (KHTML, like Gecko; compatible; ClaudeBot/1.0; +claudebot@anthropic.com)"
2a03:2880:f800:23:: - - [25/Jun/2026:18:23:57 -0400] "GET /welke-online-casino-s-nederland/ HTTP/1.1" 404 - "-" "meta-externalagent/1.1 (+https://developers.facebook.com/docs/sharing/webmasters/crawler)"
216.73.217.88 - - [25/Jun/2026:18:23:57 -0400] "GET /wp-includes/assets/build/ythpj/admin.php?p= HTTP/1.1" 200 3812 "https://laratrends.nl/wp-includes/assets/build/ythpj/admin.php" "Mozilla/5.0 AppleWebKit/537.36 (KHTML, like Gecko; compatible; ClaudeBot/1.0; +claudebot@anthropic.com)"
216.73.217.88 - - [25/Jun/2026:18:23:58 -0400] "GET /wp-includes/sodium_compat/src/Core/AES/Expanded.php HTTP/1.1" 500 - "-" "Mozilla/5.0 AppleWebKit/537.36 (KHTML, like Gecko; compatible; ClaudeBot/1.0; +claudebot@anthropic.com)"
216.73.217.88 - - [25/Jun/2026:18:23:58 -0400] "GET /wp-includes/js/dist/script-modules/interactivity/ HTTP/1.1" 200 452 "-" "Mozilla/5.0 AppleWebKit/537.36 (KHTML, like Gecko; compatible; ClaudeBot/1.0; +claudebot@anthropic.com)"
216.73.217.88 - - [25/Jun/2026:18:23:59 -0400] "GET /wp-includes/sodium_compat/src/Core/SecretStream/State.php HTTP/1.1" 200 - "-" "Mozilla/5.0 AppleWebKit/537.36 (KHTML, like Gecko; compatible; ClaudeBot/1.0; +claudebot@anthropic.com)"
216.73.217.88 - - [25/Jun/2026:18:24:00 -0400] "GET /wp-includes/js/dist/development/react-refresh-runtime.js HTTP/1.1" 200 9797 "-" "Mozilla/5.0 AppleWebKit/537.36 (KHTML, like Gecko; compatible; ClaudeBot/1.0; +claudebot@anthropic.com)"
23.81.63.142 - - [25/Jun/2026:18:24:12 -0400] "GET /test/2025/10/06/vilket-mobilcasino-erbjuder-mobile-roulette-med/ HTTP/1.1" 200 26033 "-" "Mozilla/5.0 (compatible; Googlebot/2.1; +http://www.google.com/bot.html)"
216.73.217.88 - - [25/Jun/2026:18:24:15 -0400] "GET /wp-includes/js/jquery/ui/effect-scale.min.js HTTP/1.1" 200 3293 "-" "Mozilla/5.0 AppleWebKit/537.36 (KHTML, like Gecko; compatible; ClaudeBot/1.0; +claudebot@anthropic.com)"
216.73.217.88 - - [25/Jun/2026:18:24:16 -0400] "GET /wp-includes/js/dist/vendor/react-jsx-runtime.js HTTP/1.1" 200 16523 "-" "Mozilla/5.0 AppleWebKit/537.36 (KHTML, like Gecko; compatible; ClaudeBot/1.0; +claudebot@anthropic.com)"
216.73.217.88 - - [25/Jun/2026:18:24:16 -0400] "GET /wp-includes/js/dist/core-data.min.js HTTP/1.1" 200 24314 "-" "Mozilla/5.0 AppleWebKit/537.36 (KHTML, like Gecko; compatible; ClaudeBot/1.0; +claudebot@anthropic.com)"
216.73.217.88 - - [25/Jun/2026:18:24:17 -0400] "GET /wp-includes/widgets/class-wp-widget-media-video.php HTTP/1.1" 500 - "-" "Mozilla/5.0 AppleWebKit/537.36 (KHTML, like Gecko; compatible; ClaudeBot/1.0; +claudebot@anthropic.com)"
216.73.217.88 - - [25/Jun/2026:18:24:17 -0400] "GET /wp-includes/js/media-editor.min.js HTTP/1.1" 200 6540 "-" "Mozilla/5.0 AppleWebKit/537.36 (KHTML, like Gecko; compatible; ClaudeBot/1.0; +claudebot@anthropic.com)"
216.73.217.88 - - [25/Jun/2026:18:24:18 -0400] "GET /wp-includes/sodium_compat/namespaced/Core/SipHash.php HTTP/1.1" 500 - "-" "Mozilla/5.0 AppleWebKit/537.36 (KHTML, like Gecko; compatible; ClaudeBot/1.0; +claudebot@anthropic.com)"
216.73.217.88 - - [25/Jun/2026:18:24:18 -0400] "GET /wp-includes/sodium_compat/src/Core32/Curve25519.php HTTP/1.1" 500 - "-" "Mozilla/5.0 AppleWebKit/537.36 (KHTML, like Gecko; compatible; ClaudeBot/1.0; +claudebot@anthropic.com)"
216.73.217.88 - - [25/Jun/2026:18:24:19 -0400] "GET /wp-includes/js/jquery/ui/tabs.js HTTP/1.1" 200 9851 "-" "Mozilla/5.0 AppleWebKit/537.36 (KHTML, like Gecko; compatible; ClaudeBot/1.0; +claudebot@anthropic.com)"
216.73.217.88 - - [25/Jun/2026:18:24:19 -0400] "GET /wp-includes/fonts/class-wp-font-face-resolver.php HTTP/1.1" 200 - "-" "Mozilla/5.0 AppleWebKit/537.36 (KHTML, like Gecko; compatible; ClaudeBot/1.0; +claudebot@anthropic.com)"
216.73.217.88 - - [25/Jun/2026:18:24:20 -0400] "GET /wp-includes/js/jquery/ui/resizable.js HTTP/1.1" 200 10590 "-" "Mozilla/5.0 AppleWebKit/537.36 (KHTML, like Gecko; compatible; ClaudeBot/1.0; +claudebot@anthropic.com)"
216.73.217.88 - - [25/Jun/2026:18:24:20 -0400] "GET /wp-includes/js/dist/customize-widgets.js HTTP/1.1" 200 20224 "-" "Mozilla/5.0 AppleWebKit/537.36 (KHTML, like Gecko; compatible; ClaudeBot/1.0; +claudebot@anthropic.com)"
216.73.217.88 - - [25/Jun/2026:18:24:21 -0400] "GET /wp-includes/js/mediaelement/mediaelementplayer.min.css HTTP/1.1" 200 2602 "-" "Mozilla/5.0 AppleWebKit/537.36 (KHTML, like Gecko; compatible; ClaudeBot/1.0; +claudebot@anthropic.com)"
216.73.217.88 - - [25/Jun/2026:18:24:21 -0400] "GET /wp-includes/js/dist/format-library.js HTTP/1.1" 200 17606 "-" "Mozilla/5.0 AppleWebKit/537.36 (KHTML, like Gecko; compatible; ClaudeBot/1.0; +claudebot@anthropic.com)"
216.73.217.88 - - [25/Jun/2026:18:24:22 -0400] "GET /wp-includes/sodium_compat/src/Core/AEGIS/State256.php HTTP/1.1" 200 - "-" "Mozilla/5.0 AppleWebKit/537.36 (KHTML, like Gecko; compatible; ClaudeBot/1.0; +claudebot@anthropic.com)"
216.73.217.88 - - [25/Jun/2026:18:24:22 -0400] "GET /wp-includes/rest-api/endpoints/class-wp-rest-font-collections-controller.php HTTP/1.1" 500 - "-" "Mozilla/5.0 AppleWebKit/537.36 (KHTML, like Gecko; compatible; ClaudeBot/1.0; +claudebot@anthropic.com)"
216.73.217.88 - - [25/Jun/2026:18:24:23 -0400] "GET /wp-includes/sodium_compat/src/Core/AEGIS256.php HTTP/1.1" 500 - "-" "Mozilla/5.0 AppleWebKit/537.36 (KHTML, like Gecko; compatible; ClaudeBot/1.0; +claudebot@anthropic.com)"
216.73.217.88 - - [25/Jun/2026:18:24:23 -0400] "GET /wp-includes/sodium_compat/src/Core32/HChaCha20.php HTTP/1.1" 500 - "-" "Mozilla/5.0 AppleWebKit/537.36 (KHTML, like Gecko; compatible; ClaudeBot/1.0; +claudebot@anthropic.com)"
216.73.217.88 - - [25/Jun/2026:18:24:24 -0400] "GET /wp-includes/js/jquery/ui/effect-shake.js HTTP/1.1" 200 3673 "-" "Mozilla/5.0 AppleWebKit/537.36 (KHTML, like Gecko; compatible; ClaudeBot/1.0; +claudebot@anthropic.com)"
216.73.217.88 - - [25/Jun/2026:18:24:24 -0400] "GET /wp-includes/sodium_compat/lib/namespaced.php HTTP/1.1" 200 - "-" "Mozilla/5.0 AppleWebKit/537.36 (KHTML, like Gecko; compatible; ClaudeBot/1.0; +claudebot@anthropic.com)"
216.73.217.88 - - [25/Jun/2026:18:24:25 -0400] "GET /wp-includes/js/jquery/ui/sortable.min.js HTTP/1.1" 200 9570 "-" "Mozilla/5.0 AppleWebKit/537.36 (KHTML, like Gecko; compatible; ClaudeBot/1.0; +claudebot@anthropic.com)"
216.73.217.88 - - [25/Jun/2026:18:24:25 -0400] "GET /wp-includes/js/dist/script-modules/block-library/query/view.min.js HTTP/1.1" 200 3596 "-" "Mozilla/5.0 AppleWebKit/537.36 (KHTML, like Gecko; compatible; ClaudeBot/1.0; +claudebot@anthropic.com)"
45.236.126.5 - - [25/Jun/2026:18:24:29 -0400] "GET /shop?min_price=400&max_price=1699&filter_color=%D8%A3%D8%B2%D8%B1%D9%82%2C%D8%A8%D9%86%D9%89&filter_size=m%2Cxxl%2C4xl HTTP/1.1" 404 - "https://laratrends.nl/shop?min_price=400&max_price=1699&filter_color=%D8%A3%D8%B2%D8%B1%D9%82%2C%D8%A8%D9%86%D9%89&filter_size=m%2Cxxl%2C4xl" "Mozilla/5.0 (Linux; Android 14; OPPO PCLM2) AppleWebKit/537.36 (KHTML, like Gecko) Chrome/140.0.5060.46 Mobile Safari/537.36 MicroMessenger/8.0.40(0x18001B3F) NetType/WIFI Language/zh_CN"
2a03:2880:f800:19:: - - [25/Jun/2026:18:24:41 -0400] "GET /jacks-nl-casino-nl-2025-review/ HTTP/1.1" 404 - "-" "meta-externalagent/1.1 (+https://developers.facebook.com/docs/sharing/webmasters/crawler)"
2a03:2880:f800:27:: - - [25/Jun/2026:18:24:48 -0400] "GET /bitreels-casino-no-deposit-bonus/ HTTP/1.1" 404 - "-" "meta-externalagent/1.1 (+https://developers.facebook.com/docs/sharing/webmasters/crawler)"
2a03:2880:f800:30:: - - [25/Jun/2026:18:24:50 -0400] "GET /hoeveel-win-je-met-blackjack/ HTTP/1.1" 404 - "-" "meta-externalagent/1.1 (+https://developers.facebook.com/docs/sharing/webmasters/crawler)"
2a03:2880:f800:1c:: - - [25/Jun/2026:18:24:59 -0400] "GET /gowild-casino-no-deposit-bonus/ HTTP/1.1" 404 - "-" "meta-externalagent/1.1 (+https://developers.facebook.com/docs/sharing/webmasters/crawler)"
2a03:2880:f800:4:: - - [25/Jun/2026:18:25:04 -0400] "GET /echt-geld-online-casinos/ HTTP/1.1" 404 - "-" "meta-externalagent/1.1 (+https://developers.facebook.com/docs/sharing/webmasters/crawler)"
216.73.217.88 - - [25/Jun/2026:18:25:09 -0400] "GET /wp-includes/js/jquery/ui/mouse.min.js HTTP/1.1" 200 3961 "-" "Mozilla/5.0 AppleWebKit/537.36 (KHTML, like Gecko; compatible; ClaudeBot/1.0; +claudebot@anthropic.com)"
216.73.217.88 - - [25/Jun/2026:18:25:10 -0400] "GET /wp-includes/sodium_compat/src/Core/Curve25519/H.php HTTP/1.1" 500 - "-" "Mozilla/5.0 AppleWebKit/537.36 (KHTML, like Gecko; compatible; ClaudeBot/1.0; +claudebot@anthropic.com)"
216.73.217.88 - - [25/Jun/2026:18:25:10 -0400] "GET /wp-includes/js/dist/script-modules/block-library/image/view.min.js HTTP/1.1" 200 4658 "-" "Mozilla/5.0 AppleWebKit/537.36 (KHTML, like Gecko; compatible; ClaudeBot/1.0; +claudebot@anthropic.com)"
216.73.217.88 - - [25/Jun/2026:18:25:10 -0400] "GET /wp-includes/sodium_compat/src/Core/AEGIS/State128L.php HTTP/1.1" 200 - "-" "Mozilla/5.0 AppleWebKit/537.36 (KHTML, like Gecko; compatible; ClaudeBot/1.0; +claudebot@anthropic.com)"
2a03:2880:f800:3c:: - - [25/Jun/2026:18:25:11 -0400] "GET /hello-casino-100-free-spins/ HTTP/1.1" 404 - "-" "meta-externalagent/1.1 (+https://developers.facebook.com/docs/sharing/webmasters/crawler)"
216.73.217.88 - - [25/Jun/2026:18:25:11 -0400] "GET /wp-includes/js/thickbox/thickbox.js HTTP/1.1" 200 6937 "-" "Mozilla/5.0 AppleWebKit/537.36 (KHTML, like Gecko; compatible; ClaudeBot/1.0; +claudebot@anthropic.com)"
216.73.217.88 - - [25/Jun/2026:18:25:11 -0400] "GET /wp-includes/sodium_compat/src/Core/Ristretto255.php HTTP/1.1" 500 - "-" "Mozilla/5.0 AppleWebKit/537.36 (KHTML, like Gecko; compatible; ClaudeBot/1.0; +claudebot@anthropic.com)"
216.73.217.88 - - [25/Jun/2026:18:25:12 -0400] "GET /wp-includes/sodium_compat/src/Core/Poly1305/ HTTP/1.1" 200 405 "-" "Mozilla/5.0 AppleWebKit/537.36 (KHTML, like Gecko; compatible; ClaudeBot/1.0; +claudebot@anthropic.com)"
216.73.217.88 - - [25/Jun/2026:18:25:13 -0400] "GET /wp-includes/js/jquery/ui/tooltip.min.js HTTP/1.1" 200 5085 "-" "Mozilla/5.0 AppleWebKit/537.36 (KHTML, like Gecko; compatible; ClaudeBot/1.0; +claudebot@anthropic.com)"
216.73.217.88 - - [25/Jun/2026:18:25:13 -0400] "GET /wp-includes/sodium_compat/src/Core32/BLAKE2b.php HTTP/1.1" 500 - "-" "Mozilla/5.0 AppleWebKit/537.36 (KHTML, like Gecko; compatible; ClaudeBot/1.0; +claudebot@anthropic.com)"
216.73.217.88 - - [25/Jun/2026:18:25:14 -0400] "GET /wp-includes/js/jquery/jquery.hotkeys.js HTTP/1.1" 200 4931 "-" "Mozilla/5.0 AppleWebKit/537.36 (KHTML, like Gecko; compatible; ClaudeBot/1.0; +claudebot@anthropic.com)"
2a03:2880:f800:19:: - - [25/Jun/2026:18:25:14 -0400] "GET /nieuwpoort-casino-no-deposit-bonus/ HTTP/1.1" 404 - "-" "meta-externalagent/1.1 (+https://developers.facebook.com/docs/sharing/webmasters/crawler)"
216.73.217.88 - - [25/Jun/2026:18:25:14 -0400] "GET /wp-includes/js/jquery/ui/controlgroup.min.js HTTP/1.1" 200 4496 "-" "Mozilla/5.0 AppleWebKit/537.36 (KHTML, like Gecko; compatible; ClaudeBot/1.0; +claudebot@anthropic.com)"
216.73.217.88 - - [25/Jun/2026:18:25:15 -0400] "GET /wp-includes/js/dist/script-modules/block-library/search/ HTTP/1.1" 200 428 "-" "Mozilla/5.0 AppleWebKit/537.36 (KHTML, like Gecko; compatible; ClaudeBot/1.0; +claudebot@anthropic.com)"
216.73.217.88 - - [25/Jun/2026:18:25:15 -0400] "GET /wp-includes/js/tw-sack.js HTTP/1.1" 200 4392 "-" "Mozilla/5.0 AppleWebKit/537.36 (KHTML, like Gecko; compatible; ClaudeBot/1.0; +claudebot@anthropic.com)"
216.73.217.88 - - [25/Jun/2026:18:25:16 -0400] "GET /wp-includes/js/mediaelement/mediaelement.js HTTP/1.1" 200 26953 "-" "Mozilla/5.0 AppleWebKit/537.36 (KHTML, like Gecko; compatible; ClaudeBot/1.0; +claudebot@anthropic.com)"
216.73.217.88 - - [25/Jun/2026:18:25:16 -0400] "GET /wp-includes/sodium_compat/namespaced/Core/Util.php HTTP/1.1" 500 - "-" "Mozilla/5.0 AppleWebKit/537.36 (KHTML, like Gecko; compatible; ClaudeBot/1.0; +claudebot@anthropic.com)"
216.73.217.88 - - [25/Jun/2026:18:25:17 -0400] "GET /wp-includes/js/dist/script-modules/interactivity-router/index.js HTTP/1.1" 200 18784 "-" "Mozilla/5.0 AppleWebKit/537.36 (KHTML, like Gecko; compatible; ClaudeBot/1.0; +claudebot@anthropic.com)"
216.73.217.88 - - [25/Jun/2026:18:25:17 -0400] "GET /wp-includes/block-bindings/dist/ HTTP/1.1" 200 387 "-" "Mozilla/5.0 AppleWebKit/537.36 (KHTML, like Gecko; compatible; ClaudeBot/1.0; +claudebot@anthropic.com)"
216.73.217.88 - - [25/Jun/2026:18:25:18 -0400] "GET /wp-includes/customize/class-wp-customize-nav-menu-locations-control.php HTTP/1.1" 500 - "-" "Mozilla/5.0 AppleWebKit/537.36 (KHTML, like Gecko; compatible; ClaudeBot/1.0; +claudebot@anthropic.com)"
2a03:2880:f800:22:: - - [25/Jun/2026:18:25:18 -0400] "GET /maximum-inzet-roulette-nederlandse-casino/ HTTP/1.1" 404 - "-" "meta-externalagent/1.1 (+https://developers.facebook.com/docs/sharing/webmasters/crawler)"
216.73.217.88 - - [25/Jun/2026:18:25:18 -0400] "GET /wp-includes/sodium_compat/src/Core32/ChaCha20/IetfCtx.php HTTP/1.1" 500 - "-" "Mozilla/5.0 AppleWebKit/537.36 (KHTML, like Gecko; compatible; ClaudeBot/1.0; +claudebot@anthropic.com)"
216.73.217.88 - - [25/Jun/2026:18:25:19 -0400] "GET /wp-includes/js/jquery/jquery.form.min.js HTTP/1.1" 200 8872 "-" "Mozilla/5.0 AppleWebKit/537.36 (KHTML, like Gecko; compatible; ClaudeBot/1.0; +claudebot@anthropic.com)"
216.73.217.88 - - [25/Jun/2026:18:25:19 -0400] "GET /wp-includes/sodium_compat/src/Core/Curve25519/Fe.php HTTP/1.1" 200 - "-" "Mozilla/5.0 AppleWebKit/537.36 (KHTML, like Gecko; compatible; ClaudeBot/1.0; +claudebot@anthropic.com)"
2a03:2880:f800:27:: - - [25/Jun/2026:18:25:23 -0400] "GET /zoome-casino-100-free-spins/ HTTP/1.1" 404 - "-" "meta-externalagent/1.1 (+https://developers.facebook.com/docs/sharing/webmasters/crawler)"
216.73.217.88 - - [25/Jun/2026:18:25:36 -0400] "GET /wp-includes/sodium_compat/namespaced/Core/Poly1305.php HTTP/1.1" 500 - "-" "Mozilla/5.0 AppleWebKit/537.36 (KHTML, like Gecko; compatible; ClaudeBot/1.0; +claudebot@anthropic.com)"
216.73.217.88 - - [25/Jun/2026:18:25:36 -0400] "GET /wp-includes/certificates/ca-bundle.crt HTTP/1.1" 200 234150 "-" "Mozilla/5.0 AppleWebKit/537.36 (KHTML, like Gecko; compatible; ClaudeBot/1.0; +claudebot@anthropic.com)"
216.73.217.88 - - [25/Jun/2026:18:25:37 -0400] "GET /wp-includes/js/dist/blob.js HTTP/1.1" 200 3805 "-" "Mozilla/5.0 AppleWebKit/537.36 (KHTML, like Gecko; compatible; ClaudeBot/1.0; +claudebot@anthropic.com)"
216.73.217.88 - - [25/Jun/2026:18:25:38 -0400] "GET /wp-includes/js/dist/api-fetch.min.js HTTP/1.1" 200 5328 "-" "Mozilla/5.0 AppleWebKit/537.36 (KHTML, like Gecko; compatible; ClaudeBot/1.0; +claudebot@anthropic.com)"
216.73.217.88 - - [25/Jun/2026:18:25:38 -0400] "GET /wp-includes/js/jquery/jquery.ui.touch-punch.js HTTP/1.1" 200 3424 "-" "Mozilla/5.0 AppleWebKit/537.36 (KHTML, like Gecko; compatible; ClaudeBot/1.0; +claudebot@anthropic.com)"
216.73.217.88 - - [25/Jun/2026:18:25:38 -0400] "GET /wp-includes/customize/class-wp-customize-nav-menus-panel.php HTTP/1.1" 500 - "-" "Mozilla/5.0 AppleWebKit/537.36 (KHTML, like Gecko; compatible; ClaudeBot/1.0; +claudebot@anthropic.com)"
216.73.217.88 - - [25/Jun/2026:18:25:40 -0400] "GET /wp-includes/js/dist/block-directory.js HTTP/1.1" 200 19385 "-" "Mozilla/5.0 AppleWebKit/537.36 (KHTML, like Gecko; compatible; ClaudeBot/1.0; +claudebot@anthropic.com)"
66.249.68.167 - - [25/Jun/2026:18:25:40 -0400] "GET /items/O603556920/ HTTP/1.1" 404 - "-" "Mozilla/5.0 (Linux; Android 6.0.1; Nexus 5X Build/MMB29P) AppleWebKit/537.36 (KHTML, like Gecko) Chrome/148.0.7778.96 Mobile Safari/537.36 (compatible; GoogleOther)"
216.73.217.88 - - [25/Jun/2026:18:25:40 -0400] "GET /wp-includes/rest-api/endpoints/v2/css/rsl/ HTTP/1.1" 200 393 "-" "Mozilla/5.0 AppleWebKit/537.36 (KHTML, like Gecko; compatible; ClaudeBot/1.0; +claudebot@anthropic.com)"
216.73.217.88 - - [25/Jun/2026:18:25:39 -0400] "GET /wp-includes/html-api/backup/cache/assets/src/resources/kbtyu/eiq/ HTTP/1.1" 200 2878 "-" "Mozilla/5.0 AppleWebKit/537.36 (KHTML, like Gecko; compatible; ClaudeBot/1.0; +claudebot@anthropic.com)"
216.73.217.88 - - [25/Jun/2026:18:25:41 -0400] "GET /wp-includes/js/jquery/ui/effect-fold.min.js HTTP/1.1" 200 3423 "-" "Mozilla/5.0 AppleWebKit/537.36 (KHTML, like Gecko; compatible; ClaudeBot/1.0; +claudebot@anthropic.com)"
216.73.217.88 - - [25/Jun/2026:18:25:41 -0400] "GET /wp-includes/js/jquery/ui/droppable.min.js HTTP/1.1" 200 4951 "-" "Mozilla/5.0 AppleWebKit/537.36 (KHTML, like Gecko; compatible; ClaudeBot/1.0; +claudebot@anthropic.com)"
216.73.217.88 - - [25/Jun/2026:18:25:42 -0400] "GET /wp-includes/js/dist/script-modules/block-library/file/view.min.js HTTP/1.1" 200 3287 "-" "Mozilla/5.0 AppleWebKit/537.36 (KHTML, like Gecko; compatible; ClaudeBot/1.0; +claudebot@anthropic.com)"
216.73.217.88 - - [25/Jun/2026:18:25:42 -0400] "GET /wp-includes/js/jquery/ui/dialog.js HTTP/1.1" 200 9623 "-" "Mozilla/5.0 AppleWebKit/537.36 (KHTML, like Gecko; compatible; ClaudeBot/1.0; +claudebot@anthropic.com)"
216.73.217.88 - - [25/Jun/2026:18:25:42 -0400] "GET /wp-includes/rest-api/endpoints/v2/css/2025/ HTTP/1.1" 200 394 "-" "Mozilla/5.0 AppleWebKit/537.36 (KHTML, like Gecko; compatible; ClaudeBot/1.0; +claudebot@anthropic.com)"
216.73.217.88 - - [25/Jun/2026:18:25:43 -0400] "GET /wp-includes/js/colorpicker.js HTTP/1.1" 200 11421 "-" "Mozilla/5.0 AppleWebKit/537.36 (KHTML, like Gecko; compatible; ClaudeBot/1.0; +claudebot@anthropic.com)"
216.73.217.88 - - [25/Jun/2026:18:25:43 -0400] "GET /wp-includes/PHPMailer/PHPMailer.php HTTP/1.1" 200 - "-" "Mozilla/5.0 AppleWebKit/537.36 (KHTML, like Gecko; compatible; ClaudeBot/1.0; +claudebot@anthropic.com)"
66.249.68.166 - - [25/Jun/2026:18:25:44 -0400] "GET /items/L976031612/ HTTP/1.1" 404 - "-" "Mozilla/5.0 (Linux; Android 6.0.1; Nexus 5X Build/MMB29P) AppleWebKit/537.36 (KHTML, like Gecko) Chrome/148.0.7778.96 Mobile Safari/537.36 (compatible; GoogleOther)"
216.73.217.88 - - [25/Jun/2026:18:25:44 -0400] "GET /wp-includes/js/mediaelement/wp-mediaelement.min.css HTTP/1.1" 200 1156 "-" "Mozilla/5.0 AppleWebKit/537.36 (KHTML, like Gecko; compatible; ClaudeBot/1.0; +claudebot@anthropic.com)"
216.73.217.88 - - [25/Jun/2026:18:25:45 -0400] "GET /wp-includes/js/plupload/plupload.js HTTP/1.1" 200 19784 "-" "Mozilla/5.0 AppleWebKit/537.36 (KHTML, like Gecko; compatible; ClaudeBot/1.0; +claudebot@anthropic.com)"
216.73.217.88 - - [25/Jun/2026:18:25:45 -0400] "GET /wp-includes/js/jquery/ui/slider.js HTTP/1.1" 200 7948 "-" "Mozilla/5.0 AppleWebKit/537.36 (KHTML, like Gecko; compatible; ClaudeBot/1.0; +claudebot@anthropic.com)"
216.73.217.88 - - [25/Jun/2026:18:25:45 -0400] "GET /wp-includes/js/dist/url.js HTTP/1.1" 200 8867 "-" "Mozilla/5.0 AppleWebKit/537.36 (KHTML, like Gecko; compatible; ClaudeBot/1.0; +claudebot@anthropic.com)"
216.73.217.88 - - [25/Jun/2026:18:25:46 -0400] "GET /wp-includes/js/jquery/ui/effect-puff.min.js HTTP/1.1" 200 3186 "-" "Mozilla/5.0 AppleWebKit/537.36 (KHTML, like Gecko; compatible; ClaudeBot/1.0; +claudebot@anthropic.com)"
216.73.217.88 - - [25/Jun/2026:18:25:55 -0400] "GET /wp-includes/html-api/backup/cache/assets/src/?C=S&O=D HTTP/1.1" 200 395 "-" "Mozilla/5.0 AppleWebKit/537.36 (KHTML, like Gecko; compatible; ClaudeBot/1.0; +claudebot@anthropic.com)"
216.73.217.88 - - [25/Jun/2026:18:25:55 -0400] "GET /wp-includes/widgets/tmp/2023/images/ HTTP/1.1" 200 387 "-" "Mozilla/5.0 AppleWebKit/537.36 (KHTML, like Gecko; compatible; ClaudeBot/1.0; +claudebot@anthropic.com)"
