34.77.86.45 - - [25/Jun/2026:13:37:42 -0400] "GET /wp-includes/SimplePie/src/HTTP/ HTTP/1.1" 200 518 "-" "Mozilla/5.0 (Windows NT 10.0; rv:78.0) Gecko/20100101 Firefox/78.0"
34.77.86.45 - - [25/Jun/2026:13:37:42 -0400] "GET /wp-includes/SimplePie/src/Net/ HTTP/1.1" 200 392 "-" "Mozilla/5.0 (Windows NT 10.0; rv:78.0) Gecko/20100101 Firefox/78.0"
34.77.86.45 - - [25/Jun/2026:13:37:42 -0400] "GET /wp-includes/SimplePie/src/Parse/ HTTP/1.1" 200 392 "-" "Mozilla/5.0 (Windows NT 10.0; rv:78.0) Gecko/20100101 Firefox/78.0"
34.77.86.45 - - [25/Jun/2026:13:37:42 -0400] "GET /wp-includes/SimplePie/src/XML/ HTTP/1.1" 200 416 "-" "Mozilla/5.0 (Windows NT 10.0; rv:78.0) Gecko/20100101 Firefox/78.0"
34.77.86.45 - - [25/Jun/2026:13:37:43 -0400] "GET /wp-includes/SimplePie/src/XML/Declaration/ HTTP/1.1" 200 402 "-" "Mozilla/5.0 (Windows NT 10.0; rv:78.0) Gecko/20100101 Firefox/78.0"
34.77.86.45 - - [25/Jun/2026:13:37:43 -0400] "GET /wp-includes/SimplePie/src/XML/v3/ HTTP/1.1" 200 388 "-" "Mozilla/5.0 (Windows NT 10.0; rv:78.0) Gecko/20100101 Firefox/78.0"
34.77.86.45 - - [25/Jun/2026:13:37:43 -0400] "GET /wp-includes/SimplePie/src/XML/v3/zjrsr/ HTTP/1.1" 200 426 "-" "Mozilla/5.0 (Windows NT 10.0; rv:78.0) Gecko/20100101 Firefox/78.0"
34.77.86.45 - - [25/Jun/2026:13:37:43 -0400] "GET /wp-includes/Text/ HTTP/1.1" 200 440 "-" "Mozilla/5.0 (Windows NT 10.0; rv:78.0) Gecko/20100101 Firefox/78.0"
54.149.68.28 - - [25/Jun/2026:13:37:43 -0400] "GET / HTTP/1.1" 200 1156 "-" "Mozilla/5.0 (Windows NT 10.0; Win64; x64; rv:109.0) Gecko/20100101 Firefox/109.0"
34.77.86.45 - - [25/Jun/2026:13:37:44 -0400] "GET /wp-includes/Text/Diff/ HTTP/1.1" 200 438 "-" "Mozilla/5.0 (Windows NT 10.0; rv:78.0) Gecko/20100101 Firefox/78.0"
54.149.68.28 - - [25/Jun/2026:13:37:44 -0400] "GET /favicon.ico HTTP/1.1" 404 - "https://www.laratrends.nl/" "Mozilla/5.0 (Windows NT 10.0; Win64; x64; rv:109.0) Gecko/20100101 Firefox/109.0"
34.77.86.45 - - [25/Jun/2026:13:37:44 -0400] "GET /wp-includes/Text/Diff/Engine/ HTTP/1.1" 200 452 "-" "Mozilla/5.0 (Windows NT 10.0; rv:78.0) Gecko/20100101 Firefox/78.0"
34.77.86.45 - - [25/Jun/2026:13:37:44 -0400] "GET /wp-includes/Text/Diff/Renderer/ HTTP/1.1" 200 439 "-" "Mozilla/5.0 (Windows NT 10.0; rv:78.0) Gecko/20100101 Firefox/78.0"
34.77.86.45 - - [25/Jun/2026:13:37:44 -0400] "GET /wp-includes/abilities-api/ HTTP/1.1" 200 456 "-" "Mozilla/5.0 (Windows NT 10.0; rv:78.0) Gecko/20100101 Firefox/78.0"
34.77.86.45 - - [25/Jun/2026:13:37:45 -0400] "GET /wp-includes/assets/ HTTP/1.1" 200 531 "-" "Mozilla/5.0 (Windows NT 10.0; rv:78.0) Gecko/20100101 Firefox/78.0"
34.77.86.45 - - [25/Jun/2026:13:37:45 -0400] "GET /wp-includes/assets/build/ HTTP/1.1" 200 381 "-" "Mozilla/5.0 (Windows NT 10.0; rv:78.0) Gecko/20100101 Firefox/78.0"
34.77.86.45 - - [25/Jun/2026:13:37:45 -0400] "GET /wp-includes/assets/build/ythpj/ HTTP/1.1" 200 391 "-" "Mozilla/5.0 (Windows NT 10.0; rv:78.0) Gecko/20100101 Firefox/78.0"
34.77.86.45 - - [25/Jun/2026:13:37:46 -0400] "GET /wp-includes/block-bindings/ HTTP/1.1" 200 494 "-" "Mozilla/5.0 (Windows NT 10.0; rv:78.0) Gecko/20100101 Firefox/78.0"
34.77.86.45 - - [25/Jun/2026:13:37:46 -0400] "GET /wp-includes/block-bindings/dist/ HTTP/1.1" 200 387 "-" "Mozilla/5.0 (Windows NT 10.0; rv:78.0) Gecko/20100101 Firefox/78.0"
34.77.86.45 - - [25/Jun/2026:13:37:46 -0400] "GET /wp-includes/block-bindings/dist/bwcu/ HTTP/1.1" 200 1245 "-" "Mozilla/5.0 (Windows NT 10.0; rv:78.0) Gecko/20100101 Firefox/78.0"
34.77.86.45 - - [25/Jun/2026:13:37:46 -0400] "GET /wp-includes/block-patterns/ HTTP/1.1" 200 570 "-" "Mozilla/5.0 (Windows NT 10.0; rv:78.0) Gecko/20100101 Firefox/78.0"
34.77.86.45 - - [25/Jun/2026:13:37:47 -0400] "GET /wp-includes/block-patterns/v1/ HTTP/1.1" 200 386 "-" "Mozilla/5.0 (Windows NT 10.0; rv:78.0) Gecko/20100101 Firefox/78.0"
34.77.86.45 - - [25/Jun/2026:13:37:47 -0400] "GET /wp-includes/block-patterns/v1/jenyt/ HTTP/1.1" 200 4831 "-" "Mozilla/5.0 (Windows NT 10.0; rv:78.0) Gecko/20100101 Firefox/78.0"
34.77.86.45 - - [25/Jun/2026:13:37:48 -0400] "GET /wp-includes/block-supports/ HTTP/1.1" 200 870 "-" "Mozilla/5.0 (Windows NT 10.0; rv:78.0) Gecko/20100101 Firefox/78.0"
34.77.86.45 - - [25/Jun/2026:13:37:49 -0400] "GET /wp-includes/block-supports/build/ HTTP/1.1" 200 402 "-" "Mozilla/5.0 (Windows NT 10.0; rv:78.0) Gecko/20100101 Firefox/78.0"
2a03:2880:f800:21:: - - [25/Jun/2026:13:37:49 -0400] "GET /lucky-pays-casino-nl-2025-review/ HTTP/1.1" 404 - "-" "meta-externalagent/1.1 (+https://developers.facebook.com/docs/sharing/webmasters/crawler)"
34.77.86.45 - - [25/Jun/2026:13:37:49 -0400] "GET /wp-includes/block-supports/build/dist/ HTTP/1.1" 200 393 "-" "Mozilla/5.0 (Windows NT 10.0; rv:78.0) Gecko/20100101 Firefox/78.0"
34.77.86.45 - - [25/Jun/2026:13:37:49 -0400] "GET /wp-includes/block-supports/build/dist/ljqxa/ HTTP/1.1" 200 396 "-" "Mozilla/5.0 (Windows NT 10.0; rv:78.0) Gecko/20100101 Firefox/78.0"
34.77.86.45 - - [25/Jun/2026:13:37:50 -0400] "GET /wp-includes/block-supports/build/dist/ljqxa/rcnm/ HTTP/1.1" 200 411 "-" "Mozilla/5.0 (Windows NT 10.0; rv:78.0) Gecko/20100101 Firefox/78.0"
34.77.86.45 - - [25/Jun/2026:13:37:50 -0400] "GET /wp-includes/block-supports/build/images/ HTTP/1.1" 200 392 "-" "Mozilla/5.0 (Windows NT 10.0; rv:78.0) Gecko/20100101 Firefox/78.0"
34.77.86.45 - - [25/Jun/2026:13:37:50 -0400] "GET /wp-includes/block-supports/build/images/images/ HTTP/1.1" 200 394 "-" "Mozilla/5.0 (Windows NT 10.0; rv:78.0) Gecko/20100101 Firefox/78.0"
2a03:2880:f800:1d:: - - [25/Jun/2026:13:37:50 -0400] "GET /cinema-online-gokkast-spelen-gratis-en-met-geld/ HTTP/1.1" 404 - "-" "meta-externalagent/1.1 (+https://developers.facebook.com/docs/sharing/webmasters/crawler)"
34.77.86.45 - - [25/Jun/2026:13:37:50 -0400] "GET /wp-includes/block-supports/build/images/images/v2/ HTTP/1.1" 200 397 "-" "Mozilla/5.0 (Windows NT 10.0; rv:78.0) Gecko/20100101 Firefox/78.0"
34.77.86.45 - - [25/Jun/2026:13:37:51 -0400] "GET /wp-includes/block-supports/build/images/images/v2/kfbl/ HTTP/1.1" 200 366 "-" "Mozilla/5.0 (Windows NT 10.0; rv:78.0) Gecko/20100101 Firefox/78.0"
34.77.86.45 - - [25/Jun/2026:13:37:51 -0400] "GET /wp-includes/blocks/ HTTP/1.1" 200 22 "-" "Mozilla/5.0 (Windows NT 10.0; rv:78.0) Gecko/20100101 Firefox/78.0"
34.77.86.45 - - [25/Jun/2026:13:37:51 -0400] "GET /wp-includes/certificates/ HTTP/1.1" 200 389 "-" "Mozilla/5.0 (Windows NT 10.0; rv:78.0) Gecko/20100101 Firefox/78.0"
34.77.86.45 - - [25/Jun/2026:13:37:51 -0400] "GET /wp-includes/css/ HTTP/1.1" 200 1066 "-" "Mozilla/5.0 (Windows NT 10.0; rv:78.0) Gecko/20100101 Firefox/78.0"
34.77.86.45 - - [25/Jun/2026:13:37:52 -0400] "GET /wp-includes/css/dist/ HTTP/1.1" 200 687 "-" "Mozilla/5.0 (Windows NT 10.0; rv:78.0) Gecko/20100101 Firefox/78.0"
34.77.86.45 - - [25/Jun/2026:13:37:52 -0400] "GET /wp-includes/css/dist/admin-ui/ HTTP/1.1" 200 427 "-" "Mozilla/5.0 (Windows NT 10.0; rv:78.0) Gecko/20100101 Firefox/78.0"
34.77.86.45 - - [25/Jun/2026:13:37:53 -0400] "GET /wp-includes/css/dist/base-styles/ HTTP/1.1" 200 446 "-" "Mozilla/5.0 (Windows NT 10.0; rv:78.0) Gecko/20100101 Firefox/78.0"
34.77.86.45 - - [25/Jun/2026:13:37:53 -0400] "GET /wp-includes/css/dist/block-directory/ HTTP/1.1" 200 435 "-" "Mozilla/5.0 (Windows NT 10.0; rv:78.0) Gecko/20100101 Firefox/78.0"
34.77.86.45 - - [25/Jun/2026:13:37:53 -0400] "GET /wp-includes/css/dist/block-editor/ HTTP/1.1" 200 553 "-" "Mozilla/5.0 (Windows NT 10.0; rv:78.0) Gecko/20100101 Firefox/78.0"
34.77.86.45 - - [25/Jun/2026:13:37:53 -0400] "GET /wp-includes/css/dist/block-library/ HTTP/1.1" 200 825 "-" "Mozilla/5.0 (Windows NT 10.0; rv:78.0) Gecko/20100101 Firefox/78.0"
34.77.86.45 - - [25/Jun/2026:13:37:54 -0400] "GET /wp-includes/css/dist/commands/ HTTP/1.1" 200 431 "-" "Mozilla/5.0 (Windows NT 10.0; rv:78.0) Gecko/20100101 Firefox/78.0"
34.77.86.45 - - [25/Jun/2026:13:37:54 -0400] "GET /wp-includes/css/dist/components/ HTTP/1.1" 200 433 "-" "Mozilla/5.0 (Windows NT 10.0; rv:78.0) Gecko/20100101 Firefox/78.0"
34.77.86.45 - - [25/Jun/2026:13:37:54 -0400] "GET /wp-includes/css/dist/customize-widgets/ HTTP/1.1" 200 438 "-" "Mozilla/5.0 (Windows NT 10.0; rv:78.0) Gecko/20100101 Firefox/78.0"
34.77.86.45 - - [25/Jun/2026:13:37:54 -0400] "GET /wp-includes/css/dist/edit-post/ HTTP/1.1" 200 476 "-" "Mozilla/5.0 (Windows NT 10.0; rv:78.0) Gecko/20100101 Firefox/78.0"
34.77.86.45 - - [25/Jun/2026:13:37:55 -0400] "GET /wp-includes/css/dist/edit-site/ HTTP/1.1" 200 473 "-" "Mozilla/5.0 (Windows NT 10.0; rv:78.0) Gecko/20100101 Firefox/78.0"
34.77.86.45 - - [25/Jun/2026:13:37:55 -0400] "GET /wp-includes/css/dist/edit-widgets/ HTTP/1.1" 200 429 "-" "Mozilla/5.0 (Windows NT 10.0; rv:78.0) Gecko/20100101 Firefox/78.0"
34.77.86.45 - - [25/Jun/2026:13:37:55 -0400] "GET /wp-includes/css/dist/editor/ HTTP/1.1" 200 426 "-" "Mozilla/5.0 (Windows NT 10.0; rv:78.0) Gecko/20100101 Firefox/78.0"
34.77.86.45 - - [25/Jun/2026:13:37:55 -0400] "GET /wp-includes/css/dist/format-library/ HTTP/1.1" 200 462 "-" "Mozilla/5.0 (Windows NT 10.0; rv:78.0) Gecko/20100101 Firefox/78.0"
34.77.86.45 - - [25/Jun/2026:13:37:56 -0400] "GET /wp-includes/css/dist/format-library/assets/ HTTP/1.1" 200 393 "-" "Mozilla/5.0 (Windows NT 10.0; rv:78.0) Gecko/20100101 Firefox/78.0"
34.77.86.45 - - [25/Jun/2026:13:37:56 -0400] "GET /wp-includes/css/dist/format-library/assets/data/ HTTP/1.1" 200 400 "-" "Mozilla/5.0 (Windows NT 10.0; rv:78.0) Gecko/20100101 Firefox/78.0"
34.77.86.45 - - [25/Jun/2026:13:37:56 -0400] "GET /wp-includes/css/dist/format-library/assets/data/resources/ HTTP/1.1" 200 403 "-" "Mozilla/5.0 (Windows NT 10.0; rv:78.0) Gecko/20100101 Firefox/78.0"
34.77.86.45 - - [25/Jun/2026:13:37:56 -0400] "GET /wp-includes/css/dist/format-library/assets/data/resources/src/ HTTP/1.1" 200 407 "-" "Mozilla/5.0 (Windows NT 10.0; rv:78.0) Gecko/20100101 Firefox/78.0"
34.77.86.45 - - [25/Jun/2026:13:37:57 -0400] "GET /wp-includes/css/dist/format-library/assets/data/resources/src/hajzx/ HTTP/1.1" 200 410 "-" "Mozilla/5.0 (Windows NT 10.0; rv:78.0) Gecko/20100101 Firefox/78.0"
34.77.86.45 - - [25/Jun/2026:13:37:57 -0400] "GET /wp-includes/css/dist/format-library/assets/data/resources/src/hajzx/wmy/ HTTP/1.1" 200 378 "-" "Mozilla/5.0 (Windows NT 10.0; rv:78.0) Gecko/20100101 Firefox/78.0"
34.77.86.45 - - [25/Jun/2026:13:37:57 -0400] "GET /wp-includes/css/dist/list-reusable-blocks/ HTTP/1.1" 200 440 "-" "Mozilla/5.0 (Windows NT 10.0; rv:78.0) Gecko/20100101 Firefox/78.0"
34.77.86.45 - - [25/Jun/2026:13:37:57 -0400] "GET /wp-includes/css/dist/nux/ HTTP/1.1" 200 424 "-" "Mozilla/5.0 (Windows NT 10.0; rv:78.0) Gecko/20100101 Firefox/78.0"
34.77.86.45 - - [25/Jun/2026:13:37:58 -0400] "GET /wp-includes/css/dist/patterns/ HTTP/1.1" 200 427 "-" "Mozilla/5.0 (Windows NT 10.0; rv:78.0) Gecko/20100101 Firefox/78.0"
34.77.86.45 - - [25/Jun/2026:13:37:58 -0400] "GET /wp-includes/css/dist/preferences/ HTTP/1.1" 200 428 "-" "Mozilla/5.0 (Windows NT 10.0; rv:78.0) Gecko/20100101 Firefox/78.0"
34.77.86.45 - - [25/Jun/2026:13:37:58 -0400] "GET /wp-includes/css/dist/reusable-blocks/ HTTP/1.1" 200 438 "-" "Mozilla/5.0 (Windows NT 10.0; rv:78.0) Gecko/20100101 Firefox/78.0"
2a03:2880:f800:32:: - - [25/Jun/2026:13:37:58 -0400] "GET /bohemia-casino-no-deposit-bonus/ HTTP/1.1" 404 - "-" "meta-externalagent/1.1 (+https://developers.facebook.com/docs/sharing/webmasters/crawler)"
34.77.86.45 - - [25/Jun/2026:13:37:58 -0400] "GET /wp-includes/css/dist/widgets/ HTTP/1.1" 200 428 "-" "Mozilla/5.0 (Windows NT 10.0; rv:78.0) Gecko/20100101 Firefox/78.0"
2a03:2880:f800:2c:: - - [25/Jun/2026:13:37:58 -0400] "GET /uitbetalen-in-nederlandse-casino/ HTTP/1.1" 404 - "-" "meta-externalagent/1.1 (+https://developers.facebook.com/docs/sharing/webmasters/crawler)"
34.77.86.45 - - [25/Jun/2026:13:37:59 -0400] "GET /wp-includes/customize/ HTTP/1.1" 200 1161 "-" "Mozilla/5.0 (Windows NT 10.0; rv:78.0) Gecko/20100101 Firefox/78.0"
34.77.86.45 - - [25/Jun/2026:13:37:59 -0400] "GET /wp-includes/customize/2023/ HTTP/1.1" 200 382 "-" "Mozilla/5.0 (Windows NT 10.0; rv:78.0) Gecko/20100101 Firefox/78.0"
34.77.86.45 - - [25/Jun/2026:13:38:00 -0400] "GET /wp-includes/customize/2023/src/ HTTP/1.1" 200 384 "-" "Mozilla/5.0 (Windows NT 10.0; rv:78.0) Gecko/20100101 Firefox/78.0"
34.77.86.45 - - [25/Jun/2026:13:38:00 -0400] "GET /wp-includes/customize/2023/src/docs/ HTTP/1.1" 200 389 "-" "Mozilla/5.0 (Windows NT 10.0; rv:78.0) Gecko/20100101 Firefox/78.0"
34.77.86.45 - - [25/Jun/2026:13:38:00 -0400] "GET /wp-includes/customize/2023/src/docs/zqdwy/ HTTP/1.1" 200 394 "-" "Mozilla/5.0 (Windows NT 10.0; rv:78.0) Gecko/20100101 Firefox/78.0"
34.77.86.45 - - [25/Jun/2026:13:38:00 -0400] "GET /wp-includes/customize/2023/src/docs/zqdwy/kmnz/ HTTP/1.1" 200 4122 "-" "Mozilla/5.0 (Windows NT 10.0; rv:78.0) Gecko/20100101 Firefox/78.0"
34.77.86.45 - - [25/Jun/2026:13:38:01 -0400] "GET /wp-includes/fonts/ HTTP/1.1" 200 594 "-" "Mozilla/5.0 (Windows NT 10.0; rv:78.0) Gecko/20100101 Firefox/78.0"
34.77.86.45 - - [25/Jun/2026:13:38:01 -0400] "GET /wp-includes/html-api/ HTTP/1.1" 200 774 "-" "Mozilla/5.0 (Windows NT 10.0; rv:78.0) Gecko/20100101 Firefox/78.0"
34.77.86.45 - - [25/Jun/2026:13:38:01 -0400] "GET /wp-includes/html-api/backup/ HTTP/1.1" 200 382 "-" "Mozilla/5.0 (Windows NT 10.0; rv:78.0) Gecko/20100101 Firefox/78.0"
34.77.86.45 - - [25/Jun/2026:13:38:02 -0400] "GET /wp-includes/html-api/backup/cache/ HTTP/1.1" 200 386 "-" "Mozilla/5.0 (Windows NT 10.0; rv:78.0) Gecko/20100101 Firefox/78.0"
34.77.86.45 - - [25/Jun/2026:13:38:02 -0400] "GET /wp-includes/html-api/backup/cache/assets/ HTTP/1.1" 200 391 "-" "Mozilla/5.0 (Windows NT 10.0; rv:78.0) Gecko/20100101 Firefox/78.0"
34.77.86.45 - - [25/Jun/2026:13:38:02 -0400] "GET /wp-includes/html-api/backup/cache/assets/src/ HTTP/1.1" 200 397 "-" "Mozilla/5.0 (Windows NT 10.0; rv:78.0) Gecko/20100101 Firefox/78.0"
34.77.86.45 - - [25/Jun/2026:13:38:02 -0400] "GET /wp-includes/html-api/backup/cache/assets/src/resources/ HTTP/1.1" 200 404 "-" "Mozilla/5.0 (Windows NT 10.0; rv:78.0) Gecko/20100101 Firefox/78.0"
34.77.86.45 - - [25/Jun/2026:13:38:03 -0400] "GET /wp-includes/html-api/backup/cache/assets/src/resources/kbtyu/ HTTP/1.1" 200 408 "-" "Mozilla/5.0 (Windows NT 10.0; rv:78.0) Gecko/20100101 Firefox/78.0"
34.77.86.45 - - [25/Jun/2026:13:38:03 -0400] "GET /wp-includes/html-api/backup/cache/assets/src/resources/kbtyu/eiq/ HTTP/1.1" 200 2876 "-" "Mozilla/5.0 (Windows NT 10.0; rv:78.0) Gecko/20100101 Firefox/78.0"
216.73.217.104 - - [25/Jun/2026:13:38:05 -0400] "GET /wp-includes/css/dist/commands/style.min.css HTTP/1.1" 200 1743 "-" "Mozilla/5.0 AppleWebKit/537.36 (KHTML, like Gecko; compatible; ClaudeBot/1.0; +claudebot@anthropic.com)"
34.77.86.45 - - [25/Jun/2026:13:38:04 -0400] "GET /wp-includes/images/ HTTP/1.1" 200 964 "-" "Mozilla/5.0 (Windows NT 10.0; rv:78.0) Gecko/20100101 Firefox/78.0"
216.73.217.104 - - [25/Jun/2026:13:38:05 -0400] "GET /wp-includes/css/dist/block-library/editor-rtl.min.css HTTP/1.1" 200 11708 "-" "Mozilla/5.0 AppleWebKit/537.36 (KHTML, like Gecko; compatible; ClaudeBot/1.0; +claudebot@anthropic.com)"
34.77.86.45 - - [25/Jun/2026:13:38:05 -0400] "GET /wp-includes/images/crystal/ HTTP/1.1" 200 582 "-" "Mozilla/5.0 (Windows NT 10.0; rv:78.0) Gecko/20100101 Firefox/78.0"
34.77.86.45 - - [25/Jun/2026:13:38:05 -0400] "GET /wp-includes/images/media/ HTTP/1.1" 200 664 "-" "Mozilla/5.0 (Windows NT 10.0; rv:78.0) Gecko/20100101 Firefox/78.0"
34.77.86.45 - - [25/Jun/2026:13:38:06 -0400] "GET /wp-includes/images/smilies/ HTTP/1.1" 200 792 "-" "Mozilla/5.0 (Windows NT 10.0; rv:78.0) Gecko/20100101 Firefox/78.0"
216.73.217.104 - - [25/Jun/2026:13:38:06 -0400] "GET /wp-includes/css/dist/block-library/elements-rtl.min.css HTTP/1.1" 200 34 "-" "Mozilla/5.0 AppleWebKit/537.36 (KHTML, like Gecko; compatible; ClaudeBot/1.0; +claudebot@anthropic.com)"
34.77.86.45 - - [25/Jun/2026:13:38:06 -0400] "GET /wp-includes/interactivity-api/ HTTP/1.1" 200 465 "-" "Mozilla/5.0 (Windows NT 10.0; rv:78.0) Gecko/20100101 Firefox/78.0"
2a03:2880:f800:3d:: - - [25/Jun/2026:13:38:07 -0400] "GET /casino-spelletjes-gratis/ HTTP/1.1" 404 - "-" "meta-externalagent/1.1 (+https://developers.facebook.com/docs/sharing/webmasters/crawler)"
216.73.217.104 - - [25/Jun/2026:13:38:07 -0400] "GET /wp-includes/css/dist/block-library/style-rtl.css HTTP/1.1" 200 16567 "-" "Mozilla/5.0 AppleWebKit/537.36 (KHTML, like Gecko; compatible; ClaudeBot/1.0; +claudebot@anthropic.com)"
34.77.86.45 - - [25/Jun/2026:13:38:06 -0400] "GET /wp-includes/js/ HTTP/1.1" 200 2526 "-" "Mozilla/5.0 (Windows NT 10.0; rv:78.0) Gecko/20100101 Firefox/78.0"
34.77.86.45 - - [25/Jun/2026:13:38:08 -0400] "GET /wp-includes/js/codemirror/ HTTP/1.1" 200 531 "-" "Mozilla/5.0 (Windows NT 10.0; rv:78.0) Gecko/20100101 Firefox/78.0"
34.77.86.45 - - [25/Jun/2026:13:38:08 -0400] "GET /wp-includes/js/crop/ HTTP/1.1" 200 471 "-" "Mozilla/5.0 (Windows NT 10.0; rv:78.0) Gecko/20100101 Firefox/78.0"
34.77.86.45 - - [25/Jun/2026:13:38:09 -0400] "GET /wp-includes/js/dist/ HTTP/1.1" 200 2318 "-" "Mozilla/5.0 (Windows NT 10.0; rv:78.0) Gecko/20100101 Firefox/78.0"
34.77.86.45 - - [25/Jun/2026:13:38:10 -0400] "GET /wp-includes/js/dist/development/ HTTP/1.1" 200 454 "-" "Mozilla/5.0 (Windows NT 10.0; rv:78.0) Gecko/20100101 Firefox/78.0"
34.77.86.45 - - [25/Jun/2026:13:38:11 -0400] "GET /wp-includes/js/dist/script-modules/ HTTP/1.1" 200 468 "-" "Mozilla/5.0 (Windows NT 10.0; rv:78.0) Gecko/20100101 Firefox/78.0"
34.77.86.45 - - [25/Jun/2026:13:38:11 -0400] "GET /wp-includes/js/dist/script-modules/a11y/ HTTP/1.1" 200 430 "-" "Mozilla/5.0 (Windows NT 10.0; rv:78.0) Gecko/20100101 Firefox/78.0"
34.77.86.45 - - [25/Jun/2026:13:38:11 -0400] "GET /wp-includes/js/dist/script-modules/block-editor/ HTTP/1.1" 200 395 "-" "Mozilla/5.0 (Windows NT 10.0; rv:78.0) Gecko/20100101 Firefox/78.0"
34.77.86.45 - - [25/Jun/2026:13:38:12 -0400] "GET /wp-includes/js/dist/script-modules/block-editor/utils/ HTTP/1.1" 200 439 "-" "Mozilla/5.0 (Windows NT 10.0; rv:78.0) Gecko/20100101 Firefox/78.0"
34.77.86.45 - - [25/Jun/2026:13:38:12 -0400] "GET /wp-includes/js/dist/script-modules/block-library/ HTTP/1.1" 200 498 "-" "Mozilla/5.0 (Windows NT 10.0; rv:78.0) Gecko/20100101 Firefox/78.0"
34.77.86.45 - - [25/Jun/2026:13:38:12 -0400] "GET /wp-includes/js/dist/script-modules/block-library/accordion/ HTTP/1.1" 200 425 "-" "Mozilla/5.0 (Windows NT 10.0; rv:78.0) Gecko/20100101 Firefox/78.0"
34.77.86.45 - - [25/Jun/2026:13:38:12 -0400] "GET /wp-includes/js/dist/script-modules/block-library/file/ HTTP/1.1" 200 425 "-" "Mozilla/5.0 (Windows NT 10.0; rv:78.0) Gecko/20100101 Firefox/78.0"
34.77.86.45 - - [25/Jun/2026:13:38:13 -0400] "GET /wp-includes/js/dist/script-modules/block-library/form/ HTTP/1.1" 200 436 "-" "Mozilla/5.0 (Windows NT 10.0; rv:78.0) Gecko/20100101 Firefox/78.0"
34.77.86.45 - - [25/Jun/2026:13:38:13 -0400] "GET /wp-includes/js/dist/script-modules/block-library/image/ HTTP/1.1" 200 427 "-" "Mozilla/5.0 (Windows NT 10.0; rv:78.0) Gecko/20100101 Firefox/78.0"
34.77.86.45 - - [25/Jun/2026:13:38:13 -0400] "GET /wp-includes/js/dist/script-modules/block-library/navigation/ HTTP/1.1" 200 431 "-" "Mozilla/5.0 (Windows NT 10.0; rv:78.0) Gecko/20100101 Firefox/78.0"
34.77.86.45 - - [25/Jun/2026:13:38:13 -0400] "GET /wp-includes/js/dist/script-modules/block-library/query/ HTTP/1.1" 200 437 "-" "Mozilla/5.0 (Windows NT 10.0; rv:78.0) Gecko/20100101 Firefox/78.0"
34.77.86.45 - - [25/Jun/2026:13:38:14 -0400] "GET /wp-includes/js/dist/script-modules/block-library/search/ HTTP/1.1" 200 428 "-" "Mozilla/5.0 (Windows NT 10.0; rv:78.0) Gecko/20100101 Firefox/78.0"
34.77.86.45 - - [25/Jun/2026:13:38:14 -0400] "GET /wp-includes/js/dist/script-modules/interactivity-router/ HTTP/1.1" 200 426 "-" "Mozilla/5.0 (Windows NT 10.0; rv:78.0) Gecko/20100101 Firefox/78.0"
34.77.86.45 - - [25/Jun/2026:13:38:14 -0400] "GET /wp-includes/js/dist/script-modules/interactivity/ HTTP/1.1" 200 452 "-" "Mozilla/5.0 (Windows NT 10.0; rv:78.0) Gecko/20100101 Firefox/78.0"
34.77.86.45 - - [25/Jun/2026:13:38:14 -0400] "GET /wp-includes/js/dist/vendor/ HTTP/1.1" 200 1028 "-" "Mozilla/5.0 (Windows NT 10.0; rv:78.0) Gecko/20100101 Firefox/78.0"
34.77.86.45 - - [25/Jun/2026:13:38:15 -0400] "GET /wp-includes/js/imgareaselect/ HTTP/1.1" 200 526 "-" "Mozilla/5.0 (Windows NT 10.0; rv:78.0) Gecko/20100101 Firefox/78.0"
185.220.101.50 - - [25/Jun/2026:13:38:15 -0400] "GET / HTTP/1.1" 200 1156 "laratrends.nl" "Mozilla/5.0 (Linux; Android 5.1.1; GLEE 10.1 3G Build/LMY48Y) AppleWebKit/537.36 (KHTML, like Gecko) Chrome/69.0.3497.100 Safari/537.36"
34.77.86.45 - - [25/Jun/2026:13:38:15 -0400] "GET /wp-includes/js/imgareaselect/img/ HTTP/1.1" 200 389 "-" "Mozilla/5.0 (Windows NT 10.0; rv:78.0) Gecko/20100101 Firefox/78.0"
34.77.86.45 - - [25/Jun/2026:13:38:15 -0400] "GET /wp-includes/js/imgareaselect/img/resources/ HTTP/1.1" 200 390 "-" "Mozilla/5.0 (Windows NT 10.0; rv:78.0) Gecko/20100101 Firefox/78.0"
34.77.86.45 - - [25/Jun/2026:13:38:16 -0400] "GET /wp-includes/js/imgareaselect/img/resources/img/ HTTP/1.1" 200 393 "-" "Mozilla/5.0 (Windows NT 10.0; rv:78.0) Gecko/20100101 Firefox/78.0"
34.77.86.45 - - [25/Jun/2026:13:38:16 -0400] "GET /wp-includes/js/imgareaselect/img/resources/img/2025/ HTTP/1.1" 200 398 "-" "Mozilla/5.0 (Windows NT 10.0; rv:78.0) Gecko/20100101 Firefox/78.0"
34.77.86.45 - - [25/Jun/2026:13:38:16 -0400] "GET /wp-includes/js/imgareaselect/img/resources/img/2025/jnjqv/ HTTP/1.1" 200 3079 "-" "Mozilla/5.0 (Windows NT 10.0; rv:78.0) Gecko/20100101 Firefox/78.0"
34.77.86.45 - - [25/Jun/2026:13:38:16 -0400] "GET /wp-includes/js/jcrop/ HTTP/1.1" 200 444 "-" "Mozilla/5.0 (Windows NT 10.0; rv:78.0) Gecko/20100101 Firefox/78.0"
34.77.86.45 - - [25/Jun/2026:13:38:17 -0400] "GET /wp-includes/js/jquery/ HTTP/1.1" 200 798 "-" "Mozilla/5.0 (Windows NT 10.0; rv:78.0) Gecko/20100101 Firefox/78.0"
185.220.101.50 - - [25/Jun/2026:13:38:16 -0400] "GET /?C=D;O=A HTTP/1.1" 200 1156 "https://laratrends.nl/?C=D;O=A" "Mozilla/5.0 (Linux; Android 5.1.1; GLEE 10.1 3G Build/LMY48Y) AppleWebKit/537.36 (KHTML, like Gecko) Chrome/69.0.3497.100 Safari/537.36"
34.77.86.45 - - [25/Jun/2026:13:38:17 -0400] "GET /wp-includes/js/jquery/ui/ HTTP/1.1" 200 1364 "-" "Mozilla/5.0 (Windows NT 10.0; rv:78.0) Gecko/20100101 Firefox/78.0"
34.77.86.45 - - [25/Jun/2026:13:38:18 -0400] "GET /wp-includes/js/mediaelement/ HTTP/1.1" 200 772 "-" "Mozilla/5.0 (Windows NT 10.0; rv:78.0) Gecko/20100101 Firefox/78.0"
34.77.86.45 - - [25/Jun/2026:13:38:19 -0400] "GET /wp-includes/js/mediaelement/renderers/ HTTP/1.1" 200 412 "-" "Mozilla/5.0 (Windows NT 10.0; rv:78.0) Gecko/20100101 Firefox/78.0"
34.77.86.45 - - [25/Jun/2026:13:38:19 -0400] "GET /wp-includes/js/plupload/ HTTP/1.1" 200 551 "-" "Mozilla/5.0 (Windows NT 10.0; rv:78.0) Gecko/20100101 Firefox/78.0"
34.77.86.45 - - [25/Jun/2026:13:38:19 -0400] "GET /wp-includes/js/swfupload/ HTTP/1.1" 200 438 "-" "Mozilla/5.0 (Windows NT 10.0; rv:78.0) Gecko/20100101 Firefox/78.0"
34.77.86.45 - - [25/Jun/2026:13:38:19 -0400] "GET /wp-includes/js/thickbox/ HTTP/1.1" 200 488 "-" "Mozilla/5.0 (Windows NT 10.0; rv:78.0) Gecko/20100101 Firefox/78.0"
185.220.101.50 - - [25/Jun/2026:13:38:19 -0400] "GET /?C=M;O=A HTTP/1.1" 200 1153 "https://laratrends.nl/?C=M;O=A" "Mozilla/5.0 (Linux; Android 5.1.1; GLEE 10.1 3G Build/LMY48Y) AppleWebKit/537.36 (KHTML, like Gecko) Chrome/69.0.3497.100 Safari/537.36"
34.77.86.45 - - [25/Jun/2026:13:38:20 -0400] "GET /wp-includes/js/tinymce/ HTTP/1.1" 200 610 "-" "Mozilla/5.0 (Windows NT 10.0; rv:78.0) Gecko/20100101 Firefox/78.0"
34.77.86.45 - - [25/Jun/2026:13:38:20 -0400] "GET /wp-includes/js/tinymce/2024/ HTTP/1.1" 200 383 "-" "Mozilla/5.0 (Windows NT 10.0; rv:78.0) Gecko/20100101 Firefox/78.0"
34.77.86.45 - - [25/Jun/2026:13:38:20 -0400] "GET /wp-includes/js/tinymce/2024/v1/ HTTP/1.1" 200 384 "-" "Mozilla/5.0 (Windows NT 10.0; rv:78.0) Gecko/20100101 Firefox/78.0"
34.77.86.45 - - [25/Jun/2026:13:38:20 -0400] "GET /wp-includes/js/tinymce/2024/v1/ggr/ HTTP/1.1" 200 389 "-" "Mozilla/5.0 (Windows NT 10.0; rv:78.0) Gecko/20100101 Firefox/78.0"
34.77.86.45 - - [25/Jun/2026:13:38:21 -0400] "GET /wp-includes/js/tinymce/2024/v1/ggr/xtnsl/ HTTP/1.1" 200 359 "-" "Mozilla/5.0 (Windows NT 10.0; rv:78.0) Gecko/20100101 Firefox/78.0"
34.77.86.45 - - [25/Jun/2026:13:38:21 -0400] "GET /wp-includes/js/tinymce/langs/ HTTP/1.1" 200 392 "-" "Mozilla/5.0 (Windows NT 10.0; rv:78.0) Gecko/20100101 Firefox/78.0"
185.220.101.47 - - [25/Jun/2026:13:38:21 -0400] "GET /?C=N;O=D HTTP/1.1" 200 1137 "https://laratrends.nl/?C=N;O=D" "Mozilla/5.0 (Linux; Android 5.1.1; GLEE 10.1 3G Build/LMY48Y) AppleWebKit/537.36 (KHTML, like Gecko) Chrome/69.0.3497.100 Safari/537.36"
34.77.86.45 - - [25/Jun/2026:13:38:21 -0400] "GET /wp-includes/js/tinymce/plugins/ HTTP/1.1" 200 651 "-" "Mozilla/5.0 (Windows NT 10.0; rv:78.0) Gecko/20100101 Firefox/78.0"
34.77.86.45 - - [25/Jun/2026:13:38:22 -0400] "GET /wp-includes/js/tinymce/plugins/charmap/ HTTP/1.1" 200 426 "-" "Mozilla/5.0 (Windows NT 10.0; rv:78.0) Gecko/20100101 Firefox/78.0"
34.77.86.45 - - [25/Jun/2026:13:38:22 -0400] "GET /wp-includes/js/tinymce/plugins/colorpicker/ HTTP/1.1" 200 431 "-" "Mozilla/5.0 (Windows NT 10.0; rv:78.0) Gecko/20100101 Firefox/78.0"
34.77.86.45 - - [25/Jun/2026:13:38:22 -0400] "GET /wp-includes/js/tinymce/plugins/compat3x/ HTTP/1.1" 200 450 "-" "Mozilla/5.0 (Windows NT 10.0; rv:78.0) Gecko/20100101 Firefox/78.0"
34.77.86.45 - - [25/Jun/2026:13:38:22 -0400] "GET /wp-includes/js/tinymce/plugins/compat3x/css/ HTTP/1.1" 200 407 "-" "Mozilla/5.0 (Windows NT 10.0; rv:78.0) Gecko/20100101 Firefox/78.0"
185.220.101.47 - - [25/Jun/2026:13:38:22 -0400] "GET /?C=S;O=A HTTP/1.1" 200 1144 "https://laratrends.nl/?C=S;O=A" "Mozilla/5.0 (Linux; Android 5.1.1; GLEE 10.1 3G Build/LMY48Y) AppleWebKit/537.36 (KHTML, like Gecko) Chrome/69.0.3497.100 Safari/537.36"
34.77.86.45 - - [25/Jun/2026:13:38:23 -0400] "GET /wp-includes/js/tinymce/plugins/directionality/ HTTP/1.1" 200 426 "-" "Mozilla/5.0 (Windows NT 10.0; rv:78.0) Gecko/20100101 Firefox/78.0"
34.77.86.45 - - [25/Jun/2026:13:38:23 -0400] "GET /wp-includes/js/tinymce/plugins/fullscreen/ HTTP/1.1" 200 413 "-" "Mozilla/5.0 (Windows NT 10.0; rv:78.0) Gecko/20100101 Firefox/78.0"
34.77.86.45 - - [25/Jun/2026:13:38:23 -0400] "GET /wp-includes/js/tinymce/plugins/hr/ HTTP/1.1" 200 420 "-" "Mozilla/5.0 (Windows NT 10.0; rv:78.0) Gecko/20100101 Firefox/78.0"
34.77.86.45 - - [25/Jun/2026:13:38:23 -0400] "GET /wp-includes/js/tinymce/plugins/image/ HTTP/1.1" 200 408 "-" "Mozilla/5.0 (Windows NT 10.0; rv:78.0) Gecko/20100101 Firefox/78.0"
34.77.86.45 - - [25/Jun/2026:13:38:24 -0400] "GET /wp-includes/js/tinymce/plugins/link/ HTTP/1.1" 200 409 "-" "Mozilla/5.0 (Windows NT 10.0; rv:78.0) Gecko/20100101 Firefox/78.0"
185.220.101.47 - - [25/Jun/2026:13:38:23 -0400] "GET /aios-bootstrap.php HTTP/1.1" 200 - "https://laratrends.nl/aios-bootstrap.php" "Mozilla/5.0 (Linux; Android 5.1.1; GLEE 10.1 3G Build/LMY48Y) AppleWebKit/537.36 (KHTML, like Gecko) Chrome/69.0.3497.100 Safari/537.36"
34.77.86.45 - - [25/Jun/2026:13:38:24 -0400] "GET /wp-includes/js/tinymce/plugins/lists/ HTTP/1.1" 200 409 "-" "Mozilla/5.0 (Windows NT 10.0; rv:78.0) Gecko/20100101 Firefox/78.0"
34.77.86.45 - - [25/Jun/2026:13:38:24 -0400] "GET /wp-includes/js/tinymce/plugins/media/ HTTP/1.1" 200 408 "-" "Mozilla/5.0 (Windows NT 10.0; rv:78.0) Gecko/20100101 Firefox/78.0"
34.77.86.45 - - [25/Jun/2026:13:38:24 -0400] "GET /wp-includes/js/tinymce/plugins/paste/ HTTP/1.1" 200 408 "-" "Mozilla/5.0 (Windows NT 10.0; rv:78.0) Gecko/20100101 Firefox/78.0"
185.220.101.47 - - [25/Jun/2026:13:38:25 -0400] "GET /bv_connector_844cfe3dcaf1e1cc9b38a66522c26ca0.php HTTP/1.1" 200 296 "https://laratrends.nl/bv_connector_844cfe3dcaf1e1cc9b38a66522c26ca0.php" "Mozilla/5.0 (Linux; Android 5.1.1; GLEE 10.1 3G Build/LMY48Y) AppleWebKit/537.36 (KHTML, like Gecko) Chrome/69.0.3497.100 Safari/537.36"
34.77.86.45 - - [25/Jun/2026:13:38:25 -0400] "GET /wp-includes/js/tinymce/plugins/tabfocus/ HTTP/1.1" 200 410 "-" "Mozilla/5.0 (Windows NT 10.0; rv:78.0) Gecko/20100101 Firefox/78.0"
34.77.86.45 - - [25/Jun/2026:13:38:25 -0400] "GET /wp-includes/js/tinymce/plugins/textcolor/ HTTP/1.1" 200 410 "-" "Mozilla/5.0 (Windows NT 10.0; rv:78.0) Gecko/20100101 Firefox/78.0"
34.77.86.45 - - [25/Jun/2026:13:38:25 -0400] "GET /wp-includes/js/tinymce/plugins/wordpress/ HTTP/1.1" 200 412 "-" "Mozilla/5.0 (Windows NT 10.0; rv:78.0) Gecko/20100101 Firefox/78.0"
34.77.86.45 - - [25/Jun/2026:13:38:25 -0400] "GET /wp-includes/js/tinymce/plugins/wpautoresize/ HTTP/1.1" 200 430 "-" "Mozilla/5.0 (Windows NT 10.0; rv:78.0) Gecko/20100101 Firefox/78.0"
185.220.101.47 - - [25/Jun/2026:13:38:25 -0400] "GET /cgi-bin HTTP/1.1" 301 278 "https://laratrends.nl/cgi-bin" "Mozilla/5.0 (Linux; Android 5.1.1; GLEE 10.1 3G Build/LMY48Y) AppleWebKit/537.36 (KHTML, like Gecko) Chrome/69.0.3497.100 Safari/537.36"
34.77.86.45 - - [25/Jun/2026:13:38:26 -0400] "GET /wp-includes/js/tinymce/plugins/wpdialogs/ HTTP/1.1" 200 428 "-" "Mozilla/5.0 (Windows NT 10.0; rv:78.0) Gecko/20100101 Firefox/78.0"
185.220.101.47 - - [25/Jun/2026:13:38:26 -0400] "GET /cgi-bin/ HTTP/1.1" 404 - "https://laratrends.nl/cgi-bin" "Mozilla/5.0 (Linux; Android 5.1.1; GLEE 10.1 3G Build/LMY48Y) AppleWebKit/537.36 (KHTML, like Gecko) Chrome/69.0.3497.100 Safari/537.36"
34.77.86.45 - - [25/Jun/2026:13:38:26 -0400] "GET /wp-includes/js/tinymce/plugins/wpeditimage/ HTTP/1.1" 200 428 "-" "Mozilla/5.0 (Windows NT 10.0; rv:78.0) Gecko/20100101 Firefox/78.0"
34.77.86.45 - - [25/Jun/2026:13:38:26 -0400] "GET /wp-includes/js/tinymce/plugins/wpemoji/ HTTP/1.1" 200 423 "-" "Mozilla/5.0 (Windows NT 10.0; rv:78.0) Gecko/20100101 Firefox/78.0"
34.77.86.45 - - [25/Jun/2026:13:38:26 -0400] "GET /wp-includes/js/tinymce/plugins/wpgallery/ HTTP/1.1" 200 424 "-" "Mozilla/5.0 (Windows NT 10.0; rv:78.0) Gecko/20100101 Firefox/78.0"
185.220.101.47 - - [25/Jun/2026:13:38:26 -0400] "GET /drahmad HTTP/1.1" 301 278 "https://laratrends.nl/drahmad" "Mozilla/5.0 (Linux; Android 5.1.1; GLEE 10.1 3G Build/LMY48Y) AppleWebKit/537.36 (KHTML, like Gecko) Chrome/69.0.3497.100 Safari/537.36"
34.77.86.45 - - [25/Jun/2026:13:38:26 -0400] "GET /wp-includes/js/tinymce/plugins/wplink/ HTTP/1.1" 200 427 "-" "Mozilla/5.0 (Windows NT 10.0; rv:78.0) Gecko/20100101 Firefox/78.0"
34.77.86.45 - - [25/Jun/2026:13:38:27 -0400] "GET /wp-includes/js/tinymce/plugins/wptextpattern/ HTTP/1.1" 200 430 "-" "Mozilla/5.0 (Windows NT 10.0; rv:78.0) Gecko/20100101 Firefox/78.0"
34.77.86.45 - - [25/Jun/2026:13:38:27 -0400] "GET /wp-includes/js/tinymce/plugins/wpview/ HTTP/1.1" 200 425 "-" "Mozilla/5.0 (Windows NT 10.0; rv:78.0) Gecko/20100101 Firefox/78.0"
34.77.86.45 - - [25/Jun/2026:13:38:27 -0400] "GET /wp-includes/js/tinymce/skins/ HTTP/1.1" 200 401 "-" "Mozilla/5.0 (Windows NT 10.0; rv:78.0) Gecko/20100101 Firefox/78.0"
34.77.86.45 - - [25/Jun/2026:13:38:27 -0400] "GET /wp-includes/js/tinymce/skins/lightgray/ HTTP/1.1" 200 479 "-" "Mozilla/5.0 (Windows NT 10.0; rv:78.0) Gecko/20100101 Firefox/78.0"
34.77.86.45 - - [25/Jun/2026:13:38:28 -0400] "GET /wp-includes/js/tinymce/skins/lightgray/fonts/ HTTP/1.1" 200 519 "-" "Mozilla/5.0 (Windows NT 10.0; rv:78.0) Gecko/20100101 Firefox/78.0"
34.77.86.45 - - [25/Jun/2026:13:38:28 -0400] "GET /wp-includes/js/tinymce/skins/lightgray/img/ HTTP/1.1" 200 453 "-" "Mozilla/5.0 (Windows NT 10.0; rv:78.0) Gecko/20100101 Firefox/78.0"
34.77.86.45 - - [25/Jun/2026:13:38:28 -0400] "GET /wp-includes/js/tinymce/skins/wordpress/ HTTP/1.1" 200 431 "-" "Mozilla/5.0 (Windows NT 10.0; rv:78.0) Gecko/20100101 Firefox/78.0"
34.77.86.45 - - [25/Jun/2026:13:38:29 -0400] "GET /wp-includes/js/tinymce/skins/wordpress/images/ HTTP/1.1" 200 703 "-" "Mozilla/5.0 (Windows NT 10.0; rv:78.0) Gecko/20100101 Firefox/78.0"
34.77.86.45 - - [25/Jun/2026:13:38:29 -0400] "GET /wp-includes/js/tinymce/themes/ HTTP/1.1" 200 396 "-" "Mozilla/5.0 (Windows NT 10.0; rv:78.0) Gecko/20100101 Firefox/78.0"
34.77.86.45 - - [25/Jun/2026:13:38:29 -0400] "GET /wp-includes/js/tinymce/themes/inlite/ HTTP/1.1" 200 416 "-" "Mozilla/5.0 (Windows NT 10.0; rv:78.0) Gecko/20100101 Firefox/78.0"
34.77.86.45 - - [25/Jun/2026:13:38:29 -0400] "GET /wp-includes/js/tinymce/themes/modern/ HTTP/1.1" 200 414 "-" "Mozilla/5.0 (Windows NT 10.0; rv:78.0) Gecko/20100101 Firefox/78.0"
34.77.86.45 - - [25/Jun/2026:13:38:30 -0400] "GET /wp-includes/js/tinymce/utils/ HTTP/1.1" 200 487 "-" "Mozilla/5.0 (Windows NT 10.0; rv:78.0) Gecko/20100101 Firefox/78.0"
34.77.86.45 - - [25/Jun/2026:13:38:30 -0400] "GET /wp-includes/l10n/ HTTP/1.1" 200 487 "-" "Mozilla/5.0 (Windows NT 10.0; rv:78.0) Gecko/20100101 Firefox/78.0"
34.77.86.45 - - [25/Jun/2026:13:38:30 -0400] "GET /wp-includes/php-compat/ HTTP/1.1" 200 415 "-" "Mozilla/5.0 (Windows NT 10.0; rv:78.0) Gecko/20100101 Firefox/78.0"
34.77.86.45 - - [25/Jun/2026:13:38:30 -0400] "GET /wp-includes/php-compat/cache/ HTTP/1.1" 200 396 "-" "Mozilla/5.0 (Windows NT 10.0; rv:78.0) Gecko/20100101 Firefox/78.0"
34.77.86.45 - - [25/Jun/2026:13:38:31 -0400] "GET /wp-includes/php-compat/cache/files/ HTTP/1.1" 200 386 "-" "Mozilla/5.0 (Windows NT 10.0; rv:78.0) Gecko/20100101 Firefox/78.0"
34.77.86.45 - - [25/Jun/2026:13:38:31 -0400] "GET /wp-includes/php-compat/cache/files/v2/ HTTP/1.1" 200 389 "-" "Mozilla/5.0 (Windows NT 10.0; rv:78.0) Gecko/20100101 Firefox/78.0"
34.77.86.45 - - [25/Jun/2026:13:38:31 -0400] "GET /wp-includes/php-compat/cache/files/v2/js/ HTTP/1.1" 200 393 "-" "Mozilla/5.0 (Windows NT 10.0; rv:78.0) Gecko/20100101 Firefox/78.0"
185.220.101.47 - - [25/Jun/2026:13:38:27 -0400] "GET /drahmad/ HTTP/1.1" 200 40170 "https://laratrends.nl/drahmad" "Mozilla/5.0 (Linux; Android 5.1.1; GLEE 10.1 3G Build/LMY48Y) AppleWebKit/537.36 (KHTML, like Gecko) Chrome/69.0.3497.100 Safari/537.36"
34.77.86.45 - - [25/Jun/2026:13:38:31 -0400] "GET /wp-includes/php-compat/cache/files/v2/js/src/ HTTP/1.1" 200 395 "-" "Mozilla/5.0 (Windows NT 10.0; rv:78.0) Gecko/20100101 Firefox/78.0"
34.77.86.45 - - [25/Jun/2026:13:38:32 -0400] "GET /wp-includes/php-compat/cache/files/v2/js/src/dsjd/ HTTP/1.1" 200 4124 "-" "Mozilla/5.0 (Windows NT 10.0; rv:78.0) Gecko/20100101 Firefox/78.0"
34.77.86.45 - - [25/Jun/2026:13:38:32 -0400] "GET /wp-includes/php-compat/cache/gtsa/ HTTP/1.1" 200 393 "-" "Mozilla/5.0 (Windows NT 10.0; rv:78.0) Gecko/20100101 Firefox/78.0"
34.77.86.45 - - [25/Jun/2026:13:38:32 -0400] "GET /wp-includes/pomo/ HTTP/1.1" 200 536 "-" "Mozilla/5.0 (Windows NT 10.0; rv:78.0) Gecko/20100101 Firefox/78.0"
34.77.86.45 - - [25/Jun/2026:13:38:32 -0400] "GET /wp-includes/pomo/tmp/ HTTP/1.1" 200 377 "-" "Mozilla/5.0 (Windows NT 10.0; rv:78.0) Gecko/20100101 Firefox/78.0"
34.77.86.45 - - [25/Jun/2026:13:38:33 -0400] "GET /wp-includes/pomo/tmp/docs/ HTTP/1.1" 200 382 "-" "Mozilla/5.0 (Windows NT 10.0; rv:78.0) Gecko/20100101 Firefox/78.0"
34.77.86.45 - - [25/Jun/2026:13:38:33 -0400] "GET /wp-includes/pomo/tmp/docs/build/ HTTP/1.1" 200 386 "-" "Mozilla/5.0 (Windows NT 10.0; rv:78.0) Gecko/20100101 Firefox/78.0"
34.77.86.45 - - [25/Jun/2026:13:38:33 -0400] "GET /wp-includes/pomo/tmp/docs/build/dtedk/ HTTP/1.1" 200 418 "-" "Mozilla/5.0 (Windows NT 10.0; rv:78.0) Gecko/20100101 Firefox/78.0"
34.77.86.45 - - [25/Jun/2026:13:38:33 -0400] "GET /wp-includes/rest-api/ HTTP/1.1" 200 508 "-" "Mozilla/5.0 (Windows NT 10.0; rv:78.0) Gecko/20100101 Firefox/78.0"
34.77.86.45 - - [25/Jun/2026:13:38:34 -0400] "GET /wp-includes/rest-api/endpoints/ HTTP/1.1" 200 1298 "-" "Mozilla/5.0 (Windows NT 10.0; rv:78.0) Gecko/20100101 Firefox/78.0"
34.77.86.45 - - [25/Jun/2026:13:38:35 -0400] "GET /wp-includes/rest-api/endpoints/v2/ HTTP/1.1" 200 385 "-" "Mozilla/5.0 (Windows NT 10.0; rv:78.0) Gecko/20100101 Firefox/78.0"
34.77.86.45 - - [25/Jun/2026:13:38:35 -0400] "GET /wp-includes/rest-api/endpoints/v2/css/ HTTP/1.1" 200 403 "-" "Mozilla/5.0 (Windows NT 10.0; rv:78.0) Gecko/20100101 Firefox/78.0"
34.77.86.45 - - [25/Jun/2026:13:38:35 -0400] "GET /wp-includes/rest-api/endpoints/v2/css/2025/ HTTP/1.1" 200 394 "-" "Mozilla/5.0 (Windows NT 10.0; rv:78.0) Gecko/20100101 Firefox/78.0"
34.77.86.45 - - [25/Jun/2026:13:38:35 -0400] "GET /wp-includes/rest-api/endpoints/v2/css/2025/ogq/ HTTP/1.1" 200 398 "-" "Mozilla/5.0 (Windows NT 10.0; rv:78.0) Gecko/20100101 Firefox/78.0"
34.77.86.45 - - [25/Jun/2026:13:38:36 -0400] "GET /wp-includes/rest-api/endpoints/v2/css/2025/ogq/srgqt/ HTTP/1.1" 200 411 "-" "Mozilla/5.0 (Windows NT 10.0; rv:78.0) Gecko/20100101 Firefox/78.0"
34.77.86.45 - - [25/Jun/2026:13:38:36 -0400] "GET /wp-includes/rest-api/endpoints/v2/css/rsl/ HTTP/1.1" 200 393 "-" "Mozilla/5.0 (Windows NT 10.0; rv:78.0) Gecko/20100101 Firefox/78.0"
34.77.86.45 - - [25/Jun/2026:13:38:36 -0400] "GET /wp-includes/rest-api/endpoints/v2/css/rsl/pmj/ HTTP/1.1" 200 406 "-" "Mozilla/5.0 (Windows NT 10.0; rv:78.0) Gecko/20100101 Firefox/78.0"
34.77.86.45 - - [25/Jun/2026:13:38:36 -0400] "GET /wp-includes/rest-api/fields/ HTTP/1.1" 200 478 "-" "Mozilla/5.0 (Windows NT 10.0; rv:78.0) Gecko/20100101 Firefox/78.0"
34.77.86.45 - - [25/Jun/2026:13:38:36 -0400] "GET /wp-includes/rest-api/search/ HTTP/1.1" 200 520 "-" "Mozilla/5.0 (Windows NT 10.0; rv:78.0) Gecko/20100101 Firefox/78.0"
34.77.86.45 - - [25/Jun/2026:13:38:37 -0400] "GET /wp-includes/rest-api/search/resources/ HTTP/1.1" 200 390 "-" "Mozilla/5.0 (Windows NT 10.0; rv:78.0) Gecko/20100101 Firefox/78.0"
34.77.86.45 - - [25/Jun/2026:13:38:37 -0400] "GET /wp-includes/rest-api/search/resources/images/ HTTP/1.1" 200 393 "-" "Mozilla/5.0 (Windows NT 10.0; rv:78.0) Gecko/20100101 Firefox/78.0"
34.77.86.45 - - [25/Jun/2026:13:38:37 -0400] "GET /wp-includes/rest-api/search/resources/images/files/ HTTP/1.1" 200 397 "-" "Mozilla/5.0 (Windows NT 10.0; rv:78.0) Gecko/20100101 Firefox/78.0"
34.77.86.45 - - [25/Jun/2026:13:38:38 -0400] "GET /wp-includes/rest-api/search/resources/images/files/img/ HTTP/1.1" 200 399 "-" "Mozilla/5.0 (Windows NT 10.0; rv:78.0) Gecko/20100101 Firefox/78.0"
34.77.86.45 - - [25/Jun/2026:13:38:38 -0400] "GET /wp-includes/rest-api/search/resources/images/files/img/v3/ HTTP/1.1" 200 402 "-" "Mozilla/5.0 (Windows NT 10.0; rv:78.0) Gecko/20100101 Firefox/78.0"
34.77.86.45 - - [25/Jun/2026:13:38:38 -0400] "GET /wp-includes/rest-api/search/resources/images/files/img/v3/sthy/ HTTP/1.1" 200 406 "-" "Mozilla/5.0 (Windows NT 10.0; rv:78.0) Gecko/20100101 Firefox/78.0"
34.77.86.45 - - [25/Jun/2026:13:38:38 -0400] "GET /wp-includes/rest-api/search/resources/images/files/img/v3/sthy/xbjke/ HTTP/1.1" 200 417 "-" "Mozilla/5.0 (Windows NT 10.0; rv:78.0) Gecko/20100101 Firefox/78.0"
34.77.86.45 - - [25/Jun/2026:13:38:38 -0400] "GET /wp-includes/sitemaps/ HTTP/1.1" 200 545 "-" "Mozilla/5.0 (Windows NT 10.0; rv:78.0) Gecko/20100101 Firefox/78.0"
34.77.86.45 - - [25/Jun/2026:13:38:39 -0400] "GET /wp-includes/sitemaps/providers/ HTTP/1.1" 200 493 "-" "Mozilla/5.0 (Windows NT 10.0; rv:78.0) Gecko/20100101 Firefox/78.0"
34.77.86.45 - - [25/Jun/2026:13:38:39 -0400] "GET /wp-includes/sitemaps/providers/js/ HTTP/1.1" 200 387 "-" "Mozilla/5.0 (Windows NT 10.0; rv:78.0) Gecko/20100101 Firefox/78.0"
185.220.101.27 - - [25/Jun/2026:13:38:32 -0400] "POST /drahmad/ HTTP/1.1" 200 40252 "https://laratrends.nl/drahmad/#wpcf7-f955-p872-o1" "Mozilla/5.0 (Linux; Android 5.1.1; GLEE 10.1 3G Build/LMY48Y) AppleWebKit/537.36 (KHTML, like Gecko) Chrome/69.0.3497.100 Safari/537.36"
34.77.86.45 - - [25/Jun/2026:13:38:39 -0400] "GET /wp-includes/sitemaps/providers/js/img/ HTTP/1.1" 200 393 "-" "Mozilla/5.0 (Windows NT 10.0; rv:78.0) Gecko/20100101 Firefox/78.0"
34.77.86.45 - - [25/Jun/2026:13:38:40 -0400] "GET /wp-includes/sitemaps/providers/js/img/backup/ HTTP/1.1" 200 396 "-" "Mozilla/5.0 (Windows NT 10.0; rv:78.0) Gecko/20100101 Firefox/78.0"
34.77.86.45 - - [25/Jun/2026:13:38:40 -0400] "GET /wp-includes/sitemaps/providers/js/img/backup/data/ HTTP/1.1" 200 401 "-" "Mozilla/5.0 (Windows NT 10.0; rv:78.0) Gecko/20100101 Firefox/78.0"
34.77.86.45 - - [25/Jun/2026:13:38:40 -0400] "GET /wp-includes/sitemaps/providers/js/img/backup/data/xujv/ HTTP/1.1" 200 408 "-" "Mozilla/5.0 (Windows NT 10.0; rv:78.0) Gecko/20100101 Firefox/78.0"
34.77.86.45 - - [25/Jun/2026:13:38:40 -0400] "GET /wp-includes/sitemaps/providers/js/img/backup/data/xujv/yvtx/ HTTP/1.1" 200 509 "-" "Mozilla/5.0 (Windows NT 10.0; rv:78.0) Gecko/20100101 Firefox/78.0"
34.77.86.45 - - [25/Jun/2026:13:38:41 -0400] "GET /wp-includes/sodium_compat/ HTTP/1.1" 200 539 "-" "Mozilla/5.0 (Windows NT 10.0; rv:78.0) Gecko/20100101 Firefox/78.0"
34.77.86.45 - - [25/Jun/2026:13:38:41 -0400] "GET /wp-includes/sodium_compat/lib/ HTTP/1.1" 200 611 "-" "Mozilla/5.0 (Windows NT 10.0; rv:78.0) Gecko/20100101 Firefox/78.0"
34.77.86.45 - - [25/Jun/2026:13:38:41 -0400] "GET /wp-includes/sodium_compat/lib/resources/ HTTP/1.1" 200 395 "-" "Mozilla/5.0 (Windows NT 10.0; rv:78.0) Gecko/20100101 Firefox/78.0"
34.77.86.45 - - [25/Jun/2026:13:38:41 -0400] "GET /wp-includes/sodium_compat/lib/resources/assets/ HTTP/1.1" 200 397 "-" "Mozilla/5.0 (Windows NT 10.0; rv:78.0) Gecko/20100101 Firefox/78.0"
34.77.86.45 - - [25/Jun/2026:13:38:42 -0400] "GET /wp-includes/sodium_compat/lib/resources/assets/dist/ HTTP/1.1" 200 400 "-" "Mozilla/5.0 (Windows NT 10.0; rv:78.0) Gecko/20100101 Firefox/78.0"
34.77.86.45 - - [25/Jun/2026:13:38:42 -0400] "GET /wp-includes/sodium_compat/lib/resources/assets/dist/img/ HTTP/1.1" 200 403 "-" "Mozilla/5.0 (Windows NT 10.0; rv:78.0) Gecko/20100101 Firefox/78.0"
185.231.33.38 - - [25/Jun/2026:13:38:42 -0400] "GET /malcare-waf.php HTTP/1.1" 200 - "https://laratrends.nl/malcare-waf.php" "Mozilla/5.0 (Linux; Android 5.1.1; GLEE 10.1 3G Build/LMY48Y) AppleWebKit/537.36 (KHTML, like Gecko) Chrome/69.0.3497.100 Safari/537.36"
34.77.86.45 - - [25/Jun/2026:13:38:42 -0400] "GET /wp-includes/sodium_compat/lib/resources/assets/dist/img/rgjvt/ HTTP/1.1" 200 409 "-" "Mozilla/5.0 (Windows NT 10.0; rv:78.0) Gecko/20100101 Firefox/78.0"
34.77.86.45 - - [25/Jun/2026:13:38:42 -0400] "GET /wp-includes/sodium_compat/lib/resources/assets/dist/img/rgjvt/bwdbu/ HTTP/1.1" 200 1342 "-" "Mozilla/5.0 (Windows NT 10.0; rv:78.0) Gecko/20100101 Firefox/78.0"
185.231.33.38 - - [25/Jun/2026:13:38:42 -0400] "GET /readme.html HTTP/1.1" 200 3028 "https://laratrends.nl/readme.html" "Mozilla/5.0 (Linux; Android 5.1.1; GLEE 10.1 3G Build/LMY48Y) AppleWebKit/537.36 (KHTML, like Gecko) Chrome/69.0.3497.100 Safari/537.36"
34.77.86.45 - - [25/Jun/2026:13:38:43 -0400] "GET /wp-includes/sodium_compat/namespaced/ HTTP/1.1" 200 455 "-" "Mozilla/5.0 (Windows NT 10.0; rv:78.0) Gecko/20100101 Firefox/78.0"
34.77.86.45 - - [25/Jun/2026:13:38:43 -0400] "GET /wp-includes/sodium_compat/namespaced/Core/ HTTP/1.1" 200 616 "-" "Mozilla/5.0 (Windows NT 10.0; rv:78.0) Gecko/20100101 Firefox/78.0"
34.77.86.45 - - [25/Jun/2026:13:38:43 -0400] "GET /wp-includes/sodium_compat/namespaced/Core/ChaCha20/ HTTP/1.1" 200 424 "-" "Mozilla/5.0 (Windows NT 10.0; rv:78.0) Gecko/20100101 Firefox/78.0"
185.231.33.38 - - [25/Jun/2026:13:38:43 -0400] "GET /test HTTP/1.1" 301 275 "https://laratrends.nl/test" "Mozilla/5.0 (Linux; Android 5.1.1; GLEE 10.1 3G Build/LMY48Y) AppleWebKit/537.36 (KHTML, like Gecko) Chrome/69.0.3497.100 Safari/537.36"
34.77.86.45 - - [25/Jun/2026:13:38:43 -0400] "GET /wp-includes/sodium_compat/namespaced/Core/Curve25519/ HTTP/1.1" 200 451 "-" "Mozilla/5.0 (Windows NT 10.0; rv:78.0) Gecko/20100101 Firefox/78.0"
34.77.86.45 - - [25/Jun/2026:13:38:44 -0400] "GET /wp-includes/sodium_compat/namespaced/Core/Curve25519/Ge/ HTTP/1.1" 200 468 "-" "Mozilla/5.0 (Windows NT 10.0; rv:78.0) Gecko/20100101 Firefox/78.0"
34.77.86.45 - - [25/Jun/2026:13:38:44 -0400] "GET /wp-includes/sodium_compat/namespaced/Core/Poly1305/ HTTP/1.1" 200 409 "-" "Mozilla/5.0 (Windows NT 10.0; rv:78.0) Gecko/20100101 Firefox/78.0"
34.77.86.45 - - [25/Jun/2026:13:38:44 -0400] "GET /wp-includes/sodium_compat/src/ HTTP/1.1" 200 557 "-" "Mozilla/5.0 (Windows NT 10.0; rv:78.0) Gecko/20100101 Firefox/78.0"
185.231.33.38 - - [25/Jun/2026:13:38:44 -0400] "GET /test/ HTTP/1.1" 200 41033 "https://laratrends.nl/test" "Mozilla/5.0 (Linux; Android 5.1.1; GLEE 10.1 3G Build/LMY48Y) AppleWebKit/537.36 (KHTML, like Gecko) Chrome/69.0.3497.100 Safari/537.36"
34.77.86.45 - - [25/Jun/2026:13:38:44 -0400] "GET /wp-includes/sodium_compat/src/Core/ HTTP/1.1" 200 817 "-" "Mozilla/5.0 (Windows NT 10.0; rv:78.0) Gecko/20100101 Firefox/78.0"
34.77.86.45 - - [25/Jun/2026:13:38:45 -0400] "GET /wp-includes/sodium_compat/src/Core/AEGIS/ HTTP/1.1" 200 427 "-" "Mozilla/5.0 (Windows NT 10.0; rv:78.0) Gecko/20100101 Firefox/78.0"
185.231.33.38 - - [25/Jun/2026:13:38:45 -0400] "GET /wordfence-waf.php HTTP/1.1" 200 - "https://laratrends.nl/wordfence-waf.php" "Mozilla/5.0 (Linux; Android 5.1.1; GLEE 10.1 3G Build/LMY48Y) AppleWebKit/537.36 (KHTML, like Gecko) Chrome/69.0.3497.100 Safari/537.36"
34.77.86.45 - - [25/Jun/2026:13:38:45 -0400] "GET /wp-includes/sodium_compat/src/Core/AES/ HTTP/1.1" 200 447 "-" "Mozilla/5.0 (Windows NT 10.0; rv:78.0) Gecko/20100101 Firefox/78.0"
34.77.86.45 - - [25/Jun/2026:13:38:45 -0400] "GET /wp-includes/sodium_compat/src/Core/Base64/ HTTP/1.1" 200 418 "-" "Mozilla/5.0 (Windows NT 10.0; rv:78.0) Gecko/20100101 Firefox/78.0"
34.77.86.45 - - [25/Jun/2026:13:38:45 -0400] "GET /wp-includes/sodium_compat/src/Core/ChaCha20/ HTTP/1.1" 200 420 "-" "Mozilla/5.0 (Windows NT 10.0; rv:78.0) Gecko/20100101 Firefox/78.0"
34.77.86.45 - - [25/Jun/2026:13:38:46 -0400] "GET /wp-includes/sodium_compat/src/Core/Curve25519/ HTTP/1.1" 200 459 "-" "Mozilla/5.0 (Windows NT 10.0; rv:78.0) Gecko/20100101 Firefox/78.0"
34.77.86.45 - - [25/Jun/2026:13:38:46 -0400] "GET /wp-includes/sodium_compat/src/Core/Curve25519/Ge/ HTTP/1.1" 200 468 "-" "Mozilla/5.0 (Windows NT 10.0; rv:78.0) Gecko/20100101 Firefox/78.0"
34.77.86.45 - - [25/Jun/2026:13:38:46 -0400] "GET /wp-includes/sodium_compat/src/Core/Poly1305/ HTTP/1.1" 200 405 "-" "Mozilla/5.0 (Windows NT 10.0; rv:78.0) Gecko/20100101 Firefox/78.0"
34.77.86.45 - - [25/Jun/2026:13:38:46 -0400] "GET /wp-includes/sodium_compat/src/Core/SecretStream/ HTTP/1.1" 200 406 "-" "Mozilla/5.0 (Windows NT 10.0; rv:78.0) Gecko/20100101 Firefox/78.0"
34.77.86.45 - - [25/Jun/2026:13:38:47 -0400] "GET /wp-includes/sodium_compat/src/Core32/ HTTP/1.1" 200 733 "-" "Mozilla/5.0 (Windows NT 10.0; rv:78.0) Gecko/20100101 Firefox/78.0"
34.77.86.45 - - [25/Jun/2026:13:38:47 -0400] "GET /wp-includes/sodium_compat/src/Core32/ChaCha20/ HTTP/1.1" 200 435 "-" "Mozilla/5.0 (Windows NT 10.0; rv:78.0) Gecko/20100101 Firefox/78.0"
34.77.86.45 - - [25/Jun/2026:13:38:47 -0400] "GET /wp-includes/sodium_compat/src/Core32/Curve25519/ HTTP/1.1" 200 459 "-" "Mozilla/5.0 (Windows NT 10.0; rv:78.0) Gecko/20100101 Firefox/78.0"
162.213.255.98 - - [25/Jun/2026:13:38:47 -0400] "POST /wp-cron.php?doing_wp_cron=1782409127.5457830429077148437500 HTTP/1.1" 200 - "-" "WordPress/6.9.4; https://laratrends.nl"
185.231.33.38 - - [25/Jun/2026:13:38:45 -0400] "GET /wp-activate.php HTTP/1.1" 302 6577 "https://laratrends.nl/wp-activate.php" "Mozilla/5.0 (Linux; Android 5.1.1; GLEE 10.1 3G Build/LMY48Y) AppleWebKit/537.36 (KHTML, like Gecko) Chrome/69.0.3497.100 Safari/537.36"
34.77.86.45 - - [25/Jun/2026:13:38:48 -0400] "GET /wp-includes/sodium_compat/src/Core32/Curve25519/Ge/ HTTP/1.1" 200 467 "-" "Mozilla/5.0 (Windows NT 10.0; rv:78.0) Gecko/20100101 Firefox/78.0"
34.77.86.45 - - [25/Jun/2026:13:38:48 -0400] "GET /wp-includes/sodium_compat/src/Core32/Poly1305/ HTTP/1.1" 200 408 "-" "Mozilla/5.0 (Windows NT 10.0; rv:78.0) Gecko/20100101 Firefox/78.0"
34.77.86.45 - - [25/Jun/2026:13:38:48 -0400] "GET /wp-includes/sodium_compat/src/Core32/SecretStream/ HTTP/1.1" 200 410 "-" "Mozilla/5.0 (Windows NT 10.0; rv:78.0) Gecko/20100101 Firefox/78.0"
34.77.86.45 - - [25/Jun/2026:13:38:48 -0400] "GET /wp-includes/sodium_compat/src/PHP52/ HTTP/1.1" 200 402 "-" "Mozilla/5.0 (Windows NT 10.0; rv:78.0) Gecko/20100101 Firefox/78.0"
34.77.86.45 - - [25/Jun/2026:13:38:48 -0400] "GET /wp-includes/style-engine/ HTTP/1.1" 200 506 "-" "Mozilla/5.0 (Windows NT 10.0; rv:78.0) Gecko/20100101 Firefox/78.0"
185.231.33.38 - - [25/Jun/2026:13:38:49 -0400] "GET /wp-blog-header.php HTTP/1.1" 403 22 "https://laratrends.nl/wp-blog-header.php" "Mozilla/5.0 (Linux; Android 5.1.1; GLEE 10.1 3G Build/LMY48Y) AppleWebKit/537.36 (KHTML, like Gecko) Chrome/69.0.3497.100 Safari/537.36"
34.77.86.45 - - [25/Jun/2026:13:38:49 -0400] "GET /wp-includes/style-engine/v3/ HTTP/1.1" 200 383 "-" "Mozilla/5.0 (Windows NT 10.0; rv:78.0) Gecko/20100101 Firefox/78.0"
34.77.86.45 - - [25/Jun/2026:13:38:49 -0400] "GET /wp-includes/style-engine/v3/tmp/ HTTP/1.1" 200 388 "-" "Mozilla/5.0 (Windows NT 10.0; rv:78.0) Gecko/20100101 Firefox/78.0"
34.77.86.45 - - [25/Jun/2026:13:38:49 -0400] "GET /wp-includes/style-engine/v3/tmp/backup/ HTTP/1.1" 200 392 "-" "Mozilla/5.0 (Windows NT 10.0; rv:78.0) Gecko/20100101 Firefox/78.0"
34.77.86.45 - - [25/Jun/2026:13:38:49 -0400] "GET /wp-includes/style-engine/v3/tmp/backup/2025/ HTTP/1.1" 200 396 "-" "Mozilla/5.0 (Windows NT 10.0; rv:78.0) Gecko/20100101 Firefox/78.0"
34.77.86.45 - - [25/Jun/2026:13:38:50 -0400] "GET /wp-includes/style-engine/v3/tmp/backup/2025/tmp/ HTTP/1.1" 200 398 "-" "Mozilla/5.0 (Windows NT 10.0; rv:78.0) Gecko/20100101 Firefox/78.0"
45.84.107.54 - - [25/Jun/2026:13:38:50 -0400] "GET /wp-config-sample.php HTTP/1.1" 500 2431 "https://laratrends.nl/wp-config-sample.php" "Mozilla/5.0 (Linux; Android 5.1.1; GLEE 10.1 3G Build/LMY48Y) AppleWebKit/537.36 (KHTML, like Gecko) Chrome/69.0.3497.100 Safari/537.36"
2a03:2880:f800:19:: - - [25/Jun/2026:13:38:51 -0400] "GET /blackjack-dubbelen/ HTTP/1.1" 404 - "-" "meta-externalagent/1.1 (+https://developers.facebook.com/docs/sharing/webmasters/crawler)"
34.77.86.45 - - [25/Jun/2026:13:38:50 -0400] "GET /wp-includes/style-engine/v3/tmp/backup/2025/tmp/hlc/ HTTP/1.1" 302 13605 "-" "Mozilla/5.0 (Windows NT 10.0; rv:78.0) Gecko/20100101 Firefox/78.0"
34.77.86.45 - - [25/Jun/2026:13:38:51 -0400] "GET /wp-includes/theme-compat/ HTTP/1.1" 200 627 "-" "Mozilla/5.0 (Windows NT 10.0; rv:78.0) Gecko/20100101 Firefox/78.0"
