216.73.217.104 - - [25/Jun/2026:11:17:42 -0400] "GET /wp-includes/js/jquery/suggest.min.js HTTP/1.1" 200 4206 "-" "Mozilla/5.0 AppleWebKit/537.36 (KHTML, like Gecko; compatible; ClaudeBot/1.0; +claudebot@anthropic.com)"
216.73.217.104 - - [25/Jun/2026:11:17:48 -0400] "GET /wp-includes/sodium_compat/src/PHP52/ HTTP/1.1" 200 402 "-" "Mozilla/5.0 AppleWebKit/537.36 (KHTML, like Gecko; compatible; ClaudeBot/1.0; +claudebot@anthropic.com)"
2a03:2880:f800:1d:: - - [25/Jun/2026:11:17:48 -0400] "GET /40-mega-clover-online-gokkast-spelen-gratis-en-met-geld/ HTTP/1.1" 404 - "-" "meta-externalagent/1.1 (+https://developers.facebook.com/docs/sharing/webmasters/crawler)"
216.73.217.104 - - [25/Jun/2026:11:17:50 -0400] "GET /wp-includes/js/zxcvbn-async.min.js HTTP/1.1" 200 3094 "-" "Mozilla/5.0 AppleWebKit/537.36 (KHTML, like Gecko; compatible; ClaudeBot/1.0; +claudebot@anthropic.com)"
216.73.217.104 - - [25/Jun/2026:11:17:55 -0400] "GET /wp-includes/sodium_compat/namespaced/Core/ HTTP/1.1" 200 616 "-" "Mozilla/5.0 AppleWebKit/537.36 (KHTML, like Gecko; compatible; ClaudeBot/1.0; +claudebot@anthropic.com)"
216.73.217.104 - - [25/Jun/2026:11:18:00 -0400] "GET /wp-includes/js/codemirror/fakejshint.js HTTP/1.1" 200 3377 "-" "Mozilla/5.0 AppleWebKit/537.36 (KHTML, like Gecko; compatible; ClaudeBot/1.0; +claudebot@anthropic.com)"
216.73.217.104 - - [25/Jun/2026:11:18:02 -0400] "GET /wp-includes/js/imgareaselect/ HTTP/1.1" 200 526 "-" "Mozilla/5.0 AppleWebKit/537.36 (KHTML, like Gecko; compatible; ClaudeBot/1.0; +claudebot@anthropic.com)"
216.73.217.104 - - [25/Jun/2026:11:18:08 -0400] "GET /wp-includes/js/customize-preview-nav-menus.js HTTP/1.1" 200 7114 "-" "Mozilla/5.0 AppleWebKit/537.36 (KHTML, like Gecko; compatible; ClaudeBot/1.0; +claudebot@anthropic.com)"
2a03:2880:f800:35:: - - [25/Jun/2026:11:18:10 -0400] "GET /casino777-nl-2025-review/ HTTP/1.1" 404 - "-" "meta-externalagent/1.1 (+https://developers.facebook.com/docs/sharing/webmasters/crawler)"
216.73.217.104 - - [25/Jun/2026:11:18:12 -0400] "GET /wp-includes/PHPMailer/css/2025/ HTTP/1.1" 200 387 "-" "Mozilla/5.0 AppleWebKit/537.36 (KHTML, like Gecko; compatible; ClaudeBot/1.0; +claudebot@anthropic.com)"
193.128.111.37 - - [25/Jun/2026:11:17:03 -0400] "GET /wp-adminold.zip HTTP/1.1" 200 220029819 "-" "Mozilla/5.0 (Macintosh; U; Intel Mac OS X 10_5_8; en-US) AppleWebKit/532.5 (KHTML, like Gecko) Chrome/4.0.249.0 Safari/532.5"
216.73.217.104 - - [25/Jun/2026:11:18:15 -0400] "GET /wp-includes/fonts/dashicons.woff HTTP/1.1" 200 26124 "-" "Mozilla/5.0 AppleWebKit/537.36 (KHTML, like Gecko; compatible; ClaudeBot/1.0; +claudebot@anthropic.com)"
216.73.217.104 - - [25/Jun/2026:11:18:20 -0400] "GET /wp-includes/js/twemoji.min.js HTTP/1.1" 200 7047 "-" "Mozilla/5.0 AppleWebKit/537.36 (KHTML, like Gecko; compatible; ClaudeBot/1.0; +claudebot@anthropic.com)"
185.150.0.77 - - [25/Jun/2026:11:18:20 -0400] "GET /favicon.ico HTTP/1.1" 404 - "-" "Mozilla/5.0 (Macintosh; Intel Mac OS X 10_15_7) AppleWebKit/537.36 (KHTML, like Gecko) Chrome/148.0.0.0 Safari/537.36"
216.73.217.104 - - [25/Jun/2026:11:18:25 -0400] "GET /%7B!%20$video_icon%20%7D%7D HTTP/1.1" 404 - "-" "Mozilla/5.0 AppleWebKit/537.36 (KHTML, like Gecko; compatible; ClaudeBot/1.0; +claudebot@anthropic.com)"
216.73.217.104 - - [25/Jun/2026:11:18:27 -0400] "GET /wp-includes/widgets/tmp/?C=D&O=A HTTP/1.1" 200 379 "-" "Mozilla/5.0 AppleWebKit/537.36 (KHTML, like Gecko; compatible; ClaudeBot/1.0; +claudebot@anthropic.com)"
216.73.217.104 - - [25/Jun/2026:11:18:32 -0400] "GET /wp-includes/theme-compat/modules/?C=S&O=A HTTP/1.1" 200 387 "-" "Mozilla/5.0 AppleWebKit/537.36 (KHTML, like Gecko; compatible; ClaudeBot/1.0; +claudebot@anthropic.com)"
216.73.217.104 - - [25/Jun/2026:11:18:37 -0400] "GET /wp-includes/widgets/tmp/?C=M&O=A HTTP/1.1" 200 379 "-" "Mozilla/5.0 AppleWebKit/537.36 (KHTML, like Gecko; compatible; ClaudeBot/1.0; +claudebot@anthropic.com)"
216.73.217.104 - - [25/Jun/2026:11:18:39 -0400] "GET /drahmad/wp-content/plugins/contact-form-7/includes/js/index.js HTTP/1.1" 200 9521 "-" "Mozilla/5.0 AppleWebKit/537.36 (KHTML, like Gecko; compatible; ClaudeBot/1.0; +claudebot@anthropic.com)"
216.73.217.104 - - [25/Jun/2026:11:18:44 -0400] "GET /wp-includes/widgets/?C=M&O=A HTTP/1.1" 200 784 "-" "Mozilla/5.0 AppleWebKit/537.36 (KHTML, like Gecko; compatible; ClaudeBot/1.0; +claudebot@anthropic.com)"
192.42.116.95 - - [25/Jun/2026:11:18:50 -0400] "GET / HTTP/1.1" 200 1156 "http://laratrends.nl/" "Go-http-client/2.0"
216.73.217.104 - - [25/Jun/2026:11:18:53 -0400] "GET /wp-includes/rest-api/endpoints/class-wp-rest-font-families-controller.php HTTP/1.1" 500 - "-" "Mozilla/5.0 AppleWebKit/537.36 (KHTML, like Gecko; compatible; ClaudeBot/1.0; +claudebot@anthropic.com)"
216.73.217.104 - - [25/Jun/2026:11:18:59 -0400] "GET /wp-includes/js/twemoji.js HTTP/1.1" 200 11822 "-" "Mozilla/5.0 AppleWebKit/537.36 (KHTML, like Gecko; compatible; ClaudeBot/1.0; +claudebot@anthropic.com)"
216.73.217.104 - - [25/Jun/2026:11:19:06 -0400] "GET /wp-includes/js/media-audiovideo.js HTTP/1.1" 200 8494 "-" "Mozilla/5.0 AppleWebKit/537.36 (KHTML, like Gecko; compatible; ClaudeBot/1.0; +claudebot@anthropic.com)"
216.73.217.104 - - [25/Jun/2026:11:19:11 -0400] "GET /wp-includes/theme-compat/modules/?C=D&O=A HTTP/1.1" 200 387 "-" "Mozilla/5.0 AppleWebKit/537.36 (KHTML, like Gecko; compatible; ClaudeBot/1.0; +claudebot@anthropic.com)"
216.73.217.104 - - [25/Jun/2026:11:19:16 -0400] "GET /wp-includes/widgets/tmp/?C=N&O=D HTTP/1.1" 200 377 "-" "Mozilla/5.0 AppleWebKit/537.36 (KHTML, like Gecko; compatible; ClaudeBot/1.0; +claudebot@anthropic.com)"
216.73.217.104 - - [25/Jun/2026:11:19:21 -0400] "GET /wp-includes/js/swfupload/handlers.min.js HTTP/1.1" 200 2886 "-" "Mozilla/5.0 AppleWebKit/537.36 (KHTML, like Gecko; compatible; ClaudeBot/1.0; +claudebot@anthropic.com)"
216.73.217.104 - - [25/Jun/2026:11:19:26 -0400] "GET /wp-includes/theme-compat/modules/?C=M&O=A HTTP/1.1" 200 387 "-" "Mozilla/5.0 AppleWebKit/537.36 (KHTML, like Gecko; compatible; ClaudeBot/1.0; +claudebot@anthropic.com)"
216.73.217.104 - - [25/Jun/2026:11:19:31 -0400] "GET /wp-includes/theme-compat/modules/?C=N&O=D HTTP/1.1" 200 385 "-" "Mozilla/5.0 AppleWebKit/537.36 (KHTML, like Gecko; compatible; ClaudeBot/1.0; +claudebot@anthropic.com)"
216.73.217.104 - - [25/Jun/2026:11:19:36 -0400] "GET /drahmad/category/uncategorized-en/ HTTP/1.1" 404 - "-" "Mozilla/5.0 AppleWebKit/537.36 (KHTML, like Gecko; compatible; ClaudeBot/1.0; +claudebot@anthropic.com)"
216.73.217.104 - - [25/Jun/2026:11:19:41 -0400] "GET /wp-includes/theme-compat/?C=D&O=A HTTP/1.1" 200 627 "-" "Mozilla/5.0 AppleWebKit/537.36 (KHTML, like Gecko; compatible; ClaudeBot/1.0; +claudebot@anthropic.com)"
216.73.217.104 - - [25/Jun/2026:11:19:46 -0400] "GET /wp-includes/rest-api/endpoints/?C=D&O=A HTTP/1.1" 200 1298 "-" "Mozilla/5.0 AppleWebKit/537.36 (KHTML, like Gecko; compatible; ClaudeBot/1.0; +claudebot@anthropic.com)"
216.73.217.104 - - [25/Jun/2026:11:19:52 -0400] "GET /wp-includes/customize/?C=M&O=A HTTP/1.1" 200 1178 "-" "Mozilla/5.0 AppleWebKit/537.36 (KHTML, like Gecko; compatible; ClaudeBot/1.0; +claudebot@anthropic.com)"
2a03:2880:f800:: - - [25/Jun/2026:11:19:53 -0400] "GET /gokkasten-slots-gratis/ HTTP/1.1" 404 - "-" "meta-externalagent/1.1 (+https://developers.facebook.com/docs/sharing/webmasters/crawler)"
103.179.240.74 - - [25/Jun/2026:11:19:54 -0400] "GET /shop?min_price=400&max_price=1699&filter_size=l%2Cm%2Cxxl%2C4xl&filter_color=%d8%a8%d9%8a%d8%ac HTTP/1.1" 404 - "https://laratrends.nl/shop?min_price=400&max_price=1699&filter_size=l%2Cm%2Cxxl%2C4xl&filter_color=%d8%a8%d9%8a%d8%ac" "Mozilla/5.0 (Linux; Android 13; M2102J24) AppleWebKit/537.36 (KHTML, like Gecko) Chrome/148.0.5946.128 Mobile Safari/537.36 MicroMessenger/8.0.32(0x18001B3F) NetType/WIFI Language/zh_CN"
216.73.217.104 - - [25/Jun/2026:11:19:57 -0400] "GET /wp-includes/js/codemirror/?C=S&O=A HTTP/1.1" 404 - "-" "Mozilla/5.0 AppleWebKit/537.36 (KHTML, like Gecko; compatible; ClaudeBot/1.0; +claudebot@anthropic.com)"
216.73.217.104 - - [25/Jun/2026:11:20:02 -0400] "GET /wp-includes/rest-api/endpoints/?C=M&O=A HTTP/1.1" 200 1299 "-" "Mozilla/5.0 AppleWebKit/537.36 (KHTML, like Gecko; compatible; ClaudeBot/1.0; +claudebot@anthropic.com)"
216.73.217.104 - - [25/Jun/2026:11:20:07 -0400] "GET /wp-includes/js/codemirror/?C=D&O=A HTTP/1.1" 404 - "-" "Mozilla/5.0 AppleWebKit/537.36 (KHTML, like Gecko; compatible; ClaudeBot/1.0; +claudebot@anthropic.com)"
2a03:2880:f800:6:: - - [25/Jun/2026:11:20:10 -0400] "GET /juicy-fruits-online-gokkast-spelen-gratis-en-met-geld/ HTTP/1.1" 404 - "-" "meta-externalagent/1.1 (+https://developers.facebook.com/docs/sharing/webmasters/crawler)"
216.73.217.104 - - [25/Jun/2026:11:20:12 -0400] "GET /wp-includes/customize/?C=N&O=D HTTP/1.1" 200 1182 "-" "Mozilla/5.0 AppleWebKit/537.36 (KHTML, like Gecko; compatible; ClaudeBot/1.0; +claudebot@anthropic.com)"
216.73.217.104 - - [25/Jun/2026:11:20:17 -0400] "GET /wp-includes/sodium_compat/src/?C=S&O=A HTTP/1.1" 200 549 "-" "Mozilla/5.0 AppleWebKit/537.36 (KHTML, like Gecko; compatible; ClaudeBot/1.0; +claudebot@anthropic.com)"
216.73.217.104 - - [25/Jun/2026:11:20:22 -0400] "GET /wp-includes/js/jquery/?C=S&O=A HTTP/1.1" 404 - "-" "Mozilla/5.0 AppleWebKit/537.36 (KHTML, like Gecko; compatible; ClaudeBot/1.0; +claudebot@anthropic.com)"
216.73.217.104 - - [25/Jun/2026:11:20:27 -0400] "GET /wp-includes/sodium_compat/src/?C=D&O=A HTTP/1.1" 200 557 "-" "Mozilla/5.0 AppleWebKit/537.36 (KHTML, like Gecko; compatible; ClaudeBot/1.0; +claudebot@anthropic.com)"
216.73.217.104 - - [25/Jun/2026:11:20:29 -0400] "GET /wp-includes/sodium_compat/?C=S&O=D HTTP/1.1" 200 542 "-" "Mozilla/5.0 AppleWebKit/537.36 (KHTML, like Gecko; compatible; ClaudeBot/1.0; +claudebot@anthropic.com)"
216.73.217.104 - - [25/Jun/2026:11:20:34 -0400] "GET /wp-includes/fonts/?C=D&O=D HTTP/1.1" 200 589 "-" "Mozilla/5.0 AppleWebKit/537.36 (KHTML, like Gecko; compatible; ClaudeBot/1.0; +claudebot@anthropic.com)"
2600:3c00::f03c:92ff:fe2d:bbf6 - - [25/Jun/2026:11:20:32 -0400] "GET /wp-adminold.zip HTTP/1.1" 200 220029819 "-" "Spider_Bot/3.0"
216.73.217.104 - - [25/Jun/2026:11:20:39 -0400] "GET /wp-includes/assets/?C=N&O=D HTTP/1.1" 200 540 "-" "Mozilla/5.0 AppleWebKit/537.36 (KHTML, like Gecko; compatible; ClaudeBot/1.0; +claudebot@anthropic.com)"
216.73.217.104 - - [25/Jun/2026:11:20:42 -0400] "GET /wp-includes/js/jquery/?C=N&O=D HTTP/1.1" 404 - "-" "Mozilla/5.0 AppleWebKit/537.36 (KHTML, like Gecko; compatible; ClaudeBot/1.0; +claudebot@anthropic.com)"
216.73.217.104 - - [25/Jun/2026:11:20:47 -0400] "GET /wp-includes/IXR/?C=S&O=A HTTP/1.1" 200 630 "-" "Mozilla/5.0 AppleWebKit/537.36 (KHTML, like Gecko; compatible; ClaudeBot/1.0; +claudebot@anthropic.com)"
2a03:2880:f800:2b:: - - [25/Jun/2026:11:20:47 -0400] "GET /pink-elephants-2-online-gokkast-spelen-gratis-en-met-geld/ HTTP/1.1" 404 - "-" "meta-externalagent/1.1 (+https://developers.facebook.com/docs/sharing/webmasters/crawler)"
216.73.217.104 - - [25/Jun/2026:11:20:52 -0400] "GET /wp-includes/sodium_compat/LICENSE HTTP/1.1" 200 860 "-" "Mozilla/5.0 AppleWebKit/537.36 (KHTML, like Gecko; compatible; ClaudeBot/1.0; +claudebot@anthropic.com)"
216.73.217.104 - - [25/Jun/2026:11:20:55 -0400] "GET /wp-includes/fonts/?C=M&O=A HTTP/1.1" 200 597 "-" "Mozilla/5.0 AppleWebKit/537.36 (KHTML, like Gecko; compatible; ClaudeBot/1.0; +claudebot@anthropic.com)"
216.73.217.104 - - [25/Jun/2026:11:21:00 -0400] "GET /wp-includes/assets/?C=N&O=A HTTP/1.1" 200 531 "-" "Mozilla/5.0 AppleWebKit/537.36 (KHTML, like Gecko; compatible; ClaudeBot/1.0; +claudebot@anthropic.com)"
216.73.217.104 - - [25/Jun/2026:11:21:05 -0400] "GET /wp-includes/sodium_compat/?C=M&O=A HTTP/1.1" 200 544 "-" "Mozilla/5.0 AppleWebKit/537.36 (KHTML, like Gecko; compatible; ClaudeBot/1.0; +claudebot@anthropic.com)"
216.73.217.104 - - [25/Jun/2026:11:21:08 -0400] "GET /wp-includes/certificates/?C=D&O=A HTTP/1.1" 200 389 "-" "Mozilla/5.0 AppleWebKit/537.36 (KHTML, like Gecko; compatible; ClaudeBot/1.0; +claudebot@anthropic.com)"
216.73.217.104 - - [25/Jun/2026:11:21:13 -0400] "GET /drahmad/wp-content/plugins/wow-carousel-for-divi-lite/assets/js/slick.min.js HTTP/1.1" 200 13552 "-" "Mozilla/5.0 AppleWebKit/537.36 (KHTML, like Gecko; compatible; ClaudeBot/1.0; +claudebot@anthropic.com)"
216.73.217.104 - - [25/Jun/2026:11:21:18 -0400] "GET /wp-includes/certificates/?C=M&O=A HTTP/1.1" 200 389 "-" "Mozilla/5.0 AppleWebKit/537.36 (KHTML, like Gecko; compatible; ClaudeBot/1.0; +claudebot@anthropic.com)"
216.73.217.104 - - [25/Jun/2026:11:21:23 -0400] "GET /wp-includes/sodium_compat/lib/?C=S&O=A HTTP/1.1" 200 606 "-" "Mozilla/5.0 AppleWebKit/537.36 (KHTML, like Gecko; compatible; ClaudeBot/1.0; +claudebot@anthropic.com)"
216.73.217.104 - - [25/Jun/2026:11:21:28 -0400] "GET /drahmad/wp-includes/js/dist/vendor/wp-polyfill-inert.min.js HTTP/1.1" 200 5393 "-" "Mozilla/5.0 AppleWebKit/537.36 (KHTML, like Gecko; compatible; ClaudeBot/1.0; +claudebot@anthropic.com)"
2a03:2880:f800:9:: - - [25/Jun/2026:11:21:31 -0400] "GET /bet365-casino-nl-2025-review/ HTTP/1.1" 404 - "-" "meta-externalagent/1.1 (+https://developers.facebook.com/docs/sharing/webmasters/crawler)"
216.73.217.104 - - [25/Jun/2026:11:21:33 -0400] "GET /wp-includes/rest-api/search/?C=S&O=A HTTP/1.1" 200 515 "-" "Mozilla/5.0 AppleWebKit/537.36 (KHTML, like Gecko; compatible; ClaudeBot/1.0; +claudebot@anthropic.com)"
216.73.217.104 - - [25/Jun/2026:11:21:38 -0400] "GET /wp-includes/sodium_compat/lib/?C=D&O=A HTTP/1.1" 200 611 "-" "Mozilla/5.0 AppleWebKit/537.36 (KHTML, like Gecko; compatible; ClaudeBot/1.0; +claudebot@anthropic.com)"
216.73.217.104 - - [25/Jun/2026:11:21:43 -0400] "GET /wp-includes/certificates/?C=N&O=D HTTP/1.1" 200 387 "-" "Mozilla/5.0 AppleWebKit/537.36 (KHTML, like Gecko; compatible; ClaudeBot/1.0; +claudebot@anthropic.com)"
216.73.217.104 - - [25/Jun/2026:11:21:48 -0400] "GET /wp-includes/sodium_compat/lib/?C=M&O=A HTTP/1.1" 200 610 "-" "Mozilla/5.0 AppleWebKit/537.36 (KHTML, like Gecko; compatible; ClaudeBot/1.0; +claudebot@anthropic.com)"
216.73.217.104 - - [25/Jun/2026:11:21:53 -0400] "GET /wp-includes/js/swfupload/?C=M&O=A HTTP/1.1" 404 - "-" "Mozilla/5.0 AppleWebKit/537.36 (KHTML, like Gecko; compatible; ClaudeBot/1.0; +claudebot@anthropic.com)"
216.73.217.104 - - [25/Jun/2026:11:21:58 -0400] "GET /wp-includes/pomo/?C=M&O=A HTTP/1.1" 200 531 "-" "Mozilla/5.0 AppleWebKit/537.36 (KHTML, like Gecko; compatible; ClaudeBot/1.0; +claudebot@anthropic.com)"
216.73.217.104 - - [25/Jun/2026:11:22:03 -0400] "GET /wp-includes/sodium_compat/?C=N&O=A HTTP/1.1" 200 539 "-" "Mozilla/5.0 AppleWebKit/537.36 (KHTML, like Gecko; compatible; ClaudeBot/1.0; +claudebot@anthropic.com)"
43.157.181.189 - - [25/Jun/2026:11:22:04 -0400] "GET /?C=S;O=A HTTP/1.1" 200 1144 "-" "Mozilla/5.0 (iPhone; CPU iPhone OS 13_2_3 like Mac OS X) AppleWebKit/605.1.15 (KHTML, like Gecko) Version/13.0.3 Mobile/15E148 Safari/604.1"
216.73.217.104 - - [25/Jun/2026:11:22:08 -0400] "GET /wp-includes/l10n/?C=S&O=D HTTP/1.1" 200 486 "-" "Mozilla/5.0 AppleWebKit/537.36 (KHTML, like Gecko; compatible; ClaudeBot/1.0; +claudebot@anthropic.com)"
216.73.217.104 - - [25/Jun/2026:11:22:13 -0400] "GET /wp-includes/js/swfupload/?C=N&O=D HTTP/1.1" 404 - "-" "Mozilla/5.0 AppleWebKit/537.36 (KHTML, like Gecko; compatible; ClaudeBot/1.0; +claudebot@anthropic.com)"
216.73.217.104 - - [25/Jun/2026:11:22:18 -0400] "GET /wp-includes/pomo/?C=N&O=D HTTP/1.1" 200 531 "-" "Mozilla/5.0 AppleWebKit/537.36 (KHTML, like Gecko; compatible; ClaudeBot/1.0; +claudebot@anthropic.com)"
216.73.217.104 - - [25/Jun/2026:11:22:23 -0400] "GET /wp-includes/l10n/?C=D&O=D HTTP/1.1" 200 486 "-" "Mozilla/5.0 AppleWebKit/537.36 (KHTML, like Gecko; compatible; ClaudeBot/1.0; +claudebot@anthropic.com)"
216.73.217.104 - - [25/Jun/2026:11:22:28 -0400] "GET /wp-includes/l10n/?C=M&O=D HTTP/1.1" 200 486 "-" "Mozilla/5.0 AppleWebKit/537.36 (KHTML, like Gecko; compatible; ClaudeBot/1.0; +claudebot@anthropic.com)"
216.73.217.104 - - [25/Jun/2026:11:22:33 -0400] "GET /wp-includes/PHPMailer/?C=S&O=D HTTP/1.1" 200 548 "-" "Mozilla/5.0 AppleWebKit/537.36 (KHTML, like Gecko; compatible; ClaudeBot/1.0; +claudebot@anthropic.com)"
216.73.217.104 - - [25/Jun/2026:11:22:38 -0400] "GET /wp-includes/sodium_compat/?C=D&O=A HTTP/1.1" 200 539 "-" "Mozilla/5.0 AppleWebKit/537.36 (KHTML, like Gecko; compatible; ClaudeBot/1.0; +claudebot@anthropic.com)"
2a03:2880:f800:2b:: - - [25/Jun/2026:11:22:39 -0400] "GET /uitleg-roulette-strategie/ HTTP/1.1" 404 - "-" "meta-externalagent/1.1 (+https://developers.facebook.com/docs/sharing/webmasters/crawler)"
216.73.217.104 - - [25/Jun/2026:11:22:43 -0400] "GET /wp-includes/PHPMailer/?C=D&O=D HTTP/1.1" 200 542 "-" "Mozilla/5.0 AppleWebKit/537.36 (KHTML, like Gecko; compatible; ClaudeBot/1.0; +claudebot@anthropic.com)"
216.73.217.104 - - [25/Jun/2026:11:22:48 -0400] "GET /wp-includes/block-supports/?C=S&O=D HTTP/1.1" 200 858 "-" "Mozilla/5.0 AppleWebKit/537.36 (KHTML, like Gecko; compatible; ClaudeBot/1.0; +claudebot@anthropic.com)"
2a03:2880:f800:2b:: - - [25/Jun/2026:11:23:12 -0400] "GET /gratis-bingo-spelen-online/ HTTP/1.1" 404 - "-" "meta-externalagent/1.1 (+https://developers.facebook.com/docs/sharing/webmasters/crawler)"
2a03:2880:f800:13:: - - [25/Jun/2026:11:23:13 -0400] "GET /roulette-strategie-zahlen/ HTTP/1.1" 404 - "-" "meta-externalagent/1.1 (+https://developers.facebook.com/docs/sharing/webmasters/crawler)"
185.11.134.227 - - [25/Jun/2026:11:23:36 -0400] "GET /test/2025/10/06/vilket-mobilcasino-erbjuder-mobile-roulette-med/ HTTP/1.1" 200 26025 "https://laratrends.nl/" "Mozilla/5.0 (Windows NT 10.0; Win64; x64; rv:143.0) Gecko/20100101 Firefox/143.0"
2a03:2880:f800:47:: - - [25/Jun/2026:11:23:49 -0400] "GET /casino-online-echtgeld-bonus/ HTTP/1.1" 404 - "-" "meta-externalagent/1.1 (+https://developers.facebook.com/docs/sharing/webmasters/crawler)"
185.11.134.227 - - [25/Jun/2026:11:23:54 -0400] "GET /test/wp-admin/nav-menus.php HTTP/1.1" 302 6577 "https://laratrends.nl/test/2025/10/06/vilket-mobilcasino-erbjuder-mobile-roulette-med/" "Mozilla/5.0 (Windows NT 6.3; Win64; x64) AppleWebKit/537.36 (KHTML, like Gecko) Chrome/103.0.0.0 Safari/537.36"
185.11.134.227 - - [25/Jun/2026:11:23:57 -0400] "GET /test/wp-admin/upgrade.php?_wp_http_referer=%2Ftest%2Fwp-admin%2Fnav-menus.php HTTP/1.1" 200 629 "https://laratrends.nl/test/wp-admin/nav-menus.php" "Mozilla/5.0 (Windows NT 6.3; Win64; x64) AppleWebKit/537.36 (KHTML, like Gecko) Chrome/103.0.0.0 Safari/537.36"
185.11.134.227 - - [25/Jun/2026:11:24:01 -0400] "GET /test/wp-admin/upgrade.php?action=register HTTP/1.1" 200 674 "https://laratrends.nl/test/wp-admin/upgrade.php?_wp_http_referer=%2Ftest%2Fwp-admin%2Fnav-menus.php" "Mozilla/5.0 (Windows NT 6.3; Win64; x64) AppleWebKit/537.36 (KHTML, like Gecko) Chrome/103.0.0.0 Safari/537.36"
2a03:2880:f800:33:: - - [25/Jun/2026:11:24:07 -0400] "GET /slotmonster-casino-no-deposit-bonus/ HTTP/1.1" 404 - "-" "meta-externalagent/1.1 (+https://developers.facebook.com/docs/sharing/webmasters/crawler)"
2a03:2880:f800:31:: - - [25/Jun/2026:11:24:07 -0400] "GET /gokkasten-jaren-80/ HTTP/1.1" 404 - "-" "meta-externalagent/1.1 (+https://developers.facebook.com/docs/sharing/webmasters/crawler)"
185.11.134.227 - - [25/Jun/2026:11:24:08 -0400] "GET /test/2025/10/06/vilket-mobilcasino-erbjuder-mobile-roulette-med/ HTTP/1.1" 200 26025 "https://laratrends.nl/test/2025/10/06/vilket-mobilcasino-erbjuder-mobile-roulette-med/" "Mozilla/5.0 (Windows NT 6.3; Win64; x64) AppleWebKit/537.36 (KHTML, like Gecko) Chrome/103.0.0.0 Safari/537.36"
185.11.134.227 - - [25/Jun/2026:11:24:23 -0400] "POST /test/wp-comments-post.php HTTP/1.1" 302 6577 "https://laratrends.nl/test/2025/10/06/vilket-mobilcasino-erbjuder-mobile-roulette-med/" "Mozilla/5.0 (Windows NT 6.3; Win64; x64) AppleWebKit/537.36 (KHTML, like Gecko) Chrome/103.0.0.0 Safari/537.36"
2a03:2880:f800:14:: - - [25/Jun/2026:11:24:29 -0400] "GET /avantgarde-casino-100-free-spins/ HTTP/1.1" 404 - "-" "meta-externalagent/1.1 (+https://developers.facebook.com/docs/sharing/webmasters/crawler)"
185.11.134.227 - - [25/Jun/2026:11:24:29 -0400] "GET /test/2025/10/06/vilket-mobilcasino-erbjuder-mobile-roulette-med/?unapproved=688&moderation-hash=ae1834da95f742ac85d9e3bf2241760f HTTP/1.1" 200 26899 "https://laratrends.nl/test/wp-comments-post.php" "Mozilla/5.0 (Windows NT 6.3; Win64; x64) AppleWebKit/537.36 (KHTML, like Gecko) Chrome/103.0.0.0 Safari/537.36"
2a03:2880:f800:23:: - - [25/Jun/2026:11:24:36 -0400] "GET /mustang-money-online-gokkast-spelen-gratis-en-met-geld/ HTTP/1.1" 404 - "-" "meta-externalagent/1.1 (+https://developers.facebook.com/docs/sharing/webmasters/crawler)"
185.11.134.227 - - [25/Jun/2026:11:24:43 -0400] "GET /test/2025/10/06/vilket-mobilcasino-erbjuder-mobile-roulette-med/ HTTP/1.1" 200 26025 "-" "Mozilla/5.0 (compatible; Googlebot/2.1; +http://www.google.com/bot.html)"
2a03:2880:f800:19:: - - [25/Jun/2026:11:25:05 -0400] "GET /aztec-gold-extra-gold-megaways-online-gokkast-spelen-gratis-en-met-geld/ HTTP/1.1" 404 - "-" "meta-externalagent/1.1 (+https://developers.facebook.com/docs/sharing/webmasters/crawler)"
2a03:2880:f800:b:: - - [25/Jun/2026:11:25:21 -0400] "GET /joreels-casino-100-free-spins/ HTTP/1.1" 404 - "-" "meta-externalagent/1.1 (+https://developers.facebook.com/docs/sharing/webmasters/crawler)"
2a03:2880:f800:b:: - - [25/Jun/2026:11:25:36 -0400] "GET /coincasino-casino-nl-2025-review/ HTTP/1.1" 404 - "-" "meta-externalagent/1.1 (+https://developers.facebook.com/docs/sharing/webmasters/crawler)"
185.150.0.77 - - [25/Jun/2026:11:18:13 -0400] "GET /wp-adminold.zip HTTP/1.1" 200 220029819 "-" "Mozilla/5.0 (Macintosh; Intel Mac OS X 10_15_7) AppleWebKit/537.36 (KHTML, like Gecko) Chrome/148.0.0.0 Safari/537.36"
2a03:2880:f800:47:: - - [25/Jun/2026:11:25:41 -0400] "GET /amerikaans-roulette-wiel/ HTTP/1.1" 404 - "-" "meta-externalagent/1.1 (+https://developers.facebook.com/docs/sharing/webmasters/crawler)"
2a03:2880:f800:2:: - - [25/Jun/2026:11:25:42 -0400] "GET /online-kansspelen-wetgeving/ HTTP/1.1" 404 - "-" "meta-externalagent/1.1 (+https://developers.facebook.com/docs/sharing/webmasters/crawler)"
2a03:2880:f800:16:: - - [25/Jun/2026:11:26:06 -0400] "GET /five-star-online-gokkast-spelen-gratis-en-met-geld/ HTTP/1.1" 404 - "-" "meta-externalagent/1.1 (+https://developers.facebook.com/docs/sharing/webmasters/crawler)"
2a03:2880:f800:28:: - - [25/Jun/2026:11:26:17 -0400] "GET /gratis-yggdrasil-gokkasten/ HTTP/1.1" 404 - "-" "meta-externalagent/1.1 (+https://developers.facebook.com/docs/sharing/webmasters/crawler)"
2a03:2880:f800:29:: - - [25/Jun/2026:11:26:26 -0400] "GET /meeste-winkans-roulette/ HTTP/1.1" 404 - "-" "meta-externalagent/1.1 (+https://developers.facebook.com/docs/sharing/webmasters/crawler)"
2a03:2880:f800:22:: - - [25/Jun/2026:11:26:39 -0400] "GET /loco-win-casino-nl-2025-review/ HTTP/1.1" 404 - "-" "meta-externalagent/1.1 (+https://developers.facebook.com/docs/sharing/webmasters/crawler)"
2a03:2880:f800:22:: - - [25/Jun/2026:11:26:47 -0400] "GET /10-beste-online-casinos/ HTTP/1.1" 404 - "-" "meta-externalagent/1.1 (+https://developers.facebook.com/docs/sharing/webmasters/crawler)"
2a03:2880:f800:2:: - - [25/Jun/2026:11:26:51 -0400] "GET /book-of-dead-casino-no-deposit-bonus/ HTTP/1.1" 404 - "-" "meta-externalagent/1.1 (+https://developers.facebook.com/docs/sharing/webmasters/crawler)"
2a03:2880:f800:: - - [25/Jun/2026:11:27:28 -0400] "GET /nederlandse-casino-speelautomaten/ HTTP/1.1" 404 - "-" "meta-externalagent/1.1 (+https://developers.facebook.com/docs/sharing/webmasters/crawler)"
185.11.134.227 - - [25/Jun/2026:11:27:34 -0400] "GET /test/2025/10/06/vilket-mobilcasino-erbjuder-mobile-roulette-med/ HTTP/1.1" 200 26025 "-" "Mozilla/5.0 (compatible; Googlebot/2.1; +http://www.google.com/bot.html)"
2a03:2880:f800:10:: - - [25/Jun/2026:11:28:45 -0400] "GET /beste-welkomstbonussen-casino/ HTTP/1.1" 404 - "-" "meta-externalagent/1.1 (+https://developers.facebook.com/docs/sharing/webmasters/crawler)"
2a03:2880:f800:2a:: - - [25/Jun/2026:11:28:46 -0400] "GET /nederlandse-casino-blackjack-regels/ HTTP/1.1" 404 - "-" "meta-externalagent/1.1 (+https://developers.facebook.com/docs/sharing/webmasters/crawler)"
2a03:2880:f800:c:: - - [25/Jun/2026:11:28:46 -0400] "GET /bingo-getallen-generator/ HTTP/1.1" 404 - "-" "meta-externalagent/1.1 (+https://developers.facebook.com/docs/sharing/webmasters/crawler)"
2a03:2880:f800:33:: - - [25/Jun/2026:11:28:52 -0400] "GET /best-uitbetalende-online-gokkasten/ HTTP/1.1" 404 - "-" "meta-externalagent/1.1 (+https://developers.facebook.com/docs/sharing/webmasters/crawler)"
2a03:2880:f800:25:: - - [25/Jun/2026:11:29:02 -0400] "GET /mrpunter-casino-nl-2025-review/ HTTP/1.1" 404 - "-" "meta-externalagent/1.1 (+https://developers.facebook.com/docs/sharing/webmasters/crawler)"
2a03:2880:f800:d:: - - [25/Jun/2026:11:29:21 -0400] "GET /regels-21/ HTTP/1.1" 404 - "-" "meta-externalagent/1.1 (+https://developers.facebook.com/docs/sharing/webmasters/crawler)"
162.213.255.98 - - [25/Jun/2026:11:29:49 -0400] "POST /drahmad/wp-cron.php?doing_wp_cron=1782401389.6972630023956298828125 HTTP/1.1" 200 - "-" "WordPress/6.2.2; https://laratrends.nl/drahmad"
194.165.16.5 - - [25/Jun/2026:11:29:44 -0400] "GET /drahmad/wp-login.php HTTP/1.1" 200 2135 "-" "Mozilla/5.0 (Macintosh; Intel Mac OS X 13_5) AppleWebKit/605.1.15 (KHTML, like Gecko) Version/17.5 Safari/605.1.15"
194.165.16.5 - - [25/Jun/2026:11:29:50 -0400] "POST /drahmad/xmlrpc.php HTTP/1.1" 200 130 "-" "Mozilla/5.0 (Windows NT 10.0; Win64; x64) AppleWebKit/537.36 (KHTML, like Gecko) Chrome/124.0.6367.207 Safari/537.36"
162.213.255.98 - - [25/Jun/2026:11:29:52 -0400] "POST /drahmad/wp-cron.php?doing_wp_cron=1782401392.6476149559020996093750 HTTP/1.1" 200 - "-" "WordPress/6.2.2; https://laratrends.nl/drahmad"
194.165.16.5 - - [25/Jun/2026:11:29:52 -0400] "POST /drahmad/xmlrpc.php HTTP/1.1" 200 2578 "-" "Mozilla/5.0 (Windows NT 10.0; Win64; x64; rv:127.0) Gecko/20100101 Firefox/127.0"
93.178.119.6 - - [25/Jun/2026:11:30:11 -0400] "GET /shop?min_price=400&max_price=1699&filter_size=l%2Cm%2C4xl%2C3xl%2Cxl&filter_color=%d8%a7%d8%a8%d9%8a%d8%b6%2C%d8%a8%d9%8a%d8%ac%2C%d8%a7%d8%b3%d9%88%d8%af HTTP/1.1" 404 - "https://laratrends.nl/shop?min_price=400&max_price=1699&filter_size=l%2Cm%2C4xl%2C3xl%2Cxl&filter_color=%d8%a7%d8%a8%d9%8a%d8%b6%2C%d8%a8%d9%8a%d8%ac%2C%d8%a7%d8%b3%d9%88%d8%af" "Mozilla/5.0 (Linux; Android 14; M2102J22) AppleWebKit/537.36 (KHTML, like Gecko) Chrome/151.0.5971.144 Mobile Safari/537.36 MicroMessenger/8.0.40(0x18001B3F) NetType/WIFI Language/zh_CN"
2a03:2880:f800:d:: - - [25/Jun/2026:11:30:48 -0400] "GET /christmas-carol-megaways-online-gokkast-spelen-gratis-en-met-geld/ HTTP/1.1" 404 - "-" "meta-externalagent/1.1 (+https://developers.facebook.com/docs/sharing/webmasters/crawler)"
2a03:2880:f800:3d:: - - [25/Jun/2026:11:31:13 -0400] "GET /spinamba-casino-no-deposit-bonus/ HTTP/1.1" 404 - "-" "meta-externalagent/1.1 (+https://developers.facebook.com/docs/sharing/webmasters/crawler)"
2a03:2880:f800:27:: - - [25/Jun/2026:11:31:43 -0400] "GET /online-gratis-fruitautomaten/ HTTP/1.1" 404 - "-" "meta-externalagent/1.1 (+https://developers.facebook.com/docs/sharing/webmasters/crawler)"
2a03:2880:f800:1f:: - - [25/Jun/2026:11:31:54 -0400] "GET /betplay-casino-100-free-spins/ HTTP/1.1" 404 - "-" "meta-externalagent/1.1 (+https://developers.facebook.com/docs/sharing/webmasters/crawler)"
49.51.166.228 - - [25/Jun/2026:11:31:52 -0400] "GET /test/2026/05/08/mindil-beach-casino-resort-photos/ HTTP/1.1" 200 25562 "-" "Mozilla/5.0 (iPhone; CPU iPhone OS 13_2_3 like Mac OS X) AppleWebKit/605.1.15 (KHTML, like Gecko) Version/13.0.3 Mobile/15E148 Safari/604.1"
2a03:2880:f800:41:: - - [25/Jun/2026:11:31:57 -0400] "GET /spelletje-bingo/ HTTP/1.1" 404 - "-" "meta-externalagent/1.1 (+https://developers.facebook.com/docs/sharing/webmasters/crawler)"
2a03:2880:f800:e:: - - [25/Jun/2026:11:32:25 -0400] "GET /best-netent-slots/ HTTP/1.1" 404 - "-" "meta-externalagent/1.1 (+https://developers.facebook.com/docs/sharing/webmasters/crawler)"
2a03:2880:f800:4:: - - [25/Jun/2026:11:32:36 -0400] "GET /spin-palace-casino-100-free-spins/ HTTP/1.1" 404 - "-" "meta-externalagent/1.1 (+https://developers.facebook.com/docs/sharing/webmasters/crawler)"
118.189.242.201 - - [25/Jun/2026:11:32:40 -0400] "GET /test/2025/10/02/wygrane-w-keno-forum/ HTTP/1.1" 200 25610 "https://laratrends.nl/" "Mozilla/5.0 (X11; Linux i686; rv:114.0) Gecko/20100101 Firefox/114.0"
118.189.242.201 - - [25/Jun/2026:11:32:42 -0400] "GET /test/wp-content/themes/pressmart/style.css?ver=7.0 HTTP/1.1" 304 - "https://laratrends.nl/test/2025/10/02/wygrane-w-keno-forum/" "Mozilla/5.0 (Windows NT 10.0; Win64; x64) AppleWebKit/537.36 (KHTML, like Gecko) Chrome/143.0.0.0 Safari/537.36"
118.189.242.201 - - [25/Jun/2026:11:32:43 -0400] "GET /test/wp-content/themes/pressmart/assets/css/bootstrap-grid.css?ver=4.1.3 HTTP/1.1" 304 - "https://laratrends.nl/test/2025/10/02/wygrane-w-keno-forum/" "Mozilla/5.0 (Windows NT 10.0; Win64; x64) AppleWebKit/537.36 (KHTML, like Gecko) Chrome/143.0.0.0 Safari/537.36"
118.189.242.201 - - [25/Jun/2026:11:32:44 -0400] "GET /test/wp-content/themes/pressmart/assets/css/presslayouts-font.css?ver=1.0 HTTP/1.1" 304 - "https://laratrends.nl/test/2025/10/02/wygrane-w-keno-forum/" "Mozilla/5.0 (Windows NT 10.0; Win64; x64) AppleWebKit/537.36 (KHTML, like Gecko) Chrome/143.0.0.0 Safari/537.36"
118.189.242.201 - - [25/Jun/2026:11:32:45 -0400] "GET /test/wp-content/themes/pressmart/assets/css/woocommerce.css?ver=7.0 HTTP/1.1" 304 - "https://laratrends.nl/test/2025/10/02/wygrane-w-keno-forum/" "Mozilla/5.0 (Windows NT 10.0; Win64; x64) AppleWebKit/537.36 (KHTML, like Gecko) Chrome/143.0.0.0 Safari/537.36"
118.189.242.201 - - [25/Jun/2026:11:32:45 -0400] "GET /test/wp-content/themes/pressmart/assets/css/owl.carousel.min.css?ver=2.3.4 HTTP/1.1" 304 - "https://laratrends.nl/test/2025/10/02/wygrane-w-keno-forum/" "Mozilla/5.0 (Windows NT 10.0; Win64; x64) AppleWebKit/537.36 (KHTML, like Gecko) Chrome/143.0.0.0 Safari/537.36"
118.189.242.201 - - [25/Jun/2026:11:32:46 -0400] "GET /test/wp-content/themes/pressmart/assets/css/slick.css?ver=1.9.0 HTTP/1.1" 304 - "https://laratrends.nl/test/2025/10/02/wygrane-w-keno-forum/" "Mozilla/5.0 (Windows NT 10.0; Win64; x64) AppleWebKit/537.36 (KHTML, like Gecko) Chrome/143.0.0.0 Safari/537.36"
2a03:2880:f800:35:: - - [25/Jun/2026:11:32:47 -0400] "GET /nederlandse-casinos-met-licentie/ HTTP/1.1" 404 - "-" "meta-externalagent/1.1 (+https://developers.facebook.com/docs/sharing/webmasters/crawler)"
118.189.242.201 - - [25/Jun/2026:11:32:47 -0400] "GET /test/wp-content/themes/pressmart/assets/css/magnific-popup.css?ver=1.1.0 HTTP/1.1" 304 - "https://laratrends.nl/test/2025/10/02/wygrane-w-keno-forum/" "Mozilla/5.0 (Windows NT 10.0; Win64; x64) AppleWebKit/537.36 (KHTML, like Gecko) Chrome/143.0.0.0 Safari/537.36"
118.189.242.201 - - [25/Jun/2026:11:32:48 -0400] "GET /test/wp-content/themes/pressmart/assets/css/animate.min.css?ver=3.7.2 HTTP/1.1" 304 - "https://laratrends.nl/test/2025/10/02/wygrane-w-keno-forum/" "Mozilla/5.0 (Windows NT 10.0; Win64; x64) AppleWebKit/537.36 (KHTML, like Gecko) Chrome/143.0.0.0 Safari/537.36"
118.189.242.201 - - [25/Jun/2026:11:32:49 -0400] "GET /test/wp-content/themes/pressmart/assets/css/theme.css?ver=7.0 HTTP/1.1" 304 - "https://laratrends.nl/test/2025/10/02/wygrane-w-keno-forum/" "Mozilla/5.0 (Windows NT 10.0; Win64; x64) AppleWebKit/537.36 (KHTML, like Gecko) Chrome/143.0.0.0 Safari/537.36"
118.189.242.201 - - [25/Jun/2026:11:32:50 -0400] "POST /test/wp-comments-post.php HTTP/1.1" 302 6577 "https://laratrends.nl/test/2025/10/02/wygrane-w-keno-forum/" "Mozilla/5.0 (X11; Linux i686; rv:114.0) Gecko/20100101 Firefox/114.0"
118.189.242.201 - - [25/Jun/2026:11:32:51 -0400] "GET /test/2025/10/02/wygrane-w-keno-forum/?unapproved=689&moderation-hash=7dd58fa5b43509ff54679b1671dfd099 HTTP/1.1" 200 26449 "https://laratrends.nl/test/wp-comments-post.php" "Mozilla/5.0 (X11; Linux i686; rv:114.0) Gecko/20100101 Firefox/114.0"
118.189.242.201 - - [25/Jun/2026:11:32:52 -0400] "GET /test/2025/10/02/wygrane-w-keno-forum/ HTTP/1.1" 200 25610 "-" "Mozilla/5.0 (compatible; Googlebot/2.1; +http://www.google.com/bot.html)"
2a03:2880:f800:3d:: - - [25/Jun/2026:11:32:53 -0400] "GET /gokken-zonder-account/ HTTP/1.1" 404 - "-" "meta-externalagent/1.1 (+https://developers.facebook.com/docs/sharing/webmasters/crawler)"
2a03:2880:f800:f:: - - [25/Jun/2026:11:33:18 -0400] "GET /bets-io-casino-nl-2025-review/ HTTP/1.1" 404 - "-" "meta-externalagent/1.1 (+https://developers.facebook.com/docs/sharing/webmasters/crawler)"
2a03:2880:f800:15:: - - [25/Jun/2026:11:33:21 -0400] "GET /kans-bij-roulette/ HTTP/1.1" 404 - "-" "meta-externalagent/1.1 (+https://developers.facebook.com/docs/sharing/webmasters/crawler)"
2a03:2880:f800:14:: - - [25/Jun/2026:11:33:23 -0400] "GET /bingo-nummer-generator-online/ HTTP/1.1" 404 - "-" "meta-externalagent/1.1 (+https://developers.facebook.com/docs/sharing/webmasters/crawler)"
2a03:2880:f800:b:: - - [25/Jun/2026:11:33:24 -0400] "GET /nieuwe-online-casino-no-deposit/ HTTP/1.1" 404 - "-" "meta-externalagent/1.1 (+https://developers.facebook.com/docs/sharing/webmasters/crawler)"
2a03:2880:f800:21:: - - [25/Jun/2026:11:34:03 -0400] "GET /items/N94220127/ HTTP/1.1" 404 - "-" "meta-externalagent/1.1 (+https://developers.facebook.com/docs/sharing/webmasters/crawler)"
2a03:2880:f800:2f:: - - [25/Jun/2026:11:34:06 -0400] "GET /bingo-spelen-spelregels/ HTTP/1.1" 404 - "-" "meta-externalagent/1.1 (+https://developers.facebook.com/docs/sharing/webmasters/crawler)"
118.189.242.201 - - [25/Jun/2026:11:34:07 -0400] "GET /test/2025/10/02/wygrane-w-keno-forum/ HTTP/1.1" 200 25610 "-" "Mozilla/5.0 (compatible; Googlebot/2.1; +http://www.google.com/bot.html)"
2a03:2880:f800:10:: - - [25/Jun/2026:11:34:17 -0400] "GET /caxino-casino-nl-2025-review/ HTTP/1.1" 404 - "-" "meta-externalagent/1.1 (+https://developers.facebook.com/docs/sharing/webmasters/crawler)"
2a03:2880:f800:6:: - - [25/Jun/2026:11:34:35 -0400] "GET /bgo-casino-no-deposit-bonus/ HTTP/1.1" 404 - "-" "meta-externalagent/1.1 (+https://developers.facebook.com/docs/sharing/webmasters/crawler)"
2a03:2880:f800:1c:: - - [25/Jun/2026:11:35:00 -0400] "GET /bestes-roulette-system/ HTTP/1.1" 404 - "-" "meta-externalagent/1.1 (+https://developers.facebook.com/docs/sharing/webmasters/crawler)"
207.102.138.19 - - [25/Jun/2026:11:34:58 -0400] "GET /wp-adminold.zip HTTP/1.1" 200 220029819 "-" "Mozilla/5.0 (X11; Ubuntu; Linux x86_64; rv:15.0) Gecko/20100101 Firefox/15.0.1)"
207.102.138.19 - - [25/Jun/2026:11:34:58 -0400] "GET /wp-admin.zip HTTP/1.1" 200 263038786 "-" "Mozilla/5.0 (X11; Ubuntu; Linux x86_64; rv:15.0) Gecko/20100101 Firefox/15.0.1)"
2a03:2880:f800:2f:: - - [25/Jun/2026:11:35:07 -0400] "GET /nederland-casino/ HTTP/1.1" 404 - "-" "meta-externalagent/1.1 (+https://developers.facebook.com/docs/sharing/webmasters/crawler)"
2a03:2880:f800:32:: - - [25/Jun/2026:11:35:14 -0400] "GET /jackpot-casino-no-deposit-bonus/ HTTP/1.1" 404 - "-" "meta-externalagent/1.1 (+https://developers.facebook.com/docs/sharing/webmasters/crawler)"
2a03:2880:f800:32:: - - [25/Jun/2026:11:35:26 -0400] "GET /ybets-casino-no-deposit-bonus/ HTTP/1.1" 404 - "-" "meta-externalagent/1.1 (+https://developers.facebook.com/docs/sharing/webmasters/crawler)"
2a03:2880:f800:21:: - - [25/Jun/2026:11:35:31 -0400] "GET /blackjack-inzet-regels/ HTTP/1.1" 404 - "-" "meta-externalagent/1.1 (+https://developers.facebook.com/docs/sharing/webmasters/crawler)"
2a03:2880:f800:15:: - - [25/Jun/2026:11:35:34 -0400] "GET /zodiac-bet-casino-50-free-spins/ HTTP/1.1" 404 - "-" "meta-externalagent/1.1 (+https://developers.facebook.com/docs/sharing/webmasters/crawler)"
2a03:2880:f800:17:: - - [25/Jun/2026:11:35:47 -0400] "GET /hoorn-casino-100-free-spins/ HTTP/1.1" 404 - "-" "meta-externalagent/1.1 (+https://developers.facebook.com/docs/sharing/webmasters/crawler)"
2a03:2880:f800:2f:: - - [25/Jun/2026:11:35:50 -0400] "GET /circus-casino-100-free-spins/ HTTP/1.1" 404 - "-" "meta-externalagent/1.1 (+https://developers.facebook.com/docs/sharing/webmasters/crawler)"
2a03:2880:f800:28:: - - [25/Jun/2026:11:35:51 -0400] "GET /cabarino-casino-100-free-spins/ HTTP/1.1" 404 - "-" "meta-externalagent/1.1 (+https://developers.facebook.com/docs/sharing/webmasters/crawler)"
2a03:2880:f800:39:: - - [25/Jun/2026:11:36:04 -0400] "GET /divas-casino-no-deposit-bonus/ HTTP/1.1" 404 - "-" "meta-externalagent/1.1 (+https://developers.facebook.com/docs/sharing/webmasters/crawler)"
2a03:2880:f800:17:: - - [25/Jun/2026:11:36:08 -0400] "GET /beste-gok-apps/ HTTP/1.1" 404 - "-" "meta-externalagent/1.1 (+https://developers.facebook.com/docs/sharing/webmasters/crawler)"
2a03:2880:f800:e:: - - [25/Jun/2026:11:36:12 -0400] "GET /nederlandse-casino-bonussen/ HTTP/1.1" 404 - "-" "meta-externalagent/1.1 (+https://developers.facebook.com/docs/sharing/webmasters/crawler)"
2a03:2880:f800:19:: - - [25/Jun/2026:11:36:17 -0400] "GET /online-casino-gratis-spins-zonder-storting/ HTTP/1.1" 404 - "-" "meta-externalagent/1.1 (+https://developers.facebook.com/docs/sharing/webmasters/crawler)"
2a03:2880:f800:31:: - - [25/Jun/2026:11:36:22 -0400] "GET /viggoslots-casino-100-free-spins/ HTTP/1.1" 404 - "-" "meta-externalagent/1.1 (+https://developers.facebook.com/docs/sharing/webmasters/crawler)"
2a03:2880:f800:2:: - - [25/Jun/2026:11:36:30 -0400] "GET /bingo-holland-casino-enschede/ HTTP/1.1" 404 - "-" "meta-externalagent/1.1 (+https://developers.facebook.com/docs/sharing/webmasters/crawler)"
2a03:2880:f800:14:: - - [25/Jun/2026:11:36:35 -0400] "GET /items/N249366955/ HTTP/1.1" 404 - "-" "meta-externalagent/1.1 (+https://developers.facebook.com/docs/sharing/webmasters/crawler)"
2a03:2880:f800:3d:: - - [25/Jun/2026:11:36:42 -0400] "GET /kansspelen-in-nederland/ HTTP/1.1" 404 - "-" "meta-externalagent/1.1 (+https://developers.facebook.com/docs/sharing/webmasters/crawler)"
2a03:2880:f800:22:: - - [25/Jun/2026:11:36:47 -0400] "GET /gratis-platipus-gokkasten/ HTTP/1.1" 404 - "-" "meta-externalagent/1.1 (+https://developers.facebook.com/docs/sharing/webmasters/crawler)"
2a03:2880:f800:27:: - - [25/Jun/2026:11:36:53 -0400] "GET /super-monopoly-money-online-gokkast-spelen-gratis-en-met-geld/ HTTP/1.1" 404 - "-" "meta-externalagent/1.1 (+https://developers.facebook.com/docs/sharing/webmasters/crawler)"
2a03:2880:f800:36:: - - [25/Jun/2026:11:37:50 -0400] "GET /easter-island-2-online-gokkast-spelen-gratis-en-met-geld/ HTTP/1.1" 404 - "-" "meta-externalagent/1.1 (+https://developers.facebook.com/docs/sharing/webmasters/crawler)"
2a03:2880:f800:e:: - - [25/Jun/2026:11:38:07 -0400] "GET /promoties-casino/ HTTP/1.1" 404 - "-" "meta-externalagent/1.1 (+https://developers.facebook.com/docs/sharing/webmasters/crawler)"
2a03:2880:f800:14:: - - [25/Jun/2026:11:38:58 -0400] "GET /uitbetalen-roulette/ HTTP/1.1" 404 - "-" "meta-externalagent/1.1 (+https://developers.facebook.com/docs/sharing/webmasters/crawler)"
2a03:2880:f800:1d:: - - [25/Jun/2026:11:39:18 -0400] "GET /paris-casino-no-deposit-bonus/ HTTP/1.1" 404 - "-" "meta-externalagent/1.1 (+https://developers.facebook.com/docs/sharing/webmasters/crawler)"
2a03:2880:f800:3d:: - - [25/Jun/2026:11:39:27 -0400] "GET /speelautomaten-met-bonus/ HTTP/1.1" 404 - "-" "meta-externalagent/1.1 (+https://developers.facebook.com/docs/sharing/webmasters/crawler)"
2a03:2880:f800:34:: - - [25/Jun/2026:11:39:27 -0400] "GET /hey-casino-100-free-spins/ HTTP/1.1" 404 - "-" "meta-externalagent/1.1 (+https://developers.facebook.com/docs/sharing/webmasters/crawler)"
34.98.143.232 - - [25/Jun/2026:11:39:32 -0400] "HEAD / HTTP/1.1" 200 - "http://laratrends.nl" "Mozilla/5.0 (Android 13; Mobile; rv:109.0) Gecko/112.0 Firefox/112.0 AppEngine-Google; (+http://code.google.com/appengine; appid: s~virustotalcloud)"
18.117.173.182 - - [25/Jun/2026:11:39:32 -0400] "GET / HTTP/1.1" 200 1156 "-" "Mozilla/5.0 (Windows NT 10.0; Win64; x64) AppleWebKit/537.36 (KHTML, like Gecko) Chrome/114.0.0.0 Safari/537.36 Edg/114.0.1823.51"
3.22.119.214 - - [25/Jun/2026:11:39:32 -0400] "GET / HTTP/1.1" 200 1156 "-" "Mozilla/5.0 (Windows NT 10.0; Win64; x64) AppleWebKit/537.36 (KHTML, like Gecko) Chrome/114.0.0.0 Safari/537.36 Edg/114.0.1823.51"
34.98.143.230 - - [25/Jun/2026:11:39:32 -0400] "GET / HTTP/1.1" 200 1156 "http://laratrends.nl" "Mozilla/5.0 (Android 13; Mobile; rv:109.0) Gecko/112.0 Firefox/112.0 AppEngine-Google; (+http://code.google.com/appengine; appid: s~virustotalcloud)"
2a03:2880:f800:3a:: - - [25/Jun/2026:11:39:37 -0400] "GET /online-gokkasten-nederlands/ HTTP/1.1" 404 - "-" "meta-externalagent/1.1 (+https://developers.facebook.com/docs/sharing/webmasters/crawler)"
34.48.138.189 - - [25/Jun/2026:11:39:38 -0400] "GET / HTTP/1.1" 200 1156 "-" "Mozilla/5.0 (X11; Linux x86_64) AppleWebKit/537.36 (KHTML, like Gecko) Chrome/124.0.0.0 Safari/537.36"
209.101.215.129 - - [25/Jun/2026:11:39:39 -0400] "GET / HTTP/1.1" 200 1156 "-" "Mozilla/5.0 (Macintosh; Intel Mac OS X 10_15_7) AppleWebKit/537.36 (KHTML, like Gecko) Chrome/142.0.0.0 Safari/537.36"
34.48.138.189 - - [25/Jun/2026:11:39:40 -0400] "GET /favicon.ico HTTP/1.1" 404 - "https://laratrends.nl/" "Mozilla/5.0 (X11; Linux x86_64) AppleWebKit/537.36 (KHTML, like Gecko) Chrome/124.0.0.0 Safari/537.36"
2a03:2880:f800:26:: - - [25/Jun/2026:11:40:06 -0400] "GET /miss-wildfire-online-gokkast-spelen-gratis-en-met-geld/ HTTP/1.1" 404 - "-" "meta-externalagent/1.1 (+https://developers.facebook.com/docs/sharing/webmasters/crawler)"
2a03:2880:f800:34:: - - [25/Jun/2026:11:40:17 -0400] "GET /happy-slots-casino-no-deposit-bonus/ HTTP/1.1" 404 - "-" "meta-externalagent/1.1 (+https://developers.facebook.com/docs/sharing/webmasters/crawler)"
2a03:2880:f800:c:: - - [25/Jun/2026:11:40:19 -0400] "GET /vegadream-casino-nl-2025-review/ HTTP/1.1" 404 - "-" "meta-externalagent/1.1 (+https://developers.facebook.com/docs/sharing/webmasters/crawler)"
154.71.195.179 - - [25/Jun/2026:11:40:30 -0400] "GET /shop?min_price=400&max_price=1699&filter_size=l%2Cm%2C3xl%2C4xl&filter_color=%d9%83%d8%ad%d9%84%d9%89%2C%d8%a7%d8%b5%d9%81%d8%b1%2C%d8%b0%d9%87%d8%a8%d9%89 HTTP/1.1" 404 - "https://laratrends.nl/shop?min_price=400&max_price=1699&filter_size=l%2Cm%2C3xl%2C4xl&filter_color=%d9%83%d8%ad%d9%84%d9%89%2C%d8%a7%d8%b5%d9%81%d8%b1%2C%d8%b0%d9%87%d8%a8%d9%89" "Mozilla/5.0 (iPhone; CPU iPhone OS 16_5 like Mac OS X) AppleWebKit/605.1.15 (KHTML, like Gecko) Version/16.5 Mobile/15E148 Safari/604.1"
2a03:2880:f800:15:: - - [25/Jun/2026:11:40:33 -0400] "GET /casino-met-nederlandse-licentie/ HTTP/1.1" 404 - "-" "meta-externalagent/1.1 (+https://developers.facebook.com/docs/sharing/webmasters/crawler)"
2a03:2880:f800:30:: - - [25/Jun/2026:11:40:53 -0400] "GET /hoe-oud-moet-je-zijn-voor-casino/ HTTP/1.1" 404 - "-" "meta-externalagent/1.1 (+https://developers.facebook.com/docs/sharing/webmasters/crawler)"
2a03:2880:f800:1c:: - - [25/Jun/2026:11:41:01 -0400] "GET /gokken-zonder-geld/ HTTP/1.1" 404 - "-" "meta-externalagent/1.1 (+https://developers.facebook.com/docs/sharing/webmasters/crawler)"
2a03:2880:f800:32:: - - [25/Jun/2026:11:41:04 -0400] "GET /voordelen-bingo/ HTTP/1.1" 404 - "-" "meta-externalagent/1.1 (+https://developers.facebook.com/docs/sharing/webmasters/crawler)"
2a03:2880:f800:13:: - - [25/Jun/2026:11:41:05 -0400] "GET /ideal-goksites/ HTTP/1.1" 404 - "-" "meta-externalagent/1.1 (+https://developers.facebook.com/docs/sharing/webmasters/crawler)"
2a03:2880:f800:31:: - - [25/Jun/2026:11:41:20 -0400] "GET /roulette-spelen-gratis-online/ HTTP/1.1" 404 - "-" "meta-externalagent/1.1 (+https://developers.facebook.com/docs/sharing/webmasters/crawler)"
2a03:2880:f800:3c:: - - [25/Jun/2026:11:41:40 -0400] "GET /nederlandse-casinos-met-vergunning/ HTTP/1.1" 404 - "-" "meta-externalagent/1.1 (+https://developers.facebook.com/docs/sharing/webmasters/crawler)"
2a03:2880:f800:12:: - - [25/Jun/2026:11:41:46 -0400] "GET /maasmechelen-casino-100-free-spins/ HTTP/1.1" 404 - "-" "meta-externalagent/1.1 (+https://developers.facebook.com/docs/sharing/webmasters/crawler)"
2a03:2880:f800:15:: - - [25/Jun/2026:11:42:07 -0400] "GET /gibson-casino-no-deposit-bonus/ HTTP/1.1" 404 - "-" "meta-externalagent/1.1 (+https://developers.facebook.com/docs/sharing/webmasters/crawler)"
2a03:2880:f800:14:: - - [25/Jun/2026:11:42:17 -0400] "GET /trivelabet-casino-be-2025-review/ HTTP/1.1" 404 - "-" "meta-externalagent/1.1 (+https://developers.facebook.com/docs/sharing/webmasters/crawler)"
2a03:2880:f800:36:: - - [25/Jun/2026:11:42:38 -0400] "GET /bingo-spelen-voor-echt-geld/ HTTP/1.1" 404 - "-" "meta-externalagent/1.1 (+https://developers.facebook.com/docs/sharing/webmasters/crawler)"
2a03:2880:f800:30:: - - [25/Jun/2026:11:42:52 -0400] "GET /livescorebet-casino-no-deposit-bonus/ HTTP/1.1" 404 - "-" "meta-externalagent/1.1 (+https://developers.facebook.com/docs/sharing/webmasters/crawler)"
2a03:2880:f800:35:: - - [25/Jun/2026:11:43:16 -0400] "GET /kansino-h%C3%A9t-online-casino-van-nederland/ HTTP/1.1" 404 - "-" "meta-externalagent/1.1 (+https://developers.facebook.com/docs/sharing/webmasters/crawler)"
2a03:2880:f800:2a:: - - [25/Jun/2026:11:43:21 -0400] "GET /tonybet-casino-be-2025-review/ HTTP/1.1" 404 - "-" "meta-externalagent/1.1 (+https://developers.facebook.com/docs/sharing/webmasters/crawler)"
2a03:2880:f800:2b:: - - [25/Jun/2026:11:44:15 -0400] "GET /openingstijden-casino-nijmegen/ HTTP/1.1" 404 - "-" "meta-externalagent/1.1 (+https://developers.facebook.com/docs/sharing/webmasters/crawler)"
43.157.52.37 - - [25/Jun/2026:11:44:28 -0400] "GET /test/2026/06/04/mindil-beach-casino-resort-reviews/ HTTP/1.1" 200 25486 "-" "Mozilla/5.0 (iPhone; CPU iPhone OS 13_2_3 like Mac OS X) AppleWebKit/605.1.15 (KHTML, like Gecko) Version/13.0.3 Mobile/15E148 Safari/604.1"
2a03:2880:f800:34:: - - [25/Jun/2026:11:44:42 -0400] "GET /casino-gokkast-gratis/ HTTP/1.1" 404 - "-" "meta-externalagent/1.1 (+https://developers.facebook.com/docs/sharing/webmasters/crawler)"
2a03:2880:f800:28:: - - [25/Jun/2026:11:44:45 -0400] "GET /blackjack-strategie-online-casino/ HTTP/1.1" 404 - "-" "meta-externalagent/1.1 (+https://developers.facebook.com/docs/sharing/webmasters/crawler)"
2a03:2880:f800:1f:: - - [25/Jun/2026:11:45:06 -0400] "GET /cuscocasino-casino-be-2025-review/ HTTP/1.1" 404 - "-" "meta-externalagent/1.1 (+https://developers.facebook.com/docs/sharing/webmasters/crawler)"
2a03:2880:f800:2d:: - - [25/Jun/2026:11:45:19 -0400] "GET /jungli-win-casino-no-deposit-bonus/ HTTP/1.1" 404 - "-" "meta-externalagent/1.1 (+https://developers.facebook.com/docs/sharing/webmasters/crawler)"
2a03:2880:f800:29:: - - [25/Jun/2026:11:45:31 -0400] "GET /items/N41371662/ HTTP/1.1" 404 - "-" "meta-externalagent/1.1 (+https://developers.facebook.com/docs/sharing/webmasters/crawler)"
2a03:2880:f800:10:: - - [25/Jun/2026:11:45:45 -0400] "GET /deal-or-no-deal-blackjack-online-gokkast-spelen-gratis-en-met-geld/ HTTP/1.1" 404 - "-" "meta-externalagent/1.1 (+https://developers.facebook.com/docs/sharing/webmasters/crawler)"
34.174.100.95 - - [25/Jun/2026:11:45:50 -0400] "GET / HTTP/1.1" 200 1156 "-" "Mozilla/5.0 (X11; Linux x86_64) AppleWebKit/537.36 (KHTML, like Gecko) Chrome/124.0.0.0 Safari/537.36"
34.174.100.95 - - [25/Jun/2026:11:45:51 -0400] "GET /favicon.ico HTTP/1.1" 404 - "https://laratrends.nl/" "Mozilla/5.0 (X11; Linux x86_64) AppleWebKit/537.36 (KHTML, like Gecko) Chrome/124.0.0.0 Safari/537.36"
2a03:2880:f800:39:: - - [25/Jun/2026:11:46:21 -0400] "GET /casino-jackpot-belasting/ HTTP/1.1" 404 - "-" "meta-externalagent/1.1 (+https://developers.facebook.com/docs/sharing/webmasters/crawler)"
2a03:2880:f800:47:: - - [25/Jun/2026:11:47:06 -0400] "GET /sugar-casino-no-deposit-bonus/ HTTP/1.1" 404 - "-" "meta-externalagent/1.1 (+https://developers.facebook.com/docs/sharing/webmasters/crawler)"
2a03:2880:f800:40:: - - [25/Jun/2026:11:47:09 -0400] "GET /hoeveel-zegels-nodig-ah-bingo/ HTTP/1.1" 404 - "-" "meta-externalagent/1.1 (+https://developers.facebook.com/docs/sharing/webmasters/crawler)"
2a03:2880:f800:47:: - - [25/Jun/2026:11:47:29 -0400] "GET /casino-roulette-groen/ HTTP/1.1" 404 - "-" "meta-externalagent/1.1 (+https://developers.facebook.com/docs/sharing/webmasters/crawler)"
2a03:2880:f800:15:: - - [25/Jun/2026:11:47:31 -0400] "GET /play-club-casino-100-free-spins/ HTTP/1.1" 404 - "-" "meta-externalagent/1.1 (+https://developers.facebook.com/docs/sharing/webmasters/crawler)"
2a03:2880:f800:20:: - - [25/Jun/2026:11:47:36 -0400] "GET /wazamba-casino-nl-2025-review/ HTTP/1.1" 404 - "-" "meta-externalagent/1.1 (+https://developers.facebook.com/docs/sharing/webmasters/crawler)"
2a03:2880:f800:2b:: - - [25/Jun/2026:11:47:58 -0400] "GET /gent-casino-no-deposit-bonus/ HTTP/1.1" 404 - "-" "meta-externalagent/1.1 (+https://developers.facebook.com/docs/sharing/webmasters/crawler)"
2a03:2880:f800:1c:: - - [25/Jun/2026:11:48:00 -0400] "GET /21red-casino-100-free-spins/ HTTP/1.1" 404 - "-" "meta-externalagent/1.1 (+https://developers.facebook.com/docs/sharing/webmasters/crawler)"
2a03:2880:f800:35:: - - [25/Jun/2026:11:48:03 -0400] "GET /items/N80044905/ HTTP/1.1" 404 - "-" "meta-externalagent/1.1 (+https://developers.facebook.com/docs/sharing/webmasters/crawler)"
2a03:2880:f800:d:: - - [25/Jun/2026:11:48:30 -0400] "GET /roulette-spelen-free/ HTTP/1.1" 404 - "-" "meta-externalagent/1.1 (+https://developers.facebook.com/docs/sharing/webmasters/crawler)"
2a03:2880:f800:6:: - - [25/Jun/2026:11:49:37 -0400] "GET /thunder-cash-online-gokkast-spelen-gratis-en-met-geld/ HTTP/1.1" 404 - "-" "meta-externalagent/1.1 (+https://developers.facebook.com/docs/sharing/webmasters/crawler)"
2a03:2880:f800:32:: - - [25/Jun/2026:11:49:45 -0400] "GET /tg-casino-no-deposit-bonus/ HTTP/1.1" 404 - "-" "meta-externalagent/1.1 (+https://developers.facebook.com/docs/sharing/webmasters/crawler)"
2a03:2880:f800:2b:: - - [25/Jun/2026:11:49:53 -0400] "GET /online-casino-legaal-nederland/ HTTP/1.1" 404 - "-" "meta-externalagent/1.1 (+https://developers.facebook.com/docs/sharing/webmasters/crawler)"
