2a03:2880:f800:2f:: - - [25/Jun/2026:10:48:01 -0400] "GET /best-red-tiger-slots/ HTTP/1.1" 404 - "-" "meta-externalagent/1.1 (+https://developers.facebook.com/docs/sharing/webmasters/crawler)"
2a03:2880:f800:10:: - - [25/Jun/2026:10:48:17 -0400] "GET /roulette-spelen-uitleg/ HTTP/1.1" 404 - "-" "meta-externalagent/1.1 (+https://developers.facebook.com/docs/sharing/webmasters/crawler)"
2a03:2880:f800:40:: - - [25/Jun/2026:10:48:56 -0400] "GET /hellcatraz-online-gokkast-spelen-gratis-en-met-geld/ HTTP/1.1" 404 - "-" "meta-externalagent/1.1 (+https://developers.facebook.com/docs/sharing/webmasters/crawler)"
103.100.5.245 - - [25/Jun/2026:10:49:04 -0400] "GET /shop?min_price=400&max_price=1699&filter_size=l%2Cxxl&filter_color=%d8%a7%d8%b5%d9%81%d8%b1%2C%d8%a7%d8%a8%d9%8a%d8%b6%2C%d9%83%d8%ad%d9%84%d9%89%2C%d8%a8%d9%8a%d8%ac HTTP/1.1" 404 - "https://laratrends.nl/shop?min_price=400&max_price=1699&filter_size=l%2Cxxl&filter_color=%d8%a7%d8%b5%d9%81%d8%b1%2C%d8%a7%d8%a8%d9%8a%d8%b6%2C%d9%83%d8%ad%d9%84%d9%89%2C%d8%a8%d9%8a%d8%ac" "Mozilla/5.0 (Linux; Android 15; M2102J29) AppleWebKit/537.36 (KHTML, like Gecko) Chrome/144.0.5385.36 Mobile Safari/537.36"
216.73.217.104 - - [25/Jun/2026:10:49:23 -0400] "GET /wp-includes/abilities-api/class-wp-ability.php HTTP/1.1" 200 - "-" "Mozilla/5.0 AppleWebKit/537.36 (KHTML, like Gecko; compatible; ClaudeBot/1.0; +claudebot@anthropic.com)"
162.213.255.98 - - [25/Jun/2026:10:49:45 -0400] "POST /drahmad/wp-cron.php?doing_wp_cron=1782398985.3355820178985595703125 HTTP/1.1" 200 - "-" "WordPress/6.2.2; https://laratrends.nl/drahmad"
194.165.16.5 - - [25/Jun/2026:10:49:42 -0400] "GET /drahmad/wp-login.php HTTP/1.1" 200 2135 "-" "Mozilla/5.0 (Macintosh; Intel Mac OS X 13_5) AppleWebKit/605.1.15 (KHTML, like Gecko) Version/17.5 Safari/605.1.15"
194.165.16.5 - - [25/Jun/2026:10:49:46 -0400] "POST /drahmad/xmlrpc.php HTTP/1.1" 200 130 "-" "Mozilla/5.0 (Windows NT 10.0; Win64; x64; rv:127.0) Gecko/20100101 Firefox/127.0"
162.213.255.98 - - [25/Jun/2026:10:49:47 -0400] "POST /drahmad/wp-cron.php?doing_wp_cron=1782398987.7133910655975341796875 HTTP/1.1" 200 - "-" "WordPress/6.2.2; https://laratrends.nl/drahmad"
194.165.16.5 - - [25/Jun/2026:10:49:47 -0400] "POST /drahmad/xmlrpc.php HTTP/1.1" 200 2567 "-" "Mozilla/5.0 (Macintosh; Intel Mac OS X 13_5) AppleWebKit/605.1.15 (KHTML, like Gecko) Version/17.5 Safari/605.1.15"
2a03:2880:f800:1d:: - - [25/Jun/2026:10:50:14 -0400] "GET /items/N58062056/ HTTP/1.1" 404 - "-" "meta-externalagent/1.1 (+https://developers.facebook.com/docs/sharing/webmasters/crawler)"
2a03:2880:f800:13:: - - [25/Jun/2026:10:50:18 -0400] "GET /items/N35568703/ HTTP/1.1" 404 - "-" "meta-externalagent/1.1 (+https://developers.facebook.com/docs/sharing/webmasters/crawler)"
2a03:2880:f800:4:: - - [25/Jun/2026:10:50:28 -0400] "GET /fat-pirate-casino-no-deposit-bonus/ HTTP/1.1" 404 - "-" "meta-externalagent/1.1 (+https://developers.facebook.com/docs/sharing/webmasters/crawler)"
2a03:2880:f800:32:: - - [25/Jun/2026:10:50:59 -0400] "GET /high-noon-casino-no-deposit-bonus/ HTTP/1.1" 404 - "-" "meta-externalagent/1.1 (+https://developers.facebook.com/docs/sharing/webmasters/crawler)"
216.73.217.104 - - [25/Jun/2026:10:51:15 -0400] "GET /wp-includes/abilities-api/class-wp-ability-category.php HTTP/1.1" 200 - "-" "Mozilla/5.0 AppleWebKit/537.36 (KHTML, like Gecko; compatible; ClaudeBot/1.0; +claudebot@anthropic.com)"
2a03:2880:f800:: - - [25/Jun/2026:10:51:18 -0400] "GET /vegasino-casino-no-deposit-bonus/ HTTP/1.1" 404 - "-" "meta-externalagent/1.1 (+https://developers.facebook.com/docs/sharing/webmasters/crawler)"
2a03:2880:f800:2d:: - - [25/Jun/2026:10:51:21 -0400] "GET /online-casino-fruitautomaten/ HTTP/1.1" 404 - "-" "meta-externalagent/1.1 (+https://developers.facebook.com/docs/sharing/webmasters/crawler)"
49.51.47.100 - - [25/Jun/2026:10:51:21 -0400] "GET / HTTP/1.1" 200 1156 "http://www.lara-trends.com" "Mozilla/5.0 (iPhone; CPU iPhone OS 13_2_3 like Mac OS X) AppleWebKit/605.1.15 (KHTML, like Gecko) Version/13.0.3 Mobile/15E148 Safari/604.1"
216.73.217.104 - - [25/Jun/2026:10:51:24 -0400] "GET /wp-includes/abilities-api/class-wp-ability-categories-registry.php HTTP/1.1" 200 - "-" "Mozilla/5.0 AppleWebKit/537.36 (KHTML, like Gecko; compatible; ClaudeBot/1.0; +claudebot@anthropic.com)"
43.157.191.20 - - [25/Jun/2026:10:51:44 -0400] "GET /?C=N;O=D HTTP/1.1" 200 1137 "-" "Mozilla/5.0 (iPhone; CPU iPhone OS 13_2_3 like Mac OS X) AppleWebKit/605.1.15 (KHTML, like Gecko) Version/13.0.3 Mobile/15E148 Safari/604.1"
2a03:2880:f800:34:: - - [25/Jun/2026:10:52:03 -0400] "GET /bruce-pokies-casino-no-deposit-bonus/ HTTP/1.1" 404 - "-" "meta-externalagent/1.1 (+https://developers.facebook.com/docs/sharing/webmasters/crawler)"
2a03:2880:f800:c:: - - [25/Jun/2026:10:53:10 -0400] "GET /invaders-from-the-planet-moolah-online-gokkast-spelen-gratis-en-met-geld/ HTTP/1.1" 404 - "-" "meta-externalagent/1.1 (+https://developers.facebook.com/docs/sharing/webmasters/crawler)"
216.73.217.104 - - [25/Jun/2026:10:53:13 -0400] "GET /wp-includes/abilities-api/?C=N&O=D HTTP/1.1" 200 457 "-" "Mozilla/5.0 AppleWebKit/537.36 (KHTML, like Gecko; compatible; ClaudeBot/1.0; +claudebot@anthropic.com)"
2a03:2880:f800:35:: - - [25/Jun/2026:10:53:19 -0400] "GET /casino-gratis-bonus-zonder-storting/ HTTP/1.1" 404 - "-" "meta-externalagent/1.1 (+https://developers.facebook.com/docs/sharing/webmasters/crawler)"
2a03:2880:f800:13:: - - [25/Jun/2026:10:53:36 -0400] "GET /wildz-casino-100-free-spins/ HTTP/1.1" 404 - "-" "meta-externalagent/1.1 (+https://developers.facebook.com/docs/sharing/webmasters/crawler)"
2a03:2880:f800:13:: - - [25/Jun/2026:10:53:40 -0400] "GET /smash-the-pig-online-gokkast-spelen-gratis-en-met-geld/ HTTP/1.1" 404 - "-" "meta-externalagent/1.1 (+https://developers.facebook.com/docs/sharing/webmasters/crawler)"
2a03:2880:f800:2e:: - - [25/Jun/2026:10:53:43 -0400] "GET /gratorama-casino-no-deposit-bonus/ HTTP/1.1" 404 - "-" "meta-externalagent/1.1 (+https://developers.facebook.com/docs/sharing/webmasters/crawler)"
2a03:2880:f800:34:: - - [25/Jun/2026:10:53:59 -0400] "GET /gratis-fruitmachines-spelletjes/ HTTP/1.1" 404 - "-" "meta-externalagent/1.1 (+https://developers.facebook.com/docs/sharing/webmasters/crawler)"
2a03:2880:f800:b:: - - [25/Jun/2026:10:54:00 -0400] "GET /uitbetaling-amerikaans-roulette/ HTTP/1.1" 404 - "-" "meta-externalagent/1.1 (+https://developers.facebook.com/docs/sharing/webmasters/crawler)"
2a03:2880:f800:15:: - - [25/Jun/2026:10:54:09 -0400] "GET /all-irish-casino-no-deposit-bonus/ HTTP/1.1" 404 - "-" "meta-externalagent/1.1 (+https://developers.facebook.com/docs/sharing/webmasters/crawler)"
2a03:2880:f800:9:: - - [25/Jun/2026:10:54:27 -0400] "GET /welke-goksites-legaal/ HTTP/1.1" 404 - "-" "meta-externalagent/1.1 (+https://developers.facebook.com/docs/sharing/webmasters/crawler)"
216.73.217.104 - - [25/Jun/2026:10:55:42 -0400] "GET /wp-includes/abilities-api/?C=D&O=A HTTP/1.1" 200 456 "-" "Mozilla/5.0 AppleWebKit/537.36 (KHTML, like Gecko; compatible; ClaudeBot/1.0; +claudebot@anthropic.com)"
2a03:2880:f800:39:: - - [25/Jun/2026:10:55:45 -0400] "GET /bingo-online-echt-geld/ HTTP/1.1" 404 - "-" "meta-externalagent/1.1 (+https://developers.facebook.com/docs/sharing/webmasters/crawler)"
2a03:2880:f800:27:: - - [25/Jun/2026:10:56:34 -0400] "GET /casino-magic-nl-2025-review/ HTTP/1.1" 404 - "-" "meta-externalagent/1.1 (+https://developers.facebook.com/docs/sharing/webmasters/crawler)"
216.73.217.104 - - [25/Jun/2026:10:56:36 -0400] "GET /wp-includes/abilities-api/?C=S&O=A HTTP/1.1" 200 460 "-" "Mozilla/5.0 AppleWebKit/537.36 (KHTML, like Gecko; compatible; ClaudeBot/1.0; +claudebot@anthropic.com)"
2a03:2880:f800:2c:: - - [25/Jun/2026:10:56:37 -0400] "GET /items/N126356208/ HTTP/1.1" 404 - "-" "meta-externalagent/1.1 (+https://developers.facebook.com/docs/sharing/webmasters/crawler)"
216.73.217.104 - - [25/Jun/2026:10:57:06 -0400] "GET /wp-includes/abilities-api/?C=M&O=A HTTP/1.1" 200 460 "-" "Mozilla/5.0 AppleWebKit/537.36 (KHTML, like Gecko; compatible; ClaudeBot/1.0; +claudebot@anthropic.com)"
162.213.255.98 - - [25/Jun/2026:10:57:13 -0400] "POST /test/wp-cron.php?doing_wp_cron=1782399433.0887489318847656250000 HTTP/1.1" 200 - "-" "WordPress/7.0; https://laratrends.nl/test"
149.5.4.71 - - [25/Jun/2026:10:57:11 -0400] "GET /test/2025/10/06/vilket-mobilcasino-erbjuder-mobile-roulette-med/ HTTP/1.1" 200 26025 "https://laratrends.nl/" "Mozilla/5.0 (Windows NT 10.0; Win64; x64) AppleWebKit/537.36 (KHTML, like Gecko) Chrome/137.0.0.0 Safari/537.36"
192.210.201.242 - - [25/Jun/2026:10:57:17 -0400] "GET /test/wp-admin/nav-menus.php HTTP/1.1" 302 6577 "https://laratrends.nl/test/2025/10/06/vilket-mobilcasino-erbjuder-mobile-roulette-med/" "Mozilla/5.0 (Windows NT 6.3; Win64; x64) AppleWebKit/537.36 (KHTML, like Gecko) Chrome/103.0.0.0 Safari/537.36"
192.210.201.242 - - [25/Jun/2026:10:57:18 -0400] "GET /test/wp-admin/upgrade.php?_wp_http_referer=%2Ftest%2Fwp-admin%2Fnav-menus.php HTTP/1.1" 200 629 "https://laratrends.nl/test/wp-admin/nav-menus.php" "Mozilla/5.0 (Windows NT 6.3; Win64; x64) AppleWebKit/537.36 (KHTML, like Gecko) Chrome/103.0.0.0 Safari/537.36"
192.210.201.242 - - [25/Jun/2026:10:57:19 -0400] "GET /test/wp-admin/upgrade.php?action=register HTTP/1.1" 200 674 "https://laratrends.nl/test/wp-admin/upgrade.php?_wp_http_referer=%2Ftest%2Fwp-admin%2Fnav-menus.php" "Mozilla/5.0 (Windows NT 6.3; Win64; x64) AppleWebKit/537.36 (KHTML, like Gecko) Chrome/103.0.0.0 Safari/537.36"
2a03:2880:f800:6:: - - [25/Jun/2026:10:57:49 -0400] "GET /planetspin-casino-100-free-spins/ HTTP/1.1" 404 - "-" "meta-externalagent/1.1 (+https://developers.facebook.com/docs/sharing/webmasters/crawler)"
2a03:2880:f800:6:: - - [25/Jun/2026:10:57:55 -0400] "GET /casino-bingo-online-gratis/ HTTP/1.1" 404 - "-" "meta-externalagent/1.1 (+https://developers.facebook.com/docs/sharing/webmasters/crawler)"
216.73.217.104 - - [25/Jun/2026:10:58:14 -0400] "GET /wp-includes/block-patterns/query-small-posts.php HTTP/1.1" 500 - "-" "Mozilla/5.0 AppleWebKit/537.36 (KHTML, like Gecko; compatible; ClaudeBot/1.0; +claudebot@anthropic.com)"
216.73.217.104 - - [25/Jun/2026:10:58:14 -0400] "GET /wp-includes/block-patterns/query-grid-posts.php HTTP/1.1" 500 - "-" "Mozilla/5.0 AppleWebKit/537.36 (KHTML, like Gecko; compatible; ClaudeBot/1.0; +claudebot@anthropic.com)"
216.73.217.104 - - [25/Jun/2026:10:58:15 -0400] "GET /wp-includes/block-patterns/query-medium-posts.php HTTP/1.1" 500 - "-" "Mozilla/5.0 AppleWebKit/537.36 (KHTML, like Gecko; compatible; ClaudeBot/1.0; +claudebot@anthropic.com)"
216.73.217.104 - - [25/Jun/2026:10:58:15 -0400] "GET /wp-includes/block-patterns/query-offset-posts.php HTTP/1.1" 500 - "-" "Mozilla/5.0 AppleWebKit/537.36 (KHTML, like Gecko; compatible; ClaudeBot/1.0; +claudebot@anthropic.com)"
216.73.217.104 - - [25/Jun/2026:10:58:39 -0400] "GET /wp-includes/block-patterns/query-large-title-posts.php HTTP/1.1" 500 - "-" "Mozilla/5.0 AppleWebKit/537.36 (KHTML, like Gecko; compatible; ClaudeBot/1.0; +claudebot@anthropic.com)"
216.73.217.104 - - [25/Jun/2026:10:58:39 -0400] "GET /wp-includes/SimplePie/src/ HTTP/1.1" 200 837 "-" "Mozilla/5.0 AppleWebKit/537.36 (KHTML, like Gecko; compatible; ClaudeBot/1.0; +claudebot@anthropic.com)"
216.73.217.104 - - [25/Jun/2026:10:58:40 -0400] "GET /wp-includes/block-patterns/query-standard-posts.php HTTP/1.1" 500 - "-" "Mozilla/5.0 AppleWebKit/537.36 (KHTML, like Gecko; compatible; ClaudeBot/1.0; +claudebot@anthropic.com)"
216.73.217.104 - - [25/Jun/2026:10:58:40 -0400] "GET /wp-includes/Requests/src/ HTTP/1.1" 200 800 "-" "Mozilla/5.0 AppleWebKit/537.36 (KHTML, like Gecko; compatible; ClaudeBot/1.0; +claudebot@anthropic.com)"
216.73.217.104 - - [25/Jun/2026:10:58:55 -0400] "GET /wp-includes/js/tinymce/wp-tinymce.php HTTP/1.1" 403 14 "-" "Mozilla/5.0 AppleWebKit/537.36 (KHTML, like Gecko; compatible; ClaudeBot/1.0; +claudebot@anthropic.com)"
216.73.217.104 - - [25/Jun/2026:10:58:56 -0400] "GET /wp-includes/SimplePie/autoloader.php HTTP/1.1" 200 - "-" "Mozilla/5.0 AppleWebKit/537.36 (KHTML, like Gecko; compatible; ClaudeBot/1.0; +claudebot@anthropic.com)"
216.73.217.104 - - [25/Jun/2026:10:58:55 -0400] "GET /wp-includes/js/tinymce/plugins/ HTTP/1.1" 200 651 "-" "Mozilla/5.0 AppleWebKit/537.36 (KHTML, like Gecko; compatible; ClaudeBot/1.0; +claudebot@anthropic.com)"
216.73.217.104 - - [25/Jun/2026:10:58:57 -0400] "GET /wp-includes/style-engine/class-wp-style-engine-processor.php HTTP/1.1" 200 - "-" "Mozilla/5.0 AppleWebKit/537.36 (KHTML, like Gecko; compatible; ClaudeBot/1.0; +claudebot@anthropic.com)"
216.73.217.104 - - [25/Jun/2026:10:59:15 -0400] "GET /wp-includes/js/hoverIntent.min.js HTTP/1.1" 200 3571 "-" "Mozilla/5.0 AppleWebKit/537.36 (KHTML, like Gecko; compatible; ClaudeBot/1.0; +claudebot@anthropic.com)"
216.73.217.104 - - [25/Jun/2026:10:59:15 -0400] "GET /wp-includes/widgets/class-wp-widget-recent-comments.php HTTP/1.1" 500 - "-" "Mozilla/5.0 AppleWebKit/537.36 (KHTML, like Gecko; compatible; ClaudeBot/1.0; +claudebot@anthropic.com)"
216.73.217.104 - - [25/Jun/2026:10:59:15 -0400] "GET /wp-includes/style-engine/class-wp-style-engine-css-declarations.php HTTP/1.1" 200 - "-" "Mozilla/5.0 AppleWebKit/537.36 (KHTML, like Gecko; compatible; ClaudeBot/1.0; +claudebot@anthropic.com)"
216.73.217.104 - - [25/Jun/2026:10:59:16 -0400] "GET /wp-includes/block-supports/align.php HTTP/1.1" 500 - "-" "Mozilla/5.0 AppleWebKit/537.36 (KHTML, like Gecko; compatible; ClaudeBot/1.0; +claudebot@anthropic.com)"
170.84.225.254 - - [25/Jun/2026:10:59:22 -0400] "GET /shop?min_price=400&max_price=1699&filter_size=l%2Cs&filter_color=%D8%A7%D8%A8%D9%8A%D8%B6 HTTP/1.1" 404 - "https://laratrends.nl/shop?min_price=400&max_price=1699&filter_size=l%2Cs&filter_color=%D8%A7%D8%A8%D9%8A%D8%B6" "Mozilla/5.0 (iPhone; CPU iPhone OS 17_3 like Mac OS X) AppleWebKit/605.1.15 (KHTML, like Gecko) Version/17.3 Mobile/15E148 Safari/604.1"
216.73.217.104 - - [25/Jun/2026:10:59:37 -0400] "GET /wp-includes/Requests/library/ HTTP/1.1" 200 387 "-" "Mozilla/5.0 AppleWebKit/537.36 (KHTML, like Gecko; compatible; ClaudeBot/1.0; +claudebot@anthropic.com)"
216.73.217.104 - - [25/Jun/2026:10:59:38 -0400] "GET /wp-includes/js/tinymce/utils/ HTTP/1.1" 200 487 "-" "Mozilla/5.0 AppleWebKit/537.36 (KHTML, like Gecko; compatible; ClaudeBot/1.0; +claudebot@anthropic.com)"
216.73.217.104 - - [25/Jun/2026:10:59:38 -0400] "GET /wp-includes/class-wp-meta-query.php HTTP/1.1" 200 - "-" "Mozilla/5.0 AppleWebKit/537.36 (KHTML, like Gecko; compatible; ClaudeBot/1.0; +claudebot@anthropic.com)"
216.73.217.104 - - [25/Jun/2026:10:59:39 -0400] "GET /wp-includes/class-wp-application-passwords.php HTTP/1.1" 200 - "-" "Mozilla/5.0 AppleWebKit/537.36 (KHTML, like Gecko; compatible; ClaudeBot/1.0; +claudebot@anthropic.com)"
2a03:2880:f800:35:: - - [25/Jun/2026:10:59:40 -0400] "GET /casino-strategie/ HTTP/1.1" 404 - "-" "meta-externalagent/1.1 (+https://developers.facebook.com/docs/sharing/webmasters/crawler)"
216.73.217.104 - - [25/Jun/2026:10:59:48 -0400] "GET /wp-includes/rest-api/fields/class-wp-rest-post-meta-fields.php HTTP/1.1" 500 - "-" "Mozilla/5.0 AppleWebKit/537.36 (KHTML, like Gecko; compatible; ClaudeBot/1.0; +claudebot@anthropic.com)"
216.73.217.104 - - [25/Jun/2026:10:59:48 -0400] "GET /wp-includes/rest-api/fields/class-wp-rest-meta-fields.php HTTP/1.1" 200 - "-" "Mozilla/5.0 AppleWebKit/537.36 (KHTML, like Gecko; compatible; ClaudeBot/1.0; +claudebot@anthropic.com)"
216.73.217.104 - - [25/Jun/2026:10:59:48 -0400] "GET /wp-includes/SimplePie/library/ HTTP/1.1" 200 413 "-" "Mozilla/5.0 AppleWebKit/537.36 (KHTML, like Gecko; compatible; ClaudeBot/1.0; +claudebot@anthropic.com)"
216.73.217.104 - - [25/Jun/2026:10:59:49 -0400] "GET /wp-includes/style-engine/class-wp-style-engine.php HTTP/1.1" 200 - "-" "Mozilla/5.0 AppleWebKit/537.36 (KHTML, like Gecko; compatible; ClaudeBot/1.0; +claudebot@anthropic.com)"
216.73.217.104 - - [25/Jun/2026:11:00:41 -0400] "GET /wp-includes/style-engine/class-wp-style-engine-css-rule.php HTTP/1.1" 200 - "-" "Mozilla/5.0 AppleWebKit/537.36 (KHTML, like Gecko; compatible; ClaudeBot/1.0; +claudebot@anthropic.com)"
216.73.217.104 - - [25/Jun/2026:11:00:41 -0400] "GET /wp-includes/js/tinymce/wp-tinymce.js HTTP/1.1" 200 224793 "-" "Mozilla/5.0 AppleWebKit/537.36 (KHTML, like Gecko; compatible; ClaudeBot/1.0; +claudebot@anthropic.com)"
216.73.217.104 - - [25/Jun/2026:11:00:42 -0400] "GET /wp-includes/rest-api/fields/class-wp-rest-comment-meta-fields.php HTTP/1.1" 500 - "-" "Mozilla/5.0 AppleWebKit/537.36 (KHTML, like Gecko; compatible; ClaudeBot/1.0; +claudebot@anthropic.com)"
216.73.217.104 - - [25/Jun/2026:11:00:42 -0400] "GET /wp-includes/style-engine/class-wp-style-engine-css-rules-store.php HTTP/1.1" 200 - "-" "Mozilla/5.0 AppleWebKit/537.36 (KHTML, like Gecko; compatible; ClaudeBot/1.0; +claudebot@anthropic.com)"
216.73.217.104 - - [25/Jun/2026:11:00:51 -0400] "GET /wp-includes/rest-api/fields/class-wp-rest-term-meta-fields.php HTTP/1.1" 500 - "-" "Mozilla/5.0 AppleWebKit/537.36 (KHTML, like Gecko; compatible; ClaudeBot/1.0; +claudebot@anthropic.com)"
216.73.217.104 - - [25/Jun/2026:11:00:51 -0400] "GET /wp-includes/js/tinymce/tinymce.min.js HTTP/1.1" 200 127400 "-" "Mozilla/5.0 AppleWebKit/537.36 (KHTML, like Gecko; compatible; ClaudeBot/1.0; +claudebot@anthropic.com)"
216.73.217.104 - - [25/Jun/2026:11:00:52 -0400] "GET /wp-includes/rest-api/fields/class-wp-rest-user-meta-fields.php HTTP/1.1" 500 - "-" "Mozilla/5.0 AppleWebKit/537.36 (KHTML, like Gecko; compatible; ClaudeBot/1.0; +claudebot@anthropic.com)"
216.73.217.104 - - [25/Jun/2026:11:00:52 -0400] "GET /wp-includes/block-patterns/v1/ HTTP/1.1" 200 386 "-" "Mozilla/5.0 AppleWebKit/537.36 (KHTML, like Gecko; compatible; ClaudeBot/1.0; +claudebot@anthropic.com)"
2a03:2880:f800:3c:: - - [25/Jun/2026:11:01:08 -0400] "GET /online-casino-spins-zonder-storting/ HTTP/1.1" 404 - "-" "meta-externalagent/1.1 (+https://developers.facebook.com/docs/sharing/webmasters/crawler)"
2a03:2880:f800:13:: - - [25/Jun/2026:11:01:15 -0400] "GET /hoe-gaat-bingo/ HTTP/1.1" 404 - "-" "meta-externalagent/1.1 (+https://developers.facebook.com/docs/sharing/webmasters/crawler)"
2a03:2880:f800:12:: - - [25/Jun/2026:11:01:15 -0400] "GET /bingo-bonga-casino-nl-2025-review/ HTTP/1.1" 404 - "-" "meta-externalagent/1.1 (+https://developers.facebook.com/docs/sharing/webmasters/crawler)"
216.73.217.104 - - [25/Jun/2026:11:01:24 -0400] "GET /test/wp-json/wp/v2/posts/79 HTTP/1.1" 200 12785 "-" "Mozilla/5.0 AppleWebKit/537.36 (KHTML, like Gecko; compatible; ClaudeBot/1.0; +claudebot@anthropic.com)"
216.73.217.104 - - [25/Jun/2026:11:01:24 -0400] "GET /test/wp-json/wp/v2/posts/63 HTTP/1.1" 200 12785 "-" "Mozilla/5.0 AppleWebKit/537.36 (KHTML, like Gecko; compatible; ClaudeBot/1.0; +claudebot@anthropic.com)"
216.73.217.104 - - [25/Jun/2026:11:01:25 -0400] "GET /wp-includes/style-engine/v3/ HTTP/1.1" 200 383 "-" "Mozilla/5.0 AppleWebKit/537.36 (KHTML, like Gecko; compatible; ClaudeBot/1.0; +claudebot@anthropic.com)"
216.73.217.104 - - [25/Jun/2026:11:01:26 -0400] "GET /test/wp-json/wp/v2/posts/83 HTTP/1.1" 200 12676 "-" "Mozilla/5.0 AppleWebKit/537.36 (KHTML, like Gecko; compatible; ClaudeBot/1.0; +claudebot@anthropic.com)"
2a03:2880:f800:40:: - - [25/Jun/2026:11:01:29 -0400] "GET /lucky-wave-casino-50-free-spins/ HTTP/1.1" 404 - "-" "meta-externalagent/1.1 (+https://developers.facebook.com/docs/sharing/webmasters/crawler)"
216.73.217.104 - - [25/Jun/2026:11:01:33 -0400] "GET /wp-includes/js/tinymce/themes/ HTTP/1.1" 200 396 "-" "Mozilla/5.0 AppleWebKit/537.36 (KHTML, like Gecko; compatible; ClaudeBot/1.0; +claudebot@anthropic.com)"
216.73.217.104 - - [25/Jun/2026:11:01:33 -0400] "GET /test/wp-json/wp/v2/posts/55 HTTP/1.1" 200 13033 "-" "Mozilla/5.0 AppleWebKit/537.36 (KHTML, like Gecko; compatible; ClaudeBot/1.0; +claudebot@anthropic.com)"
216.73.217.104 - - [25/Jun/2026:11:01:33 -0400] "GET /wp-includes/js/tinymce/langs/ HTTP/1.1" 200 392 "-" "Mozilla/5.0 AppleWebKit/537.36 (KHTML, like Gecko; compatible; ClaudeBot/1.0; +claudebot@anthropic.com)"
216.73.217.104 - - [25/Jun/2026:11:01:34 -0400] "GET /test/wp-json/wp/v2/posts/87 HTTP/1.1" 200 13225 "-" "Mozilla/5.0 AppleWebKit/537.36 (KHTML, like Gecko; compatible; ClaudeBot/1.0; +claudebot@anthropic.com)"
31.223.77.130 - - [25/Jun/2026:11:01:39 -0400] "GET /test/2025/10/02/wygrane-w-keno-forum/ HTTP/1.1" 200 25610 "-" "Mozilla/5.0 (compatible; Googlebot/2.1; +http://www.google.com/bot.html)"
216.73.217.104 - - [25/Jun/2026:11:01:39 -0400] "GET /wp-includes/block-patterns/social-links-shared-background-color.php HTTP/1.1" 500 - "-" "Mozilla/5.0 AppleWebKit/537.36 (KHTML, like Gecko; compatible; ClaudeBot/1.0; +claudebot@anthropic.com)"
216.73.217.104 - - [25/Jun/2026:11:01:39 -0400] "GET /wp-includes/js/tinymce/tiny_mce_popup.js HTTP/1.1" 200 7938 "-" "Mozilla/5.0 AppleWebKit/537.36 (KHTML, like Gecko; compatible; ClaudeBot/1.0; +claudebot@anthropic.com)"
216.73.217.104 - - [25/Jun/2026:11:01:40 -0400] "GET /wp-includes/js/tinymce/skins/ HTTP/1.1" 200 401 "-" "Mozilla/5.0 AppleWebKit/537.36 (KHTML, like Gecko; compatible; ClaudeBot/1.0; +claudebot@anthropic.com)"
216.73.217.104 - - [25/Jun/2026:11:01:40 -0400] "GET /wp-includes/js/tinymce/2024/ HTTP/1.1" 200 383 "-" "Mozilla/5.0 AppleWebKit/537.36 (KHTML, like Gecko; compatible; ClaudeBot/1.0; +claudebot@anthropic.com)"
2a03:2880:f800:16:: - - [25/Jun/2026:11:02:04 -0400] "GET /items/N198404672/ HTTP/1.1" 404 - "-" "meta-externalagent/1.1 (+https://developers.facebook.com/docs/sharing/webmasters/crawler)"
216.73.217.104 - - [25/Jun/2026:11:02:36 -0400] "GET /test/?p=87 HTTP/1.1" 301 6577 "-" "Mozilla/5.0 AppleWebKit/537.36 (KHTML, like Gecko; compatible; ClaudeBot/1.0; +claudebot@anthropic.com)"
216.73.217.104 - - [25/Jun/2026:11:02:36 -0400] "GET /test/?p=79 HTTP/1.1" 301 6577 "-" "Mozilla/5.0 AppleWebKit/537.36 (KHTML, like Gecko; compatible; ClaudeBot/1.0; +claudebot@anthropic.com)"
216.73.217.104 - - [25/Jun/2026:11:02:36 -0400] "GET /test/2025/07/15/mint-bet-promo-code/ HTTP/1.1" 200 25598 "https://laratrends.nl/test/?p=87" "Mozilla/5.0 AppleWebKit/537.36 (KHTML, like Gecko; compatible; ClaudeBot/1.0; +claudebot@anthropic.com)"
216.73.217.104 - - [25/Jun/2026:11:02:36 -0400] "GET /test/2025/11/17/minimum-deposit-5/ HTTP/1.1" 200 25534 "https://laratrends.nl/test/?p=79" "Mozilla/5.0 AppleWebKit/537.36 (KHTML, like Gecko; compatible; ClaudeBot/1.0; +claudebot@anthropic.com)"
216.73.217.104 - - [25/Jun/2026:11:02:36 -0400] "GET /test/?p=63 HTTP/1.1" 301 6577 "-" "Mozilla/5.0 AppleWebKit/537.36 (KHTML, like Gecko; compatible; ClaudeBot/1.0; +claudebot@anthropic.com)"
216.73.217.104 - - [25/Jun/2026:11:02:37 -0400] "GET /test/2025/12/14/mindil-beach-casino-spa/ HTTP/1.1" 200 25513 "https://laratrends.nl/test/?p=63" "Mozilla/5.0 AppleWebKit/537.36 (KHTML, like Gecko; compatible; ClaudeBot/1.0; +claudebot@anthropic.com)"
216.73.217.104 - - [25/Jun/2026:11:02:37 -0400] "GET /test/?p=83 HTTP/1.1" 301 6577 "-" "Mozilla/5.0 AppleWebKit/537.36 (KHTML, like Gecko; compatible; ClaudeBot/1.0; +claudebot@anthropic.com)"
216.73.217.104 - - [25/Jun/2026:11:02:38 -0400] "GET /test/2025/11/22/minimum-deposit-casinos-australia/ HTTP/1.1" 200 25385 "https://laratrends.nl/test/?p=83" "Mozilla/5.0 AppleWebKit/537.36 (KHTML, like Gecko; compatible; ClaudeBot/1.0; +claudebot@anthropic.com)"
82.25.62.125 - - [25/Jun/2026:11:03:10 -0400] "GET /test/2025/10/07/willkommensbonus-ohne-einzahlung/ HTTP/1.1" 200 25470 "https://laratrends.nl/" "Mozilla/5.0 (Macintosh; Intel Mac OS X 10_15_7) AppleWebKit/537.36 (KHTML, like Gecko) Chrome/143.0.0.0 Safari/537.36"
82.25.62.125 - - [25/Jun/2026:11:03:11 -0400] "POST /test/wp-comments-post.php HTTP/1.1" 302 6577 "https://laratrends.nl/test/2025/10/07/willkommensbonus-ohne-einzahlung/" "Mozilla/5.0 (Macintosh; Intel Mac OS X 10_15_7) AppleWebKit/537.36 (KHTML, like Gecko) Chrome/143.0.0.0 Safari/537.36"
82.25.62.125 - - [25/Jun/2026:11:03:13 -0400] "GET /test/2025/10/07/willkommensbonus-ohne-einzahlung/?unapproved=686&moderation-hash=79a0cf2cbf7a86a5509e07317e3a3e79 HTTP/1.1" 200 26167 "https://laratrends.nl/test/wp-comments-post.php" "Mozilla/5.0 (Macintosh; Intel Mac OS X 10_15_7) AppleWebKit/537.36 (KHTML, like Gecko) Chrome/143.0.0.0 Safari/537.36"
82.25.62.125 - - [25/Jun/2026:11:03:14 -0400] "GET /test/2025/10/07/willkommensbonus-ohne-einzahlung/ HTTP/1.1" 200 25470 "-" "Mozilla/5.0 (compatible; Googlebot/2.1; +http://www.google.com/bot.html)"
216.73.217.104 - - [25/Jun/2026:11:03:15 -0400] "GET /wp-includes/interactivity-api/?C=M&O=D HTTP/1.1" 200 465 "-" "Mozilla/5.0 AppleWebKit/537.36 (KHTML, like Gecko; compatible; ClaudeBot/1.0; +claudebot@anthropic.com)"
216.73.217.104 - - [25/Jun/2026:11:03:15 -0400] "GET /wp-includes/interactivity-api/?C=D&O=D HTTP/1.1" 200 462 "-" "Mozilla/5.0 AppleWebKit/537.36 (KHTML, like Gecko; compatible; ClaudeBot/1.0; +claudebot@anthropic.com)"
216.73.217.104 - - [25/Jun/2026:11:03:16 -0400] "GET /wp-includes/js/tinymce/license.txt HTTP/1.1" 200 9359 "-" "Mozilla/5.0 AppleWebKit/537.36 (KHTML, like Gecko; compatible; ClaudeBot/1.0; +claudebot@anthropic.com)"
216.73.217.104 - - [25/Jun/2026:11:03:16 -0400] "GET /test/?p=55 HTTP/1.1" 301 6577 "-" "Mozilla/5.0 AppleWebKit/537.36 (KHTML, like Gecko; compatible; ClaudeBot/1.0; +claudebot@anthropic.com)"
216.73.217.104 - - [25/Jun/2026:11:03:17 -0400] "GET /test/2025/07/27/mindil-beach-casino-resort-address/ HTTP/1.1" 200 25578 "https://laratrends.nl/test/?p=55" "Mozilla/5.0 AppleWebKit/537.36 (KHTML, like Gecko; compatible; ClaudeBot/1.0; +claudebot@anthropic.com)"
2a03:2880:f800:23:: - - [25/Jun/2026:11:03:22 -0400] "GET /caesars-casino-no-deposit-bonus/ HTTP/1.1" 404 - "-" "meta-externalagent/1.1 (+https://developers.facebook.com/docs/sharing/webmasters/crawler)"
216.73.217.104 - - [25/Jun/2026:11:03:30 -0400] "GET /wp-includes/rest-api/fields/?C=M&O=A HTTP/1.1" 200 479 "-" "Mozilla/5.0 AppleWebKit/537.36 (KHTML, like Gecko; compatible; ClaudeBot/1.0; +claudebot@anthropic.com)"
216.73.217.104 - - [25/Jun/2026:11:03:30 -0400] "GET /wp-includes/rest-api/fields/?C=N&O=D HTTP/1.1" 200 478 "-" "Mozilla/5.0 AppleWebKit/537.36 (KHTML, like Gecko; compatible; ClaudeBot/1.0; +claudebot@anthropic.com)"
216.73.217.104 - - [25/Jun/2026:11:03:30 -0400] "GET /wp-includes/interactivity-api/?C=N&O=A HTTP/1.1" 200 465 "-" "Mozilla/5.0 AppleWebKit/537.36 (KHTML, like Gecko; compatible; ClaudeBot/1.0; +claudebot@anthropic.com)"
216.73.217.104 - - [25/Jun/2026:11:03:31 -0400] "GET /wp-includes/interactivity-api/?C=S&O=D HTTP/1.1" 200 465 "-" "Mozilla/5.0 AppleWebKit/537.36 (KHTML, like Gecko; compatible; ClaudeBot/1.0; +claudebot@anthropic.com)"
216.73.217.104 - - [25/Jun/2026:11:03:38 -0400] "GET /wp-includes/block-patterns/?C=M&O=A HTTP/1.1" 200 570 "-" "Mozilla/5.0 AppleWebKit/537.36 (KHTML, like Gecko; compatible; ClaudeBot/1.0; +claudebot@anthropic.com)"
216.73.217.104 - - [25/Jun/2026:11:03:38 -0400] "GET /wp-includes/block-patterns/?C=N&O=D HTTP/1.1" 200 569 "-" "Mozilla/5.0 AppleWebKit/537.36 (KHTML, like Gecko; compatible; ClaudeBot/1.0; +claudebot@anthropic.com)"
216.73.217.104 - - [25/Jun/2026:11:03:39 -0400] "GET /wp-includes/rest-api/fields/?C=S&O=A HTTP/1.1" 200 477 "-" "Mozilla/5.0 AppleWebKit/537.36 (KHTML, like Gecko; compatible; ClaudeBot/1.0; +claudebot@anthropic.com)"
216.73.217.104 - - [25/Jun/2026:11:03:39 -0400] "GET /wp-includes/rest-api/fields/?C=D&O=A HTTP/1.1" 200 478 "-" "Mozilla/5.0 AppleWebKit/537.36 (KHTML, like Gecko; compatible; ClaudeBot/1.0; +claudebot@anthropic.com)"
43.131.26.226 - - [25/Jun/2026:11:03:42 -0400] "GET /?C=M;O=A HTTP/1.1" 200 1153 "-" "Mozilla/5.0 (iPhone; CPU iPhone OS 13_2_3 like Mac OS X) AppleWebKit/605.1.15 (KHTML, like Gecko) Version/13.0.3 Mobile/15E148 Safari/604.1"
205.169.39.50 - - [25/Jun/2026:11:03:46 -0400] "GET / HTTP/1.1" 200 1156 "-" "Mozilla/5.0 (Windows NT 10.0; Win64; x64) AppleWebKit/537.36 (KHTML, like Gecko) Chrome/117.0.5938.132 Safari/537.36"
216.73.217.104 - - [25/Jun/2026:11:03:56 -0400] "GET /wp-includes/js/tinymce/?C=S&O=A HTTP/1.1" 404 - "-" "Mozilla/5.0 AppleWebKit/537.36 (KHTML, like Gecko; compatible; ClaudeBot/1.0; +claudebot@anthropic.com)"
216.73.217.104 - - [25/Jun/2026:11:03:56 -0400] "GET /wp-includes/Requests/?C=M&O=A HTTP/1.1" 200 395 "-" "Mozilla/5.0 AppleWebKit/537.36 (KHTML, like Gecko; compatible; ClaudeBot/1.0; +claudebot@anthropic.com)"
216.73.217.104 - - [25/Jun/2026:11:03:56 -0400] "GET /wp-includes/js/tinymce/?C=D&O=A HTTP/1.1" 404 - "-" "Mozilla/5.0 AppleWebKit/537.36 (KHTML, like Gecko; compatible; ClaudeBot/1.0; +claudebot@anthropic.com)"
216.73.217.104 - - [25/Jun/2026:11:03:57 -0400] "GET /wp-includes/Requests/?C=N&O=D HTTP/1.1" 200 392 "-" "Mozilla/5.0 AppleWebKit/537.36 (KHTML, like Gecko; compatible; ClaudeBot/1.0; +claudebot@anthropic.com)"
216.73.217.104 - - [25/Jun/2026:11:04:06 -0400] "GET /wp-includes/js/tinymce/?C=M&O=A HTTP/1.1" 404 - "-" "Mozilla/5.0 AppleWebKit/537.36 (KHTML, like Gecko; compatible; ClaudeBot/1.0; +claudebot@anthropic.com)"
216.73.217.104 - - [25/Jun/2026:11:04:06 -0400] "GET /wp-includes/js/tinymce/?C=N&O=D HTTP/1.1" 404 - "-" "Mozilla/5.0 AppleWebKit/537.36 (KHTML, like Gecko; compatible; ClaudeBot/1.0; +claudebot@anthropic.com)"
216.73.217.104 - - [25/Jun/2026:11:04:07 -0400] "GET /wp-includes/block-patterns/?C=S&O=A HTTP/1.1" 200 571 "-" "Mozilla/5.0 AppleWebKit/537.36 (KHTML, like Gecko; compatible; ClaudeBot/1.0; +claudebot@anthropic.com)"
216.73.217.104 - - [25/Jun/2026:11:04:08 -0400] "GET /wp-includes/block-patterns/?C=D&O=A HTTP/1.1" 200 570 "-" "Mozilla/5.0 AppleWebKit/537.36 (KHTML, like Gecko; compatible; ClaudeBot/1.0; +claudebot@anthropic.com)"
2a03:2880:f800:2a:: - - [25/Jun/2026:11:04:53 -0400] "GET /items/N68375723/ HTTP/1.1" 404 - "-" "meta-externalagent/1.1 (+https://developers.facebook.com/docs/sharing/webmasters/crawler)"
117.173.248.5 - - [25/Jun/2026:11:04:56 -0400] "GET / HTTP/1.1" 200 1156 "-" "Mozilla/5.0 (Windows NT 10.0; Win64; x64) AppleWebKit/537.36 (KHTML, like Gecko) Chrome/142.0.0.0 Safari/537.36"
117.173.248.5 - - [25/Jun/2026:11:04:57 -0400] "GET /favicon.ico HTTP/1.1" 404 - "https://laratrends.nl/" "Mozilla/5.0 (Windows NT 10.0; Win64; x64) AppleWebKit/537.36 (KHTML, like Gecko) Chrome/142.0.0.0 Safari/537.36"
2a03:2880:f800:40:: - - [25/Jun/2026:11:05:07 -0400] "GET /san-quentin-xways-online-gokkast-spelen-gratis-en-met-geld/ HTTP/1.1" 404 - "-" "meta-externalagent/1.1 (+https://developers.facebook.com/docs/sharing/webmasters/crawler)"
2a03:2880:f800:39:: - - [25/Jun/2026:11:05:15 -0400] "GET /waar-is-er-vandaag-bingo/ HTTP/1.1" 404 - "-" "meta-externalagent/1.1 (+https://developers.facebook.com/docs/sharing/webmasters/crawler)"
216.73.217.104 - - [25/Jun/2026:11:05:18 -0400] "GET /wp-includes/Requests/?C=S&O=A HTTP/1.1" 200 395 "-" "Mozilla/5.0 AppleWebKit/537.36 (KHTML, like Gecko; compatible; ClaudeBot/1.0; +claudebot@anthropic.com)"
216.73.217.104 - - [25/Jun/2026:11:05:18 -0400] "GET /wp-includes/SimplePie/?C=M&O=A HTTP/1.1" 200 430 "-" "Mozilla/5.0 AppleWebKit/537.36 (KHTML, like Gecko; compatible; ClaudeBot/1.0; +claudebot@anthropic.com)"
216.73.217.104 - - [25/Jun/2026:11:05:18 -0400] "GET /wp-includes/Requests/?C=D&O=A HTTP/1.1" 200 395 "-" "Mozilla/5.0 AppleWebKit/537.36 (KHTML, like Gecko; compatible; ClaudeBot/1.0; +claudebot@anthropic.com)"
216.73.217.104 - - [25/Jun/2026:11:05:19 -0400] "GET /wp-includes/SimplePie/?C=N&O=D HTTP/1.1" 200 426 "-" "Mozilla/5.0 AppleWebKit/537.36 (KHTML, like Gecko; compatible; ClaudeBot/1.0; +claudebot@anthropic.com)"
216.73.217.104 - - [25/Jun/2026:11:05:45 -0400] "GET /wp-includes/style-engine/?C=M&O=A HTTP/1.1" 200 506 "-" "Mozilla/5.0 AppleWebKit/537.36 (KHTML, like Gecko; compatible; ClaudeBot/1.0; +claudebot@anthropic.com)"
216.73.217.104 - - [25/Jun/2026:11:05:45 -0400] "GET /wp-includes/style-engine/?C=N&O=D HTTP/1.1" 200 503 "-" "Mozilla/5.0 AppleWebKit/537.36 (KHTML, like Gecko; compatible; ClaudeBot/1.0; +claudebot@anthropic.com)"
216.73.217.104 - - [25/Jun/2026:11:05:45 -0400] "GET /wp-includes/SimplePie/?C=S&O=A HTTP/1.1" 200 429 "-" "Mozilla/5.0 AppleWebKit/537.36 (KHTML, like Gecko; compatible; ClaudeBot/1.0; +claudebot@anthropic.com)"
216.73.217.104 - - [25/Jun/2026:11:05:46 -0400] "GET /wp-includes/SimplePie/?C=D&O=A HTTP/1.1" 200 429 "-" "Mozilla/5.0 AppleWebKit/537.36 (KHTML, like Gecko; compatible; ClaudeBot/1.0; +claudebot@anthropic.com)"
216.73.217.104 - - [25/Jun/2026:11:06:00 -0400] "GET /test/2025/11/17/minimum-deposit-5/feed/ HTTP/1.1" 200 3410 "-" "Mozilla/5.0 AppleWebKit/537.36 (KHTML, like Gecko; compatible; ClaudeBot/1.0; +claudebot@anthropic.com)"
216.73.217.104 - - [25/Jun/2026:11:06:00 -0400] "GET /test/2025/07/15/mint-bet-promo-code/feed/ HTTP/1.1" 200 3416 "-" "Mozilla/5.0 AppleWebKit/537.36 (KHTML, like Gecko; compatible; ClaudeBot/1.0; +claudebot@anthropic.com)"
216.73.217.104 - - [25/Jun/2026:11:06:02 -0400] "GET /wp-includes/style-engine/?C=S&O=A HTTP/1.1" 200 506 "-" "Mozilla/5.0 AppleWebKit/537.36 (KHTML, like Gecko; compatible; ClaudeBot/1.0; +claudebot@anthropic.com)"
216.73.217.104 - - [25/Jun/2026:11:06:03 -0400] "GET /wp-includes/style-engine/?C=D&O=A HTTP/1.1" 200 506 "-" "Mozilla/5.0 AppleWebKit/537.36 (KHTML, like Gecko; compatible; ClaudeBot/1.0; +claudebot@anthropic.com)"
216.73.217.104 - - [25/Jun/2026:11:06:07 -0400] "GET /test/wp-json/oembed/1.0/embed?url=https%3A%2F%2Flaratrends.nl%2Ftest%2F2025%2F11%2F17%2Fminimum-deposit-5%2F HTTP/1.1" 200 8802 "-" "Mozilla/5.0 AppleWebKit/537.36 (KHTML, like Gecko; compatible; ClaudeBot/1.0; +claudebot@anthropic.com)"
216.73.217.104 - - [25/Jun/2026:11:06:07 -0400] "GET /test/wp-json/oembed/1.0/embed?format=xml&url=https%3A%2F%2Flaratrends.nl%2Ftest%2F2025%2F11%2F17%2Fminimum-deposit-5%2F HTTP/1.1" 200 4089 "-" "Mozilla/5.0 AppleWebKit/537.36 (KHTML, like Gecko; compatible; ClaudeBot/1.0; +claudebot@anthropic.com)"
216.73.217.104 - - [25/Jun/2026:11:06:07 -0400] "GET /test/wp-json/oembed/1.0/embed?url=https%3A%2F%2Flaratrends.nl%2Ftest%2F2025%2F07%2F15%2Fmint-bet-promo-code%2F HTTP/1.1" 200 8812 "-" "Mozilla/5.0 AppleWebKit/537.36 (KHTML, like Gecko; compatible; ClaudeBot/1.0; +claudebot@anthropic.com)"
216.73.217.104 - - [25/Jun/2026:11:06:08 -0400] "GET /test/wp-json/oembed/1.0/embed?format=xml&url=https%3A%2F%2Flaratrends.nl%2Ftest%2F2025%2F07%2F15%2Fmint-bet-promo-code%2F HTTP/1.1" 200 4094 "-" "Mozilla/5.0 AppleWebKit/537.36 (KHTML, like Gecko; compatible; ClaudeBot/1.0; +claudebot@anthropic.com)"
2a03:2880:f800:33:: - - [25/Jun/2026:11:06:16 -0400] "GET /empire-casino-100-free-spins/ HTTP/1.1" 404 - "-" "meta-externalagent/1.1 (+https://developers.facebook.com/docs/sharing/webmasters/crawler)"
216.73.217.104 - - [25/Jun/2026:11:06:18 -0400] "GET /test/wp-json/oembed/1.0/embed?format=xml&url=https%3A%2F%2Flaratrends.nl%2Ftest%2F2025%2F11%2F22%2Fminimum-deposit-casinos-australia%2F HTTP/1.1" 200 4111 "-" "Mozilla/5.0 AppleWebKit/537.36 (KHTML, like Gecko; compatible; ClaudeBot/1.0; +claudebot@anthropic.com)"
216.73.217.104 - - [25/Jun/2026:11:06:18 -0400] "GET /test/wp-json/oembed/1.0/embed?url=https%3A%2F%2Flaratrends.nl%2Ftest%2F2025%2F11%2F22%2Fminimum-deposit-casinos-australia%2F HTTP/1.1" 200 8882 "-" "Mozilla/5.0 AppleWebKit/537.36 (KHTML, like Gecko; compatible; ClaudeBot/1.0; +claudebot@anthropic.com)"
216.73.217.104 - - [25/Jun/2026:11:06:19 -0400] "GET /test/wp-json/oembed/1.0/embed?url=https%3A%2F%2Flaratrends.nl%2Ftest%2F2025%2F12%2F14%2Fmindil-beach-casino-spa%2F HTTP/1.1" 200 8832 "-" "Mozilla/5.0 AppleWebKit/537.36 (KHTML, like Gecko; compatible; ClaudeBot/1.0; +claudebot@anthropic.com)"
216.73.217.104 - - [25/Jun/2026:11:06:20 -0400] "GET /test/wp-json/oembed/1.0/embed?format=xml&url=https%3A%2F%2Flaratrends.nl%2Ftest%2F2025%2F12%2F14%2Fmindil-beach-casino-spa%2F HTTP/1.1" 200 4098 "-" "Mozilla/5.0 AppleWebKit/537.36 (KHTML, like Gecko; compatible; ClaudeBot/1.0; +claudebot@anthropic.com)"
54.147.8.166 - - [25/Jun/2026:11:06:23 -0400] "GET / HTTP/1.1" 200 1156 "-" "Mozilla/5.0 (X11; Linux x86_64; rv:130.0) Gecko/20100101 Firefox/130.0"
216.73.217.104 - - [25/Jun/2026:11:06:28 -0400] "GET /test/2025/11/22/minimum-deposit-casinos-australia/feed/ HTTP/1.1" 200 3429 "-" "Mozilla/5.0 AppleWebKit/537.36 (KHTML, like Gecko; compatible; ClaudeBot/1.0; +claudebot@anthropic.com)"
216.73.217.104 - - [25/Jun/2026:11:06:28 -0400] "GET /test/2025/10/18/mines-game-casino/ HTTP/1.1" 200 25518 "-" "Mozilla/5.0 AppleWebKit/537.36 (KHTML, like Gecko; compatible; ClaudeBot/1.0; +claudebot@anthropic.com)"
216.73.217.104 - - [25/Jun/2026:11:06:28 -0400] "GET /test/2025/12/14/mindil-beach-casino-spa/feed/ HTTP/1.1" 200 3419 "-" "Mozilla/5.0 AppleWebKit/537.36 (KHTML, like Gecko; compatible; ClaudeBot/1.0; +claudebot@anthropic.com)"
216.73.217.104 - - [25/Jun/2026:11:06:29 -0400] "GET /test/wp-json/oembed/1.0/embed?url=https%3A%2F%2Flaratrends.nl%2Ftest%2F2025%2F07%2F27%2Fmindil-beach-casino-resort-address%2F HTTP/1.1" 200 8887 "-" "Mozilla/5.0 AppleWebKit/537.36 (KHTML, like Gecko; compatible; ClaudeBot/1.0; +claudebot@anthropic.com)"
2a03:2880:f800:30:: - - [25/Jun/2026:11:06:48 -0400] "GET /skulls-up-online-gokkast-spelen-gratis-en-met-geld/ HTTP/1.1" 404 - "-" "meta-externalagent/1.1 (+https://developers.facebook.com/docs/sharing/webmasters/crawler)"
2a03:2880:f800:15:: - - [25/Jun/2026:11:07:04 -0400] "GET /chaudfontaine-casino-100-free-spins/ HTTP/1.1" 404 - "-" "meta-externalagent/1.1 (+https://developers.facebook.com/docs/sharing/webmasters/crawler)"
54.227.149.90 - - [25/Jun/2026:11:07:12 -0400] "GET / HTTP/1.1" 200 1156 "-" "Mozilla/5.0 (Windows NT 10.0; Win64; x64) AppleWebKit/537.36 (KHTML, like Gecko) Chrome/140.0.0.0 Safari/537.36"
107.152.46.202 - - [25/Jun/2026:11:07:33 -0400] "GET /test/2025/10/07/willkommensbonus-online-wettanbieterdas-online/ HTTP/1.1" 200 25453 "-" "Mozilla/5.0 (Windows NT 10.0; Win64; x64; Xbox; Xbox One) AppleWebKit/537.36 (KHTML, like Gecko) Chrome/114.0.0.0 Safari/537.36 Edge/44.18363.8131"
216.73.217.104 - - [25/Jun/2026:11:07:43 -0400] "GET /test/2025/12/31/miracle-casino-no-deposit-bonus-codes-for-free-spins-2026/ HTTP/1.1" 200 25163 "-" "Mozilla/5.0 AppleWebKit/537.36 (KHTML, like Gecko; compatible; ClaudeBot/1.0; +claudebot@anthropic.com)"
216.73.217.104 - - [25/Jun/2026:11:07:43 -0400] "GET /test/2025/12/01/miracle-casino-100-free-spins-bonus-2026/ HTTP/1.1" 200 25457 "-" "Mozilla/5.0 AppleWebKit/537.36 (KHTML, like Gecko; compatible; ClaudeBot/1.0; +claudebot@anthropic.com)"
216.73.217.104 - - [25/Jun/2026:11:07:44 -0400] "GET /test/2025/07/27/mindil-beach-casino-resort-address/feed/ HTTP/1.1" 200 3432 "-" "Mozilla/5.0 AppleWebKit/537.36 (KHTML, like Gecko; compatible; ClaudeBot/1.0; +claudebot@anthropic.com)"
216.73.217.104 - - [25/Jun/2026:11:07:44 -0400] "GET /sitemap-9.xml HTTP/1.1" 404 - "-" "Mozilla/5.0 AppleWebKit/537.36 (KHTML, like Gecko; compatible; ClaudeBot/1.0; +claudebot@anthropic.com)"
216.73.217.104 - - [25/Jun/2026:11:07:51 -0400] "GET /sitemap-13.xml HTTP/1.1" 404 - "-" "Mozilla/5.0 AppleWebKit/537.36 (KHTML, like Gecko; compatible; ClaudeBot/1.0; +claudebot@anthropic.com)"
216.73.217.104 - - [25/Jun/2026:11:07:51 -0400] "GET /sitemap-2.xml HTTP/1.1" 404 - "-" "Mozilla/5.0 AppleWebKit/537.36 (KHTML, like Gecko; compatible; ClaudeBot/1.0; +claudebot@anthropic.com)"
216.73.217.104 - - [25/Jun/2026:11:07:52 -0400] "GET /sitemap-18.xml HTTP/1.1" 404 - "-" "Mozilla/5.0 AppleWebKit/537.36 (KHTML, like Gecko; compatible; ClaudeBot/1.0; +claudebot@anthropic.com)"
216.73.217.104 - - [25/Jun/2026:11:07:52 -0400] "GET /sitemap-12.xml HTTP/1.1" 404 - "-" "Mozilla/5.0 AppleWebKit/537.36 (KHTML, like Gecko; compatible; ClaudeBot/1.0; +claudebot@anthropic.com)"
82.25.62.125 - - [25/Jun/2026:11:07:52 -0400] "GET /test/2025/10/07/willkommensbonus-ohne-einzahlung/ HTTP/1.1" 200 25470 "-" "Mozilla/5.0 (compatible; Googlebot/2.1; +http://www.google.com/bot.html)"
216.73.217.104 - - [25/Jun/2026:11:08:00 -0400] "GET /sitemap-7.xml HTTP/1.1" 404 - "-" "Mozilla/5.0 AppleWebKit/537.36 (KHTML, like Gecko; compatible; ClaudeBot/1.0; +claudebot@anthropic.com)"
216.73.217.104 - - [25/Jun/2026:11:08:00 -0400] "GET /sitemap-16.xml HTTP/1.1" 404 - "-" "Mozilla/5.0 AppleWebKit/537.36 (KHTML, like Gecko; compatible; ClaudeBot/1.0; +claudebot@anthropic.com)"
216.73.217.104 - - [25/Jun/2026:11:08:01 -0400] "GET /sitemap-10.xml HTTP/1.1" 404 - "-" "Mozilla/5.0 AppleWebKit/537.36 (KHTML, like Gecko; compatible; ClaudeBot/1.0; +claudebot@anthropic.com)"
216.73.217.104 - - [25/Jun/2026:11:08:01 -0400] "GET /sitemap-4.xml HTTP/1.1" 404 - "-" "Mozilla/5.0 AppleWebKit/537.36 (KHTML, like Gecko; compatible; ClaudeBot/1.0; +claudebot@anthropic.com)"
2a03:2880:f800:3a:: - - [25/Jun/2026:11:08:17 -0400] "GET /bwin-casino-50-free-spins/ HTTP/1.1" 404 - "-" "meta-externalagent/1.1 (+https://developers.facebook.com/docs/sharing/webmasters/crawler)"
216.73.217.104 - - [25/Jun/2026:11:08:18 -0400] "GET /sitemap-11.xml HTTP/1.1" 404 - "-" "Mozilla/5.0 AppleWebKit/537.36 (KHTML, like Gecko; compatible; ClaudeBot/1.0; +claudebot@anthropic.com)"
216.73.217.104 - - [25/Jun/2026:11:08:18 -0400] "GET /sitemap-14.xml HTTP/1.1" 404 - "-" "Mozilla/5.0 AppleWebKit/537.36 (KHTML, like Gecko; compatible; ClaudeBot/1.0; +claudebot@anthropic.com)"
2a03:2880:f800:1d:: - - [25/Jun/2026:11:08:19 -0400] "GET /american-express-casino-nederland-online/ HTTP/1.1" 404 - "-" "meta-externalagent/1.1 (+https://developers.facebook.com/docs/sharing/webmasters/crawler)"
216.73.217.104 - - [25/Jun/2026:11:08:19 -0400] "GET /sitemap-17.xml HTTP/1.1" 404 - "-" "Mozilla/5.0 AppleWebKit/537.36 (KHTML, like Gecko; compatible; ClaudeBot/1.0; +claudebot@anthropic.com)"
2a03:2880:f800:: - - [25/Jun/2026:11:08:22 -0400] "GET /hejgo-casino-100-free-spins/ HTTP/1.1" 404 - "-" "meta-externalagent/1.1 (+https://developers.facebook.com/docs/sharing/webmasters/crawler)"
2a03:2880:f800:34:: - - [25/Jun/2026:11:08:24 -0400] "GET /hoe-werkt-baccarat/ HTTP/1.1" 404 - "-" "meta-externalagent/1.1 (+https://developers.facebook.com/docs/sharing/webmasters/crawler)"
216.73.217.104 - - [25/Jun/2026:11:08:26 -0400] "GET /sitemap-3.xml HTTP/1.1" 404 - "-" "Mozilla/5.0 AppleWebKit/537.36 (KHTML, like Gecko; compatible; ClaudeBot/1.0; +claudebot@anthropic.com)"
216.73.217.104 - - [25/Jun/2026:11:08:26 -0400] "GET /sitemap-1.xml HTTP/1.1" 404 - "-" "Mozilla/5.0 AppleWebKit/537.36 (KHTML, like Gecko; compatible; ClaudeBot/1.0; +claudebot@anthropic.com)"
216.73.217.104 - - [25/Jun/2026:11:08:27 -0400] "GET /sitemap.xml HTTP/1.1" 404 - "-" "Mozilla/5.0 AppleWebKit/537.36 (KHTML, like Gecko; compatible; ClaudeBot/1.0; +claudebot@anthropic.com)"
64.225.100.118 - - [25/Jun/2026:11:08:35 -0400] "GET /wp-admin.zip HTTP/1.1" 200 263038786 "-" "Mozilla/5.0 (Windows NT 10.0; Win64; x64) AppleWebKit/537.36 (KHTML, like Gecko) Chrome/74.0.3729.169 Safari/537.36,"
98.89.108.39 - - [25/Jun/2026:11:09:01 -0400] "GET / HTTP/1.1" 200 1156 "-" "Mozilla/5.0 (Macintosh; Intel Mac OS X 10.15; rv:141.0) Gecko/20100101 Firefox/141.0"
2a03:2880:f800:35:: - - [25/Jun/2026:11:09:03 -0400] "GET /wanneer-inzetten-blackjack/ HTTP/1.1" 404 - "-" "meta-externalagent/1.1 (+https://developers.facebook.com/docs/sharing/webmasters/crawler)"
2a03:2880:f800:f:: - - [25/Jun/2026:11:09:21 -0400] "GET /items/N165286470/ HTTP/1.1" 404 - "-" "meta-externalagent/1.1 (+https://developers.facebook.com/docs/sharing/webmasters/crawler)"
216.73.217.104 - - [25/Jun/2026:11:09:25 -0400] "GET /sitemap-15.xml HTTP/1.1" 404 - "-" "Mozilla/5.0 AppleWebKit/537.36 (KHTML, like Gecko; compatible; ClaudeBot/1.0; +claudebot@anthropic.com)"
216.73.217.104 - - [25/Jun/2026:11:09:25 -0400] "GET /sitemap-6.xml HTTP/1.1" 404 - "-" "Mozilla/5.0 AppleWebKit/537.36 (KHTML, like Gecko; compatible; ClaudeBot/1.0; +claudebot@anthropic.com)"
216.73.217.104 - - [25/Jun/2026:11:09:25 -0400] "GET /sitemap-8.xml HTTP/1.1" 404 - "-" "Mozilla/5.0 AppleWebKit/537.36 (KHTML, like Gecko; compatible; ClaudeBot/1.0; +claudebot@anthropic.com)"
139.59.145.68 - - [25/Jun/2026:11:09:23 -0400] "GET /wp-adminold.zip HTTP/1.1" 200 220029819 "-" "Mozilla/5.0 (Macintosh; U; Intel Mac OS X 10_6_6; en-en) AppleWebKit/533.19.4 (KHTML, like Gecko) Version/5.0.3 Safari/533.19.4"
216.73.217.104 - - [25/Jun/2026:11:09:40 -0400] "GET /sitemap-5.xml HTTP/1.1" 404 - "-" "Mozilla/5.0 AppleWebKit/537.36 (KHTML, like Gecko; compatible; ClaudeBot/1.0; +claudebot@anthropic.com)"
216.73.217.104 - - [25/Jun/2026:11:09:40 -0400] "GET /its-essential-to-scrub-your-intercourse-toys-every-single/ HTTP/1.1" 404 - "-" "Mozilla/5.0 AppleWebKit/537.36 (KHTML, like Gecko; compatible; ClaudeBot/1.0; +claudebot@anthropic.com)"
41.90.65.6 - - [25/Jun/2026:11:09:40 -0400] "GET /shop?min_price=400&max_price=1699&filter_size=l%2Cs%2Cm%2Cxs%2Cxl&filter_color=%d8%a3%d8%b2%d8%b1%d9%82%2C%d9%83%d8%ad%d9%84%d9%89 HTTP/1.1" 404 - "https://laratrends.nl/shop?min_price=400&max_price=1699&filter_size=l%2Cs%2Cm%2Cxs%2Cxl&filter_color=%d8%a3%d8%b2%d8%b1%d9%82%2C%d9%83%d8%ad%d9%84%d9%89" "Mozilla/5.0 (iPhone; CPU iPhone OS 18_2 like Mac OS X) AppleWebKit/605.1.15 (KHTML, like Gecko) Version/18.2 Mobile/15E148 Safari/604.1"
216.73.217.104 - - [25/Jun/2026:11:09:41 -0400] "GET /sitemap-19.xml HTTP/1.1" 404 - "-" "Mozilla/5.0 AppleWebKit/537.36 (KHTML, like Gecko; compatible; ClaudeBot/1.0; +claudebot@anthropic.com)"
216.73.217.104 - - [25/Jun/2026:11:10:09 -0400] "GET /wp-includes/IXR/class-IXR-client.php HTTP/1.1" 200 - "-" "Mozilla/5.0 AppleWebKit/537.36 (KHTML, like Gecko; compatible; ClaudeBot/1.0; +claudebot@anthropic.com)"
216.73.217.104 - - [25/Jun/2026:11:10:09 -0400] "GET /wp-includes/rest-api/endpoints/class-wp-rest-plugins-controller.php HTTP/1.1" 500 - "-" "Mozilla/5.0 AppleWebKit/537.36 (KHTML, like Gecko; compatible; ClaudeBot/1.0; +claudebot@anthropic.com)"
216.73.217.104 - - [25/Jun/2026:11:10:10 -0400] "GET /wp-includes/IXR/class-IXR-date.php HTTP/1.1" 200 - "-" "Mozilla/5.0 AppleWebKit/537.36 (KHTML, like Gecko; compatible; ClaudeBot/1.0; +claudebot@anthropic.com)"
216.73.217.104 - - [25/Jun/2026:11:10:11 -0400] "GET /wp-includes/rest-api/endpoints/class-wp-rest-posts-controller.php HTTP/1.1" 500 - "-" "Mozilla/5.0 AppleWebKit/537.36 (KHTML, like Gecko; compatible; ClaudeBot/1.0; +claudebot@anthropic.com)"
216.73.217.104 - - [25/Jun/2026:11:10:11 -0400] "GET /wp-includes/pomo/entry.php HTTP/1.1" 200 - "-" "Mozilla/5.0 AppleWebKit/537.36 (KHTML, like Gecko; compatible; ClaudeBot/1.0; +claudebot@anthropic.com)"
216.73.217.104 - - [25/Jun/2026:11:10:12 -0400] "GET /wp-includes/customize/class-wp-customize-partial.php HTTP/1.1" 200 - "-" "Mozilla/5.0 AppleWebKit/537.36 (KHTML, like Gecko; compatible; ClaudeBot/1.0; +claudebot@anthropic.com)"
216.73.217.104 - - [25/Jun/2026:11:10:12 -0400] "GET /wp-includes/IXR/class-IXR-message.php HTTP/1.1" 200 - "-" "Mozilla/5.0 AppleWebKit/537.36 (KHTML, like Gecko; compatible; ClaudeBot/1.0; +claudebot@anthropic.com)"
216.73.217.104 - - [25/Jun/2026:11:10:13 -0400] "GET /wp-includes/IXR/class-IXR-value.php HTTP/1.1" 200 - "-" "Mozilla/5.0 AppleWebKit/537.36 (KHTML, like Gecko; compatible; ClaudeBot/1.0; +claudebot@anthropic.com)"
216.73.217.104 - - [25/Jun/2026:11:10:13 -0400] "GET /wp-includes/IXR/class-IXR-server.php HTTP/1.1" 200 - "-" "Mozilla/5.0 AppleWebKit/537.36 (KHTML, like Gecko; compatible; ClaudeBot/1.0; +claudebot@anthropic.com)"
216.73.217.104 - - [25/Jun/2026:11:10:14 -0400] "GET /wp-includes/IXR/class-IXR-request.php HTTP/1.1" 200 - "-" "Mozilla/5.0 AppleWebKit/537.36 (KHTML, like Gecko; compatible; ClaudeBot/1.0; +claudebot@anthropic.com)"
216.73.217.104 - - [25/Jun/2026:11:10:14 -0400] "GET /wp-includes/customize/class-wp-customize-code-editor-control.php HTTP/1.1" 500 - "-" "Mozilla/5.0 AppleWebKit/537.36 (KHTML, like Gecko; compatible; ClaudeBot/1.0; +claudebot@anthropic.com)"
216.73.217.104 - - [25/Jun/2026:11:10:15 -0400] "GET /wp-includes/IXR/class-IXR-error.php HTTP/1.1" 200 - "-" "Mozilla/5.0 AppleWebKit/537.36 (KHTML, like Gecko; compatible; ClaudeBot/1.0; +claudebot@anthropic.com)"
216.73.217.104 - - [25/Jun/2026:11:10:15 -0400] "GET /wp-includes/sodium_compat/src/File.php HTTP/1.1" 500 - "-" "Mozilla/5.0 AppleWebKit/537.36 (KHTML, like Gecko; compatible; ClaudeBot/1.0; +claudebot@anthropic.com)"
216.73.217.104 - - [25/Jun/2026:11:10:16 -0400] "GET /wp-includes/sodium_compat/lib/php72compat_const.php HTTP/1.1" 200 - "-" "Mozilla/5.0 AppleWebKit/537.36 (KHTML, like Gecko; compatible; ClaudeBot/1.0; +claudebot@anthropic.com)"
216.73.217.104 - - [25/Jun/2026:11:10:17 -0400] "GET /wp-includes/customize/class-wp-customize-filter-setting.php HTTP/1.1" 500 - "-" "Mozilla/5.0 AppleWebKit/537.36 (KHTML, like Gecko; compatible; ClaudeBot/1.0; +claudebot@anthropic.com)"
216.73.217.104 - - [25/Jun/2026:11:10:17 -0400] "GET /wp-includes/customize/class-wp-customize-custom-css-setting.php HTTP/1.1" 500 - "-" "Mozilla/5.0 AppleWebKit/537.36 (KHTML, like Gecko; compatible; ClaudeBot/1.0; +claudebot@anthropic.com)"
216.73.217.104 - - [25/Jun/2026:11:10:18 -0400] "GET /wp-includes/sodium_compat/lib/php84compat.php HTTP/1.1" 200 - "-" "Mozilla/5.0 AppleWebKit/537.36 (KHTML, like Gecko; compatible; ClaudeBot/1.0; +claudebot@anthropic.com)"
216.73.217.104 - - [25/Jun/2026:11:10:19 -0400] "GET /wp-includes/rest-api/endpoints/class-wp-rest-pattern-directory-controller.php HTTP/1.1" 500 - "-" "Mozilla/5.0 AppleWebKit/537.36 (KHTML, like Gecko; compatible; ClaudeBot/1.0; +claudebot@anthropic.com)"
216.73.217.104 - - [25/Jun/2026:11:10:19 -0400] "GET /wp-includes/rest-api/endpoints/class-wp-rest-comments-controller.php HTTP/1.1" 500 - "-" "Mozilla/5.0 AppleWebKit/537.36 (KHTML, like Gecko; compatible; ClaudeBot/1.0; +claudebot@anthropic.com)"
216.73.217.104 - - [25/Jun/2026:11:10:20 -0400] "GET /wp-includes/sodium_compat/lib/php72compat.php HTTP/1.1" 200 - "-" "Mozilla/5.0 AppleWebKit/537.36 (KHTML, like Gecko; compatible; ClaudeBot/1.0; +claudebot@anthropic.com)"
