34.77.86.45 - - [25/Jun/2026:13:38:52 -0400] "GET /wp-includes/theme-compat/modules/ HTTP/1.1" 200 387 "-" "Mozilla/5.0 (Windows NT 10.0; rv:78.0) Gecko/20100101 Firefox/78.0"
34.77.86.45 - - [25/Jun/2026:13:38:52 -0400] "GET /wp-includes/theme-compat/modules/oxzil/ HTTP/1.1" 200 392 "-" "Mozilla/5.0 (Windows NT 10.0; rv:78.0) Gecko/20100101 Firefox/78.0"
45.84.107.54 - - [25/Jun/2026:13:38:52 -0400] "GET /wp-content HTTP/1.1" 301 281 "https://laratrends.nl/wp-content" "Mozilla/5.0 (Linux; Android 5.1.1; GLEE 10.1 3G Build/LMY48Y) AppleWebKit/537.36 (KHTML, like Gecko) Chrome/69.0.3497.100 Safari/537.36"
34.77.86.45 - - [25/Jun/2026:13:38:52 -0400] "GET /wp-includes/theme-compat/modules/oxzil/xbxg/ HTTP/1.1" 200 737 "-" "Mozilla/5.0 (Windows NT 10.0; rv:78.0) Gecko/20100101 Firefox/78.0"
216.73.217.104 - - [25/Jun/2026:13:38:52 -0400] "GET /wp-includes/css/dist/block-library/common-rtl.min.css HTTP/1.1" 200 1115 "-" "Mozilla/5.0 AppleWebKit/537.36 (KHTML, like Gecko; compatible; ClaudeBot/1.0; +claudebot@anthropic.com)"
34.77.86.45 - - [25/Jun/2026:13:38:53 -0400] "GET /wp-includes/widgets/ HTTP/1.1" 200 783 "-" "Mozilla/5.0 (Windows NT 10.0; rv:78.0) Gecko/20100101 Firefox/78.0"
216.73.217.104 - - [25/Jun/2026:13:38:53 -0400] "GET /wp-includes/css/dist/base-styles/admin-schemes-rtl.css HTTP/1.1" 200 868 "-" "Mozilla/5.0 AppleWebKit/537.36 (KHTML, like Gecko; compatible; ClaudeBot/1.0; +claudebot@anthropic.com)"
34.77.86.45 - - [25/Jun/2026:13:38:53 -0400] "GET /wp-includes/widgets/tmp/ HTTP/1.1" 200 379 "-" "Mozilla/5.0 (Windows NT 10.0; rv:78.0) Gecko/20100101 Firefox/78.0"
216.73.217.104 - - [25/Jun/2026:13:38:53 -0400] "GET /wp-includes/css/dist/block-library/reset-rtl.min.css HTTP/1.1" 200 477 "-" "Mozilla/5.0 AppleWebKit/537.36 (KHTML, like Gecko; compatible; ClaudeBot/1.0; +claudebot@anthropic.com)"
34.77.86.45 - - [25/Jun/2026:13:38:53 -0400] "GET /wp-includes/widgets/tmp/2023/ HTTP/1.1" 200 384 "-" "Mozilla/5.0 (Windows NT 10.0; rv:78.0) Gecko/20100101 Firefox/78.0"
45.84.107.54 - - [25/Jun/2026:13:38:53 -0400] "GET /wp-content/ HTTP/1.1" 200 - "https://laratrends.nl/wp-content" "Mozilla/5.0 (Linux; Android 5.1.1; GLEE 10.1 3G Build/LMY48Y) AppleWebKit/537.36 (KHTML, like Gecko) Chrome/69.0.3497.100 Safari/537.36"
34.77.86.45 - - [25/Jun/2026:13:38:53 -0400] "GET /wp-includes/widgets/tmp/2023/images/ HTTP/1.1" 200 387 "-" "Mozilla/5.0 (Windows NT 10.0; rv:78.0) Gecko/20100101 Firefox/78.0"
216.73.217.104 - - [25/Jun/2026:13:38:54 -0400] "GET /wp-includes/css/dist/block-library/classic-rtl.css HTTP/1.1" 200 340 "-" "Mozilla/5.0 AppleWebKit/537.36 (KHTML, like Gecko; compatible; ClaudeBot/1.0; +claudebot@anthropic.com)"
34.77.86.45 - - [25/Jun/2026:13:38:54 -0400] "GET /wp-includes/widgets/tmp/2023/images/cep/ HTTP/1.1" 403 14 "-" "Mozilla/5.0 (Windows NT 10.0; rv:78.0) Gecko/20100101 Firefox/78.0"
45.84.107.54 - - [25/Jun/2026:13:38:54 -0400] "GET /wp-cron.php HTTP/1.1" 200 - "https://laratrends.nl/wp-cron.php" "Mozilla/5.0 (Linux; Android 5.1.1; GLEE 10.1 3G Build/LMY48Y) AppleWebKit/537.36 (KHTML, like Gecko) Chrome/69.0.3497.100 Safari/537.36"
45.84.107.54 - - [25/Jun/2026:13:38:55 -0400] "GET /wp-includes HTTP/1.1" 301 282 "https://laratrends.nl/wp-includes" "Mozilla/5.0 (Linux; Android 5.1.1; GLEE 10.1 3G Build/LMY48Y) AppleWebKit/537.36 (KHTML, like Gecko) Chrome/69.0.3497.100 Safari/537.36"
216.73.217.104 - - [25/Jun/2026:13:38:57 -0400] "GET /wp-includes/css/dist/reusable-blocks/style.min.css HTTP/1.1" 200 275 "-" "Mozilla/5.0 AppleWebKit/537.36 (KHTML, like Gecko; compatible; ClaudeBot/1.0; +claudebot@anthropic.com)"
216.73.217.104 - - [25/Jun/2026:13:38:57 -0400] "GET /wp-includes/css/dist/block-editor/default-editor-styles-rtl.min.css HTTP/1.1" 200 226 "-" "Mozilla/5.0 AppleWebKit/537.36 (KHTML, like Gecko; compatible; ClaudeBot/1.0; +claudebot@anthropic.com)"
216.73.217.104 - - [25/Jun/2026:13:38:58 -0400] "GET /wp-includes/css/dist/commands/style-rtl.css HTTP/1.1" 200 1810 "-" "Mozilla/5.0 AppleWebKit/537.36 (KHTML, like Gecko; compatible; ClaudeBot/1.0; +claudebot@anthropic.com)"
216.73.217.104 - - [25/Jun/2026:13:38:58 -0400] "GET /wp-includes/css/dist/edit-widgets/style-rtl.min.css HTTP/1.1" 200 4633 "-" "Mozilla/5.0 AppleWebKit/537.36 (KHTML, like Gecko; compatible; ClaudeBot/1.0; +claudebot@anthropic.com)"
45.84.107.54 - - [25/Jun/2026:13:38:56 -0400] "GET /wp-includes/ HTTP/1.1" 200 5995 "https://laratrends.nl/wp-includes" "Mozilla/5.0 (Linux; Android 5.1.1; GLEE 10.1 3G Build/LMY48Y) AppleWebKit/537.36 (KHTML, like Gecko) Chrome/69.0.3497.100 Safari/537.36"
162.213.255.98 - - [25/Jun/2026:13:39:03 -0400] "POST /wp-cron.php?doing_wp_cron=1782409143.7560660839080810546875 HTTP/1.1" 200 - "-" "WordPress/6.9.4; https://laratrends.nl"
171.25.193.80 - - [25/Jun/2026:13:39:00 -0400] "GET /wp-links-opml.php HTTP/1.1" 200 3170 "https://laratrends.nl/wp-links-opml.php" "Mozilla/5.0 (Linux; Android 5.1.1; GLEE 10.1 3G Build/LMY48Y) AppleWebKit/537.36 (KHTML, like Gecko) Chrome/69.0.3497.100 Safari/537.36"
171.25.193.80 - - [25/Jun/2026:13:39:05 -0400] "GET /wp-load.php HTTP/1.1" 403 22 "https://laratrends.nl/wp-load.php" "Mozilla/5.0 (Linux; Android 5.1.1; GLEE 10.1 3G Build/LMY48Y) AppleWebKit/537.36 (KHTML, like Gecko) Chrome/69.0.3497.100 Safari/537.36"
171.25.193.80 - - [25/Jun/2026:13:39:06 -0400] "GET /wp-mail.php HTTP/1.1" 403 22 "https://laratrends.nl/wp-mail.php" "Mozilla/5.0 (Linux; Android 5.1.1; GLEE 10.1 3G Build/LMY48Y) AppleWebKit/537.36 (KHTML, like Gecko) Chrome/69.0.3497.100 Safari/537.36"
171.25.193.80 - - [25/Jun/2026:13:39:07 -0400] "GET /wp-set.php HTTP/1.1" 200 3321 "https://laratrends.nl/wp-set.php" "Mozilla/5.0 (Linux; Android 5.1.1; GLEE 10.1 3G Build/LMY48Y) AppleWebKit/537.36 (KHTML, like Gecko) Chrome/69.0.3497.100 Safari/537.36"
171.25.193.80 - - [25/Jun/2026:13:39:08 -0400] "GET /wp-settings.php HTTP/1.1" 500 - "https://laratrends.nl/wp-settings.php" "Mozilla/5.0 (Linux; Android 5.1.1; GLEE 10.1 3G Build/LMY48Y) AppleWebKit/537.36 (KHTML, like Gecko) Chrome/69.0.3497.100 Safari/537.36"
171.25.193.80 - - [25/Jun/2026:13:39:09 -0400] "GET /wp-sign.php HTTP/1.1" 200 3321 "https://laratrends.nl/wp-sign.php" "Mozilla/5.0 (Linux; Android 5.1.1; GLEE 10.1 3G Build/LMY48Y) AppleWebKit/537.36 (KHTML, like Gecko) Chrome/69.0.3497.100 Safari/537.36"
216.73.217.104 - - [25/Jun/2026:13:39:09 -0400] "GET /wp-includes/css/dist/reusable-blocks/style-rtl.css HTTP/1.1" 200 294 "-" "Mozilla/5.0 AppleWebKit/537.36 (KHTML, like Gecko; compatible; ClaudeBot/1.0; +claudebot@anthropic.com)"
216.73.217.104 - - [25/Jun/2026:13:39:09 -0400] "GET /wp-includes/css/dist/nux/style.min.css HTTP/1.1" 200 641 "-" "Mozilla/5.0 AppleWebKit/537.36 (KHTML, like Gecko; compatible; ClaudeBot/1.0; +claudebot@anthropic.com)"
216.73.217.104 - - [25/Jun/2026:13:39:10 -0400] "GET /wp-includes/css/dist/list-reusable-blocks/style.css HTTP/1.1" 200 1110 "-" "Mozilla/5.0 AppleWebKit/537.36 (KHTML, like Gecko; compatible; ClaudeBot/1.0; +claudebot@anthropic.com)"
216.73.217.104 - - [25/Jun/2026:13:39:10 -0400] "GET /wp-includes/css/dist/block-editor/style-rtl.min.css HTTP/1.1" 200 16533 "-" "Mozilla/5.0 AppleWebKit/537.36 (KHTML, like Gecko; compatible; ClaudeBot/1.0; +claudebot@anthropic.com)"
192.42.116.20 - - [25/Jun/2026:13:39:11 -0400] "GET /wp-signup.php HTTP/1.1" 302 6577 "https://laratrends.nl/wp-signup.php" "Mozilla/5.0 (Linux; Android 5.1.1; GLEE 10.1 3G Build/LMY48Y) AppleWebKit/537.36 (KHTML, like Gecko) Chrome/69.0.3497.100 Safari/537.36"
66.249.68.167 - - [25/Jun/2026:13:39:23 -0400] "GET /items/C636212197/ HTTP/1.1" 404 - "-" "Mozilla/5.0 (Linux; Android 6.0.1; Nexus 5X Build/MMB29P) AppleWebKit/537.36 (KHTML, like Gecko) Chrome/148.0.7778.96 Mobile Safari/537.36 (compatible; GoogleOther)"
185.129.62.63 - - [25/Jun/2026:13:39:24 -0400] "GET /wp-trackback.php HTTP/1.1" 403 22 "https://laratrends.nl/wp-trackback.php" "Mozilla/5.0 (Linux; Android 5.1.1; GLEE 10.1 3G Build/LMY48Y) AppleWebKit/537.36 (KHTML, like Gecko) Chrome/69.0.3497.100 Safari/537.36"
216.73.217.104 - - [25/Jun/2026:13:39:25 -0400] "GET /wp-includes/css/dist/reusable-blocks/style-rtl.min.css HTTP/1.1" 200 275 "-" "Mozilla/5.0 AppleWebKit/537.36 (KHTML, like Gecko; compatible; ClaudeBot/1.0; +claudebot@anthropic.com)"
216.73.217.104 - - [25/Jun/2026:13:39:25 -0400] "GET /wp-includes/css/dist/list-reusable-blocks/style.min.css HTTP/1.1" 200 1062 "-" "Mozilla/5.0 AppleWebKit/537.36 (KHTML, like Gecko; compatible; ClaudeBot/1.0; +claudebot@anthropic.com)"
216.73.217.104 - - [25/Jun/2026:13:39:26 -0400] "GET /test/?p=95 HTTP/1.1" 301 6577 "-" "Mozilla/5.0 AppleWebKit/537.36 (KHTML, like Gecko; compatible; ClaudeBot/1.0; +claudebot@anthropic.com)"
216.73.217.104 - - [25/Jun/2026:13:39:27 -0400] "GET /wp-includes/css/dist/commands/style-rtl.min.css HTTP/1.1" 200 1745 "-" "Mozilla/5.0 AppleWebKit/537.36 (KHTML, like Gecko; compatible; ClaudeBot/1.0; +claudebot@anthropic.com)"
216.73.217.104 - - [25/Jun/2026:13:39:26 -0400] "GET /test/2025/08/18/mirage-online-casino/ HTTP/1.1" 200 25198 "https://laratrends.nl/test/?p=95" "Mozilla/5.0 AppleWebKit/537.36 (KHTML, like Gecko; compatible; ClaudeBot/1.0; +claudebot@anthropic.com)"
216.73.217.104 - - [25/Jun/2026:13:39:37 -0400] "GET /wp-includes/css/dist/block-library/classic-rtl.min.css HTTP/1.1" 200 320 "-" "Mozilla/5.0 AppleWebKit/537.36 (KHTML, like Gecko; compatible; ClaudeBot/1.0; +claudebot@anthropic.com)"
216.73.217.104 - - [25/Jun/2026:13:39:37 -0400] "GET /wp-includes/css/dist/base-styles/admin-schemes-rtl.min.css HTTP/1.1" 200 829 "-" "Mozilla/5.0 AppleWebKit/537.36 (KHTML, like Gecko; compatible; ClaudeBot/1.0; +claudebot@anthropic.com)"
216.73.217.104 - - [25/Jun/2026:13:39:37 -0400] "GET /wp-includes/css/dist/nux/style-rtl.css HTTP/1.1" 200 662 "-" "Mozilla/5.0 AppleWebKit/537.36 (KHTML, like Gecko; compatible; ClaudeBot/1.0; +claudebot@anthropic.com)"
216.73.217.104 - - [25/Jun/2026:13:39:38 -0400] "GET /wp-includes/css/dist/block-library/style-rtl.min.css HTTP/1.1" 200 15851 "-" "Mozilla/5.0 AppleWebKit/537.36 (KHTML, like Gecko; compatible; ClaudeBot/1.0; +claudebot@anthropic.com)"
2a03:2880:f800:41:: - - [25/Jun/2026:13:39:40 -0400] "GET /casino-zonder-legitimatie/ HTTP/1.1" 404 - "-" "meta-externalagent/1.1 (+https://developers.facebook.com/docs/sharing/webmasters/crawler)"
2a03:2880:f800:2b:: - - [25/Jun/2026:13:40:27 -0400] "GET /vip-room-casino-no-deposit-bonus/ HTTP/1.1" 404 - "-" "meta-externalagent/1.1 (+https://developers.facebook.com/docs/sharing/webmasters/crawler)"
43.157.52.37 - - [25/Jun/2026:13:40:42 -0400] "GET /?C=N;O=D HTTP/1.1" 200 1137 "-" "Mozilla/5.0 (iPhone; CPU iPhone OS 13_2_3 like Mac OS X) AppleWebKit/605.1.15 (KHTML, like Gecko) Version/13.0.3 Mobile/15E148 Safari/604.1"
2a03:2880:f800:19:: - - [25/Jun/2026:13:41:04 -0400] "GET /spelletjes-casino/ HTTP/1.1" 404 - "-" "meta-externalagent/1.1 (+https://developers.facebook.com/docs/sharing/webmasters/crawler)"
216.73.217.104 - - [25/Jun/2026:13:41:06 -0400] "GET /wp-includes/css/dist/list-reusable-blocks/style-rtl.min.css HTTP/1.1" 200 1062 "-" "Mozilla/5.0 AppleWebKit/537.36 (KHTML, like Gecko; compatible; ClaudeBot/1.0; +claudebot@anthropic.com)"
216.73.217.104 - - [25/Jun/2026:13:41:06 -0400] "GET /wp-includes/css/dist/nux/style-rtl.min.css HTTP/1.1" 200 621 "-" "Mozilla/5.0 AppleWebKit/537.36 (KHTML, like Gecko; compatible; ClaudeBot/1.0; +claudebot@anthropic.com)"
216.73.217.104 - - [25/Jun/2026:13:41:06 -0400] "GET /wp-includes/css/dist/list-reusable-blocks/style-rtl.css HTTP/1.1" 200 1110 "-" "Mozilla/5.0 AppleWebKit/537.36 (KHTML, like Gecko; compatible; ClaudeBot/1.0; +claudebot@anthropic.com)"
216.73.217.104 - - [25/Jun/2026:13:41:07 -0400] "GET /test/?p=59 HTTP/1.1" 301 6577 "-" "Mozilla/5.0 AppleWebKit/537.36 (KHTML, like Gecko; compatible; ClaudeBot/1.0; +claudebot@anthropic.com)"
216.73.217.104 - - [25/Jun/2026:13:41:08 -0400] "GET /test/2025/09/20/mindil-beach-casino-resort-prices/ HTTP/1.1" 200 25290 "https://laratrends.nl/test/?p=59" "Mozilla/5.0 AppleWebKit/537.36 (KHTML, like Gecko; compatible; ClaudeBot/1.0; +claudebot@anthropic.com)"
216.73.217.104 - - [25/Jun/2026:13:41:11 -0400] "GET /wp-includes/php-compat/cache/?C=S&O=D HTTP/1.1" 200 394 "-" "Mozilla/5.0 AppleWebKit/537.36 (KHTML, like Gecko; compatible; ClaudeBot/1.0; +claudebot@anthropic.com)"
216.73.217.104 - - [25/Jun/2026:13:41:11 -0400] "GET /wp-includes/Text/Diff/?C=M&O=D HTTP/1.1" 200 440 "-" "Mozilla/5.0 AppleWebKit/537.36 (KHTML, like Gecko; compatible; ClaudeBot/1.0; +claudebot@anthropic.com)"
216.73.217.104 - - [25/Jun/2026:13:41:11 -0400] "GET /wp-includes/php-compat/cache/?C=D&O=D HTTP/1.1" 200 394 "-" "Mozilla/5.0 AppleWebKit/537.36 (KHTML, like Gecko; compatible; ClaudeBot/1.0; +claudebot@anthropic.com)"
216.73.217.104 - - [25/Jun/2026:13:41:12 -0400] "GET /wp-includes/php-compat/cache/?C=M&O=D HTTP/1.1" 200 394 "-" "Mozilla/5.0 AppleWebKit/537.36 (KHTML, like Gecko; compatible; ClaudeBot/1.0; +claudebot@anthropic.com)"
2a03:2880:f800:3c:: - - [25/Jun/2026:13:41:24 -0400] "GET /slots-echtgeld/ HTTP/1.1" 404 - "-" "meta-externalagent/1.1 (+https://developers.facebook.com/docs/sharing/webmasters/crawler)"
216.73.217.104 - - [25/Jun/2026:13:41:35 -0400] "GET /wp-includes/Text/Diff/?C=N&O=A HTTP/1.1" 200 438 "-" "Mozilla/5.0 AppleWebKit/537.36 (KHTML, like Gecko; compatible; ClaudeBot/1.0; +claudebot@anthropic.com)"
216.73.217.104 - - [25/Jun/2026:13:41:36 -0400] "GET /wp-includes/php-compat/cache/?C=N&O=A HTTP/1.1" 200 396 "-" "Mozilla/5.0 AppleWebKit/537.36 (KHTML, like Gecko; compatible; ClaudeBot/1.0; +claudebot@anthropic.com)"
216.73.217.104 - - [25/Jun/2026:13:41:36 -0400] "GET /wp-includes/Text/Diff/?C=S&O=D HTTP/1.1" 200 437 "-" "Mozilla/5.0 AppleWebKit/537.36 (KHTML, like Gecko; compatible; ClaudeBot/1.0; +claudebot@anthropic.com)"
216.73.217.104 - - [25/Jun/2026:13:41:37 -0400] "GET /wp-includes/Text/Diff/?C=D&O=D HTTP/1.1" 200 439 "-" "Mozilla/5.0 AppleWebKit/537.36 (KHTML, like Gecko; compatible; ClaudeBot/1.0; +claudebot@anthropic.com)"
2a03:2880:f800:7:: - - [25/Jun/2026:13:41:40 -0400] "GET /hashlucky-casino-50-free-spins/ HTTP/1.1" 404 - "-" "meta-externalagent/1.1 (+https://developers.facebook.com/docs/sharing/webmasters/crawler)"
2a03:2880:f800:10:: - - [25/Jun/2026:13:41:41 -0400] "GET /casino-tips-om-te-winnen/ HTTP/1.1" 404 - "-" "meta-externalagent/1.1 (+https://developers.facebook.com/docs/sharing/webmasters/crawler)"
216.73.217.104 - - [25/Jun/2026:13:41:42 -0400] "GET /wp-includes/html-api/backup/?C=N&O=A HTTP/1.1" 200 382 "-" "Mozilla/5.0 AppleWebKit/537.36 (KHTML, like Gecko; compatible; ClaudeBot/1.0; +claudebot@anthropic.com)"
216.73.217.104 - - [25/Jun/2026:13:41:43 -0400] "GET /wp-includes/html-api/backup/?C=S&O=D HTTP/1.1" 200 380 "-" "Mozilla/5.0 AppleWebKit/537.36 (KHTML, like Gecko; compatible; ClaudeBot/1.0; +claudebot@anthropic.com)"
216.73.217.104 - - [25/Jun/2026:13:41:43 -0400] "GET /wp-includes/html-api/backup/?C=D&O=D HTTP/1.1" 200 380 "-" "Mozilla/5.0 AppleWebKit/537.36 (KHTML, like Gecko; compatible; ClaudeBot/1.0; +claudebot@anthropic.com)"
216.73.217.104 - - [25/Jun/2026:13:41:44 -0400] "GET /wp-includes/html-api/backup/?C=M&O=D HTTP/1.1" 200 380 "-" "Mozilla/5.0 AppleWebKit/537.36 (KHTML, like Gecko; compatible; ClaudeBot/1.0; +claudebot@anthropic.com)"
216.73.217.104 - - [25/Jun/2026:13:41:56 -0400] "GET /wp-includes/css/dist/edit-widgets/?C=D&O=A HTTP/1.1" 200 429 "-" "Mozilla/5.0 AppleWebKit/537.36 (KHTML, like Gecko; compatible; ClaudeBot/1.0; +claudebot@anthropic.com)"
216.73.217.104 - - [25/Jun/2026:13:41:56 -0400] "GET /wp-includes/css/dist/?C=M&O=D HTTP/1.1" 200 694 "-" "Mozilla/5.0 AppleWebKit/537.36 (KHTML, like Gecko; compatible; ClaudeBot/1.0; +claudebot@anthropic.com)"
216.73.217.104 - - [25/Jun/2026:13:41:57 -0400] "GET /wp-includes/css/dist/edit-widgets/?C=M&O=A HTTP/1.1" 200 429 "-" "Mozilla/5.0 AppleWebKit/537.36 (KHTML, like Gecko; compatible; ClaudeBot/1.0; +claudebot@anthropic.com)"
216.73.217.104 - - [25/Jun/2026:13:41:57 -0400] "GET /wp-includes/css/dist/edit-widgets/?C=N&O=D HTTP/1.1" 200 430 "-" "Mozilla/5.0 AppleWebKit/537.36 (KHTML, like Gecko; compatible; ClaudeBot/1.0; +claudebot@anthropic.com)"
2a03:2880:f800:2b:: - - [25/Jun/2026:13:42:00 -0400] "GET /items/N264010965/ HTTP/1.1" 404 - "-" "meta-externalagent/1.1 (+https://developers.facebook.com/docs/sharing/webmasters/crawler)"
2a03:2880:f800:10:: - - [25/Jun/2026:13:42:20 -0400] "GET /magic-red-casino-no-deposit-bonus/ HTTP/1.1" 404 - "-" "meta-externalagent/1.1 (+https://developers.facebook.com/docs/sharing/webmasters/crawler)"
2a03:2880:f800:25:: - - [25/Jun/2026:13:42:21 -0400] "GET /gratis-spelen-op-speelautomaten/ HTTP/1.1" 404 - "-" "meta-externalagent/1.1 (+https://developers.facebook.com/docs/sharing/webmasters/crawler)"
2a03:2880:f800:45:: - - [25/Jun/2026:13:42:26 -0400] "GET /rainbrew-online-gokkast-spelen-gratis-en-met-geld/ HTTP/1.1" 404 - "-" "meta-externalagent/1.1 (+https://developers.facebook.com/docs/sharing/webmasters/crawler)"
216.73.217.104 - - [25/Jun/2026:13:42:43 -0400] "GET /wp-includes/css/dist/block-editor/?C=N&O=D HTTP/1.1" 200 562 "-" "Mozilla/5.0 AppleWebKit/537.36 (KHTML, like Gecko; compatible; ClaudeBot/1.0; +claudebot@anthropic.com)"
216.73.217.104 - - [25/Jun/2026:13:42:43 -0400] "GET /wp-includes/css/dist/?C=S&O=D HTTP/1.1" 200 698 "-" "Mozilla/5.0 AppleWebKit/537.36 (KHTML, like Gecko; compatible; ClaudeBot/1.0; +claudebot@anthropic.com)"
216.73.217.104 - - [25/Jun/2026:13:42:44 -0400] "GET /wp-includes/css/dist/edit-widgets/?C=S&O=A HTTP/1.1" 200 431 "-" "Mozilla/5.0 AppleWebKit/537.36 (KHTML, like Gecko; compatible; ClaudeBot/1.0; +claudebot@anthropic.com)"
216.73.217.104 - - [25/Jun/2026:13:42:45 -0400] "GET /wp-includes/css/dist/?C=D&O=D HTTP/1.1" 200 698 "-" "Mozilla/5.0 AppleWebKit/537.36 (KHTML, like Gecko; compatible; ClaudeBot/1.0; +claudebot@anthropic.com)"
2a03:2880:f800:10:: - - [25/Jun/2026:13:42:46 -0400] "GET /geant-casino-no-deposit-bonus/ HTTP/1.1" 404 - "-" "meta-externalagent/1.1 (+https://developers.facebook.com/docs/sharing/webmasters/crawler)"
185.204.35.148 - - [25/Jun/2026:13:42:53 -0400] "GET /shop?min_price=400&max_price=1699&filter_color=%D9%83%D8%AD%D9%84%D9%89%2C%D8%A8%D9%86%D9%89&filter_size=s%2Cm%2C4xl%2C3xl HTTP/1.1" 404 - "https://laratrends.nl/shop?min_price=400&max_price=1699&filter_color=%D9%83%D8%AD%D9%84%D9%89%2C%D8%A8%D9%86%D9%89&filter_size=s%2Cm%2C4xl%2C3xl" "Mozilla/5.0 (Linux; Android 14; OPPO PCLM2) AppleWebKit/537.36 (KHTML, like Gecko) Chrome/145.0.5282.72 Mobile Safari/537.36"
216.73.217.104 - - [25/Jun/2026:13:43:19 -0400] "GET /wp-includes/css/dist/base-styles/?C=N&O=D HTTP/1.1" 200 444 "-" "Mozilla/5.0 AppleWebKit/537.36 (KHTML, like Gecko; compatible; ClaudeBot/1.0; +claudebot@anthropic.com)"
216.73.217.104 - - [25/Jun/2026:13:43:19 -0400] "GET /wp-includes/css/dist/?C=N&O=A HTTP/1.1" 200 687 "-" "Mozilla/5.0 AppleWebKit/537.36 (KHTML, like Gecko; compatible; ClaudeBot/1.0; +claudebot@anthropic.com)"
216.73.217.104 - - [25/Jun/2026:13:43:20 -0400] "GET /wp-includes/css/dist/block-editor/?C=D&O=A HTTP/1.1" 200 553 "-" "Mozilla/5.0 AppleWebKit/537.36 (KHTML, like Gecko; compatible; ClaudeBot/1.0; +claudebot@anthropic.com)"
216.73.217.104 - - [25/Jun/2026:13:43:21 -0400] "GET /wp-includes/css/dist/block-editor/?C=M&O=A HTTP/1.1" 200 550 "-" "Mozilla/5.0 AppleWebKit/537.36 (KHTML, like Gecko; compatible; ClaudeBot/1.0; +claudebot@anthropic.com)"
216.73.217.104 - - [25/Jun/2026:13:43:28 -0400] "GET /wp-includes/css/dist/base-styles/?C=D&O=A HTTP/1.1" 200 446 "-" "Mozilla/5.0 AppleWebKit/537.36 (KHTML, like Gecko; compatible; ClaudeBot/1.0; +claudebot@anthropic.com)"
216.73.217.104 - - [25/Jun/2026:13:43:29 -0400] "GET /wp-includes/css/dist/block-library/?C=N&O=D HTTP/1.1" 200 838 "-" "Mozilla/5.0 AppleWebKit/537.36 (KHTML, like Gecko; compatible; ClaudeBot/1.0; +claudebot@anthropic.com)"
216.73.217.104 - - [25/Jun/2026:13:43:29 -0400] "GET /wp-includes/css/dist/base-styles/?C=M&O=A HTTP/1.1" 200 446 "-" "Mozilla/5.0 AppleWebKit/537.36 (KHTML, like Gecko; compatible; ClaudeBot/1.0; +claudebot@anthropic.com)"
216.73.217.104 - - [25/Jun/2026:13:43:30 -0400] "GET /wp-includes/css/dist/block-editor/?C=S&O=A HTTP/1.1" 200 554 "-" "Mozilla/5.0 AppleWebKit/537.36 (KHTML, like Gecko; compatible; ClaudeBot/1.0; +claudebot@anthropic.com)"
2a03:2880:f800:23:: - - [25/Jun/2026:13:43:51 -0400] "GET /meervoud-bingo/ HTTP/1.1" 404 - "-" "meta-externalagent/1.1 (+https://developers.facebook.com/docs/sharing/webmasters/crawler)"
216.73.216.45 - - [25/Jun/2026:13:44:01 -0400] "GET /wp-includes/css/dist/block-library/?C=S&O=A HTTP/1.1" 200 807 "-" "Mozilla/5.0 AppleWebKit/537.36 (KHTML, like Gecko; compatible; ClaudeBot/1.0; +claudebot@anthropic.com)"
216.73.216.45 - - [25/Jun/2026:13:44:02 -0400] "GET /wp-includes/css/dist/block-library/?C=D&O=A HTTP/1.1" 200 825 "-" "Mozilla/5.0 AppleWebKit/537.36 (KHTML, like Gecko; compatible; ClaudeBot/1.0; +claudebot@anthropic.com)"
216.73.216.45 - - [25/Jun/2026:13:44:02 -0400] "GET /wp-includes/css/dist/base-styles/?C=S&O=A HTTP/1.1" 200 445 "-" "Mozilla/5.0 AppleWebKit/537.36 (KHTML, like Gecko; compatible; ClaudeBot/1.0; +claudebot@anthropic.com)"
216.73.216.45 - - [25/Jun/2026:13:44:03 -0400] "GET /wp-includes/css/dist/block-library/?C=M&O=A HTTP/1.1" 200 831 "-" "Mozilla/5.0 AppleWebKit/537.36 (KHTML, like Gecko; compatible; ClaudeBot/1.0; +claudebot@anthropic.com)"
54.203.161.122 - - [25/Jun/2026:13:44:10 -0400] "GET / HTTP/1.1" 200 1156 "-" "Mozilla/5.0 (Windows NT 10.0; Win64; x64; rv:109.0) Gecko/20100101 Firefox/109.0"
54.203.161.122 - - [25/Jun/2026:13:44:11 -0400] "GET /favicon.ico HTTP/1.1" 404 - "https://laratrends.nl/" "Mozilla/5.0 (Windows NT 10.0; Win64; x64; rv:109.0) Gecko/20100101 Firefox/109.0"
216.73.216.45 - - [25/Jun/2026:13:44:24 -0400] "GET /wp-includes/css/dist/commands/?C=M&O=A HTTP/1.1" 200 431 "-" "Mozilla/5.0 AppleWebKit/537.36 (KHTML, like Gecko; compatible; ClaudeBot/1.0; +claudebot@anthropic.com)"
216.73.216.45 - - [25/Jun/2026:13:44:25 -0400] "GET /wp-includes/css/dist/reusable-blocks/?C=N&O=D HTTP/1.1" 200 440 "-" "Mozilla/5.0 AppleWebKit/537.36 (KHTML, like Gecko; compatible; ClaudeBot/1.0; +claudebot@anthropic.com)"
216.73.216.45 - - [25/Jun/2026:13:44:25 -0400] "GET /wp-includes/css/dist/commands/?C=N&O=D HTTP/1.1" 200 432 "-" "Mozilla/5.0 AppleWebKit/537.36 (KHTML, like Gecko; compatible; ClaudeBot/1.0; +claudebot@anthropic.com)"
216.73.216.45 - - [25/Jun/2026:13:44:26 -0400] "GET /test/2026/01/24/mirrorball-slots-app/ HTTP/1.1" 200 25655 "-" "Mozilla/5.0 AppleWebKit/537.36 (KHTML, like Gecko; compatible; ClaudeBot/1.0; +claudebot@anthropic.com)"
216.73.216.45 - - [25/Jun/2026:13:44:46 -0400] "GET /wp-includes/css/dist/commands/?C=S&O=A HTTP/1.1" 200 432 "-" "Mozilla/5.0 AppleWebKit/537.36 (KHTML, like Gecko; compatible; ClaudeBot/1.0; +claudebot@anthropic.com)"
216.73.216.45 - - [25/Jun/2026:13:44:46 -0400] "GET /wp-includes/css/dist/reusable-blocks/?C=D&O=A HTTP/1.1" 200 438 "-" "Mozilla/5.0 AppleWebKit/537.36 (KHTML, like Gecko; compatible; ClaudeBot/1.0; +claudebot@anthropic.com)"
216.73.216.45 - - [25/Jun/2026:13:44:47 -0400] "GET /wp-includes/css/dist/commands/?C=D&O=A HTTP/1.1" 200 431 "-" "Mozilla/5.0 AppleWebKit/537.36 (KHTML, like Gecko; compatible; ClaudeBot/1.0; +claudebot@anthropic.com)"
216.73.216.45 - - [25/Jun/2026:13:44:47 -0400] "GET /wp-includes/css/dist/reusable-blocks/?C=M&O=A HTTP/1.1" 200 438 "-" "Mozilla/5.0 AppleWebKit/537.36 (KHTML, like Gecko; compatible; ClaudeBot/1.0; +claudebot@anthropic.com)"
216.73.216.45 - - [25/Jun/2026:13:45:23 -0400] "GET /wp-includes/css/dist/list-reusable-blocks/?C=M&O=A HTTP/1.1" 200 440 "-" "Mozilla/5.0 AppleWebKit/537.36 (KHTML, like Gecko; compatible; ClaudeBot/1.0; +claudebot@anthropic.com)"
216.73.216.45 - - [25/Jun/2026:13:45:23 -0400] "GET /wp-includes/css/dist/list-reusable-blocks/?C=N&O=D HTTP/1.1" 200 442 "-" "Mozilla/5.0 AppleWebKit/537.36 (KHTML, like Gecko; compatible; ClaudeBot/1.0; +claudebot@anthropic.com)"
216.73.216.45 - - [25/Jun/2026:13:45:24 -0400] "GET /wp-includes/css/dist/nux/?C=N&O=D HTTP/1.1" 200 424 "-" "Mozilla/5.0 AppleWebKit/537.36 (KHTML, like Gecko; compatible; ClaudeBot/1.0; +claudebot@anthropic.com)"
216.73.216.45 - - [25/Jun/2026:13:45:24 -0400] "GET /wp-includes/css/dist/reusable-blocks/?C=S&O=A HTTP/1.1" 200 434 "-" "Mozilla/5.0 AppleWebKit/537.36 (KHTML, like Gecko; compatible; ClaudeBot/1.0; +claudebot@anthropic.com)"
2a03:2880:f800:22:: - - [25/Jun/2026:13:45:36 -0400] "GET /flexepin-casino-nederland-online/ HTTP/1.1" 404 - "-" "meta-externalagent/1.1 (+https://developers.facebook.com/docs/sharing/webmasters/crawler)"
2a03:2880:f800:2d:: - - [25/Jun/2026:13:45:55 -0400] "GET /zeus-god-of-thunder-online-gokkast-spelen-gratis-en-met-geld/ HTTP/1.1" 404 - "-" "meta-externalagent/1.1 (+https://developers.facebook.com/docs/sharing/webmasters/crawler)"
216.73.217.104 - - [25/Jun/2026:13:46:15 -0400] "GET /wp-includes/css/dist/list-reusable-blocks/?C=S&O=A HTTP/1.1" 200 437 "-" "Mozilla/5.0 AppleWebKit/537.36 (KHTML, like Gecko; compatible; ClaudeBot/1.0; +claudebot@anthropic.com)"
216.73.217.104 - - [25/Jun/2026:13:46:15 -0400] "GET /wp-includes/css/dist/nux/?C=D&O=A HTTP/1.1" 200 424 "-" "Mozilla/5.0 AppleWebKit/537.36 (KHTML, like Gecko; compatible; ClaudeBot/1.0; +claudebot@anthropic.com)"
216.73.217.104 - - [25/Jun/2026:13:46:16 -0400] "GET /wp-includes/css/dist/list-reusable-blocks/?C=D&O=A HTTP/1.1" 200 440 "-" "Mozilla/5.0 AppleWebKit/537.36 (KHTML, like Gecko; compatible; ClaudeBot/1.0; +claudebot@anthropic.com)"
216.73.217.104 - - [25/Jun/2026:13:46:16 -0400] "GET /wp-includes/css/dist/nux/?C=M&O=A HTTP/1.1" 200 424 "-" "Mozilla/5.0 AppleWebKit/537.36 (KHTML, like Gecko; compatible; ClaudeBot/1.0; +claudebot@anthropic.com)"
216.73.217.104 - - [25/Jun/2026:13:46:22 -0400] "GET /test/wp-json/oembed/1.0/embed?format=xml&url=https%3A%2F%2Flaratrends.nl%2Ftest%2F2025%2F08%2F18%2Fmirage-online-casino%2F HTTP/1.1" 200 4093 "-" "Mozilla/5.0 AppleWebKit/537.36 (KHTML, like Gecko; compatible; ClaudeBot/1.0; +claudebot@anthropic.com)"
216.73.217.104 - - [25/Jun/2026:13:46:22 -0400] "GET /test/2026/02/02/mirax-casino-bonus-codes/ HTTP/1.1" 200 25307 "-" "Mozilla/5.0 AppleWebKit/537.36 (KHTML, like Gecko; compatible; ClaudeBot/1.0; +claudebot@anthropic.com)"
216.73.217.104 - - [25/Jun/2026:13:46:22 -0400] "GET /wp-includes/css/dist/nux/?C=S&O=A HTTP/1.1" 200 422 "-" "Mozilla/5.0 AppleWebKit/537.36 (KHTML, like Gecko; compatible; ClaudeBot/1.0; +claudebot@anthropic.com)"
2a03:2880:f800:19:: - - [25/Jun/2026:13:46:28 -0400] "GET /big-win-cat-online-gokkast-spelen-gratis-en-met-geld/ HTTP/1.1" 404 - "-" "meta-externalagent/1.1 (+https://developers.facebook.com/docs/sharing/webmasters/crawler)"
216.73.217.104 - - [25/Jun/2026:13:46:33 -0400] "GET /test/2025/08/18/mirage-online-casino/feed/ HTTP/1.1" 200 3413 "-" "Mozilla/5.0 AppleWebKit/537.36 (KHTML, like Gecko; compatible; ClaudeBot/1.0; +claudebot@anthropic.com)"
216.73.217.104 - - [25/Jun/2026:13:46:33 -0400] "GET /test/wp-json/oembed/1.0/embed?url=https%3A%2F%2Flaratrends.nl%2Ftest%2F2025%2F09%2F20%2Fmindil-beach-casino-resort-prices%2F HTTP/1.1" 200 8882 "-" "Mozilla/5.0 AppleWebKit/537.36 (KHTML, like Gecko; compatible; ClaudeBot/1.0; +claudebot@anthropic.com)"
216.73.217.104 - - [25/Jun/2026:13:46:33 -0400] "GET /test/wp-json/oembed/1.0/embed?url=https%3A%2F%2Flaratrends.nl%2Ftest%2F2025%2F08%2F18%2Fmirage-online-casino%2F HTTP/1.1" 200 8817 "-" "Mozilla/5.0 AppleWebKit/537.36 (KHTML, like Gecko; compatible; ClaudeBot/1.0; +claudebot@anthropic.com)"
2a03:2880:f800:15:: - - [25/Jun/2026:13:46:37 -0400] "GET /beste-online-slot-casinos/ HTTP/1.1" 404 - "-" "meta-externalagent/1.1 (+https://developers.facebook.com/docs/sharing/webmasters/crawler)"
216.73.216.79 - - [25/Jun/2026:13:46:42 -0400] "GET /test/2025/09/20/mindil-beach-casino-resort-prices/feed/ HTTP/1.1" 200 3431 "-" "Mozilla/5.0 AppleWebKit/537.36 (KHTML, like Gecko; compatible; ClaudeBot/1.0; +claudebot@anthropic.com)"
216.73.216.79 - - [25/Jun/2026:13:46:42 -0400] "GET /test/2025/09/20/mindil-beach-casino-resort-prices/ HTTP/1.1" 200 25290 "-" "Mozilla/5.0 AppleWebKit/537.36 (KHTML, like Gecko; compatible; ClaudeBot/1.0; +claudebot@anthropic.com)"
216.73.216.79 - - [25/Jun/2026:13:46:43 -0400] "GET /test/2025/08/18/mirage-online-casino/ HTTP/1.1" 200 25198 "-" "Mozilla/5.0 AppleWebKit/537.36 (KHTML, like Gecko; compatible; ClaudeBot/1.0; +claudebot@anthropic.com)"
216.73.217.104 - - [25/Jun/2026:13:47:04 -0400] "GET /wp-includes/Requests/src/Auth/Basic.php HTTP/1.1" 500 - "-" "Mozilla/5.0 AppleWebKit/537.36 (KHTML, like Gecko; compatible; ClaudeBot/1.0; +claudebot@anthropic.com)"
216.73.217.104 - - [25/Jun/2026:13:47:04 -0400] "GET /wp-includes/SimplePie/src/Cache/CallableNameFilter.php HTTP/1.1" 500 - "-" "Mozilla/5.0 AppleWebKit/537.36 (KHTML, like Gecko; compatible; ClaudeBot/1.0; +claudebot@anthropic.com)"
216.73.217.104 - - [25/Jun/2026:13:47:06 -0400] "GET /wp-includes/SimplePie/src/HTTP/Parser.php HTTP/1.1" 200 - "-" "Mozilla/5.0 AppleWebKit/537.36 (KHTML, like Gecko; compatible; ClaudeBot/1.0; +claudebot@anthropic.com)"
216.73.217.104 - - [25/Jun/2026:13:47:06 -0400] "GET /wp-includes/SimplePie/src/HTTP/Client.php HTTP/1.1" 200 - "-" "Mozilla/5.0 AppleWebKit/537.36 (KHTML, like Gecko; compatible; ClaudeBot/1.0; +claudebot@anthropic.com)"
216.73.217.104 - - [25/Jun/2026:13:47:06 -0400] "GET /wp-includes/SimplePie/src/HTTP/ClientException.php HTTP/1.1" 500 - "-" "Mozilla/5.0 AppleWebKit/537.36 (KHTML, like Gecko; compatible; ClaudeBot/1.0; +claudebot@anthropic.com)"
216.73.217.104 - - [25/Jun/2026:13:47:07 -0400] "GET /wp-includes/SimplePie/src/Cache/DataCache.php HTTP/1.1" 200 - "-" "Mozilla/5.0 AppleWebKit/537.36 (KHTML, like Gecko; compatible; ClaudeBot/1.0; +claudebot@anthropic.com)"
216.73.217.104 - - [25/Jun/2026:13:47:07 -0400] "GET /wp-includes/SimplePie/src/Cache/BaseDataCache.php HTTP/1.1" 500 - "-" "Mozilla/5.0 AppleWebKit/537.36 (KHTML, like Gecko; compatible; ClaudeBot/1.0; +claudebot@anthropic.com)"
216.73.217.104 - - [25/Jun/2026:13:47:08 -0400] "GET /wp-includes/SimplePie/src/Cache/File.php HTTP/1.1" 500 - "-" "Mozilla/5.0 AppleWebKit/537.36 (KHTML, like Gecko; compatible; ClaudeBot/1.0; +claudebot@anthropic.com)"
216.73.217.104 - - [25/Jun/2026:13:47:09 -0400] "GET /wp-includes/SimplePie/src/Cache/MySQL.php HTTP/1.1" 500 - "-" "Mozilla/5.0 AppleWebKit/537.36 (KHTML, like Gecko; compatible; ClaudeBot/1.0; +claudebot@anthropic.com)"
216.73.217.104 - - [25/Jun/2026:13:47:09 -0400] "GET /wp-includes/SimplePie/src/HTTP/FileClient.php HTTP/1.1" 500 - "-" "Mozilla/5.0 AppleWebKit/537.36 (KHTML, like Gecko; compatible; ClaudeBot/1.0; +claudebot@anthropic.com)"
2a03:2880:f800:1f:: - - [25/Jun/2026:13:47:52 -0400] "GET /items/N269421985/ HTTP/1.1" 404 - "-" "meta-externalagent/1.1 (+https://developers.facebook.com/docs/sharing/webmasters/crawler)"
216.73.217.32 - - [25/Jun/2026:13:48:11 -0400] "GET /wp-includes/js/tinymce/plugins/wordpress/plugin.js HTTP/1.1" 200 12780 "-" "Mozilla/5.0 AppleWebKit/537.36 (KHTML, like Gecko; compatible; ClaudeBot/1.0; +claudebot@anthropic.com)"
216.73.217.32 - - [25/Jun/2026:13:48:12 -0400] "GET /wp-includes/Requests/src/Utility/FilteredIterator.php HTTP/1.1" 200 - "-" "Mozilla/5.0 AppleWebKit/537.36 (KHTML, like Gecko; compatible; ClaudeBot/1.0; +claudebot@anthropic.com)"
216.73.217.32 - - [25/Jun/2026:13:48:12 -0400] "GET /wp-includes/SimplePie/src/HTTP/RawTextResponse.php HTTP/1.1" 500 - "-" "Mozilla/5.0 AppleWebKit/537.36 (KHTML, like Gecko; compatible; ClaudeBot/1.0; +claudebot@anthropic.com)"
216.73.217.32 - - [25/Jun/2026:13:48:12 -0400] "GET /wp-includes/SimplePie/src/Cache/DB.php HTTP/1.1" 500 - "-" "Mozilla/5.0 AppleWebKit/537.36 (KHTML, like Gecko; compatible; ClaudeBot/1.0; +claudebot@anthropic.com)"
216.73.217.32 - - [25/Jun/2026:13:48:13 -0400] "GET /wp-includes/Requests/src/Proxy/Http.php HTTP/1.1" 500 - "-" "Mozilla/5.0 AppleWebKit/537.36 (KHTML, like Gecko; compatible; ClaudeBot/1.0; +claudebot@anthropic.com)"
2a03:2880:f800:2c:: - - [25/Jun/2026:13:48:13 -0400] "GET /floating-dragon-hold-and-spin-online-gokkast-spelen-gratis-en-met-geld/ HTTP/1.1" 404 - "-" "meta-externalagent/1.1 (+https://developers.facebook.com/docs/sharing/webmasters/crawler)"
216.73.217.32 - - [25/Jun/2026:13:48:13 -0400] "GET /wp-includes/SimplePie/src/Cache/Memcache.php HTTP/1.1" 500 - "-" "Mozilla/5.0 AppleWebKit/537.36 (KHTML, like Gecko; compatible; ClaudeBot/1.0; +claudebot@anthropic.com)"
216.73.217.32 - - [25/Jun/2026:13:48:14 -0400] "GET /wp-includes/SimplePie/src/Cache/NameFilter.php HTTP/1.1" 200 - "-" "Mozilla/5.0 AppleWebKit/537.36 (KHTML, like Gecko; compatible; ClaudeBot/1.0; +claudebot@anthropic.com)"
216.73.217.32 - - [25/Jun/2026:13:48:14 -0400] "GET /wp-includes/SimplePie/src/HTTP/Response.php HTTP/1.1" 200 - "-" "Mozilla/5.0 AppleWebKit/537.36 (KHTML, like Gecko; compatible; ClaudeBot/1.0; +claudebot@anthropic.com)"
216.73.217.32 - - [25/Jun/2026:13:48:15 -0400] "GET /wp-includes/Requests/src/Exception/Http.php HTTP/1.1" 500 - "-" "Mozilla/5.0 AppleWebKit/537.36 (KHTML, like Gecko; compatible; ClaudeBot/1.0; +claudebot@anthropic.com)"
216.73.217.32 - - [25/Jun/2026:13:48:15 -0400] "GET /wp-includes/SimplePie/src/Cache/Base.php HTTP/1.1" 200 - "-" "Mozilla/5.0 AppleWebKit/537.36 (KHTML, like Gecko; compatible; ClaudeBot/1.0; +claudebot@anthropic.com)"
216.73.217.71 - - [25/Jun/2026:13:48:28 -0400] "GET /wp-includes/Requests/src/Exception/Http/ HTTP/1.1" 200 728 "-" "Mozilla/5.0 AppleWebKit/537.36 (KHTML, like Gecko; compatible; ClaudeBot/1.0; +claudebot@anthropic.com)"
216.73.217.71 - - [25/Jun/2026:13:48:33 -0400] "GET /wp-includes/js/tinymce/plugins/wptextpattern/plugin.js HTTP/1.1" 200 5702 "-" "Mozilla/5.0 AppleWebKit/537.36 (KHTML, like Gecko; compatible; ClaudeBot/1.0; +claudebot@anthropic.com)"
216.73.217.71 - - [25/Jun/2026:13:48:38 -0400] "GET /wp-includes/js/tinymce/plugins/wordpress/plugin.min.js HTTP/1.1" 200 9053 "-" "Mozilla/5.0 AppleWebKit/537.36 (KHTML, like Gecko; compatible; ClaudeBot/1.0; +claudebot@anthropic.com)"
216.73.217.32 - - [25/Jun/2026:13:48:44 -0400] "GET /wp-includes/js/tinymce/plugins/link/plugin.js HTTP/1.1" 200 8334 "-" "Mozilla/5.0 AppleWebKit/537.36 (KHTML, like Gecko; compatible; ClaudeBot/1.0; +claudebot@anthropic.com)"
216.73.217.32 - - [25/Jun/2026:13:48:49 -0400] "GET /wp-includes/Requests/src/Exception/InvalidArgument.php HTTP/1.1" 200 - "-" "Mozilla/5.0 AppleWebKit/537.36 (KHTML, like Gecko; compatible; ClaudeBot/1.0; +claudebot@anthropic.com)"
216.73.217.32 - - [25/Jun/2026:13:48:54 -0400] "GET /wp-includes/js/tinymce/plugins/image/plugin.js HTTP/1.1" 200 11450 "-" "Mozilla/5.0 AppleWebKit/537.36 (KHTML, like Gecko; compatible; ClaudeBot/1.0; +claudebot@anthropic.com)"
216.73.217.32 - - [25/Jun/2026:13:48:59 -0400] "GET /wp-includes/js/tinymce/plugins/lists/plugin.js HTTP/1.1" 200 17745 "-" "Mozilla/5.0 AppleWebKit/537.36 (KHTML, like Gecko; compatible; ClaudeBot/1.0; +claudebot@anthropic.com)"
216.73.217.32 - - [25/Jun/2026:13:49:04 -0400] "GET /wp-includes/js/tinymce/plugins/wpview/plugin.js HTTP/1.1" 200 4944 "-" "Mozilla/5.0 AppleWebKit/537.36 (KHTML, like Gecko; compatible; ClaudeBot/1.0; +claudebot@anthropic.com)"
216.73.217.32 - - [25/Jun/2026:13:49:09 -0400] "GET /wp-includes/js/tinymce/plugins/paste/plugin.min.js HTTP/1.1" 200 14308 "-" "Mozilla/5.0 AppleWebKit/537.36 (KHTML, like Gecko; compatible; ClaudeBot/1.0; +claudebot@anthropic.com)"
216.73.217.32 - - [25/Jun/2026:13:49:14 -0400] "GET /wp-includes/Requests/src/Utility/CaseInsensitiveDictionary.php HTTP/1.1" 200 - "-" "Mozilla/5.0 AppleWebKit/537.36 (KHTML, like Gecko; compatible; ClaudeBot/1.0; +claudebot@anthropic.com)"
2a03:2880:f800:2a:: - - [25/Jun/2026:13:49:18 -0400] "GET /jagger-casino-no-deposit-bonus/ HTTP/1.1" 404 - "-" "meta-externalagent/1.1 (+https://developers.facebook.com/docs/sharing/webmasters/crawler)"
216.73.217.32 - - [25/Jun/2026:13:49:19 -0400] "GET /wp-includes/SimplePie/src/Cache/Psr16.php HTTP/1.1" 500 - "-" "Mozilla/5.0 AppleWebKit/537.36 (KHTML, like Gecko; compatible; ClaudeBot/1.0; +claudebot@anthropic.com)"
216.73.217.32 - - [25/Jun/2026:13:49:24 -0400] "GET /wp-includes/js/tinymce/plugins/wpdialogs/plugin.js HTTP/1.1" 200 3890 "-" "Mozilla/5.0 AppleWebKit/537.36 (KHTML, like Gecko; compatible; ClaudeBot/1.0; +claudebot@anthropic.com)"
216.73.217.32 - - [25/Jun/2026:13:49:29 -0400] "GET /wp-includes/SimplePie/src/HTTP/Psr7Response.php HTTP/1.1" 500 - "-" "Mozilla/5.0 AppleWebKit/537.36 (KHTML, like Gecko; compatible; ClaudeBot/1.0; +claudebot@anthropic.com)"
216.73.217.32 - - [25/Jun/2026:13:49:34 -0400] "GET /wp-includes/js/tinymce/plugins/colorpicker/plugin.js HTTP/1.1" 200 3826 "-" "Mozilla/5.0 AppleWebKit/537.36 (KHTML, like Gecko; compatible; ClaudeBot/1.0; +claudebot@anthropic.com)"
216.73.217.32 - - [25/Jun/2026:13:49:39 -0400] "GET /wp-includes/js/tinymce/plugins/wpautoresize/plugin.js HTTP/1.1" 200 4917 "-" "Mozilla/5.0 AppleWebKit/537.36 (KHTML, like Gecko; compatible; ClaudeBot/1.0; +claudebot@anthropic.com)"
216.73.217.32 - - [25/Jun/2026:13:49:43 -0400] "GET /wp-includes/js/tinymce/plugins/media/plugin.js HTTP/1.1" 200 11814 "-" "Mozilla/5.0 AppleWebKit/537.36 (KHTML, like Gecko; compatible; ClaudeBot/1.0; +claudebot@anthropic.com)"
2a03:2880:f800:36:: - - [25/Jun/2026:13:49:46 -0400] "GET /sky-casino-100-free-spins/ HTTP/1.1" 404 - "-" "meta-externalagent/1.1 (+https://developers.facebook.com/docs/sharing/webmasters/crawler)"
216.73.217.32 - - [25/Jun/2026:13:49:48 -0400] "GET /wp-includes/js/tinymce/plugins/wpview/plugin.min.js HTTP/1.1" 200 4088 "-" "Mozilla/5.0 AppleWebKit/537.36 (KHTML, like Gecko; compatible; ClaudeBot/1.0; +claudebot@anthropic.com)"
216.73.217.32 - - [25/Jun/2026:13:49:53 -0400] "GET /wp-includes/js/tinymce/plugins/compat3x/plugin.js HTTP/1.1" 200 5666 "-" "Mozilla/5.0 AppleWebKit/537.36 (KHTML, like Gecko; compatible; ClaudeBot/1.0; +claudebot@anthropic.com)"
216.73.217.32 - - [25/Jun/2026:13:49:58 -0400] "GET /wp-includes/js/tinymce/plugins/wpdialogs/plugin.min.js HTTP/1.1" 200 3492 "-" "Mozilla/5.0 AppleWebKit/537.36 (KHTML, like Gecko; compatible; ClaudeBot/1.0; +claudebot@anthropic.com)"
216.73.217.32 - - [25/Jun/2026:13:50:03 -0400] "GET /wp-includes/js/tinymce/plugins/wptextpattern/plugin.min.js HTTP/1.1" 200 4251 "-" "Mozilla/5.0 AppleWebKit/537.36 (KHTML, like Gecko; compatible; ClaudeBot/1.0; +claudebot@anthropic.com)"
216.73.217.32 - - [25/Jun/2026:13:50:08 -0400] "GET /wp-includes/js/tinymce/plugins/hr/plugin.js HTTP/1.1" 200 3211 "-" "Mozilla/5.0 AppleWebKit/537.36 (KHTML, like Gecko; compatible; ClaudeBot/1.0; +claudebot@anthropic.com)"
2a03:2880:f800:8:: - - [25/Jun/2026:13:50:10 -0400] "GET /online-gokspellen/ HTTP/1.1" 404 - "-" "meta-externalagent/1.1 (+https://developers.facebook.com/docs/sharing/webmasters/crawler)"
216.73.217.32 - - [25/Jun/2026:13:50:15 -0400] "GET /wp-includes/Requests/src/Response/Headers.php HTTP/1.1" 500 - "-" "Mozilla/5.0 AppleWebKit/537.36 (KHTML, like Gecko; compatible; ClaudeBot/1.0; +claudebot@anthropic.com)"
216.73.217.32 - - [25/Jun/2026:13:50:19 -0400] "GET /wp-includes/Requests/src/Transport/Curl.php HTTP/1.1" 500 - "-" "Mozilla/5.0 AppleWebKit/537.36 (KHTML, like Gecko; compatible; ClaudeBot/1.0; +claudebot@anthropic.com)"
216.73.217.32 - - [25/Jun/2026:13:50:24 -0400] "GET /wp-includes/js/tinymce/plugins/hr/plugin.min.js HTTP/1.1" 200 3095 "-" "Mozilla/5.0 AppleWebKit/537.36 (KHTML, like Gecko; compatible; ClaudeBot/1.0; +claudebot@anthropic.com)"
216.73.217.32 - - [25/Jun/2026:13:50:29 -0400] "GET /wp-includes/js/tinymce/plugins/wplink/plugin.js HTTP/1.1" 200 8232 "-" "Mozilla/5.0 AppleWebKit/537.36 (KHTML, like Gecko; compatible; ClaudeBot/1.0; +claudebot@anthropic.com)"
216.73.217.32 - - [25/Jun/2026:13:50:34 -0400] "GET /wp-includes/js/tinymce/plugins/wpeditimage/plugin.js HTTP/1.1" 200 10222 "-" "Mozilla/5.0 AppleWebKit/537.36 (KHTML, like Gecko; compatible; ClaudeBot/1.0; +claudebot@anthropic.com)"
216.73.217.32 - - [25/Jun/2026:13:50:39 -0400] "GET /wp-includes/SimplePie/src/XML/Declaration/ HTTP/1.1" 200 402 "-" "Mozilla/5.0 AppleWebKit/537.36 (KHTML, like Gecko; compatible; ClaudeBot/1.0; +claudebot@anthropic.com)"
2a03:2880:f800:7:: - - [25/Jun/2026:13:50:43 -0400] "GET /samba-slots-casino-50-free-spins/ HTTP/1.1" 404 - "-" "meta-externalagent/1.1 (+https://developers.facebook.com/docs/sharing/webmasters/crawler)"
216.73.217.32 - - [25/Jun/2026:13:50:44 -0400] "GET /wp-includes/js/tinymce/plugins/charmap/plugin.js HTTP/1.1" 200 7105 "-" "Mozilla/5.0 AppleWebKit/537.36 (KHTML, like Gecko; compatible; ClaudeBot/1.0; +claudebot@anthropic.com)"
2a03:2880:f800:41:: - - [25/Jun/2026:13:50:49 -0400] "GET /hoeveel-mag-je-maximaal-inzetten-bij-casino/ HTTP/1.1" 404 - "-" "meta-externalagent/1.1 (+https://developers.facebook.com/docs/sharing/webmasters/crawler)"
216.73.216.194 - - [25/Jun/2026:13:50:53 -0400] "GET /wp-includes/sitemaps/class-wp-sitemaps.php HTTP/1.1" 200 - "-" "Mozilla/5.0 AppleWebKit/537.36 (KHTML, like Gecko; compatible; ClaudeBot/1.0; +claudebot@anthropic.com)"
216.73.216.194 - - [25/Jun/2026:13:50:54 -0400] "GET /wp-includes/style-engine/v3/tmp/backup/ HTTP/1.1" 200 392 "-" "Mozilla/5.0 AppleWebKit/537.36 (KHTML, like Gecko; compatible; ClaudeBot/1.0; +claudebot@anthropic.com)"
216.73.216.194 - - [25/Jun/2026:13:50:58 -0400] "GET /wp-includes/js/tinymce/skins/lightgray/content.min.css HTTP/1.1" 200 1333 "-" "Mozilla/5.0 AppleWebKit/537.36 (KHTML, like Gecko; compatible; ClaudeBot/1.0; +claudebot@anthropic.com)"
216.73.216.194 - - [25/Jun/2026:13:51:03 -0400] "GET /wp-includes/sitemaps/providers/ HTTP/1.1" 200 493 "-" "Mozilla/5.0 AppleWebKit/537.36 (KHTML, like Gecko; compatible; ClaudeBot/1.0; +claudebot@anthropic.com)"
216.73.216.194 - - [25/Jun/2026:13:51:09 -0400] "GET /wp-includes/SimplePie/src/Cache/?C=M&O=A HTTP/1.1" 200 565 "-" "Mozilla/5.0 AppleWebKit/537.36 (KHTML, like Gecko; compatible; ClaudeBot/1.0; +claudebot@anthropic.com)"
216.73.216.150 - - [25/Jun/2026:13:51:10 -0400] "GET /wp-includes/js/tinymce/plugins/wordpress/?C=N&O=D HTTP/1.1" 404 - "-" "Mozilla/5.0 AppleWebKit/537.36 (KHTML, like Gecko; compatible; ClaudeBot/1.0; +claudebot@anthropic.com)"
216.73.216.150 - - [25/Jun/2026:13:51:15 -0400] "GET /wp-includes/js/tinymce/plugins/wptextpattern/?C=D&O=A HTTP/1.1" 404 - "-" "Mozilla/5.0 AppleWebKit/537.36 (KHTML, like Gecko; compatible; ClaudeBot/1.0; +claudebot@anthropic.com)"
216.73.216.150 - - [25/Jun/2026:13:51:20 -0400] "GET /wp-includes/js/tinymce/plugins/wptextpattern/?C=M&O=A HTTP/1.1" 404 - "-" "Mozilla/5.0 AppleWebKit/537.36 (KHTML, like Gecko; compatible; ClaudeBot/1.0; +claudebot@anthropic.com)"
216.73.216.150 - - [25/Jun/2026:13:51:25 -0400] "GET /wp-includes/js/tinymce/plugins/wptextpattern/?C=N&O=D HTTP/1.1" 404 - "-" "Mozilla/5.0 AppleWebKit/537.36 (KHTML, like Gecko; compatible; ClaudeBot/1.0; +claudebot@anthropic.com)"
216.73.216.150 - - [25/Jun/2026:13:51:30 -0400] "GET /wp-includes/js/tinymce/skins/lightgray/skin.min.css HTTP/1.1" 200 8407 "-" "Mozilla/5.0 AppleWebKit/537.36 (KHTML, like Gecko; compatible; ClaudeBot/1.0; +claudebot@anthropic.com)"
216.73.216.150 - - [25/Jun/2026:13:51:35 -0400] "GET /wp-includes/SimplePie/src/Cache/?C=S&O=A HTTP/1.1" 200 565 "-" "Mozilla/5.0 AppleWebKit/537.36 (KHTML, like Gecko; compatible; ClaudeBot/1.0; +claudebot@anthropic.com)"
216.73.216.150 - - [25/Jun/2026:13:51:40 -0400] "GET /wp-includes/js/tinymce/themes/modern/theme.min.js HTTP/1.1" 200 44715 "-" "Mozilla/5.0 AppleWebKit/537.36 (KHTML, like Gecko; compatible; ClaudeBot/1.0; +claudebot@anthropic.com)"
216.73.216.150 - - [25/Jun/2026:13:51:45 -0400] "GET /wp-includes/SimplePie/src/Cache/?C=D&O=A HTTP/1.1" 200 565 "-" "Mozilla/5.0 AppleWebKit/537.36 (KHTML, like Gecko; compatible; ClaudeBot/1.0; +claudebot@anthropic.com)"
2a03:2880:f800:19:: - - [25/Jun/2026:13:51:49 -0400] "GET /eisden-casino-no-deposit-bonus/ HTTP/1.1" 404 - "-" "meta-externalagent/1.1 (+https://developers.facebook.com/docs/sharing/webmasters/crawler)"
216.73.216.150 - - [25/Jun/2026:13:51:50 -0400] "GET /wp-includes/js/tinymce/themes/inlite/theme.min.js HTTP/1.1" 200 45176 "-" "Mozilla/5.0 AppleWebKit/537.36 (KHTML, like Gecko; compatible; ClaudeBot/1.0; +claudebot@anthropic.com)"
2a03:2880:f800:2c:: - - [25/Jun/2026:13:51:51 -0400] "GET /beste-online-casino-ideal/ HTTP/1.1" 404 - "-" "meta-externalagent/1.1 (+https://developers.facebook.com/docs/sharing/webmasters/crawler)"
216.73.216.194 - - [25/Jun/2026:13:51:57 -0400] "GET /wp-includes/sitemaps/class-wp-sitemaps-registry.php HTTP/1.1" 200 - "-" "Mozilla/5.0 AppleWebKit/537.36 (KHTML, like Gecko; compatible; ClaudeBot/1.0; +claudebot@anthropic.com)"
216.73.216.194 - - [25/Jun/2026:13:52:01 -0400] "GET /wp-includes/sitemaps/class-wp-sitemaps-index.php HTTP/1.1" 200 - "-" "Mozilla/5.0 AppleWebKit/537.36 (KHTML, like Gecko; compatible; ClaudeBot/1.0; +claudebot@anthropic.com)"
216.73.216.194 - - [25/Jun/2026:13:52:06 -0400] "GET /wp-includes/sitemaps/class-wp-sitemaps-provider.php HTTP/1.1" 200 - "-" "Mozilla/5.0 AppleWebKit/537.36 (KHTML, like Gecko; compatible; ClaudeBot/1.0; +claudebot@anthropic.com)"
216.73.216.194 - - [25/Jun/2026:13:52:11 -0400] "GET /wp-includes/sitemaps/class-wp-sitemaps-stylesheet.php HTTP/1.1" 200 - "-" "Mozilla/5.0 AppleWebKit/537.36 (KHTML, like Gecko; compatible; ClaudeBot/1.0; +claudebot@anthropic.com)"
45.171.200.69 - - [25/Jun/2026:13:52:15 -0400] "GET /shop?min_price=400&max_price=1699&filter_color=%D9%83%D8%AD%D9%84%D9%89%2C%D8%A7%D8%A8%D9%8A%D8%B6%2C%D8%A3%D8%B2%D8%B1%D9%82%2C%D8%A8%D9%86%D9%89&filter_size=m%2Cxs%2Cxl%2Cs HTTP/1.1" 404 - "https://laratrends.nl/shop?min_price=400&max_price=1699&filter_color=%D9%83%D8%AD%D9%84%D9%89%2C%D8%A7%D8%A8%D9%8A%D8%B6%2C%D8%A3%D8%B2%D8%B1%D9%82%2C%D8%A8%D9%86%D9%89&filter_size=m%2Cxs%2Cxl%2Cs" "Mozilla/5.0 (Linux; Android 13; V2189) AppleWebKit/537.36 (KHTML, like Gecko) Chrome/145.0.5665.58 Mobile Safari/537.36"
2a03:2880:f800:33:: - - [25/Jun/2026:13:52:15 -0400] "GET /goldenpanda-casino-be-2025-review/ HTTP/1.1" 404 - "-" "meta-externalagent/1.1 (+https://developers.facebook.com/docs/sharing/webmasters/crawler)"
216.73.216.194 - - [25/Jun/2026:13:52:17 -0400] "GET /wp-includes/js/tinymce/skins/lightgray/content.inline.min.css HTTP/1.1" 200 1212 "-" "Mozilla/5.0 AppleWebKit/537.36 (KHTML, like Gecko; compatible; ClaudeBot/1.0; +claudebot@anthropic.com)"
216.73.216.194 - - [25/Jun/2026:13:52:21 -0400] "GET /wp-includes/sitemaps/class-wp-sitemaps-renderer.php HTTP/1.1" 200 - "-" "Mozilla/5.0 AppleWebKit/537.36 (KHTML, like Gecko; compatible; ClaudeBot/1.0; +claudebot@anthropic.com)"
2a03:2880:f800:2b:: - - [25/Jun/2026:13:52:25 -0400] "GET /foxy-gold-casino-50-free-spins/ HTTP/1.1" 404 - "-" "meta-externalagent/1.1 (+https://developers.facebook.com/docs/sharing/webmasters/crawler)"
216.73.216.194 - - [25/Jun/2026:13:52:26 -0400] "GET /wp-includes/SimplePie/src/XML/v3/ HTTP/1.1" 200 388 "-" "Mozilla/5.0 AppleWebKit/537.36 (KHTML, like Gecko; compatible; ClaudeBot/1.0; +claudebot@anthropic.com)"
216.73.216.4 - - [25/Jun/2026:13:52:32 -0400] "GET /wp-includes/js/tinymce/plugins/paste/?C=D&O=A HTTP/1.1" 404 - "-" "Mozilla/5.0 AppleWebKit/537.36 (KHTML, like Gecko; compatible; ClaudeBot/1.0; +claudebot@anthropic.com)"
216.73.216.4 - - [25/Jun/2026:13:52:37 -0400] "GET /wp-includes/js/tinymce/plugins/wordpress/?C=S&O=A HTTP/1.1" 404 - "-" "Mozilla/5.0 AppleWebKit/537.36 (KHTML, like Gecko; compatible; ClaudeBot/1.0; +claudebot@anthropic.com)"
216.73.217.172 - - [25/Jun/2026:13:52:42 -0400] "GET /wp-includes/Requests/src/Exception/?C=D&O=A HTTP/1.1" 200 493 "-" "Mozilla/5.0 AppleWebKit/537.36 (KHTML, like Gecko; compatible; ClaudeBot/1.0; +claudebot@anthropic.com)"
216.73.217.172 - - [25/Jun/2026:13:52:51 -0400] "GET /wp-includes/Requests/src/Exception/?C=M&O=A HTTP/1.1" 200 496 "-" "Mozilla/5.0 AppleWebKit/537.36 (KHTML, like Gecko; compatible; ClaudeBot/1.0; +claudebot@anthropic.com)"
216.73.217.172 - - [25/Jun/2026:13:52:56 -0400] "GET /wp-includes/Requests/src/Auth/?C=N&O=D HTTP/1.1" 200 386 "-" "Mozilla/5.0 AppleWebKit/537.36 (KHTML, like Gecko; compatible; ClaudeBot/1.0; +claudebot@anthropic.com)"
216.73.217.172 - - [25/Jun/2026:13:53:01 -0400] "GET /wp-includes/js/tinymce/plugins/wpdialogs/?C=N&O=D HTTP/1.1" 404 - "-" "Mozilla/5.0 AppleWebKit/537.36 (KHTML, like Gecko; compatible; ClaudeBot/1.0; +claudebot@anthropic.com)"
216.73.217.172 - - [25/Jun/2026:13:53:06 -0400] "GET /wp-includes/Requests/src/Exception/?C=N&O=D HTTP/1.1" 200 495 "-" "Mozilla/5.0 AppleWebKit/537.36 (KHTML, like Gecko; compatible; ClaudeBot/1.0; +claudebot@anthropic.com)"
216.73.217.172 - - [25/Jun/2026:13:53:11 -0400] "GET /wp-includes/Requests/src/?C=S&O=D HTTP/1.1" 200 800 "-" "Mozilla/5.0 AppleWebKit/537.36 (KHTML, like Gecko; compatible; ClaudeBot/1.0; +claudebot@anthropic.com)"
216.73.217.172 - - [25/Jun/2026:13:53:16 -0400] "GET /wp-includes/Requests/src/Utility/?C=S&O=A HTTP/1.1" 200 468 "-" "Mozilla/5.0 AppleWebKit/537.36 (KHTML, like Gecko; compatible; ClaudeBot/1.0; +claudebot@anthropic.com)"
216.73.217.172 - - [25/Jun/2026:13:53:21 -0400] "GET /wp-includes/js/tinymce/skins/lightgray/fonts/ HTTP/1.1" 200 519 "-" "Mozilla/5.0 AppleWebKit/537.36 (KHTML, like Gecko; compatible; ClaudeBot/1.0; +claudebot@anthropic.com)"
216.73.216.144 - - [25/Jun/2026:13:53:28 -0400] "GET /wp-includes/Requests/src/Response/?C=N&O=D HTTP/1.1" 200 392 "-" "Mozilla/5.0 AppleWebKit/537.36 (KHTML, like Gecko; compatible; ClaudeBot/1.0; +claudebot@anthropic.com)"
216.73.216.144 - - [25/Jun/2026:13:53:31 -0400] "GET /wp-includes/Requests/src/Auth/?C=S&O=A HTTP/1.1" 200 388 "-" "Mozilla/5.0 AppleWebKit/537.36 (KHTML, like Gecko; compatible; ClaudeBot/1.0; +claudebot@anthropic.com)"
