2a03:2880:f806:50:: - - [25/Jun/2026:08:51:26 -0400] "GET /grand-casino-de-namur-100-free-spins/ HTTP/1.1" 404 - "-" "meta-externalagent/1.1 (+https://developers.facebook.com/docs/sharing/webmasters/crawler)"
216.73.217.104 - - [25/Jun/2026:08:51:32 -0400] "GET /sitemap-1.xml HTTP/1.1" 404 - "-" "Mozilla/5.0 AppleWebKit/537.36 (KHTML, like Gecko; compatible; ClaudeBot/1.0; +claudebot@anthropic.com)"
2a03:2880:f806:36:: - - [25/Jun/2026:08:51:43 -0400] "GET /online-goksites-legaal/ HTTP/1.1" 404 - "-" "meta-externalagent/1.1 (+https://developers.facebook.com/docs/sharing/webmasters/crawler)"
216.73.217.104 - - [25/Jun/2026:08:51:52 -0400] "GET /sitemap.xml HTTP/1.1" 404 - "-" "Mozilla/5.0 AppleWebKit/537.36 (KHTML, like Gecko; compatible; ClaudeBot/1.0; +claudebot@anthropic.com)"
2a03:2880:f806:d:: - - [25/Jun/2026:08:51:58 -0400] "GET /vikings-go-wild-online-gokkast-spelen-gratis-en-met-geld/ HTTP/1.1" 404 - "-" "meta-externalagent/1.1 (+https://developers.facebook.com/docs/sharing/webmasters/crawler)"
2a03:2880:f806:3:: - - [25/Jun/2026:08:52:03 -0400] "GET /alipay-casino-100-free-spins/ HTTP/1.1" 404 - "-" "meta-externalagent/1.1 (+https://developers.facebook.com/docs/sharing/webmasters/crawler)"
2a03:2880:f806:4:: - - [25/Jun/2026:08:52:09 -0400] "GET /playtoro-casino-no-deposit-bonus/ HTTP/1.1" 404 - "-" "meta-externalagent/1.1 (+https://developers.facebook.com/docs/sharing/webmasters/crawler)"
49.51.166.228 - - [25/Jun/2026:08:52:11 -0400] "GET /wp-cron.php HTTP/1.1" 200 - "-" "Mozilla/5.0 (iPhone; CPU iPhone OS 13_2_3 like Mac OS X) AppleWebKit/605.1.15 (KHTML, like Gecko) Version/13.0.3 Mobile/15E148 Safari/604.1"
2a03:2880:f806:15:: - - [25/Jun/2026:08:52:13 -0400] "GET /igobet-casino-be-2025-review/ HTTP/1.1" 404 - "-" "meta-externalagent/1.1 (+https://developers.facebook.com/docs/sharing/webmasters/crawler)"
2a03:2880:f806:23:: - - [25/Jun/2026:08:52:16 -0400] "GET /casino-be/ HTTP/1.1" 404 - "-" "meta-externalagent/1.1 (+https://developers.facebook.com/docs/sharing/webmasters/crawler)"
216.73.217.104 - - [25/Jun/2026:08:52:23 -0400] "GET /sitemap-16.xml HTTP/1.1" 404 - "-" "Mozilla/5.0 AppleWebKit/537.36 (KHTML, like Gecko; compatible; ClaudeBot/1.0; +claudebot@anthropic.com)"
2a03:2880:f806:1a:: - - [25/Jun/2026:08:52:35 -0400] "GET /beste-online-casino-europa/ HTTP/1.1" 404 - "-" "meta-externalagent/1.1 (+https://developers.facebook.com/docs/sharing/webmasters/crawler)"
2a03:2880:f806:4b:: - - [25/Jun/2026:08:52:56 -0400] "GET /gratis-gokken-online/ HTTP/1.1" 404 - "-" "meta-externalagent/1.1 (+https://developers.facebook.com/docs/sharing/webmasters/crawler)"
216.73.217.104 - - [25/Jun/2026:08:52:59 -0400] "GET /sitemap-9.xml HTTP/1.1" 404 - "-" "Mozilla/5.0 AppleWebKit/537.36 (KHTML, like Gecko; compatible; ClaudeBot/1.0; +claudebot@anthropic.com)"
216.73.217.104 - - [25/Jun/2026:08:52:59 -0400] "GET /sitemap-13.xml HTTP/1.1" 404 - "-" "Mozilla/5.0 AppleWebKit/537.36 (KHTML, like Gecko; compatible; ClaudeBot/1.0; +claudebot@anthropic.com)"
2a03:2880:f806:14:: - - [25/Jun/2026:08:53:07 -0400] "GET /malta-casino-100-free-spins/ HTTP/1.1" 404 - "-" "meta-externalagent/1.1 (+https://developers.facebook.com/docs/sharing/webmasters/crawler)"
2a03:2880:f806:22:: - - [25/Jun/2026:08:53:16 -0400] "GET /punt-casino-100-free-spins/ HTTP/1.1" 404 - "-" "meta-externalagent/1.1 (+https://developers.facebook.com/docs/sharing/webmasters/crawler)"
216.73.217.104 - - [25/Jun/2026:08:53:28 -0400] "GET /sitemap-6.xml HTTP/1.1" 404 - "-" "Mozilla/5.0 AppleWebKit/537.36 (KHTML, like Gecko; compatible; ClaudeBot/1.0; +claudebot@anthropic.com)"
2a03:2880:f806:41:: - - [25/Jun/2026:08:53:28 -0400] "GET /plinko-betrouwbaar/ HTTP/1.1" 404 - "-" "meta-externalagent/1.1 (+https://developers.facebook.com/docs/sharing/webmasters/crawler)"
2a03:2880:f806:15:: - - [25/Jun/2026:08:53:34 -0400] "GET /casino-berg-en-dal/ HTTP/1.1" 404 - "-" "meta-externalagent/1.1 (+https://developers.facebook.com/docs/sharing/webmasters/crawler)"
216.73.217.104 - - [25/Jun/2026:08:53:40 -0400] "GET /sitemap-10.xml HTTP/1.1" 404 - "-" "Mozilla/5.0 AppleWebKit/537.36 (KHTML, like Gecko; compatible; ClaudeBot/1.0; +claudebot@anthropic.com)"
2a03:2880:f806:9:: - - [25/Jun/2026:08:54:10 -0400] "GET /miljoen-winnen-casino/ HTTP/1.1" 404 - "-" "meta-externalagent/1.1 (+https://developers.facebook.com/docs/sharing/webmasters/crawler)"
2a03:2880:f806:20:: - - [25/Jun/2026:08:54:12 -0400] "GET /gokken-met-echt-geld/ HTTP/1.1" 404 - "-" "meta-externalagent/1.1 (+https://developers.facebook.com/docs/sharing/webmasters/crawler)"
216.73.217.104 - - [25/Jun/2026:08:54:21 -0400] "GET /sitemap-2.xml HTTP/1.1" 404 - "-" "Mozilla/5.0 AppleWebKit/537.36 (KHTML, like Gecko; compatible; ClaudeBot/1.0; +claudebot@anthropic.com)"
216.73.217.104 - - [25/Jun/2026:08:54:21 -0400] "GET /sitemap-7.xml HTTP/1.1" 404 - "-" "Mozilla/5.0 AppleWebKit/537.36 (KHTML, like Gecko; compatible; ClaudeBot/1.0; +claudebot@anthropic.com)"
2a03:2880:f806:1f:: - - [25/Jun/2026:08:54:21 -0400] "GET /bingo-uitslag/ HTTP/1.1" 404 - "-" "meta-externalagent/1.1 (+https://developers.facebook.com/docs/sharing/webmasters/crawler)"
162.213.255.98 - - [25/Jun/2026:08:54:32 -0400] "POST /test/wp-cron.php?doing_wp_cron=1782392072.2028040885925292968750 HTTP/1.1" 200 - "-" "WordPress/7.0; https://laratrends.nl/test"
104.194.153.222 - - [25/Jun/2026:08:54:30 -0400] "GET /test/2025/10/02/wygrywajce-liczby-w-keno-w-sobot/ HTTP/1.1" 200 25552 "https://laratrends.nl/" "Mozilla/5.0 (Macintosh; Intel Mac OS X 10_15_7) AppleWebKit/605.1.15 (KHTML, like Gecko)"
104.194.153.222 - - [25/Jun/2026:08:54:33 -0400] "GET /test/wp-content/themes/pressmart/style.css?ver=7.0 HTTP/1.1" 304 - "https://laratrends.nl/test/2025/10/02/wygrywajce-liczby-w-keno-w-sobot/" "Mozilla/5.0 (Windows NT 10.0; Win64; x64) AppleWebKit/537.36 (KHTML, like Gecko) Chrome/145.0.0.0 Safari/537.36"
104.194.153.222 - - [25/Jun/2026:08:54:34 -0400] "GET /test/wp-content/themes/pressmart/assets/css/bootstrap-grid.css?ver=4.1.3 HTTP/1.1" 304 - "https://laratrends.nl/test/2025/10/02/wygrywajce-liczby-w-keno-w-sobot/" "Mozilla/5.0 (Windows NT 10.0; Win64; x64) AppleWebKit/537.36 (KHTML, like Gecko) Chrome/145.0.0.0 Safari/537.36"
104.194.153.222 - - [25/Jun/2026:08:54:35 -0400] "GET /test/wp-content/themes/pressmart/assets/css/presslayouts-font.css?ver=1.0 HTTP/1.1" 304 - "https://laratrends.nl/test/2025/10/02/wygrywajce-liczby-w-keno-w-sobot/" "Mozilla/5.0 (Windows NT 10.0; Win64; x64) AppleWebKit/537.36 (KHTML, like Gecko) Chrome/145.0.0.0 Safari/537.36"
104.194.153.222 - - [25/Jun/2026:08:54:36 -0400] "GET /test/wp-content/themes/pressmart/assets/css/woocommerce.css?ver=7.0 HTTP/1.1" 304 - "https://laratrends.nl/test/2025/10/02/wygrywajce-liczby-w-keno-w-sobot/" "Mozilla/5.0 (Windows NT 10.0; Win64; x64) AppleWebKit/537.36 (KHTML, like Gecko) Chrome/145.0.0.0 Safari/537.36"
2a03:2880:f806:43:: - - [25/Jun/2026:08:54:46 -0400] "GET /kansino-casino-100-free-spins/ HTTP/1.1" 404 - "-" "meta-externalagent/1.1 (+https://developers.facebook.com/docs/sharing/webmasters/crawler)"
2a03:2880:f806:f:: - - [25/Jun/2026:08:54:52 -0400] "GET /711-casino-nl-2025-review/ HTTP/1.1" 404 - "-" "meta-externalagent/1.1 (+https://developers.facebook.com/docs/sharing/webmasters/crawler)"
104.194.153.222 - - [25/Jun/2026:08:54:56 -0400] "GET /test/wp-content/themes/pressmart/assets/css/slick.css?ver=1.9.0 HTTP/1.1" 304 - "https://laratrends.nl/test/2025/10/02/wygrywajce-liczby-w-keno-w-sobot/" "Mozilla/5.0 (Windows NT 10.0; Win64; x64) AppleWebKit/537.36 (KHTML, like Gecko) Chrome/145.0.0.0 Safari/537.36"
104.194.153.222 - - [25/Jun/2026:08:54:57 -0400] "GET /test/wp-content/themes/pressmart/assets/css/magnific-popup.css?ver=1.1.0 HTTP/1.1" 304 - "https://laratrends.nl/test/2025/10/02/wygrywajce-liczby-w-keno-w-sobot/" "Mozilla/5.0 (Windows NT 10.0; Win64; x64) AppleWebKit/537.36 (KHTML, like Gecko) Chrome/145.0.0.0 Safari/537.36"
104.194.153.222 - - [25/Jun/2026:08:54:58 -0400] "GET /test/wp-content/themes/pressmart/assets/css/animate.min.css?ver=3.7.2 HTTP/1.1" 304 - "https://laratrends.nl/test/2025/10/02/wygrywajce-liczby-w-keno-w-sobot/" "Mozilla/5.0 (Windows NT 10.0; Win64; x64) AppleWebKit/537.36 (KHTML, like Gecko) Chrome/145.0.0.0 Safari/537.36"
104.194.153.222 - - [25/Jun/2026:08:54:58 -0400] "GET /test/wp-content/themes/pressmart/assets/css/theme.css?ver=7.0 HTTP/1.1" 304 - "https://laratrends.nl/test/2025/10/02/wygrywajce-liczby-w-keno-w-sobot/" "Mozilla/5.0 (Windows NT 10.0; Win64; x64) AppleWebKit/537.36 (KHTML, like Gecko) Chrome/145.0.0.0 Safari/537.36"
104.194.153.222 - - [25/Jun/2026:08:55:00 -0400] "POST /test/wp-comments-post.php HTTP/1.1" 302 6577 "https://laratrends.nl/test/2025/10/02/wygrywajce-liczby-w-keno-w-sobot/" "Mozilla/5.0 (Macintosh; Intel Mac OS X 10_15_7) AppleWebKit/605.1.15 (KHTML, like Gecko)"
104.194.153.222 - - [25/Jun/2026:08:55:01 -0400] "GET /test/2025/10/02/wygrywajce-liczby-w-keno-w-sobot/?unapproved=680&moderation-hash=86ed384704ef657509cd10f1a35079a5 HTTP/1.1" 200 26191 "https://laratrends.nl/test/wp-comments-post.php" "Mozilla/5.0 (Macintosh; Intel Mac OS X 10_15_7) AppleWebKit/605.1.15 (KHTML, like Gecko)"
104.194.153.222 - - [25/Jun/2026:08:55:02 -0400] "GET /test/2025/10/02/wygrywajce-liczby-w-keno-w-sobot/ HTTP/1.1" 200 25552 "-" "Mozilla/5.0 (compatible; Googlebot/2.1; +http://www.google.com/bot.html)"
2a03:2880:f806:40:: - - [25/Jun/2026:08:55:08 -0400] "GET /online-roulette-ideal/ HTTP/1.1" 404 - "-" "meta-externalagent/1.1 (+https://developers.facebook.com/docs/sharing/webmasters/crawler)"
2a03:2880:f806:39:: - - [25/Jun/2026:08:55:11 -0400] "GET /hoe-kan-je-bingo-spelen/ HTTP/1.1" 404 - "-" "meta-externalagent/1.1 (+https://developers.facebook.com/docs/sharing/webmasters/crawler)"
2a03:2880:f806:3:: - - [25/Jun/2026:08:55:17 -0400] "GET /red-casino-50-free-spins/ HTTP/1.1" 404 - "-" "meta-externalagent/1.1 (+https://developers.facebook.com/docs/sharing/webmasters/crawler)"
162.213.255.98 - - [25/Jun/2026:08:55:22 -0400] "POST /drahmad/wp-cron.php?doing_wp_cron=1782392122.3201320171356201171875 HTTP/1.1" 200 - "-" "WordPress/6.2.2; https://laratrends.nl/drahmad"
194.165.16.5 - - [25/Jun/2026:08:55:19 -0400] "GET /drahmad/wp-login.php HTTP/1.1" 200 2135 "-" "Mozilla/5.0 (Macintosh; Intel Mac OS X 13_5) AppleWebKit/605.1.15 (KHTML, like Gecko) Version/17.5 Safari/605.1.15"
194.165.16.5 - - [25/Jun/2026:08:55:23 -0400] "POST /drahmad/xmlrpc.php HTTP/1.1" 200 130 "-" "Mozilla/5.0 (Macintosh; Intel Mac OS X 13_5) AppleWebKit/605.1.15 (KHTML, like Gecko) Version/17.5 Safari/605.1.15"
162.213.255.98 - - [25/Jun/2026:08:55:25 -0400] "POST /drahmad/wp-cron.php?doing_wp_cron=1782392125.0988719463348388671875 HTTP/1.1" 200 - "-" "WordPress/6.2.2; https://laratrends.nl/drahmad"
194.165.16.5 - - [25/Jun/2026:08:55:24 -0400] "POST /drahmad/xmlrpc.php HTTP/1.1" 200 2597 "-" "Mozilla/5.0 (Windows NT 10.0; Win64; x64) AppleWebKit/537.36 (KHTML, like Gecko) Chrome/124.0.6367.207 Safari/537.36"
2a03:2880:f806:18:: - - [25/Jun/2026:08:55:28 -0400] "GET /welke-casinos-zijn-legaal-in-nederland/ HTTP/1.1" 404 - "-" "meta-externalagent/1.1 (+https://developers.facebook.com/docs/sharing/webmasters/crawler)"
2a03:2880:f806:4f:: - - [25/Jun/2026:08:55:41 -0400] "GET /dreams-casino-100-free-spins/ HTTP/1.1" 404 - "-" "meta-externalagent/1.1 (+https://developers.facebook.com/docs/sharing/webmasters/crawler)"
2a03:2880:f806:28:: - - [25/Jun/2026:08:55:51 -0400] "GET /gokken-amerikaanse-verkiezingen/ HTTP/1.1" 404 - "-" "meta-externalagent/1.1 (+https://developers.facebook.com/docs/sharing/webmasters/crawler)"
2a03:2880:f806:3:: - - [25/Jun/2026:08:55:51 -0400] "GET /gokkasten-bonus/ HTTP/1.1" 404 - "-" "meta-externalagent/1.1 (+https://developers.facebook.com/docs/sharing/webmasters/crawler)"
103.26.177.171 - - [25/Jun/2026:08:56:00 -0400] "GET /shop?min_price=400&max_price=1699&filter_color=%D8%A7%D8%B5%D9%81%D8%B1%2C%D8%A7%D8%A8%D9%8A%D8%B6%2C%D9%83%D8%AD%D9%84%D9%89%2C%D8%B0%D9%87%D8%A8%D9%89%2C%D8%A8%D9%86%D9%89&filter_size=l%2Cxxl%2Cxs HTTP/1.1" 404 - "https://laratrends.nl/shop?min_price=400&max_price=1699&filter_color=%D8%A7%D8%B5%D9%81%D8%B1%2C%D8%A7%D8%A8%D9%8A%D8%B6%2C%D9%83%D8%AD%D9%84%D9%89%2C%D8%B0%D9%87%D8%A8%D9%89%2C%D8%A8%D9%86%D9%89&filter_size=l%2Cxxl%2Cxs" "Mozilla/5.0 (Linux; Android 15; M2102J24) AppleWebKit/537.36 (KHTML, like Gecko) Chrome/140.0.5730.126 Mobile Safari/537.36 MicroMessenger/8.0.33(0x18001B3F) NetType/WIFI Language/zh_CN"
216.73.217.104 - - [25/Jun/2026:08:56:01 -0400] "GET /sitemap-11.xml HTTP/1.1" 404 - "-" "Mozilla/5.0 AppleWebKit/537.36 (KHTML, like Gecko; compatible; ClaudeBot/1.0; +claudebot@anthropic.com)"
216.73.217.104 - - [25/Jun/2026:08:56:01 -0400] "GET /sitemap-8.xml HTTP/1.1" 404 - "-" "Mozilla/5.0 AppleWebKit/537.36 (KHTML, like Gecko; compatible; ClaudeBot/1.0; +claudebot@anthropic.com)"
2a03:2880:f806:46:: - - [25/Jun/2026:08:56:11 -0400] "GET /casino-roulette/ HTTP/1.1" 404 - "-" "meta-externalagent/1.1 (+https://developers.facebook.com/docs/sharing/webmasters/crawler)"
2a03:2880:f806:4b:: - - [25/Jun/2026:08:56:12 -0400] "GET /casino-dordrecht-nieuw/ HTTP/1.1" 404 - "-" "meta-externalagent/1.1 (+https://developers.facebook.com/docs/sharing/webmasters/crawler)"
2a03:2880:f806:10:: - - [25/Jun/2026:08:56:15 -0400] "GET /items/N296975723/ HTTP/1.1" 404 - "-" "meta-externalagent/1.1 (+https://developers.facebook.com/docs/sharing/webmasters/crawler)"
2a03:2880:f806:45:: - - [25/Jun/2026:08:56:18 -0400] "GET /online-casino-zonder-deposit/ HTTP/1.1" 404 - "-" "meta-externalagent/1.1 (+https://developers.facebook.com/docs/sharing/webmasters/crawler)"
2a03:2880:f806:51:: - - [25/Jun/2026:08:56:30 -0400] "GET /goede-tactiek-roulette/ HTTP/1.1" 404 - "-" "meta-externalagent/1.1 (+https://developers.facebook.com/docs/sharing/webmasters/crawler)"
216.73.217.104 - - [25/Jun/2026:08:57:11 -0400] "GET /sitemap-17.xml HTTP/1.1" 404 - "-" "Mozilla/5.0 AppleWebKit/537.36 (KHTML, like Gecko; compatible; ClaudeBot/1.0; +claudebot@anthropic.com)"
2a03:2880:f806:17:: - - [25/Jun/2026:08:57:22 -0400] "GET /items/N195406551/ HTTP/1.1" 404 - "-" "meta-externalagent/1.1 (+https://developers.facebook.com/docs/sharing/webmasters/crawler)"
2a03:2880:f806:f:: - - [25/Jun/2026:08:57:22 -0400] "GET /items/N24874339/ HTTP/1.1" 404 - "-" "meta-externalagent/1.1 (+https://developers.facebook.com/docs/sharing/webmasters/crawler)"
2a03:2880:f806:3:: - - [25/Jun/2026:08:57:37 -0400] "GET /route-777-online-gokkast-spelen-gratis-en-met-geld/ HTTP/1.1" 404 - "-" "meta-externalagent/1.1 (+https://developers.facebook.com/docs/sharing/webmasters/crawler)"
216.73.217.104 - - [25/Jun/2026:08:57:46 -0400] "GET /sitemap-12.xml HTTP/1.1" 404 - "-" "Mozilla/5.0 AppleWebKit/537.36 (KHTML, like Gecko; compatible; ClaudeBot/1.0; +claudebot@anthropic.com)"
2a03:2880:f806:14:: - - [25/Jun/2026:08:57:59 -0400] "GET /770-casino-no-deposit-bonus/ HTTP/1.1" 404 - "-" "meta-externalagent/1.1 (+https://developers.facebook.com/docs/sharing/webmasters/crawler)"
2a03:2880:f806:43:: - - [25/Jun/2026:08:58:16 -0400] "GET /bpay-casino-no-deposit-bonus/ HTTP/1.1" 404 - "-" "meta-externalagent/1.1 (+https://developers.facebook.com/docs/sharing/webmasters/crawler)"
2a03:2880:f806:14:: - - [25/Jun/2026:08:58:23 -0400] "GET /beste-legale-online-casino/ HTTP/1.1" 404 - "-" "meta-externalagent/1.1 (+https://developers.facebook.com/docs/sharing/webmasters/crawler)"
2a03:2880:f806:48:: - - [25/Jun/2026:08:58:24 -0400] "GET /speelautomaten-antwerpen/ HTTP/1.1" 404 - "-" "meta-externalagent/1.1 (+https://developers.facebook.com/docs/sharing/webmasters/crawler)"
2a03:2880:f806:23:: - - [25/Jun/2026:08:58:27 -0400] "GET /spinstellar-casino-50-free-spins/ HTTP/1.1" 404 - "-" "meta-externalagent/1.1 (+https://developers.facebook.com/docs/sharing/webmasters/crawler)"
2a03:2880:f806:48:: - - [25/Jun/2026:08:58:40 -0400] "GET /zeus-the-thunderer-online-gokkast-spelen-gratis-en-met-geld/ HTTP/1.1" 404 - "-" "meta-externalagent/1.1 (+https://developers.facebook.com/docs/sharing/webmasters/crawler)"
2a03:2880:f806:26:: - - [25/Jun/2026:08:58:50 -0400] "GET /ridika-casino-no-deposit-bonus/ HTTP/1.1" 404 - "-" "meta-externalagent/1.1 (+https://developers.facebook.com/docs/sharing/webmasters/crawler)"
2a03:2880:f806:5:: - - [25/Jun/2026:08:59:30 -0400] "GET /online-gratis-bingo-spelen/ HTTP/1.1" 404 - "-" "meta-externalagent/1.1 (+https://developers.facebook.com/docs/sharing/webmasters/crawler)"
2a03:2880:f806:39:: - - [25/Jun/2026:08:59:34 -0400] "GET /holland-casino-no-deposit-bonus/ HTTP/1.1" 404 - "-" "meta-externalagent/1.1 (+https://developers.facebook.com/docs/sharing/webmasters/crawler)"
2a03:2880:f806:f:: - - [25/Jun/2026:08:59:38 -0400] "GET /goksites-buitenland/ HTTP/1.1" 404 - "-" "meta-externalagent/1.1 (+https://developers.facebook.com/docs/sharing/webmasters/crawler)"
104.194.153.222 - - [25/Jun/2026:08:59:43 -0400] "GET /test/2025/10/02/wygrywajce-liczby-w-keno-w-sobot/ HTTP/1.1" 200 25552 "-" "Mozilla/5.0 (compatible; Googlebot/2.1; +http://www.google.com/bot.html)"
2a03:2880:f806:21:: - - [25/Jun/2026:08:59:48 -0400] "GET /jackpot-uitslag/ HTTP/1.1" 404 - "-" "meta-externalagent/1.1 (+https://developers.facebook.com/docs/sharing/webmasters/crawler)"
2a03:2880:f806:10:: - - [25/Jun/2026:09:00:21 -0400] "GET /beste-roulette-speel/ HTTP/1.1" 404 - "-" "meta-externalagent/1.1 (+https://developers.facebook.com/docs/sharing/webmasters/crawler)"
2a03:2880:f806:4d:: - - [25/Jun/2026:09:00:36 -0400] "GET /items/N76712864/ HTTP/1.1" 404 - "-" "meta-externalagent/1.1 (+https://developers.facebook.com/docs/sharing/webmasters/crawler)"
2a03:2880:f806:18:: - - [25/Jun/2026:09:00:37 -0400] "GET /items/N252058410/ HTTP/1.1" 404 - "-" "meta-externalagent/1.1 (+https://developers.facebook.com/docs/sharing/webmasters/crawler)"
2a03:2880:f806:41:: - - [25/Jun/2026:09:00:41 -0400] "GET /items/N308219319/ HTTP/1.1" 404 - "-" "meta-externalagent/1.1 (+https://developers.facebook.com/docs/sharing/webmasters/crawler)"
2a03:2880:f806:a:: - - [25/Jun/2026:09:00:43 -0400] "GET /nieuwe-legale-casino-nederland/ HTTP/1.1" 404 - "-" "meta-externalagent/1.1 (+https://developers.facebook.com/docs/sharing/webmasters/crawler)"
2a03:2880:f806:7:: - - [25/Jun/2026:09:00:43 -0400] "GET /beste-holland-casino/ HTTP/1.1" 404 - "-" "meta-externalagent/1.1 (+https://developers.facebook.com/docs/sharing/webmasters/crawler)"
2a03:2880:f806:b:: - - [25/Jun/2026:09:00:55 -0400] "GET /gokken-paypal/ HTTP/1.1" 404 - "-" "meta-externalagent/1.1 (+https://developers.facebook.com/docs/sharing/webmasters/crawler)"
2a03:2880:f806:52:: - - [25/Jun/2026:09:01:14 -0400] "GET /jacks-nl-app/ HTTP/1.1" 404 - "-" "meta-externalagent/1.1 (+https://developers.facebook.com/docs/sharing/webmasters/crawler)"
2a03:2880:f806:22:: - - [25/Jun/2026:09:01:52 -0400] "GET /tgcasino-casino-be-2025-review/ HTTP/1.1" 404 - "-" "meta-externalagent/1.1 (+https://developers.facebook.com/docs/sharing/webmasters/crawler)"
2a03:2880:f806:3b:: - - [25/Jun/2026:09:02:00 -0400] "GET /bingo-thuis-app/ HTTP/1.1" 404 - "-" "meta-externalagent/1.1 (+https://developers.facebook.com/docs/sharing/webmasters/crawler)"
2a03:2880:f806:10:: - - [25/Jun/2026:09:02:02 -0400] "GET /maastricht-casino-100-free-spins/ HTTP/1.1" 404 - "-" "meta-externalagent/1.1 (+https://developers.facebook.com/docs/sharing/webmasters/crawler)"
2a03:2880:f806:4a:: - - [25/Jun/2026:09:02:16 -0400] "GET /gokken-spellen/ HTTP/1.1" 404 - "-" "meta-externalagent/1.1 (+https://developers.facebook.com/docs/sharing/webmasters/crawler)"
2a03:2880:f806:35:: - - [25/Jun/2026:09:02:33 -0400] "GET /items/N38605066/ HTTP/1.1" 404 - "-" "meta-externalagent/1.1 (+https://developers.facebook.com/docs/sharing/webmasters/crawler)"
2a03:2880:f806:15:: - - [25/Jun/2026:09:02:34 -0400] "GET /items/N281515177/ HTTP/1.1" 404 - "-" "meta-externalagent/1.1 (+https://developers.facebook.com/docs/sharing/webmasters/crawler)"
2a03:2880:f806:1:: - - [25/Jun/2026:09:02:35 -0400] "GET /geld-gewonnen-online-casino/ HTTP/1.1" 404 - "-" "meta-externalagent/1.1 (+https://developers.facebook.com/docs/sharing/webmasters/crawler)"
162.213.255.98 - - [25/Jun/2026:09:02:40 -0400] "POST /wp-cron.php?doing_wp_cron=1782392560.6285209655761718750000 HTTP/1.1" 200 - "-" "WordPress/6.9.4; https://laratrends.nl"
49.51.132.100 - - [25/Jun/2026:09:02:35 -0400] "GET /wp-links-opml.php HTTP/1.1" 200 3170 "-" "Mozilla/5.0 (iPhone; CPU iPhone OS 13_2_3 like Mac OS X) AppleWebKit/605.1.15 (KHTML, like Gecko) Version/13.0.3 Mobile/15E148 Safari/604.1"
2a03:2880:f806:4f:: - - [25/Jun/2026:09:02:52 -0400] "GET /items/N66433632/ HTTP/1.1" 404 - "-" "meta-externalagent/1.1 (+https://developers.facebook.com/docs/sharing/webmasters/crawler)"
2a03:2880:f806:10:: - - [25/Jun/2026:09:03:08 -0400] "GET /gratis-slots-met-bonus-zonder-storting/ HTTP/1.1" 404 - "-" "meta-externalagent/1.1 (+https://developers.facebook.com/docs/sharing/webmasters/crawler)"
2a03:2880:f806:1f:: - - [25/Jun/2026:09:03:38 -0400] "GET /zonder-registratie-casino/ HTTP/1.1" 404 - "-" "meta-externalagent/1.1 (+https://developers.facebook.com/docs/sharing/webmasters/crawler)"
2a03:2880:f806:e:: - - [25/Jun/2026:09:03:49 -0400] "GET /legacy-of-dead-online-gokkast-spelen-gratis-en-met-geld/ HTTP/1.1" 404 - "-" "meta-externalagent/1.1 (+https://developers.facebook.com/docs/sharing/webmasters/crawler)"
2a03:2880:f806:45:: - - [25/Jun/2026:09:04:07 -0400] "GET /blackjack-perfecte-strategie/ HTTP/1.1" 404 - "-" "meta-externalagent/1.1 (+https://developers.facebook.com/docs/sharing/webmasters/crawler)"
2a03:2880:f806:44:: - - [25/Jun/2026:09:04:32 -0400] "GET /multiplayer-gokkast/ HTTP/1.1" 404 - "-" "meta-externalagent/1.1 (+https://developers.facebook.com/docs/sharing/webmasters/crawler)"
2a03:2880:f806:27:: - - [25/Jun/2026:09:05:17 -0400] "GET /roulettespel-spelregels/ HTTP/1.1" 404 - "-" "meta-externalagent/1.1 (+https://developers.facebook.com/docs/sharing/webmasters/crawler)"
2a03:2880:f806:22:: - - [25/Jun/2026:09:05:18 -0400] "GET /palm-casino-nl-2025-review/ HTTP/1.1" 404 - "-" "meta-externalagent/1.1 (+https://developers.facebook.com/docs/sharing/webmasters/crawler)"
2a03:2880:f806:17:: - - [25/Jun/2026:09:05:54 -0400] "GET /gold-horns-casino-nl-2025-review/ HTTP/1.1" 404 - "-" "meta-externalagent/1.1 (+https://developers.facebook.com/docs/sharing/webmasters/crawler)"
2a03:2880:f806:d:: - - [25/Jun/2026:09:06:07 -0400] "GET /best-online-casino-tsi-nederland/ HTTP/1.1" 404 - "-" "meta-externalagent/1.1 (+https://developers.facebook.com/docs/sharing/webmasters/crawler)"
181.78.83.206 - - [25/Jun/2026:09:06:16 -0400] "GET /shop?min_price=400&max_price=1699&filter_color=%D8%A7%D8%B3%D9%88%D8%AF%2C%D8%A7%D8%B5%D9%81%D8%B1%2C%D8%A8%D9%86%D9%89&filter_size=l%2Cm%2Cxl%2C3xl%2C4xl HTTP/1.1" 404 - "https://laratrends.nl/shop?min_price=400&max_price=1699&filter_color=%D8%A7%D8%B3%D9%88%D8%AF%2C%D8%A7%D8%B5%D9%81%D8%B1%2C%D8%A8%D9%86%D9%89&filter_size=l%2Cm%2Cxl%2C3xl%2C4xl" "Mozilla/5.0 (Linux; Android 12; OPPO PCLM3) AppleWebKit/537.36 (KHTML, like Gecko) Chrome/146.0.5915.68 Mobile Safari/537.36"
2a03:2880:f806:c:: - - [25/Jun/2026:09:06:29 -0400] "GET /secret-of-the-stones-online-gokkast-spelen-gratis-en-met-geld/ HTTP/1.1" 404 - "-" "meta-externalagent/1.1 (+https://developers.facebook.com/docs/sharing/webmasters/crawler)"
2a03:2880:f806:4a:: - - [25/Jun/2026:09:07:23 -0400] "GET /dragon-king-online-gokkast-spelen-gratis-en-met-geld/ HTTP/1.1" 404 - "-" "meta-externalagent/1.1 (+https://developers.facebook.com/docs/sharing/webmasters/crawler)"
2a03:2880:f806:23:: - - [25/Jun/2026:09:07:35 -0400] "GET /winnen-jackpot-nederlandse-casino/ HTTP/1.1" 404 - "-" "meta-externalagent/1.1 (+https://developers.facebook.com/docs/sharing/webmasters/crawler)"
2a03:2880:f806:3b:: - - [25/Jun/2026:09:07:59 -0400] "GET /primal-megaways-online-gokkast-spelen-gratis-en-met-geld/ HTTP/1.1" 404 - "-" "meta-externalagent/1.1 (+https://developers.facebook.com/docs/sharing/webmasters/crawler)"
2a03:2880:f806:e:: - - [25/Jun/2026:09:07:59 -0400] "GET /blackjack-hoeveel-kaarten/ HTTP/1.1" 404 - "-" "meta-externalagent/1.1 (+https://developers.facebook.com/docs/sharing/webmasters/crawler)"
216.73.217.104 - - [25/Jun/2026:09:08:04 -0400] "GET /robots.txt HTTP/1.1" 304 - "-" "Mozilla/5.0 AppleWebKit/537.36 (KHTML, like Gecko; compatible; ClaudeBot/1.0; +claudebot@anthropic.com)"
216.73.217.104 - - [25/Jun/2026:09:08:04 -0400] "GET /sitemap-14.xml HTTP/1.1" 404 - "-" "Mozilla/5.0 AppleWebKit/537.36 (KHTML, like Gecko; compatible; ClaudeBot/1.0; +claudebot@anthropic.com)"
2a03:2880:f806:24:: - - [25/Jun/2026:09:08:05 -0400] "GET /bruce-pokies-casino-50-free-spins/ HTTP/1.1" 404 - "-" "meta-externalagent/1.1 (+https://developers.facebook.com/docs/sharing/webmasters/crawler)"
2a03:2880:f806:22:: - - [25/Jun/2026:09:08:10 -0400] "GET /items/N267961066/ HTTP/1.1" 404 - "-" "meta-externalagent/1.1 (+https://developers.facebook.com/docs/sharing/webmasters/crawler)"
2a03:2880:f806:2d:: - - [25/Jun/2026:09:08:11 -0400] "GET /items/N98691430/ HTTP/1.1" 404 - "-" "meta-externalagent/1.1 (+https://developers.facebook.com/docs/sharing/webmasters/crawler)"
2a03:2880:f806:19:: - - [25/Jun/2026:09:08:16 -0400] "GET /ikibu-casino-100-free-spins/ HTTP/1.1" 404 - "-" "meta-externalagent/1.1 (+https://developers.facebook.com/docs/sharing/webmasters/crawler)"
2a03:2880:f806:3:: - - [25/Jun/2026:09:08:20 -0400] "GET /roulette-zonder-registratie/ HTTP/1.1" 404 - "-" "meta-externalagent/1.1 (+https://developers.facebook.com/docs/sharing/webmasters/crawler)"
2a03:2880:f806:20:: - - [25/Jun/2026:09:08:55 -0400] "GET /yeti-casino-no-deposit-bonus/ HTTP/1.1" 404 - "-" "meta-externalagent/1.1 (+https://developers.facebook.com/docs/sharing/webmasters/crawler)"
2a03:2880:f806:3f:: - - [25/Jun/2026:09:09:03 -0400] "GET /true-gift-redemption-online-gokkast-spelen-gratis-en-met-geld/ HTTP/1.1" 404 - "-" "meta-externalagent/1.1 (+https://developers.facebook.com/docs/sharing/webmasters/crawler)"
2a03:2880:f806:35:: - - [25/Jun/2026:09:09:08 -0400] "GET /items/N204316773/ HTTP/1.1" 404 - "-" "meta-externalagent/1.1 (+https://developers.facebook.com/docs/sharing/webmasters/crawler)"
2a03:2880:f806:46:: - - [25/Jun/2026:09:09:13 -0400] "GET /regent-play-casino-no-deposit-bonus/ HTTP/1.1" 404 - "-" "meta-externalagent/1.1 (+https://developers.facebook.com/docs/sharing/webmasters/crawler)"
2a03:2880:f806:9:: - - [25/Jun/2026:09:09:24 -0400] "GET /magicwins-casino-100-free-spins/ HTTP/1.1" 404 - "-" "meta-externalagent/1.1 (+https://developers.facebook.com/docs/sharing/webmasters/crawler)"
2a03:2880:f806:25:: - - [25/Jun/2026:09:09:32 -0400] "GET /1red-casino-no-deposit-bonus/ HTTP/1.1" 404 - "-" "meta-externalagent/1.1 (+https://developers.facebook.com/docs/sharing/webmasters/crawler)"
2a03:2880:f806:17:: - - [25/Jun/2026:09:10:00 -0400] "GET /casino-gorinchem/ HTTP/1.1" 404 - "-" "meta-externalagent/1.1 (+https://developers.facebook.com/docs/sharing/webmasters/crawler)"
82.147.84.91 - - [25/Jun/2026:09:10:00 -0400] "GET /test/2025/10/07/willkommensbonus-online-wettanbieterdas-online/ HTTP/1.1" 200 25453 "https://laratrends.nl/test/2025/10/07/willkommensbonus-online-wettanbieterdas-online/" "Mozilla/5.0 (Windows NT 10.0; Win64; x64) AppleWebKit/537.36 (KHTML, like Gecko) Chrome/130.0.0.0 Safari/537.36 CCleaner/130.0.0.0"
82.147.84.91 - - [25/Jun/2026:09:10:03 -0400] "POST /test/wp-comments-post.php HTTP/1.1" 200 4101 "https://laratrends.nl/test/2025/10/07/willkommensbonus-online-wettanbieterdas-online/" "Mozilla/5.0 (Windows NT 10.0; Win64; x64) AppleWebKit/537.36 (KHTML, like Gecko) Chrome/130.0.0.0 Safari/537.36 CCleaner/130.0.0.0"
2a03:2880:f806:43:: - - [25/Jun/2026:09:10:49 -0400] "GET /casino-online-veilig/ HTTP/1.1" 404 - "-" "meta-externalagent/1.1 (+https://developers.facebook.com/docs/sharing/webmasters/crawler)"
2a03:2880:f806:4c:: - - [25/Jun/2026:09:10:58 -0400] "GET /grim-muerto-online-gokkast-spelen-gratis-en-met-geld/ HTTP/1.1" 404 - "-" "meta-externalagent/1.1 (+https://developers.facebook.com/docs/sharing/webmasters/crawler)"
2a03:2880:f806:29:: - - [25/Jun/2026:09:11:00 -0400] "GET /kaartspel-baccarat/ HTTP/1.1" 404 - "-" "meta-externalagent/1.1 (+https://developers.facebook.com/docs/sharing/webmasters/crawler)"
2a03:2880:f806:42:: - - [25/Jun/2026:09:11:07 -0400] "GET /roulette-strategie-nederland/ HTTP/1.1" 404 - "-" "meta-externalagent/1.1 (+https://developers.facebook.com/docs/sharing/webmasters/crawler)"
216.73.217.104 - - [25/Jun/2026:09:11:17 -0400] "GET /test/2025/08/24/mines-casino-login-app-sign-up/ HTTP/1.1" 200 25509 "-" "Mozilla/5.0 AppleWebKit/537.36 (KHTML, like Gecko; compatible; ClaudeBot/1.0; +claudebot@anthropic.com)"
2a03:2880:f806:e:: - - [25/Jun/2026:09:11:22 -0400] "GET /speelautomatenhal-schinveld/ HTTP/1.1" 404 - "-" "meta-externalagent/1.1 (+https://developers.facebook.com/docs/sharing/webmasters/crawler)"
2a03:2880:f806:44:: - - [25/Jun/2026:09:11:26 -0400] "GET /slots-magic-casino-100-free-spins/ HTTP/1.1" 404 - "-" "meta-externalagent/1.1 (+https://developers.facebook.com/docs/sharing/webmasters/crawler)"
107.152.46.79 - - [25/Jun/2026:09:11:54 -0400] "GET /drahmad/lucky-casino-kod-promocyjny-2/ HTTP/1.1" 404 - "https://laratrends.nl/" "Mozilla/5.0 (X11; Fedora; Linux x86_64; rv:114.0) Gecko/20100101 Firefox/114.0"
107.152.46.79 - - [25/Jun/2026:09:11:55 -0400] "GET / HTTP/1.1" 200 1156 "-" "Mozilla/5.0 (X11; Fedora; Linux x86_64; rv:114.0) Gecko/20100101 Firefox/114.0"
2a03:2880:f806:20:: - - [25/Jun/2026:09:11:55 -0400] "GET /gratis-speelgeld-roulette/ HTTP/1.1" 404 - "-" "meta-externalagent/1.1 (+https://developers.facebook.com/docs/sharing/webmasters/crawler)"
107.152.46.79 - - [25/Jun/2026:09:11:56 -0400] "GET /readme.html HTTP/1.1" 200 3028 "https://laratrends.nl" "Mozilla/5.0 (X11; Fedora; Linux x86_64; rv:114.0) Gecko/20100101 Firefox/114.0"
43.155.157.239 - - [25/Jun/2026:09:12:03 -0400] "GET /cgi-bin/ HTTP/1.1" 404 - "-" "Mozilla/5.0 (iPhone; CPU iPhone OS 13_2_3 like Mac OS X) AppleWebKit/605.1.15 (KHTML, like Gecko) Version/13.0.3 Mobile/15E148 Safari/604.1"
2a03:2880:f806:35:: - - [25/Jun/2026:09:12:04 -0400] "GET /happyhugo-casino-100-free-spins/ HTTP/1.1" 404 - "-" "meta-externalagent/1.1 (+https://developers.facebook.com/docs/sharing/webmasters/crawler)"
2a03:2880:f806:4a:: - - [25/Jun/2026:09:12:06 -0400] "GET /hulst-casino-100-free-spins/ HTTP/1.1" 404 - "-" "meta-externalagent/1.1 (+https://developers.facebook.com/docs/sharing/webmasters/crawler)"
216.73.217.104 - - [25/Jun/2026:09:12:22 -0400] "GET /test/2026/02/12/mindil-casino-resort/ HTTP/1.1" 200 25408 "-" "Mozilla/5.0 AppleWebKit/537.36 (KHTML, like Gecko; compatible; ClaudeBot/1.0; +claudebot@anthropic.com)"
216.73.217.104 - - [25/Jun/2026:09:12:23 -0400] "GET /test/2026/02/25/minimum-deposit-casino/ HTTP/1.1" 200 25052 "-" "Mozilla/5.0 AppleWebKit/537.36 (KHTML, like Gecko; compatible; ClaudeBot/1.0; +claudebot@anthropic.com)"
2a03:2880:f806:41:: - - [25/Jun/2026:09:12:25 -0400] "GET /online-gokkasten-legaal/ HTTP/1.1" 404 - "-" "meta-externalagent/1.1 (+https://developers.facebook.com/docs/sharing/webmasters/crawler)"
2a03:2880:f806:4c:: - - [25/Jun/2026:09:12:34 -0400] "GET /multihand-blackjack-online-gokkast-spelen-gratis-en-met-geld/ HTTP/1.1" 404 - "-" "meta-externalagent/1.1 (+https://developers.facebook.com/docs/sharing/webmasters/crawler)"
2a03:2880:f806:16:: - - [25/Jun/2026:09:13:04 -0400] "GET /roulette-gratis-online/ HTTP/1.1" 404 - "-" "meta-externalagent/1.1 (+https://developers.facebook.com/docs/sharing/webmasters/crawler)"
2a03:2880:f806:16:: - - [25/Jun/2026:09:13:05 -0400] "GET /jungle-wild-online-gokkast-spelen-gratis-en-met-geld/ HTTP/1.1" 404 - "-" "meta-externalagent/1.1 (+https://developers.facebook.com/docs/sharing/webmasters/crawler)"
2a03:2880:f806:12:: - - [25/Jun/2026:09:13:29 -0400] "GET /discover-casino-no-deposit-bonus/ HTTP/1.1" 404 - "-" "meta-externalagent/1.1 (+https://developers.facebook.com/docs/sharing/webmasters/crawler)"
216.73.217.104 - - [25/Jun/2026:09:13:30 -0400] "GET /test/2026/02/12/mindil-casino-resort/ HTTP/1.1" 200 25408 "-" "Mozilla/5.0 AppleWebKit/537.36 (KHTML, like Gecko; compatible; ClaudeBot/1.0; +claudebot@anthropic.com)"
2a03:2880:f806:1f:: - - [25/Jun/2026:09:14:17 -0400] "GET /gokken-weddenschappen/ HTTP/1.1" 404 - "-" "meta-externalagent/1.1 (+https://developers.facebook.com/docs/sharing/webmasters/crawler)"
216.73.217.104 - - [25/Jun/2026:09:14:20 -0400] "GET /test/2025/08/24/mines-casino-login-app-sign-up/ HTTP/1.1" 200 25509 "-" "Mozilla/5.0 AppleWebKit/537.36 (KHTML, like Gecko; compatible; ClaudeBot/1.0; +claudebot@anthropic.com)"
2a03:2880:f806:50:: - - [25/Jun/2026:09:14:47 -0400] "GET /vrouw-wint-jackpot/ HTTP/1.1" 404 - "-" "meta-externalagent/1.1 (+https://developers.facebook.com/docs/sharing/webmasters/crawler)"
216.73.217.104 - - [25/Jun/2026:09:15:04 -0400] "GET /test/2026/02/25/minimum-deposit-casino/ HTTP/1.1" 200 25052 "-" "Mozilla/5.0 AppleWebKit/537.36 (KHTML, like Gecko; compatible; ClaudeBot/1.0; +claudebot@anthropic.com)"
216.73.217.104 - - [25/Jun/2026:09:15:04 -0400] "GET /test/2026/01/ HTTP/1.1" 200 24002 "-" "Mozilla/5.0 AppleWebKit/537.36 (KHTML, like Gecko; compatible; ClaudeBot/1.0; +claudebot@anthropic.com)"
2a03:2880:f806:4b:: - - [25/Jun/2026:09:15:04 -0400] "GET /betnflix-casino-100-free-spins/ HTTP/1.1" 404 - "-" "meta-externalagent/1.1 (+https://developers.facebook.com/docs/sharing/webmasters/crawler)"
2a03:2880:f806:24:: - - [25/Jun/2026:09:15:36 -0400] "GET /items/N288497501/ HTTP/1.1" 404 - "-" "meta-externalagent/1.1 (+https://developers.facebook.com/docs/sharing/webmasters/crawler)"
216.73.217.104 - - [25/Jun/2026:09:16:08 -0400] "GET /test/2026/ HTTP/1.1" 200 38006 "-" "Mozilla/5.0 AppleWebKit/537.36 (KHTML, like Gecko; compatible; ClaudeBot/1.0; +claudebot@anthropic.com)"
2a03:2880:f806:1f:: - - [25/Jun/2026:09:16:25 -0400] "GET /scibet-casino-50-free-spins/ HTTP/1.1" 404 - "-" "meta-externalagent/1.1 (+https://developers.facebook.com/docs/sharing/webmasters/crawler)"
2a03:2880:f806:3b:: - - [25/Jun/2026:09:16:38 -0400] "GET /gratis-slot-machine-online/ HTTP/1.1" 404 - "-" "meta-externalagent/1.1 (+https://developers.facebook.com/docs/sharing/webmasters/crawler)"
31.220.45.74 - - [25/Jun/2026:09:16:47 -0400] "HEAD / HTTP/1.1" 200 - "-" "Mozilla/5.0 (Windows NT 10.0; Win64; x64) AppleWebKit/537.36 (KHTML, like Gecko) Chrome/132.0.0.0 Safari/537.36"
31.220.45.74 - - [25/Jun/2026:09:16:50 -0400] "GET /wp-json/wp/v2/users/me?context=edit HTTP/1.1" 404 - "-" "Mozilla/5.0 (Windows NT 10.0; Win64; x64) AppleWebKit/537.36 (KHTML, like Gecko) Chrome/132.0.0.0 Safari/537.36"
31.220.45.74 - - [25/Jun/2026:09:16:50 -0400] "GET /?rest_route=/wp/v2/users/me&context=edit HTTP/1.1" 200 1156 "-" "Mozilla/5.0 (Windows NT 10.0; Win64; x64) AppleWebKit/537.36 (KHTML, like Gecko) Chrome/132.0.0.0 Safari/537.36"
31.220.45.74 - - [25/Jun/2026:09:16:51 -0400] "GET /wp/wp-login.php HTTP/1.1" 404 - "-" "Mozilla/5.0 (Windows NT 10.0; Win64; x64) AppleWebKit/537.36 (KHTML, like Gecko) Chrome/132.0.0.0 Safari/537.36"
31.220.45.74 - - [25/Jun/2026:09:16:51 -0400] "GET /wordpress/wp-login.php HTTP/1.1" 404 - "-" "Mozilla/5.0 (Windows NT 10.0; Win64; x64) AppleWebKit/537.36 (KHTML, like Gecko) Chrome/132.0.0.0 Safari/537.36"
31.220.45.74 - - [25/Jun/2026:09:16:51 -0400] "GET /blog/wp-login.php HTTP/1.1" 404 - "-" "Mozilla/5.0 (Windows NT 10.0; Win64; x64) AppleWebKit/537.36 (KHTML, like Gecko) Chrome/132.0.0.0 Safari/537.36"
2a03:2880:f806:3b:: - - [25/Jun/2026:09:17:04 -0400] "GET /roulette-app-echt-geld/ HTTP/1.1" 404 - "-" "meta-externalagent/1.1 (+https://developers.facebook.com/docs/sharing/webmasters/crawler)"
2a03:2880:f806:3b:: - - [25/Jun/2026:09:17:24 -0400] "GET /jagger-casino-100-free-spins/ HTTP/1.1" 404 - "-" "meta-externalagent/1.1 (+https://developers.facebook.com/docs/sharing/webmasters/crawler)"
194.165.16.5 - - [25/Jun/2026:09:17:30 -0400] "GET /test/wp-login.php HTTP/1.1" 200 4821 "-" "Mozilla/5.0 (Macintosh; Intel Mac OS X 13_5) AppleWebKit/605.1.15 (KHTML, like Gecko) Version/17.5 Safari/605.1.15"
162.213.255.98 - - [25/Jun/2026:09:17:31 -0400] "POST /test/wp-cron.php?doing_wp_cron=1782393451.6253929138183593750000 HTTP/1.1" 200 - "-" "WordPress/7.0; https://laratrends.nl/test"
194.165.16.5 - - [25/Jun/2026:09:17:31 -0400] "POST /test/xmlrpc.php HTTP/1.1" 200 3092 "-" "Mozilla/5.0 (Windows NT 10.0; Win64; x64) AppleWebKit/537.36 (KHTML, like Gecko) Chrome/124.0.6367.207 Safari/537.36"
194.165.16.5 - - [25/Jun/2026:09:17:32 -0400] "POST /test/xmlrpc.php HTTP/1.1" 200 5262 "-" "Mozilla/5.0 (Windows NT 10.0; Win64; x64) AppleWebKit/537.36 (KHTML, like Gecko) Chrome/124.0.6367.207 Safari/537.36"
2a03:2880:f806:4d:: - - [25/Jun/2026:09:18:21 -0400] "GET /items/N43416026/ HTTP/1.1" 404 - "-" "meta-externalagent/1.1 (+https://developers.facebook.com/docs/sharing/webmasters/crawler)"
2a03:2880:f806:44:: - - [25/Jun/2026:09:18:27 -0400] "GET /blazzio-casino-no-deposit-bonus/ HTTP/1.1" 404 - "-" "meta-externalagent/1.1 (+https://developers.facebook.com/docs/sharing/webmasters/crawler)"
2a03:2880:f806:1c:: - - [25/Jun/2026:09:18:29 -0400] "GET /spinspirit-casino-100-free-spins/ HTTP/1.1" 404 - "-" "meta-externalagent/1.1 (+https://developers.facebook.com/docs/sharing/webmasters/crawler)"
2a03:2880:f806:10:: - - [25/Jun/2026:09:18:38 -0400] "GET /party-casino-no-deposit-bonus/ HTTP/1.1" 404 - "-" "meta-externalagent/1.1 (+https://developers.facebook.com/docs/sharing/webmasters/crawler)"
2a03:2880:f806:40:: - - [25/Jun/2026:09:18:51 -0400] "GET /keno-uitslag-van-vandaag/ HTTP/1.1" 404 - "-" "meta-externalagent/1.1 (+https://developers.facebook.com/docs/sharing/webmasters/crawler)"
2a03:2880:f806:50:: - - [25/Jun/2026:09:19:34 -0400] "GET /online-casino-grote-winkans/ HTTP/1.1" 404 - "-" "meta-externalagent/1.1 (+https://developers.facebook.com/docs/sharing/webmasters/crawler)"
216.73.217.104 - - [25/Jun/2026:09:19:50 -0400] "GET /wp-includes/default-widgets.php HTTP/1.1" 200 22 "-" "Mozilla/5.0 AppleWebKit/537.36 (KHTML, like Gecko; compatible; ClaudeBot/1.0; +claudebot@anthropic.com)"
216.73.217.104 - - [25/Jun/2026:09:19:50 -0400] "GET /wp-includes/class-wp-editor.php HTTP/1.1" 200 - "-" "Mozilla/5.0 AppleWebKit/537.36 (KHTML, like Gecko; compatible; ClaudeBot/1.0; +claudebot@anthropic.com)"
216.73.217.104 - - [25/Jun/2026:09:19:50 -0400] "GET /wp-includes/class-wp-block-processor.php HTTP/1.1" 200 - "-" "Mozilla/5.0 AppleWebKit/537.36 (KHTML, like Gecko; compatible; ClaudeBot/1.0; +claudebot@anthropic.com)"
216.73.217.104 - - [25/Jun/2026:09:19:51 -0400] "GET /wp-includes/class-wp-http.php HTTP/1.1" 200 22 "-" "Mozilla/5.0 AppleWebKit/537.36 (KHTML, like Gecko; compatible; ClaudeBot/1.0; +claudebot@anthropic.com)"
2a03:2880:f806:26:: - - [25/Jun/2026:09:19:59 -0400] "GET /hoe-speel-je-online-bingo/ HTTP/1.1" 404 - "-" "meta-externalagent/1.1 (+https://developers.facebook.com/docs/sharing/webmasters/crawler)"
2a03:2880:f806:3:: - - [25/Jun/2026:09:20:12 -0400] "GET /trueluck-casino-nl-2025-review/ HTTP/1.1" 404 - "-" "meta-externalagent/1.1 (+https://developers.facebook.com/docs/sharing/webmasters/crawler)"
198.144.187.114 - - [25/Jun/2026:09:20:12 -0400] "GET /test/2025/10/06/vilket-mobilcasino-erbjuder-mobile-roulette-med/ HTTP/1.1" 200 26025 "https://laratrends.nl/" "Mozilla/5.0 (Macintosh; Intel Mac OS X 10_15_7) AppleWebKit/537.36 (KHTML, like Gecko) Chrome/139.0.0.0 Safari/537.36"
198.144.187.114 - - [25/Jun/2026:09:20:17 -0400] "GET /test/wp-admin/nav-menus.php HTTP/1.1" 302 6577 "https://laratrends.nl/test/2025/10/06/vilket-mobilcasino-erbjuder-mobile-roulette-med/" "Mozilla/5.0 (Windows NT 6.3; Win64; x64) AppleWebKit/537.36 (KHTML, like Gecko) Chrome/103.0.0.0 Safari/537.36"
198.144.187.114 - - [25/Jun/2026:09:20:18 -0400] "GET /test/wp-admin/upgrade.php?_wp_http_referer=%2Ftest%2Fwp-admin%2Fnav-menus.php HTTP/1.1" 200 629 "https://laratrends.nl/test/wp-admin/nav-menus.php" "Mozilla/5.0 (Windows NT 6.3; Win64; x64) AppleWebKit/537.36 (KHTML, like Gecko) Chrome/103.0.0.0 Safari/537.36"
198.144.187.114 - - [25/Jun/2026:09:20:19 -0400] "GET /test/wp-admin/upgrade.php?action=register HTTP/1.1" 200 674 "https://laratrends.nl/test/wp-admin/upgrade.php?_wp_http_referer=%2Ftest%2Fwp-admin%2Fnav-menus.php" "Mozilla/5.0 (Windows NT 6.3; Win64; x64) AppleWebKit/537.36 (KHTML, like Gecko) Chrome/103.0.0.0 Safari/537.36"
198.144.187.114 - - [25/Jun/2026:09:20:20 -0400] "GET /test/wp-includes/css/dashicons.min.css?ver=7.0 HTTP/1.1" 304 - "https://laratrends.nl/test/wp-admin/upgrade.php?action=register" "Mozilla/5.0 (Windows NT 10.0; Win64; x64) AppleWebKit/537.36 (KHTML, like Gecko) Chrome/149.0.0.0 Safari/537.36"
198.144.187.114 - - [25/Jun/2026:09:20:21 -0400] "GET /test/wp-includes/css/buttons.min.css?ver=7.0 HTTP/1.1" 304 - "https://laratrends.nl/test/wp-admin/upgrade.php?action=register" "Mozilla/5.0 (Windows NT 10.0; Win64; x64) AppleWebKit/537.36 (KHTML, like Gecko) Chrome/149.0.0.0 Safari/537.36"
198.144.187.114 - - [25/Jun/2026:09:20:22 -0400] "GET /test/wp-admin/css/forms.min.css?ver=7.0 HTTP/1.1" 304 - "https://laratrends.nl/test/wp-admin/upgrade.php?action=register" "Mozilla/5.0 (Windows NT 10.0; Win64; x64) AppleWebKit/537.36 (KHTML, like Gecko) Chrome/149.0.0.0 Safari/537.36"
198.144.187.114 - - [25/Jun/2026:09:20:23 -0400] "GET /test/wp-admin/css/l10n.min.css?ver=7.0 HTTP/1.1" 304 - "https://laratrends.nl/test/wp-admin/upgrade.php?action=register" "Mozilla/5.0 (Windows NT 10.0; Win64; x64) AppleWebKit/537.36 (KHTML, like Gecko) Chrome/149.0.0.0 Safari/537.36"
216.73.217.104 - - [25/Jun/2026:09:20:23 -0400] "GET /wp-includes/embed-template.php HTTP/1.1" 500 - "-" "Mozilla/5.0 AppleWebKit/537.36 (KHTML, like Gecko; compatible; ClaudeBot/1.0; +claudebot@anthropic.com)"
216.73.217.104 - - [25/Jun/2026:09:20:23 -0400] "GET /wp-includes/compat.php HTTP/1.1" 200 - "-" "Mozilla/5.0 AppleWebKit/537.36 (KHTML, like Gecko; compatible; ClaudeBot/1.0; +claudebot@anthropic.com)"
198.144.187.114 - - [25/Jun/2026:09:20:23 -0400] "GET /test/wp-includes/css/dist/base-styles/admin-schemes.min.css?ver=7.0 HTTP/1.1" 304 - "https://laratrends.nl/test/wp-admin/upgrade.php?action=register" "Mozilla/5.0 (Windows NT 10.0; Win64; x64) AppleWebKit/537.36 (KHTML, like Gecko) Chrome/149.0.0.0 Safari/537.36"
216.73.217.104 - - [25/Jun/2026:09:20:23 -0400] "GET /wp-includes/class-wp.php HTTP/1.1" 200 - "-" "Mozilla/5.0 AppleWebKit/537.36 (KHTML, like Gecko; compatible; ClaudeBot/1.0; +claudebot@anthropic.com)"
216.73.217.104 - - [25/Jun/2026:09:20:24 -0400] "GET /wp-includes/cache-compat.php HTTP/1.1" 200 - "-" "Mozilla/5.0 AppleWebKit/537.36 (KHTML, like Gecko; compatible; ClaudeBot/1.0; +claudebot@anthropic.com)"
198.144.187.114 - - [25/Jun/2026:09:20:24 -0400] "GET /test/wp-admin/css/install.min.css?ver=7.0 HTTP/1.1" 304 - "https://laratrends.nl/test/wp-admin/upgrade.php?action=register" "Mozilla/5.0 (Windows NT 10.0; Win64; x64) AppleWebKit/537.36 (KHTML, like Gecko) Chrome/149.0.0.0 Safari/537.36"
2a03:2880:f806:4:: - - [25/Jun/2026:09:20:25 -0400] "GET /spelletjes-nl-bingo/ HTTP/1.1" 404 - "-" "meta-externalagent/1.1 (+https://developers.facebook.com/docs/sharing/webmasters/crawler)"
2a03:2880:f806:3f:: - - [25/Jun/2026:09:20:30 -0400] "GET /online-casino-spelen/ HTTP/1.1" 404 - "-" "meta-externalagent/1.1 (+https://developers.facebook.com/docs/sharing/webmasters/crawler)"
216.73.217.104 - - [25/Jun/2026:09:20:55 -0400] "GET /wp-includes/rest-api.php HTTP/1.1" 200 - "-" "Mozilla/5.0 AppleWebKit/537.36 (KHTML, like Gecko; compatible; ClaudeBot/1.0; +claudebot@anthropic.com)"
216.73.217.104 - - [25/Jun/2026:09:20:55 -0400] "GET /wp-includes/capabilities.php HTTP/1.1" 200 - "-" "Mozilla/5.0 AppleWebKit/537.36 (KHTML, like Gecko; compatible; ClaudeBot/1.0; +claudebot@anthropic.com)"
216.73.217.104 - - [25/Jun/2026:09:20:56 -0400] "GET /wp-includes/class-wp-object-cache.php HTTP/1.1" 200 - "-" "Mozilla/5.0 AppleWebKit/537.36 (KHTML, like Gecko; compatible; ClaudeBot/1.0; +claudebot@anthropic.com)"
216.73.217.104 - - [25/Jun/2026:09:20:56 -0400] "GET /wp-includes/abilities.php HTTP/1.1" 200 - "-" "Mozilla/5.0 AppleWebKit/537.36 (KHTML, like Gecko; compatible; ClaudeBot/1.0; +claudebot@anthropic.com)"
216.73.217.104 - - [25/Jun/2026:09:21:01 -0400] "GET /wp-includes/style-engine.php HTTP/1.1" 200 - "-" "Mozilla/5.0 AppleWebKit/537.36 (KHTML, like Gecko; compatible; ClaudeBot/1.0; +claudebot@anthropic.com)"
216.73.217.104 - - [25/Jun/2026:09:21:01 -0400] "GET /wp-includes/class-wp-theme.php HTTP/1.1" 200 - "-" "Mozilla/5.0 AppleWebKit/537.36 (KHTML, like Gecko; compatible; ClaudeBot/1.0; +claudebot@anthropic.com)"
216.73.217.104 - - [25/Jun/2026:09:21:01 -0400] "GET /wp-includes/comment-template.php HTTP/1.1" 200 - "-" "Mozilla/5.0 AppleWebKit/537.36 (KHTML, like Gecko; compatible; ClaudeBot/1.0; +claudebot@anthropic.com)"
2a03:2880:f806:c:: - - [25/Jun/2026:09:21:16 -0400] "GET /online-casinos-online/ HTTP/1.1" 404 - "-" "meta-externalagent/1.1 (+https://developers.facebook.com/docs/sharing/webmasters/crawler)"
2a03:2880:f806:2d:: - - [25/Jun/2026:09:21:27 -0400] "GET /items/N257708945/ HTTP/1.1" 404 - "-" "meta-externalagent/1.1 (+https://developers.facebook.com/docs/sharing/webmasters/crawler)"
2a03:2880:f806:3d:: - - [25/Jun/2026:09:21:39 -0400] "GET /bonusbet-casino-100-free-spins/ HTTP/1.1" 404 - "-" "meta-externalagent/1.1 (+https://developers.facebook.com/docs/sharing/webmasters/crawler)"
43.157.181.189 - - [25/Jun/2026:09:21:46 -0400] "GET /?C=M;O=D HTTP/1.1" 200 1154 "-" "Mozilla/5.0 (iPhone; CPU iPhone OS 13_2_3 like Mac OS X) AppleWebKit/605.1.15 (KHTML, like Gecko) Version/13.0.3 Mobile/15E148 Safari/604.1"
216.73.217.104 - - [25/Jun/2026:09:21:59 -0400] "GET /wp-includes/class-wpdb.php HTTP/1.1" 200 - "-" "Mozilla/5.0 AppleWebKit/537.36 (KHTML, like Gecko; compatible; ClaudeBot/1.0; +claudebot@anthropic.com)"
216.73.217.104 - - [25/Jun/2026:09:21:59 -0400] "GET /wp-includes/admin-bar.php HTTP/1.1" 200 - "-" "Mozilla/5.0 AppleWebKit/537.36 (KHTML, like Gecko; compatible; ClaudeBot/1.0; +claudebot@anthropic.com)"
216.73.217.104 - - [25/Jun/2026:09:21:59 -0400] "GET /wp-includes/css/ HTTP/1.1" 200 1066 "-" "Mozilla/5.0 AppleWebKit/537.36 (KHTML, like Gecko; compatible; ClaudeBot/1.0; +claudebot@anthropic.com)"
216.73.217.104 - - [25/Jun/2026:09:22:31 -0400] "GET /wp-includes/class-IXR.php HTTP/1.1" 200 22 "-" "Mozilla/5.0 AppleWebKit/537.36 (KHTML, like Gecko; compatible; ClaudeBot/1.0; +claudebot@anthropic.com)"
216.73.217.104 - - [25/Jun/2026:09:22:31 -0400] "GET /wp-includes/class-feed.php HTTP/1.1" 500 - "-" "Mozilla/5.0 AppleWebKit/537.36 (KHTML, like Gecko; compatible; ClaudeBot/1.0; +claudebot@anthropic.com)"
216.73.217.104 - - [25/Jun/2026:09:22:32 -0400] "GET /wp-includes/theme-previews.php HTTP/1.1" 200 - "-" "Mozilla/5.0 AppleWebKit/537.36 (KHTML, like Gecko; compatible; ClaudeBot/1.0; +claudebot@anthropic.com)"
216.73.217.104 - - [25/Jun/2026:09:22:36 -0400] "GET /wp-includes/theme.json HTTP/1.1" 200 8921 "-" "Mozilla/5.0 AppleWebKit/537.36 (KHTML, like Gecko; compatible; ClaudeBot/1.0; +claudebot@anthropic.com)"
216.73.217.104 - - [25/Jun/2026:09:22:36 -0400] "GET /wp-includes/html-api/ HTTP/1.1" 200 774 "-" "Mozilla/5.0 AppleWebKit/537.36 (KHTML, like Gecko; compatible; ClaudeBot/1.0; +claudebot@anthropic.com)"
216.73.217.104 - - [25/Jun/2026:09:22:36 -0400] "GET /wp-includes/class-wp-embed.php HTTP/1.1" 200 - "-" "Mozilla/5.0 AppleWebKit/537.36 (KHTML, like Gecko; compatible; ClaudeBot/1.0; +claudebot@anthropic.com)"
216.73.217.104 - - [25/Jun/2026:09:22:43 -0400] "GET /wp-includes/class-wp-post.php HTTP/1.1" 200 - "-" "Mozilla/5.0 AppleWebKit/537.36 (KHTML, like Gecko; compatible; ClaudeBot/1.0; +claudebot@anthropic.com)"
216.73.217.104 - - [25/Jun/2026:09:22:43 -0400] "GET /wp-includes/bookmark.php HTTP/1.1" 200 - "-" "Mozilla/5.0 AppleWebKit/537.36 (KHTML, like Gecko; compatible; ClaudeBot/1.0; +claudebot@anthropic.com)"
216.73.217.104 - - [25/Jun/2026:09:22:43 -0400] "GET /wp-includes/class-wp-text-diff-renderer-inline.php HTTP/1.1" 500 - "-" "Mozilla/5.0 AppleWebKit/537.36 (KHTML, like Gecko; compatible; ClaudeBot/1.0; +claudebot@anthropic.com)"
216.73.217.104 - - [25/Jun/2026:09:23:20 -0400] "GET /wp-includes/speculative-loading.php HTTP/1.1" 200 - "-" "Mozilla/5.0 AppleWebKit/537.36 (KHTML, like Gecko; compatible; ClaudeBot/1.0; +claudebot@anthropic.com)"
216.73.217.104 - - [25/Jun/2026:09:23:20 -0400] "GET /wp-includes/class-wp-block-parser.php HTTP/1.1" 200 - "-" "Mozilla/5.0 AppleWebKit/537.36 (KHTML, like Gecko; compatible; ClaudeBot/1.0; +claudebot@anthropic.com)"
216.73.217.104 - - [25/Jun/2026:09:23:20 -0400] "GET /wp-includes/ms-network.php HTTP/1.1" 200 - "-" "Mozilla/5.0 AppleWebKit/537.36 (KHTML, like Gecko; compatible; ClaudeBot/1.0; +claudebot@anthropic.com)"
216.73.217.104 - - [25/Jun/2026:09:23:31 -0400] "GET /wp-includes/link-template.php HTTP/1.1" 200 - "-" "Mozilla/5.0 AppleWebKit/537.36 (KHTML, like Gecko; compatible; ClaudeBot/1.0; +claudebot@anthropic.com)"
216.73.217.104 - - [25/Jun/2026:09:23:31 -0400] "GET /%7B%7B%20$src%20%7D%7D HTTP/1.1" 404 - "-" "Mozilla/5.0 AppleWebKit/537.36 (KHTML, like Gecko; compatible; ClaudeBot/1.0; +claudebot@anthropic.com)"
216.73.217.104 - - [25/Jun/2026:09:23:33 -0400] "GET /wp-includes/ms-load.php HTTP/1.1" 200 - "-" "Mozilla/5.0 AppleWebKit/537.36 (KHTML, like Gecko; compatible; ClaudeBot/1.0; +claudebot@anthropic.com)"
2a03:2880:f806:51:: - - [25/Jun/2026:09:24:14 -0400] "GET /items/N206375531/ HTTP/1.1" 404 - "-" "meta-externalagent/1.1 (+https://developers.facebook.com/docs/sharing/webmasters/crawler)"
2a03:2880:f806:20:: - - [25/Jun/2026:09:24:15 -0400] "GET /items/N197900238/ HTTP/1.1" 404 - "-" "meta-externalagent/1.1 (+https://developers.facebook.com/docs/sharing/webmasters/crawler)"
2a03:2880:f806:25:: - - [25/Jun/2026:09:24:15 -0400] "GET /items/N61010349/ HTTP/1.1" 404 - "-" "meta-externalagent/1.1 (+https://developers.facebook.com/docs/sharing/webmasters/crawler)"
