2a03:2880:f800:14:: - - [25/Jun/2026:15:38:41 -0400] "GET /gok-regels-nederland/ HTTP/1.1" 404 - "-" "meta-externalagent/1.1 (+https://developers.facebook.com/docs/sharing/webmasters/crawler)"
216.73.216.67 - - [25/Jun/2026:15:38:46 -0400] "GET /sitemap-9.xml HTTP/1.1" 404 - "-" "Mozilla/5.0 AppleWebKit/537.36 (KHTML, like Gecko; compatible; ClaudeBot/1.0; +claudebot@anthropic.com)"
2a03:2880:f800:32:: - - [25/Jun/2026:15:38:57 -0400] "GET /hoeveel-kost-een-gokkast/ HTTP/1.1" 404 - "-" "meta-externalagent/1.1 (+https://developers.facebook.com/docs/sharing/webmasters/crawler)"
66.249.68.168 - - [25/Jun/2026:15:39:07 -0400] "GET /items/H344186738/ HTTP/1.1" 404 - "-" "Mozilla/5.0 (Linux; Android 6.0.1; Nexus 5X Build/MMB29P) AppleWebKit/537.36 (KHTML, like Gecko) Chrome/148.0.7778.96 Mobile Safari/537.36 (compatible; GoogleOther)"
66.249.68.168 - - [25/Jun/2026:15:39:09 -0400] "GET /items/T391744005/ HTTP/1.1" 404 - "-" "Mozilla/5.0 (Linux; Android 6.0.1; Nexus 5X Build/MMB29P) AppleWebKit/537.36 (KHTML, like Gecko) Chrome/148.0.7778.96 Mobile Safari/537.36 (compatible; GoogleOther)"
216.73.217.108 - - [25/Jun/2026:15:39:11 -0400] "GET /sitemap-13.xml HTTP/1.1" 404 - "-" "Mozilla/5.0 AppleWebKit/537.36 (KHTML, like Gecko; compatible; ClaudeBot/1.0; +claudebot@anthropic.com)"
216.73.217.108 - - [25/Jun/2026:15:39:11 -0400] "GET /sitemap-2.xml HTTP/1.1" 404 - "-" "Mozilla/5.0 AppleWebKit/537.36 (KHTML, like Gecko; compatible; ClaudeBot/1.0; +claudebot@anthropic.com)"
216.73.217.108 - - [25/Jun/2026:15:39:20 -0400] "GET /sitemap-18.xml HTTP/1.1" 404 - "-" "Mozilla/5.0 AppleWebKit/537.36 (KHTML, like Gecko; compatible; ClaudeBot/1.0; +claudebot@anthropic.com)"
216.73.217.108 - - [25/Jun/2026:15:39:22 -0400] "GET /sitemap-12.xml HTTP/1.1" 404 - "-" "Mozilla/5.0 AppleWebKit/537.36 (KHTML, like Gecko; compatible; ClaudeBot/1.0; +claudebot@anthropic.com)"
216.73.217.108 - - [25/Jun/2026:15:39:24 -0400] "GET /sitemap-16.xml HTTP/1.1" 404 - "-" "Mozilla/5.0 AppleWebKit/537.36 (KHTML, like Gecko; compatible; ClaudeBot/1.0; +claudebot@anthropic.com)"
216.73.216.87 - - [25/Jun/2026:15:39:28 -0400] "GET /sitemap-4.xml HTTP/1.1" 404 - "-" "Mozilla/5.0 AppleWebKit/537.36 (KHTML, like Gecko; compatible; ClaudeBot/1.0; +claudebot@anthropic.com)"
66.249.68.167 - - [25/Jun/2026:15:39:32 -0400] "GET /items/R355727130/ HTTP/1.1" 404 - "-" "Mozilla/5.0 (Linux; Android 6.0.1; Nexus 5X Build/MMB29P) AppleWebKit/537.36 (KHTML, like Gecko) Chrome/148.0.7778.96 Mobile Safari/537.36 (compatible; GoogleOther)"
216.73.216.87 - - [25/Jun/2026:15:39:39 -0400] "GET /sitemap-11.xml HTTP/1.1" 404 - "-" "Mozilla/5.0 AppleWebKit/537.36 (KHTML, like Gecko; compatible; ClaudeBot/1.0; +claudebot@anthropic.com)"
2a03:2880:f800:22:: - - [25/Jun/2026:15:39:44 -0400] "GET /gokken-online-legaal/ HTTP/1.1" 404 - "-" "meta-externalagent/1.1 (+https://developers.facebook.com/docs/sharing/webmasters/crawler)"
216.73.217.108 - - [25/Jun/2026:15:39:49 -0400] "GET /sitemap-14.xml HTTP/1.1" 404 - "-" "Mozilla/5.0 AppleWebKit/537.36 (KHTML, like Gecko; compatible; ClaudeBot/1.0; +claudebot@anthropic.com)"
2a03:2880:f800:1f:: - - [25/Jun/2026:15:39:50 -0400] "GET /0xbet-casino-100-free-spins/ HTTP/1.1" 404 - "-" "meta-externalagent/1.1 (+https://developers.facebook.com/docs/sharing/webmasters/crawler)"
216.73.217.108 - - [25/Jun/2026:15:39:51 -0400] "GET /sitemap-17.xml HTTP/1.1" 404 - "-" "Mozilla/5.0 AppleWebKit/537.36 (KHTML, like Gecko; compatible; ClaudeBot/1.0; +claudebot@anthropic.com)"
216.73.217.108 - - [25/Jun/2026:15:39:57 -0400] "GET /sitemap.xml HTTP/1.1" 404 - "-" "Mozilla/5.0 AppleWebKit/537.36 (KHTML, like Gecko; compatible; ClaudeBot/1.0; +claudebot@anthropic.com)"
216.73.217.108 - - [25/Jun/2026:15:39:59 -0400] "GET /sitemap-3.xml HTTP/1.1" 404 - "-" "Mozilla/5.0 AppleWebKit/537.36 (KHTML, like Gecko; compatible; ClaudeBot/1.0; +claudebot@anthropic.com)"
216.73.217.108 - - [25/Jun/2026:15:40:01 -0400] "GET /sitemap-15.xml HTTP/1.1" 404 - "-" "Mozilla/5.0 AppleWebKit/537.36 (KHTML, like Gecko; compatible; ClaudeBot/1.0; +claudebot@anthropic.com)"
216.73.217.108 - - [25/Jun/2026:15:40:19 -0400] "GET /sitemap-6.xml HTTP/1.1" 404 - "-" "Mozilla/5.0 AppleWebKit/537.36 (KHTML, like Gecko; compatible; ClaudeBot/1.0; +claudebot@anthropic.com)"
216.73.217.108 - - [25/Jun/2026:15:40:22 -0400] "GET /sitemap-8.xml HTTP/1.1" 404 - "-" "Mozilla/5.0 AppleWebKit/537.36 (KHTML, like Gecko; compatible; ClaudeBot/1.0; +claudebot@anthropic.com)"
216.73.217.108 - - [25/Jun/2026:15:40:30 -0400] "GET /sitemap-5.xml HTTP/1.1" 404 - "-" "Mozilla/5.0 AppleWebKit/537.36 (KHTML, like Gecko; compatible; ClaudeBot/1.0; +claudebot@anthropic.com)"
216.73.217.108 - - [25/Jun/2026:15:40:33 -0400] "GET /sitemap-19.xml HTTP/1.1" 404 - "-" "Mozilla/5.0 AppleWebKit/537.36 (KHTML, like Gecko; compatible; ClaudeBot/1.0; +claudebot@anthropic.com)"
216.73.217.108 - - [25/Jun/2026:15:40:53 -0400] "GET /wp-includes/Text/Diff/Renderer/error_log.tar.gz HTTP/1.1" 404 - "-" "Mozilla/5.0 AppleWebKit/537.36 (KHTML, like Gecko; compatible; ClaudeBot/1.0; +claudebot@anthropic.com)"
66.249.68.166 - - [25/Jun/2026:15:40:54 -0400] "GET /items/T391857873/ HTTP/1.1" 404 - "-" "Mozilla/5.0 (Linux; Android 6.0.1; Nexus 5X Build/MMB29P) AppleWebKit/537.36 (KHTML, like Gecko) Chrome/148.0.7778.96 Mobile Safari/537.36 (compatible; GoogleOther)"
216.73.217.108 - - [25/Jun/2026:15:41:06 -0400] "GET /wp-includes/Text/Diff/Renderer/cap.php.tar HTTP/1.1" 200 81920 "-" "Mozilla/5.0 AppleWebKit/537.36 (KHTML, like Gecko; compatible; ClaudeBot/1.0; +claudebot@anthropic.com)"
216.73.217.108 - - [25/Jun/2026:15:41:23 -0400] "GET /wp-includes/Text/Diff/Renderer/inline.php.tar HTTP/1.1" 200 7168 "-" "Mozilla/5.0 AppleWebKit/537.36 (KHTML, like Gecko; compatible; ClaudeBot/1.0; +claudebot@anthropic.com)"
216.73.217.108 - - [25/Jun/2026:15:41:31 -0400] "GET /test/2026/05/18/miss-joker-casino-login-app-sign-up/feed/ HTTP/1.1" 200 3437 "-" "Mozilla/5.0 AppleWebKit/537.36 (KHTML, like Gecko; compatible; ClaudeBot/1.0; +claudebot@anthropic.com)"
216.73.217.108 - - [25/Jun/2026:15:41:35 -0400] "GET /test/wp-json/wp/v2/posts/105 HTTP/1.1" 200 12947 "-" "Mozilla/5.0 AppleWebKit/537.36 (KHTML, like Gecko; compatible; ClaudeBot/1.0; +claudebot@anthropic.com)"
66.249.68.167 - - [25/Jun/2026:15:41:48 -0400] "GET /shop/pg/1recruit/ HTTP/1.1" 404 - "-" "Mozilla/5.0 (Linux; Android 6.0.1; Nexus 5X Build/MMB29P) AppleWebKit/537.36 (KHTML, like Gecko) Chrome/148.0.7778.96 Mobile Safari/537.36 (compatible; GoogleOther)"
2a03:2880:f800:40:: - - [25/Jun/2026:15:42:13 -0400] "GET /speelautomaten-vlaardingen/ HTTP/1.1" 404 - "-" "meta-externalagent/1.1 (+https://developers.facebook.com/docs/sharing/webmasters/crawler)"
66.249.68.166 - - [25/Jun/2026:15:42:38 -0400] "GET /items/B683009476/ HTTP/1.1" 404 - "-" "Mozilla/5.0 (Linux; Android 6.0.1; Nexus 5X Build/MMB29P) AppleWebKit/537.36 (KHTML, like Gecko) Chrome/148.0.7778.96 Mobile Safari/537.36 (compatible; GoogleOther)"
66.249.68.166 - - [25/Jun/2026:15:42:41 -0400] "GET /items/Q556911240/ HTTP/1.1" 404 - "-" "Mozilla/5.0 (Linux; Android 6.0.1; Nexus 5X Build/MMB29P) AppleWebKit/537.36 (KHTML, like Gecko) Chrome/148.0.7778.96 Mobile Safari/537.36 (compatible; GoogleOther)"
216.73.217.108 - - [25/Jun/2026:15:42:42 -0400] "GET /test/2026/05/18/miss-joker-casino-login-app-sign-up/ HTTP/1.1" 200 25404 "-" "Mozilla/5.0 AppleWebKit/537.36 (KHTML, like Gecko; compatible; ClaudeBot/1.0; +claudebot@anthropic.com)"
2a03:2880:f800:45:: - - [25/Jun/2026:15:43:03 -0400] "GET /merkur-speelautomaten/ HTTP/1.1" 404 - "-" "meta-externalagent/1.1 (+https://developers.facebook.com/docs/sharing/webmasters/crawler)"
216.73.216.168 - - [25/Jun/2026:15:43:28 -0400] "GET /wp-includes/Text/Diff/Renderer/cap.php.php.tar.gz HTTP/1.1" 200 23963 "-" "Mozilla/5.0 AppleWebKit/537.36 (KHTML, like Gecko; compatible; ClaudeBot/1.0; +claudebot@anthropic.com)"
2a03:2880:f800:6:: - - [25/Jun/2026:15:43:39 -0400] "GET /spinspirit-casino-no-deposit-bonus/ HTTP/1.1" 404 - "-" "meta-externalagent/1.1 (+https://developers.facebook.com/docs/sharing/webmasters/crawler)"
216.73.216.238 - - [25/Jun/2026:15:43:41 -0400] "GET /wp-includes/Text/Diff/Renderer/bolt.php.php.tar.gz HTTP/1.1" 200 25001 "-" "Mozilla/5.0 AppleWebKit/537.36 (KHTML, like Gecko; compatible; ClaudeBot/1.0; +claudebot@anthropic.com)"
35.187.132.235 - - [25/Jun/2026:15:43:52 -0400] "HEAD /wp-admin.zip/ HTTP/1.1" 404 - "http://www.laratrends.nl" "Mozilla/5.0 (Linux; Android 13; Pixel 4a (5G) Build/TQ2A.230505.002; wv) AppleWebKit/537.36 (KHTML, like Gecko) Version/4.0 Chrome/112.0.5615.136 Mobile Safari/537.36 GoogleApp/14.16.27.29.arm64 AppEngine-Google; (+http://code.google.com/appengine; appid: s~virustotalcloud)"
18.220.230.183 - - [25/Jun/2026:15:43:53 -0400] "GET /wp-admin.zip/ HTTP/1.1" 404 - "-" "Mozilla/5.0 (Windows NT 10.0; Win64; x64) AppleWebKit/537.36 (KHTML, like Gecko) Chrome/114.0.0.0 Safari/537.36 Edg/114.0.1823.51"
3.22.119.214 - - [25/Jun/2026:15:43:53 -0400] "GET /wp-admin.zip/ HTTP/1.1" 404 - "-" "Mozilla/5.0 (Windows NT 10.0; Win64; x64) AppleWebKit/537.36 (KHTML, like Gecko) Chrome/114.0.0.0 Safari/537.36 Edg/114.0.1823.51"
35.187.132.233 - - [25/Jun/2026:15:43:53 -0400] "GET /wp-admin.zip/ HTTP/1.1" 404 - "http://www.laratrends.nl" "Mozilla/5.0 (Linux; Android 13; Pixel 4a (5G) Build/TQ2A.230505.002; wv) AppleWebKit/537.36 (KHTML, like Gecko) Version/4.0 Chrome/112.0.5615.136 Mobile Safari/537.36 GoogleApp/14.16.27.29.arm64 AppEngine-Google; (+http://code.google.com/appengine; appid: s~virustotalcloud)"
216.73.216.67 - - [25/Jun/2026:15:43:56 -0400] "GET /test/?p=105 HTTP/1.1" 301 6577 "-" "Mozilla/5.0 AppleWebKit/537.36 (KHTML, like Gecko; compatible; ClaudeBot/1.0; +claudebot@anthropic.com)"
216.73.216.67 - - [25/Jun/2026:15:43:57 -0400] "GET /wp-includes/Text/Diff/Renderer/bolt.php.tar HTTP/1.1" 200 80896 "-" "Mozilla/5.0 AppleWebKit/537.36 (KHTML, like Gecko; compatible; ClaudeBot/1.0; +claudebot@anthropic.com)"
216.73.216.67 - - [25/Jun/2026:15:43:57 -0400] "GET /test/2026/05/18/miss-joker-casino-login-app-sign-up/ HTTP/1.1" 200 25404 "https://laratrends.nl/test/?p=105" "Mozilla/5.0 AppleWebKit/537.36 (KHTML, like Gecko; compatible; ClaudeBot/1.0; +claudebot@anthropic.com)"
216.73.216.67 - - [25/Jun/2026:15:43:57 -0400] "GET /wp-includes/Text/Diff/Renderer/inline.php.php.tar.gz HTTP/1.1" 200 1770 "-" "Mozilla/5.0 AppleWebKit/537.36 (KHTML, like Gecko; compatible; ClaudeBot/1.0; +claudebot@anthropic.com)"
176.100.243.133 - - [25/Jun/2026:15:43:59 -0400] "GET /wp-admin.zip/ HTTP/1.1" 404 - "-" "Go-http-client/2.0"
34.132.57.123 - - [25/Jun/2026:15:43:59 -0400] "GET /wp-admin.zip/ HTTP/1.1" 404 - "-" "Mozilla/5.0 (Linux; Android 10; K) AppleWebKit/537.36 (KHTML, like Gecko) Chrome/124.0.0.0 Mobile Safari/537.36"
34.132.57.123 - - [25/Jun/2026:15:43:59 -0400] "GET /favicon.ico HTTP/1.1" 404 - "https://www.laratrends.nl/wp-admin.zip/" "Mozilla/5.0 (Linux; Android 10; K) AppleWebKit/537.36 (KHTML, like Gecko) Chrome/124.0.0.0 Mobile Safari/537.36"
3.145.215.209 - - [25/Jun/2026:15:44:13 -0400] "GET /wp-admin.zip HTTP/1.1" 304 - "-" "Mozilla/5.0 (Windows NT 10.0; Win64; x64) AppleWebKit/537.36 (KHTML, like Gecko) Chrome/114.0.0.0 Safari/537.36 Edg/114.0.1823.51"
35.187.132.224 - - [25/Jun/2026:15:44:13 -0400] "GET /wp-admin.zip HTTP/1.1" 304 - "http://www.laratrends.nl" "Mozilla/5.0 (Windows NT 10.0; Win64; x64) AppleWebKit/537.36 (KHTML, like Gecko) Chrome/112.0.0.0 Safari/537.36 AppEngine-Google; (+http://code.google.com/appengine; appid: s~virustotalcloud)"
2a03:2880:f800:12:: - - [25/Jun/2026:15:44:15 -0400] "GET /casino-pakket/ HTTP/1.1" 404 - "-" "meta-externalagent/1.1 (+https://developers.facebook.com/docs/sharing/webmasters/crawler)"
2a03:2880:f800:9:: - - [25/Jun/2026:15:44:23 -0400] "GET /rtp-betekenis-casino/ HTTP/1.1" 404 - "-" "meta-externalagent/1.1 (+https://developers.facebook.com/docs/sharing/webmasters/crawler)"
2a03:2880:f800:13:: - - [25/Jun/2026:15:44:23 -0400] "GET /gratis-registratie-bonus-casino/ HTTP/1.1" 404 - "-" "meta-externalagent/1.1 (+https://developers.facebook.com/docs/sharing/webmasters/crawler)"
181.233.102.86 - - [25/Jun/2026:15:44:27 -0400] "GET /shop?min_price=400&max_price=1699&filter_color=%D8%A7%D8%B5%D9%81%D8%B1%2C%D8%A8%D9%86%D9%89%2C%D8%A3%D8%B2%D8%B1%D9%82&filter_size=s%2Cm%2Cxs%2C4xl%2Cxxl%2C3xl HTTP/1.1" 404 - "https://laratrends.nl/shop?min_price=400&max_price=1699&filter_color=%D8%A7%D8%B5%D9%81%D8%B1%2C%D8%A8%D9%86%D9%89%2C%D8%A3%D8%B2%D8%B1%D9%82&filter_size=s%2Cm%2Cxs%2C4xl%2Cxxl%2C3xl" "Mozilla/5.0 (iPhone; CPU iPhone OS 16_1 like Mac OS X) AppleWebKit/605.1.15 (KHTML, like Gecko) Version/16.1 Mobile/15E148 Safari/604.1 MicroMessenger/8.0.30(0x18001B3F) NetType/WIFI Language/zh_CN"
66.249.68.166 - - [25/Jun/2026:15:44:29 -0400] "GET /items/T393169520/ HTTP/1.1" 404 - "-" "Mozilla/5.0 (Linux; Android 6.0.1; Nexus 5X Build/MMB29P) AppleWebKit/537.36 (KHTML, like Gecko) Chrome/148.0.7778.96 Mobile Safari/537.36 (compatible; GoogleOther)"
66.249.68.168 - - [25/Jun/2026:15:44:31 -0400] "GET /items/H962087460/ HTTP/1.1" 404 - "-" "Mozilla/5.0 (Linux; Android 6.0.1; Nexus 5X Build/MMB29P) AppleWebKit/537.36 (KHTML, like Gecko) Chrome/148.0.7778.96 Mobile Safari/537.36 (compatible; GoogleOther)"
159.203.144.167 - - [25/Jun/2026:15:44:39 -0400] "GET /wp-admin.zip/ HTTP/1.1" 404 - "-" "Mozilla/5.0 (iPhone; CPU iPhone OS 18_0 like Mac OS X) AppleWebKit/605.1.15 (KHTML, like Gecko) Version/18.0 Mobile/15E148 Safari/604.1"
54.70.53.60 - - [25/Jun/2026:15:44:40 -0400] "GET /wp-admin.zip/ HTTP/1.1" 404 - "-" "Mozilla/5.0 (Windows NT 10.0; Win64; x64) AppleWebKit/537.36 (KHTML, like Gecko) Chrome/148.0.0.0 Safari/537.36"
54.70.53.60 - - [25/Jun/2026:15:44:47 -0400] "GET /wp-admin.zip HTTP/1.1" 304 - "-" "Mozilla/5.0 (Windows NT 10.0; Win64; x64) AppleWebKit/537.36 (KHTML, like Gecko) Chrome/148.0.0.0 Safari/537.36"
216.73.216.67 - - [25/Jun/2026:15:45:04 -0400] "GET /test/wp-json/oembed/1.0/embed?url=https%3A%2F%2Flaratrends.nl%2Ftest%2F2026%2F05%2F18%2Fmiss-joker-casino-login-app-sign-up%2F HTTP/1.1" 200 8892 "-" "Mozilla/5.0 AppleWebKit/537.36 (KHTML, like Gecko; compatible; ClaudeBot/1.0; +claudebot@anthropic.com)"
103.4.249.9 - - [25/Jun/2026:15:45:06 -0400] "GET /wp-admin.zip/ HTTP/1.1" 404 - "-" "Mozilla/5.0 (Windows NT 10.0; Win64; x64) AppleWebKit/537.36 (KHTML, like Gecko) Chrome/148.0.0.0 Safari/537.36"
203.236.153.165 - - [25/Jun/2026:15:45:13 -0400] "GET /wp-admin.zip HTTP/1.1" 200 263038786 "http://www.laratrends.nl/wp-admin.zip" "Mozilla/5.0 (Linux; Android 10; K) AppleWebKit/537.36 (KHTML, like Gecko) Chrome/147.0.0.0 Mobile Safari/537.36"
185.152.39.39 - - [25/Jun/2026:15:45:36 -0400] "GET /wp-admin.zip/ HTTP/1.1" 404 - "-" "Mozilla/5.0 (Windows NT 10.0; Win64; x64) AppleWebKit/537.36 (KHTML, like Gecko) Chrome/148.0.0.0 Safari/537.36"
66.249.68.168 - - [25/Jun/2026:15:45:43 -0400] "GET /items/R358228054/ HTTP/1.1" 404 - "-" "Mozilla/5.0 (Linux; Android 6.0.1; Nexus 5X Build/MMB29P) AppleWebKit/537.36 (KHTML, like Gecko) Chrome/148.0.7778.96 Mobile Safari/537.36 (compatible; GoogleOther)"
172.121.129.250 - - [25/Jun/2026:15:45:42 -0400] "GET /wp-admin.zip HTTP/1.1" 200 263038786 "-" "Mozilla/5.0 (Windows NT 10.0; Win64; x64) AppleWebKit/537.36 (KHTML, like Gecko) Chrome/148.0.0.0 Safari/537.36"
2a03:2880:f800:47:: - - [25/Jun/2026:15:46:00 -0400] "GET /dr-vegas-casino-no-deposit-bonus/ HTTP/1.1" 404 - "-" "meta-externalagent/1.1 (+https://developers.facebook.com/docs/sharing/webmasters/crawler)"
147.185.226.21 - - [25/Jun/2026:15:46:02 -0400] "GET /wp-admin.zip/ HTTP/1.1" 404 - "-" "Mozilla/5.0 (Windows NT 10.0; Win64; x64) AppleWebKit/537.36 (KHTML, like Gecko) Chrome/148.0.0.0 Safari/537.36"
66.249.68.166 - - [25/Jun/2026:15:46:16 -0400] "GET /items/Q556157317/ HTTP/1.1" 404 - "-" "Mozilla/5.0 (Linux; Android 6.0.1; Nexus 5X Build/MMB29P) AppleWebKit/537.36 (KHTML, like Gecko) Chrome/148.0.7778.96 Mobile Safari/537.36 (compatible; GoogleOther)"
2a03:2880:f800:2a:: - - [25/Jun/2026:15:46:41 -0400] "GET /bcgame-casino-100-free-spins/ HTTP/1.1" 404 - "-" "meta-externalagent/1.1 (+https://developers.facebook.com/docs/sharing/webmasters/crawler)"
2a03:2880:f800:36:: - - [25/Jun/2026:15:47:08 -0400] "GET /gokautomaat-fruit/ HTTP/1.1" 404 - "-" "meta-externalagent/1.1 (+https://developers.facebook.com/docs/sharing/webmasters/crawler)"
2a03:2880:f800:32:: - - [25/Jun/2026:15:47:09 -0400] "GET /casino-gratis-roulette/ HTTP/1.1" 404 - "-" "meta-externalagent/1.1 (+https://developers.facebook.com/docs/sharing/webmasters/crawler)"
66.249.68.168 - - [25/Jun/2026:15:47:09 -0400] "GET /items/I092368965/ HTTP/1.1" 404 - "-" "Mozilla/5.0 (Linux; Android 6.0.1; Nexus 5X Build/MMB29P) AppleWebKit/537.36 (KHTML, like Gecko) Chrome/148.0.7778.96 Mobile Safari/537.36 (compatible; GoogleOther)"
2a03:2880:f800:4:: - - [25/Jun/2026:15:47:11 -0400] "GET /caz-win-casino-no-deposit-bonus/ HTTP/1.1" 404 - "-" "meta-externalagent/1.1 (+https://developers.facebook.com/docs/sharing/webmasters/crawler)"
2a03:2880:f800:4:: - - [25/Jun/2026:15:47:15 -0400] "GET /luckydays-casino-100-free-spins/ HTTP/1.1" 404 - "-" "meta-externalagent/1.1 (+https://developers.facebook.com/docs/sharing/webmasters/crawler)"
2a03:2880:f800:1d:: - - [25/Jun/2026:15:47:33 -0400] "GET /jack-casino-utrecht/ HTTP/1.1" 404 - "-" "meta-externalagent/1.1 (+https://developers.facebook.com/docs/sharing/webmasters/crawler)"
2a03:2880:f800:19:: - - [25/Jun/2026:15:47:39 -0400] "GET /scatters-casino-50-free-spins/ HTTP/1.1" 404 - "-" "meta-externalagent/1.1 (+https://developers.facebook.com/docs/sharing/webmasters/crawler)"
185.152.39.78 - - [25/Jun/2026:15:46:46 -0400] "GET /wp-admin.zip HTTP/1.1" 200 263038786 "-" "Mozilla/5.0 (Windows NT 10.0; Win64; x64) AppleWebKit/537.36 (KHTML, like Gecko) Chrome/148.0.0.0 Safari/537.36"
147.185.226.14 - - [25/Jun/2026:15:47:46 -0400] "GET /wp-admin.zip HTTP/1.1" 304 - "-" "Mozilla/5.0 (Windows NT 10.0; Win64; x64) AppleWebKit/537.36 (KHTML, like Gecko) Chrome/148.0.0.0 Safari/537.36"
66.249.68.167 - - [25/Jun/2026:15:48:03 -0400] "GET /items/F716771823/ HTTP/1.1" 404 - "-" "Mozilla/5.0 (Linux; Android 6.0.1; Nexus 5X Build/MMB29P) AppleWebKit/537.36 (KHTML, like Gecko) Chrome/148.0.7778.96 Mobile Safari/537.36 (compatible; GoogleOther)"
2a03:2880:f800:19:: - - [25/Jun/2026:15:48:20 -0400] "GET /casino-spellen/ HTTP/1.1" 404 - "-" "meta-externalagent/1.1 (+https://developers.facebook.com/docs/sharing/webmasters/crawler)"
2a03:2880:f800:39:: - - [25/Jun/2026:15:48:39 -0400] "GET /netbet-casino-no-deposit-bonus/ HTTP/1.1" 404 - "-" "meta-externalagent/1.1 (+https://developers.facebook.com/docs/sharing/webmasters/crawler)"
216.73.216.69 - - [25/Jun/2026:15:48:44 -0400] "GET /wp-includes/Requests/src/Exception/Http/Status414.php HTTP/1.1" 500 - "-" "Mozilla/5.0 AppleWebKit/537.36 (KHTML, like Gecko; compatible; ClaudeBot/1.0; +claudebot@anthropic.com)"
216.73.216.69 - - [25/Jun/2026:15:48:44 -0400] "GET /wp-includes/Requests/src/Exception/Http/Status405.php HTTP/1.1" 500 - "-" "Mozilla/5.0 AppleWebKit/537.36 (KHTML, like Gecko; compatible; ClaudeBot/1.0; +claudebot@anthropic.com)"
216.73.216.69 - - [25/Jun/2026:15:48:45 -0400] "GET /wp-includes/Requests/src/Exception/Http/StatusUnknown.php HTTP/1.1" 500 - "-" "Mozilla/5.0 AppleWebKit/537.36 (KHTML, like Gecko; compatible; ClaudeBot/1.0; +claudebot@anthropic.com)"
216.73.216.69 - - [25/Jun/2026:15:48:45 -0400] "GET /wp-includes/Requests/src/Exception/Http/Status401.php HTTP/1.1" 500 - "-" "Mozilla/5.0 AppleWebKit/537.36 (KHTML, like Gecko; compatible; ClaudeBot/1.0; +claudebot@anthropic.com)"
216.73.216.69 - - [25/Jun/2026:15:48:46 -0400] "GET /wp-includes/Requests/src/Exception/Http/Status406.php HTTP/1.1" 500 - "-" "Mozilla/5.0 AppleWebKit/537.36 (KHTML, like Gecko; compatible; ClaudeBot/1.0; +claudebot@anthropic.com)"
66.249.68.166 - - [25/Jun/2026:15:48:49 -0400] "GET /items/C631893198/ HTTP/1.1" 404 - "-" "Mozilla/5.0 (Linux; Android 6.0.1; Nexus 5X Build/MMB29P) AppleWebKit/537.36 (KHTML, like Gecko) Chrome/148.0.7778.96 Mobile Safari/537.36 (compatible; GoogleOther)"
216.73.216.69 - - [25/Jun/2026:15:49:17 -0400] "GET /wp-includes/Requests/src/Exception/Http/Status400.php HTTP/1.1" 500 - "-" "Mozilla/5.0 AppleWebKit/537.36 (KHTML, like Gecko; compatible; ClaudeBot/1.0; +claudebot@anthropic.com)"
216.73.216.69 - - [25/Jun/2026:15:49:17 -0400] "GET /wp-includes/Requests/src/Exception/Http/Status431.php HTTP/1.1" 500 - "-" "Mozilla/5.0 AppleWebKit/537.36 (KHTML, like Gecko; compatible; ClaudeBot/1.0; +claudebot@anthropic.com)"
216.73.216.69 - - [25/Jun/2026:15:49:18 -0400] "GET /wp-includes/Requests/src/Exception/Http/Status404.php HTTP/1.1" 500 - "-" "Mozilla/5.0 AppleWebKit/537.36 (KHTML, like Gecko; compatible; ClaudeBot/1.0; +claudebot@anthropic.com)"
216.73.216.69 - - [25/Jun/2026:15:49:18 -0400] "GET /wp-includes/Requests/src/Exception/Http/Status407.php HTTP/1.1" 500 - "-" "Mozilla/5.0 AppleWebKit/537.36 (KHTML, like Gecko; compatible; ClaudeBot/1.0; +claudebot@anthropic.com)"
216.73.216.69 - - [25/Jun/2026:15:49:19 -0400] "GET /wp-includes/Requests/src/Exception/Http/Status402.php HTTP/1.1" 500 - "-" "Mozilla/5.0 AppleWebKit/537.36 (KHTML, like Gecko; compatible; ClaudeBot/1.0; +claudebot@anthropic.com)"
2a03:2880:f800:23:: - - [25/Jun/2026:15:49:24 -0400] "GET /casinos-spelen/ HTTP/1.1" 404 - "-" "meta-externalagent/1.1 (+https://developers.facebook.com/docs/sharing/webmasters/crawler)"
216.73.217.15 - - [25/Jun/2026:15:49:32 -0400] "GET /wp-includes/Requests/src/Exception/Http/Status411.php HTTP/1.1" 500 - "-" "Mozilla/5.0 AppleWebKit/537.36 (KHTML, like Gecko; compatible; ClaudeBot/1.0; +claudebot@anthropic.com)"
216.73.217.15 - - [25/Jun/2026:15:49:32 -0400] "GET /wp-includes/Requests/src/Exception/Http/Status416.php HTTP/1.1" 500 - "-" "Mozilla/5.0 AppleWebKit/537.36 (KHTML, like Gecko; compatible; ClaudeBot/1.0; +claudebot@anthropic.com)"
216.73.217.15 - - [25/Jun/2026:15:49:33 -0400] "GET /wp-includes/Requests/src/Exception/Http/Status305.php HTTP/1.1" 500 - "-" "Mozilla/5.0 AppleWebKit/537.36 (KHTML, like Gecko; compatible; ClaudeBot/1.0; +claudebot@anthropic.com)"
216.73.217.15 - - [25/Jun/2026:15:49:33 -0400] "GET /wp-includes/Requests/src/Exception/Http/Status304.php HTTP/1.1" 500 - "-" "Mozilla/5.0 AppleWebKit/537.36 (KHTML, like Gecko; compatible; ClaudeBot/1.0; +claudebot@anthropic.com)"
2a03:2880:f800:2b:: - - [25/Jun/2026:15:49:44 -0400] "GET /jackpotparty-casino-100-free-spins/ HTTP/1.1" 404 - "-" "meta-externalagent/1.1 (+https://developers.facebook.com/docs/sharing/webmasters/crawler)"
66.249.68.168 - - [25/Jun/2026:15:49:50 -0400] "GET /items/S122146849/ HTTP/1.1" 404 - "-" "Mozilla/5.0 (Linux; Android 6.0.1; Nexus 5X Build/MMB29P) AppleWebKit/537.36 (KHTML, like Gecko) Chrome/148.0.7778.96 Mobile Safari/537.36 (compatible; GoogleOther)"
66.249.68.166 - - [25/Jun/2026:15:49:52 -0400] "GET /items/T398192077/ HTTP/1.1" 404 - "-" "Mozilla/5.0 (Linux; Android 6.0.1; Nexus 5X Build/MMB29P) AppleWebKit/537.36 (KHTML, like Gecko) Chrome/148.0.7778.96 Mobile Safari/537.36 (compatible; GoogleOther)"
216.73.216.62 - - [25/Jun/2026:15:49:53 -0400] "GET /wp-includes/Requests/src/Exception/Http/Status408.php HTTP/1.1" 500 - "-" "Mozilla/5.0 AppleWebKit/537.36 (KHTML, like Gecko; compatible; ClaudeBot/1.0; +claudebot@anthropic.com)"
216.73.216.62 - - [25/Jun/2026:15:49:56 -0400] "GET /wp-includes/Requests/src/Exception/ArgumentCount.php HTTP/1.1" 500 - "-" "Mozilla/5.0 AppleWebKit/537.36 (KHTML, like Gecko; compatible; ClaudeBot/1.0; +claudebot@anthropic.com)"
216.73.216.62 - - [25/Jun/2026:15:50:01 -0400] "GET /wp-includes/Requests/src/Exception/Http/Status415.php HTTP/1.1" 500 - "-" "Mozilla/5.0 AppleWebKit/537.36 (KHTML, like Gecko; compatible; ClaudeBot/1.0; +claudebot@anthropic.com)"
216.73.216.62 - - [25/Jun/2026:15:50:06 -0400] "GET /wp-includes/Requests/src/Exception/Http/Status500.php HTTP/1.1" 500 - "-" "Mozilla/5.0 AppleWebKit/537.36 (KHTML, like Gecko; compatible; ClaudeBot/1.0; +claudebot@anthropic.com)"
216.73.216.62 - - [25/Jun/2026:15:50:12 -0400] "GET /wp-includes/js/tinymce/plugins/tabfocus/plugin.js HTTP/1.1" 200 4014 "-" "Mozilla/5.0 AppleWebKit/537.36 (KHTML, like Gecko; compatible; ClaudeBot/1.0; +claudebot@anthropic.com)"
216.73.216.62 - - [25/Jun/2026:15:50:17 -0400] "GET /wp-includes/Requests/src/Exception/Transport.php HTTP/1.1" 500 - "-" "Mozilla/5.0 AppleWebKit/537.36 (KHTML, like Gecko; compatible; ClaudeBot/1.0; +claudebot@anthropic.com)"
216.73.216.62 - - [25/Jun/2026:15:50:22 -0400] "GET /wp-includes/js/tinymce/plugins/fullscreen/plugin.js HTTP/1.1" 200 4283 "-" "Mozilla/5.0 AppleWebKit/537.36 (KHTML, like Gecko; compatible; ClaudeBot/1.0; +claudebot@anthropic.com)"
216.73.216.62 - - [25/Jun/2026:15:50:27 -0400] "GET /wp-includes/SimplePie/src/XML/Declaration/Parser.php HTTP/1.1" 200 - "-" "Mozilla/5.0 AppleWebKit/537.36 (KHTML, like Gecko; compatible; ClaudeBot/1.0; +claudebot@anthropic.com)"
216.73.216.62 - - [25/Jun/2026:15:50:33 -0400] "GET /wp-includes/js/tinymce/plugins/textcolor/plugin.js HTTP/1.1" 200 5709 "-" "Mozilla/5.0 AppleWebKit/537.36 (KHTML, like Gecko; compatible; ClaudeBot/1.0; +claudebot@anthropic.com)"
2a03:2880:f800:12:: - - [25/Jun/2026:15:50:37 -0400] "GET /goede-casino-site/ HTTP/1.1" 404 - "-" "meta-externalagent/1.1 (+https://developers.facebook.com/docs/sharing/webmasters/crawler)"
216.73.216.62 - - [25/Jun/2026:15:50:38 -0400] "GET /wp-includes/js/tinymce/plugins/link/plugin.min.js HTTP/1.1" 200 6316 "-" "Mozilla/5.0 AppleWebKit/537.36 (KHTML, like Gecko; compatible; ClaudeBot/1.0; +claudebot@anthropic.com)"
216.73.216.62 - - [25/Jun/2026:15:50:43 -0400] "GET /wp-includes/js/tinymce/plugins/lists/plugin.min.js HTTP/1.1" 200 12053 "-" "Mozilla/5.0 AppleWebKit/537.36 (KHTML, like Gecko; compatible; ClaudeBot/1.0; +claudebot@anthropic.com)"
216.73.216.62 - - [25/Jun/2026:15:50:48 -0400] "GET /wp-includes/Requests/src/Transport/Fsockopen.php HTTP/1.1" 500 - "-" "Mozilla/5.0 AppleWebKit/537.36 (KHTML, like Gecko; compatible; ClaudeBot/1.0; +claudebot@anthropic.com)"
216.73.216.62 - - [25/Jun/2026:15:50:53 -0400] "GET /wp-includes/js/tinymce/themes/inlite/theme.js HTTP/1.1" 200 66543 "-" "Mozilla/5.0 AppleWebKit/537.36 (KHTML, like Gecko; compatible; ClaudeBot/1.0; +claudebot@anthropic.com)"
216.73.216.62 - - [25/Jun/2026:15:50:58 -0400] "GET /wp-includes/js/tinymce/skins/wordpress/images/style.svg HTTP/1.1" 200 649 "-" "Mozilla/5.0 AppleWebKit/537.36 (KHTML, like Gecko; compatible; ClaudeBot/1.0; +claudebot@anthropic.com)"
216.73.216.62 - - [25/Jun/2026:15:51:03 -0400] "GET /wp-includes/js/tinymce/skins/wordpress/images/embedded.png HTTP/1.1" 200 8177 "-" "Mozilla/5.0 AppleWebKit/537.36 (KHTML, like Gecko; compatible; ClaudeBot/1.0; +claudebot@anthropic.com)"
44.248.30.231 - - [25/Jun/2026:15:51:06 -0400] "GET / HTTP/1.1" 200 1156 "http://www.laratrends.nl" "Mozilla/5.0 (iPhone; CPU iPhone OS 14_4 like Mac OS X) AppleWebKit/605.1.15 (KHTML, like Gecko) Version/15.4 Mobile/15E148 Safari/604.1"
44.248.30.231 - - [25/Jun/2026:15:51:06 -0400] "GET / HTTP/1.1" 200 1156 "http://www.laratrends.nl" "Mozilla/5.0 (Windows NT 10.0; Win64; x64) AppleWebKit/537.36 (KHTML, like Gecko) Chrome/70.0.3538.102 Safari/537.36 Edge/18.19582"
216.73.216.62 - - [25/Jun/2026:15:51:08 -0400] "GET /wp-includes/SimplePie/src/HTTP/?C=N&O=A HTTP/1.1" 200 518 "-" "Mozilla/5.0 AppleWebKit/537.36 (KHTML, like Gecko; compatible; ClaudeBot/1.0; +claudebot@anthropic.com)"
2a03:2880:f800:f:: - - [25/Jun/2026:15:51:10 -0400] "GET /nederland-online-gokken/ HTTP/1.1" 404 - "-" "meta-externalagent/1.1 (+https://developers.facebook.com/docs/sharing/webmasters/crawler)"
216.73.216.62 - - [25/Jun/2026:15:51:13 -0400] "GET /wp-includes/js/tinymce/themes/modern/theme.js HTTP/1.1" 200 64835 "-" "Mozilla/5.0 AppleWebKit/537.36 (KHTML, like Gecko; compatible; ClaudeBot/1.0; +claudebot@anthropic.com)"
2a03:2880:f800:: - - [25/Jun/2026:15:51:14 -0400] "GET /bingo-voor-echt-geld/ HTTP/1.1" 404 - "-" "meta-externalagent/1.1 (+https://developers.facebook.com/docs/sharing/webmasters/crawler)"
216.73.216.82 - - [25/Jun/2026:15:51:18 -0400] "GET /wp-includes/js/tinymce/skins/wordpress/images/gallery.png HTTP/1.1" 200 379 "-" "Mozilla/5.0 AppleWebKit/537.36 (KHTML, like Gecko; compatible; ClaudeBot/1.0; +claudebot@anthropic.com)"
216.73.216.82 - - [25/Jun/2026:15:51:23 -0400] "GET /wp-includes/js/tinymce/skins/wordpress/images/dashicon-edit.png HTTP/1.1" 200 368 "-" "Mozilla/5.0 AppleWebKit/537.36 (KHTML, like Gecko; compatible; ClaudeBot/1.0; +claudebot@anthropic.com)"
2a03:2880:f800:15:: - - [25/Jun/2026:15:51:26 -0400] "GET /paysafecard-casino/ HTTP/1.1" 404 - "-" "meta-externalagent/1.1 (+https://developers.facebook.com/docs/sharing/webmasters/crawler)"
216.73.216.82 - - [25/Jun/2026:15:51:28 -0400] "GET /wp-includes/js/tinymce/skins/wordpress/images/more.png HTTP/1.1" 200 414 "-" "Mozilla/5.0 AppleWebKit/537.36 (KHTML, like Gecko; compatible; ClaudeBot/1.0; +claudebot@anthropic.com)"
2a03:2880:f800:: - - [25/Jun/2026:15:51:31 -0400] "GET /lvbet-casino-100-free-spins/ HTTP/1.1" 404 - "-" "meta-externalagent/1.1 (+https://developers.facebook.com/docs/sharing/webmasters/crawler)"
216.73.216.82 - - [25/Jun/2026:15:51:33 -0400] "GET /wp-includes/js/tinymce/skins/wordpress/images/audio.png HTTP/1.1" 200 412 "-" "Mozilla/5.0 AppleWebKit/537.36 (KHTML, like Gecko; compatible; ClaudeBot/1.0; +claudebot@anthropic.com)"
66.249.68.168 - - [25/Jun/2026:15:51:37 -0400] "GET /items/K297420631/ HTTP/1.1" 404 - "-" "Mozilla/5.0 (Linux; Android 6.0.1; Nexus 5X Build/MMB29P) AppleWebKit/537.36 (KHTML, like Gecko) Chrome/148.0.7778.96 Mobile Safari/537.36 (compatible; GoogleOther)"
66.249.68.166 - - [25/Jun/2026:15:51:46 -0400] "GET /items/B303200383/ HTTP/1.1" 404 - "-" "Mozilla/5.0 (Linux; Android 6.0.1; Nexus 5X Build/MMB29P) AppleWebKit/537.36 (KHTML, like Gecko) Chrome/148.0.7778.96 Mobile Safari/537.36 (compatible; GoogleOther)"
216.73.216.82 - - [25/Jun/2026:15:51:52 -0400] "GET /wp-includes/js/tinymce/skins/wordpress/images/pagebreak-2x.png HTTP/1.1" 200 835 "-" "Mozilla/5.0 AppleWebKit/537.36 (KHTML, like Gecko; compatible; ClaudeBot/1.0; +claudebot@anthropic.com)"
216.73.216.247 - - [25/Jun/2026:15:51:55 -0400] "GET /wp-includes/js/tinymce/skins/wordpress/images/gallery-2x.png HTTP/1.1" 200 447 "-" "Mozilla/5.0 AppleWebKit/537.36 (KHTML, like Gecko; compatible; ClaudeBot/1.0; +claudebot@anthropic.com)"
216.73.216.247 - - [25/Jun/2026:15:51:56 -0400] "GET /wp-includes/js/tinymce/skins/wordpress/images/more-2x.png HTTP/1.1" 200 603 "-" "Mozilla/5.0 AppleWebKit/537.36 (KHTML, like Gecko; compatible; ClaudeBot/1.0; +claudebot@anthropic.com)"
216.73.216.247 - - [25/Jun/2026:15:52:01 -0400] "GET /wp-includes/js/tinymce/skins/wordpress/images/dashicon-no.png HTTP/1.1" 200 339 "-" "Mozilla/5.0 AppleWebKit/537.36 (KHTML, like Gecko; compatible; ClaudeBot/1.0; +claudebot@anthropic.com)"
216.73.216.247 - - [25/Jun/2026:15:52:06 -0400] "GET /wp-includes/js/tinymce/skins/wordpress/images/video.png HTTP/1.1" 200 363 "-" "Mozilla/5.0 AppleWebKit/537.36 (KHTML, like Gecko; compatible; ClaudeBot/1.0; +claudebot@anthropic.com)"
216.73.216.247 - - [25/Jun/2026:15:52:11 -0400] "GET /wp-includes/js/tinymce/skins/wordpress/images/?C=S&O=A HTTP/1.1" 404 - "-" "Mozilla/5.0 AppleWebKit/537.36 (KHTML, like Gecko; compatible; ClaudeBot/1.0; +claudebot@anthropic.com)"
216.73.216.247 - - [25/Jun/2026:15:52:16 -0400] "GET /wp-includes/js/tinymce/skins/wordpress/images/?C=D&O=A HTTP/1.1" 404 - "-" "Mozilla/5.0 AppleWebKit/537.36 (KHTML, like Gecko; compatible; ClaudeBot/1.0; +claudebot@anthropic.com)"
216.73.216.247 - - [25/Jun/2026:15:52:21 -0400] "GET /wp-includes/js/tinymce/skins/wordpress/images/?C=M&O=A HTTP/1.1" 404 - "-" "Mozilla/5.0 AppleWebKit/537.36 (KHTML, like Gecko; compatible; ClaudeBot/1.0; +claudebot@anthropic.com)"
216.73.216.247 - - [25/Jun/2026:15:52:26 -0400] "GET /wp-includes/js/tinymce/skins/wordpress/images/?C=N&O=D HTTP/1.1" 404 - "-" "Mozilla/5.0 AppleWebKit/537.36 (KHTML, like Gecko; compatible; ClaudeBot/1.0; +claudebot@anthropic.com)"
66.249.68.168 - - [25/Jun/2026:15:52:31 -0400] "GET /items/Q337487434/ HTTP/1.1" 404 - "-" "Mozilla/5.0 (Linux; Android 6.0.1; Nexus 5X Build/MMB29P) AppleWebKit/537.36 (KHTML, like Gecko) Chrome/148.0.7778.96 Mobile Safari/537.36 (compatible; GoogleOther)"
216.73.216.247 - - [25/Jun/2026:15:52:32 -0400] "GET /wp-includes/js/tinymce/plugins/media/plugin.min.js HTTP/1.1" 200 8843 "-" "Mozilla/5.0 AppleWebKit/537.36 (KHTML, like Gecko; compatible; ClaudeBot/1.0; +claudebot@anthropic.com)"
2a03:2880:f800:d:: - - [25/Jun/2026:15:52:35 -0400] "GET /hoeveel-mag-je-inzetten-bij-roulette-casino/ HTTP/1.1" 404 - "-" "meta-externalagent/1.1 (+https://developers.facebook.com/docs/sharing/webmasters/crawler)"
216.73.216.247 - - [25/Jun/2026:15:52:37 -0400] "GET /wp-includes/Requests/src/Cookie/Jar.php HTTP/1.1" 200 - "-" "Mozilla/5.0 AppleWebKit/537.36 (KHTML, like Gecko; compatible; ClaudeBot/1.0; +claudebot@anthropic.com)"
216.73.216.247 - - [25/Jun/2026:15:52:42 -0400] "GET /wp-includes/SimplePie/src/Parse/Date.php HTTP/1.1" 200 - "-" "Mozilla/5.0 AppleWebKit/537.36 (KHTML, like Gecko; compatible; ClaudeBot/1.0; +claudebot@anthropic.com)"
216.73.216.247 - - [25/Jun/2026:15:52:47 -0400] "GET /wp-includes/js/tinymce/plugins/wpemoji/plugin.js HTTP/1.1" 200 4179 "-" "Mozilla/5.0 AppleWebKit/537.36 (KHTML, like Gecko; compatible; ClaudeBot/1.0; +claudebot@anthropic.com)"
216.73.216.247 - - [25/Jun/2026:15:52:52 -0400] "GET /wp-includes/Requests/src/Exception/Transport/Curl.php HTTP/1.1" 500 - "-" "Mozilla/5.0 AppleWebKit/537.36 (KHTML, like Gecko; compatible; ClaudeBot/1.0; +claudebot@anthropic.com)"
2a03:2880:f800:2:: - - [25/Jun/2026:15:52:57 -0400] "GET /gokken-quote/ HTTP/1.1" 404 - "-" "meta-externalagent/1.1 (+https://developers.facebook.com/docs/sharing/webmasters/crawler)"
216.73.216.62 - - [25/Jun/2026:15:52:58 -0400] "GET /wp-includes/js/tinymce/skins/wordpress/wp-content.css HTTP/1.1" 200 2642 "-" "Mozilla/5.0 AppleWebKit/537.36 (KHTML, like Gecko; compatible; ClaudeBot/1.0; +claudebot@anthropic.com)"
216.73.216.142 - - [25/Jun/2026:15:53:02 -0400] "GET /wp-includes/js/tinymce/plugins/wplink/plugin.min.js HTTP/1.1" 200 6302 "-" "Mozilla/5.0 AppleWebKit/537.36 (KHTML, like Gecko; compatible; ClaudeBot/1.0; +claudebot@anthropic.com)"
216.73.216.142 - - [25/Jun/2026:15:53:07 -0400] "GET /wp-includes/js/tinymce/plugins/wpeditimage/plugin.min.js HTTP/1.1" 200 7312 "-" "Mozilla/5.0 AppleWebKit/537.36 (KHTML, like Gecko; compatible; ClaudeBot/1.0; +claudebot@anthropic.com)"
2a03:2880:f800:32:: - - [25/Jun/2026:15:53:09 -0400] "GET /marilyn-monroe-online-gokkast-spelen-gratis-en-met-geld/ HTTP/1.1" 404 - "-" "meta-externalagent/1.1 (+https://developers.facebook.com/docs/sharing/webmasters/crawler)"
216.73.216.142 - - [25/Jun/2026:15:53:12 -0400] "GET /wp-includes/js/tinymce/plugins/charmap/plugin.min.js HTTP/1.1" 200 6115 "-" "Mozilla/5.0 AppleWebKit/537.36 (KHTML, like Gecko; compatible; ClaudeBot/1.0; +claudebot@anthropic.com)"
216.73.216.142 - - [25/Jun/2026:15:53:17 -0400] "GET /wp-includes/js/tinymce/plugins/textcolor/plugin.min.js HTTP/1.1" 200 4819 "-" "Mozilla/5.0 AppleWebKit/537.36 (KHTML, like Gecko; compatible; ClaudeBot/1.0; +claudebot@anthropic.com)"
216.73.216.62 - - [25/Jun/2026:15:53:24 -0400] "GET /wp-includes/sitemaps/providers/js/ HTTP/1.1" 200 387 "-" "Mozilla/5.0 AppleWebKit/537.36 (KHTML, like Gecko; compatible; ClaudeBot/1.0; +claudebot@anthropic.com)"
66.249.68.167 - - [25/Jun/2026:15:53:24 -0400] "GET /items/U942388684/ HTTP/1.1" 404 - "-" "Mozilla/5.0 (Linux; Android 6.0.1; Nexus 5X Build/MMB29P) AppleWebKit/537.36 (KHTML, like Gecko) Chrome/148.0.7778.96 Mobile Safari/537.36 (compatible; GoogleOther)"
2a03:2880:f800:21:: - - [25/Jun/2026:15:53:24 -0400] "GET /expekt-casino-nl-2025-review/ HTTP/1.1" 404 - "-" "meta-externalagent/1.1 (+https://developers.facebook.com/docs/sharing/webmasters/crawler)"
216.73.216.62 - - [25/Jun/2026:15:53:28 -0400] "GET /wp-includes/SimplePie/src/Cache/?C=S&O=D HTTP/1.1" 200 562 "-" "Mozilla/5.0 AppleWebKit/537.36 (KHTML, like Gecko; compatible; ClaudeBot/1.0; +claudebot@anthropic.com)"
216.73.216.62 - - [25/Jun/2026:15:53:33 -0400] "GET /wp-includes/SimplePie/src/HTTP/?C=M&O=A HTTP/1.1" 200 518 "-" "Mozilla/5.0 AppleWebKit/537.36 (KHTML, like Gecko; compatible; ClaudeBot/1.0; +claudebot@anthropic.com)"
216.73.216.62 - - [25/Jun/2026:15:53:38 -0400] "GET /wp-includes/sitemaps/providers/class-wp-sitemaps-posts.php HTTP/1.1" 500 - "-" "Mozilla/5.0 AppleWebKit/537.36 (KHTML, like Gecko; compatible; ClaudeBot/1.0; +claudebot@anthropic.com)"
216.73.216.62 - - [25/Jun/2026:15:53:44 -0400] "GET /wp-includes/SimplePie/src/Cache/?C=N&O=D HTTP/1.1" 200 560 "-" "Mozilla/5.0 AppleWebKit/537.36 (KHTML, like Gecko; compatible; ClaudeBot/1.0; +claudebot@anthropic.com)"
162.213.255.98 - - [25/Jun/2026:15:53:45 -0400] "POST /test/wp-cron.php?doing_wp_cron=1782417224.9104449748992919921875 HTTP/1.1" 200 - "-" "WordPress/7.0; https://laratrends.nl/test"
172.245.103.135 - - [25/Jun/2026:15:53:42 -0400] "GET /test/2025/10/06/vilket-mobilcasino-erbjuder-mobile-roulette-med/ HTTP/1.1" 200 26033 "-" "Mozilla/5.0 (compatible; Googlebot/2.1; +http://www.google.com/bot.html)"
103.232.142.246 - - [25/Jun/2026:15:53:45 -0400] "GET /shop?min_price=400&max_price=1699&filter_color=%D8%A7%D8%B3%D9%88%D8%AF&filter_size=l%2C3xl%2Cs%2Cm%2Cxs HTTP/1.1" 404 - "https://laratrends.nl/shop?min_price=400&max_price=1699&filter_color=%D8%A7%D8%B3%D9%88%D8%AF&filter_size=l%2C3xl%2Cs%2Cm%2Cxs" "Mozilla/5.0 (Linux; Android 13; OPPO PCLM9) AppleWebKit/537.36 (KHTML, like Gecko) Chrome/143.0.5272.128 Mobile Safari/537.36 MicroMessenger/8.0.34(0x18001B3F) NetType/WIFI Language/zh_CN"
216.73.216.62 - - [25/Jun/2026:15:53:48 -0400] "GET /wp-includes/Requests/src/Exception/Http/?C=N&O=A HTTP/1.1" 200 728 "-" "Mozilla/5.0 AppleWebKit/537.36 (KHTML, like Gecko; compatible; ClaudeBot/1.0; +claudebot@anthropic.com)"
216.73.216.62 - - [25/Jun/2026:15:53:53 -0400] "GET /wp-includes/SimplePie/src/Cache/?C=N&O=A HTTP/1.1" 200 565 "-" "Mozilla/5.0 AppleWebKit/537.36 (KHTML, like Gecko; compatible; ClaudeBot/1.0; +claudebot@anthropic.com)"
216.73.216.62 - - [25/Jun/2026:15:53:58 -0400] "GET /wp-includes/Requests/src/Exception/Http/?C=S&O=A HTTP/1.1" 200 728 "-" "Mozilla/5.0 AppleWebKit/537.36 (KHTML, like Gecko; compatible; ClaudeBot/1.0; +claudebot@anthropic.com)"
216.73.216.62 - - [25/Jun/2026:15:54:03 -0400] "GET /wp-includes/Requests/src/Exception/Http/?C=D&O=A HTTP/1.1" 200 728 "-" "Mozilla/5.0 AppleWebKit/537.36 (KHTML, like Gecko; compatible; ClaudeBot/1.0; +claudebot@anthropic.com)"
101.33.81.73 - - [25/Jun/2026:15:54:04 -0400] "GET /test/2026/06/04/mindil-beach-casino-resort-reviews/feed/ HTTP/1.1" 200 3430 "-" "Mozilla/5.0 (iPhone; CPU iPhone OS 13_2_3 like Mac OS X) AppleWebKit/605.1.15 (KHTML, like Gecko) Version/13.0.3 Mobile/15E148 Safari/604.1"
2a03:2880:f800:36:: - - [25/Jun/2026:15:54:05 -0400] "GET /idebit-casino-nederland-online/ HTTP/1.1" 404 - "-" "meta-externalagent/1.1 (+https://developers.facebook.com/docs/sharing/webmasters/crawler)"
2a03:2880:f800:27:: - - [25/Jun/2026:15:54:06 -0400] "GET /blackjack-regels-side-bets/ HTTP/1.1" 404 - "-" "meta-externalagent/1.1 (+https://developers.facebook.com/docs/sharing/webmasters/crawler)"
216.73.216.82 - - [25/Jun/2026:15:54:09 -0400] "GET /wp-includes/js/tinymce/plugins/wordpress/?C=D&O=A HTTP/1.1" 404 - "-" "Mozilla/5.0 AppleWebKit/537.36 (KHTML, like Gecko; compatible; ClaudeBot/1.0; +claudebot@anthropic.com)"
216.73.216.62 - - [25/Jun/2026:15:54:12 -0400] "GET /wp-includes/SimplePie/src/HTTP/?C=S&O=A HTTP/1.1" 200 515 "-" "Mozilla/5.0 AppleWebKit/537.36 (KHTML, like Gecko; compatible; ClaudeBot/1.0; +claudebot@anthropic.com)"
216.73.216.247 - - [25/Jun/2026:15:54:18 -0400] "GET /wp-includes/js/tinymce/skins/lightgray/fonts/tinymce.eot HTTP/1.1" 200 9343 "-" "Mozilla/5.0 AppleWebKit/537.36 (KHTML, like Gecko; compatible; ClaudeBot/1.0; +claudebot@anthropic.com)"
216.73.216.247 - - [25/Jun/2026:15:54:22 -0400] "GET /wp-includes/SimplePie/src/Net/?C=N&O=A HTTP/1.1" 200 392 "-" "Mozilla/5.0 AppleWebKit/537.36 (KHTML, like Gecko; compatible; ClaudeBot/1.0; +claudebot@anthropic.com)"
2a03:2880:f800:2:: - - [25/Jun/2026:15:54:26 -0400] "GET /mrgreen-casino-nl-2025-review/ HTTP/1.1" 404 - "-" "meta-externalagent/1.1 (+https://developers.facebook.com/docs/sharing/webmasters/crawler)"
216.73.216.247 - - [25/Jun/2026:15:54:27 -0400] "GET /wp-includes/SimplePie/src/Net/?C=D&O=A HTTP/1.1" 200 392 "-" "Mozilla/5.0 AppleWebKit/537.36 (KHTML, like Gecko; compatible; ClaudeBot/1.0; +claudebot@anthropic.com)"
216.73.216.247 - - [25/Jun/2026:15:54:32 -0400] "GET /wp-includes/Requests/src/Auth/?C=M&O=D HTTP/1.1" 200 386 "-" "Mozilla/5.0 AppleWebKit/537.36 (KHTML, like Gecko; compatible; ClaudeBot/1.0; +claudebot@anthropic.com)"
216.73.216.247 - - [25/Jun/2026:15:54:37 -0400] "GET /wp-includes/Requests/src/Exception/?C=D&O=D HTTP/1.1" 200 498 "-" "Mozilla/5.0 AppleWebKit/537.36 (KHTML, like Gecko; compatible; ClaudeBot/1.0; +claudebot@anthropic.com)"
216.73.216.82 - - [25/Jun/2026:15:54:43 -0400] "GET /wp-includes/js/tinymce/plugins/wordpress/?C=M&O=A HTTP/1.1" 404 - "-" "Mozilla/5.0 AppleWebKit/537.36 (KHTML, like Gecko; compatible; ClaudeBot/1.0; +claudebot@anthropic.com)"
66.249.68.166 - - [25/Jun/2026:15:54:48 -0400] "GET /shop/pg/1005022001/ HTTP/1.1" 404 - "-" "Mozilla/5.0 (Linux; Android 6.0.1; Nexus 5X Build/MMB29P) AppleWebKit/537.36 (KHTML, like Gecko) Chrome/148.0.7778.96 Mobile Safari/537.36 (compatible; GoogleOther)"
216.73.216.247 - - [25/Jun/2026:15:54:48 -0400] "GET /wp-includes/Requests/src/Exception/Transport/?C=M&O=A HTTP/1.1" 200 403 "-" "Mozilla/5.0 AppleWebKit/537.36 (KHTML, like Gecko; compatible; ClaudeBot/1.0; +claudebot@anthropic.com)"
216.73.217.174 - - [25/Jun/2026:15:54:53 -0400] "GET /wp-includes/js/tinymce/skins/lightgray/img/anchor.gif HTTP/1.1" 200 53 "-" "Mozilla/5.0 AppleWebKit/537.36 (KHTML, like Gecko; compatible; ClaudeBot/1.0; +claudebot@anthropic.com)"
216.73.217.174 - - [25/Jun/2026:15:54:58 -0400] "GET /wp-includes/js/tinymce/skins/lightgray/img/trans.gif HTTP/1.1" 200 43 "-" "Mozilla/5.0 AppleWebKit/537.36 (KHTML, like Gecko; compatible; ClaudeBot/1.0; +claudebot@anthropic.com)"
216.73.217.174 - - [25/Jun/2026:15:55:08 -0400] "GET /wp-includes/Requests/src/Exception/Transport/?C=D&O=A HTTP/1.1" 200 403 "-" "Mozilla/5.0 AppleWebKit/537.36 (KHTML, like Gecko; compatible; ClaudeBot/1.0; +claudebot@anthropic.com)"
66.249.68.167 - - [25/Jun/2026:15:55:11 -0400] "GET /items/N814844192/ HTTP/1.1" 404 - "-" "Mozilla/5.0 (Linux; Android 6.0.1; Nexus 5X Build/MMB29P) AppleWebKit/537.36 (KHTML, like Gecko) Chrome/148.0.7778.96 Mobile Safari/537.36 (compatible; GoogleOther)"
216.73.216.247 - - [25/Jun/2026:15:55:13 -0400] "GET /wp-includes/js/tinymce/skins/lightgray/img/?C=S&O=A HTTP/1.1" 404 - "-" "Mozilla/5.0 AppleWebKit/537.36 (KHTML, like Gecko; compatible; ClaudeBot/1.0; +claudebot@anthropic.com)"
216.73.216.247 - - [25/Jun/2026:15:55:18 -0400] "GET /wp-includes/js/tinymce/skins/lightgray/img/?C=D&O=A HTTP/1.1" 404 - "-" "Mozilla/5.0 AppleWebKit/537.36 (KHTML, like Gecko; compatible; ClaudeBot/1.0; +claudebot@anthropic.com)"
2a03:2880:f800:b:: - - [25/Jun/2026:15:55:19 -0400] "GET /best-high-5-games-slots/ HTTP/1.1" 404 - "-" "meta-externalagent/1.1 (+https://developers.facebook.com/docs/sharing/webmasters/crawler)"
216.73.216.247 - - [25/Jun/2026:15:55:23 -0400] "GET /wp-includes/js/tinymce/skins/lightgray/img/?C=M&O=A HTTP/1.1" 404 - "-" "Mozilla/5.0 AppleWebKit/537.36 (KHTML, like Gecko; compatible; ClaudeBot/1.0; +claudebot@anthropic.com)"
216.73.216.247 - - [25/Jun/2026:15:55:28 -0400] "GET /wp-includes/js/tinymce/skins/lightgray/img/?C=N&O=D HTTP/1.1" 404 - "-" "Mozilla/5.0 AppleWebKit/537.36 (KHTML, like Gecko; compatible; ClaudeBot/1.0; +claudebot@anthropic.com)"
216.73.216.247 - - [25/Jun/2026:15:55:33 -0400] "GET /wp-includes/Requests/src/?C=M&O=D HTTP/1.1" 200 795 "-" "Mozilla/5.0 AppleWebKit/537.36 (KHTML, like Gecko; compatible; ClaudeBot/1.0; +claudebot@anthropic.com)"
66.249.68.166 - - [25/Jun/2026:15:55:35 -0400] "GET /items/F353585095/ HTTP/1.1" 404 - "-" "Mozilla/5.0 (Linux; Android 6.0.1; Nexus 5X Build/MMB29P) AppleWebKit/537.36 (KHTML, like Gecko) Chrome/148.0.7778.96 Mobile Safari/537.36 (compatible; GoogleOther)"
216.73.216.247 - - [25/Jun/2026:15:55:38 -0400] "GET /wp-includes/js/tinymce/plugins/paste/?C=S&O=A HTTP/1.1" 404 - "-" "Mozilla/5.0 AppleWebKit/537.36 (KHTML, like Gecko; compatible; ClaudeBot/1.0; +claudebot@anthropic.com)"
216.73.216.247 - - [25/Jun/2026:15:55:43 -0400] "GET /wp-includes/SimplePie/src/XML/v3/zjrsr/ HTTP/1.1" 200 426 "-" "Mozilla/5.0 AppleWebKit/537.36 (KHTML, like Gecko; compatible; ClaudeBot/1.0; +claudebot@anthropic.com)"
216.73.216.247 - - [25/Jun/2026:15:55:48 -0400] "GET /wp-includes/js/tinymce/skins/lightgray/fonts/tinymce.ttf HTTP/1.1" 200 9296 "-" "Mozilla/5.0 AppleWebKit/537.36 (KHTML, like Gecko; compatible; ClaudeBot/1.0; +claudebot@anthropic.com)"
216.73.216.142 - - [25/Jun/2026:15:55:53 -0400] "GET /wp-includes/Requests/src/Utility/?C=D&O=A HTTP/1.1" 200 471 "-" "Mozilla/5.0 AppleWebKit/537.36 (KHTML, like Gecko; compatible; ClaudeBot/1.0; +claudebot@anthropic.com)"
216.73.216.142 - - [25/Jun/2026:15:55:58 -0400] "GET /wp-includes/Requests/src/?C=D&O=D HTTP/1.1" 200 796 "-" "Mozilla/5.0 AppleWebKit/537.36 (KHTML, like Gecko; compatible; ClaudeBot/1.0; +claudebot@anthropic.com)"
216.73.216.142 - - [25/Jun/2026:15:56:03 -0400] "GET /wp-includes/Requests/src/Utility/?C=M&O=A HTTP/1.1" 200 468 "-" "Mozilla/5.0 AppleWebKit/537.36 (KHTML, like Gecko; compatible; ClaudeBot/1.0; +claudebot@anthropic.com)"
2a03:2880:f800:16:: - - [25/Jun/2026:15:56:08 -0400] "GET /barz-casino-no-deposit-bonus/ HTTP/1.1" 404 - "-" "meta-externalagent/1.1 (+https://developers.facebook.com/docs/sharing/webmasters/crawler)"
216.73.216.142 - - [25/Jun/2026:15:56:08 -0400] "GET /wp-includes/SimplePie/src/Net/?C=S&O=A HTTP/1.1" 200 392 "-" "Mozilla/5.0 AppleWebKit/537.36 (KHTML, like Gecko; compatible; ClaudeBot/1.0; +claudebot@anthropic.com)"
216.73.216.247 - - [25/Jun/2026:15:56:14 -0400] "GET /wp-includes/SimplePie/src/?C=S&O=D HTTP/1.1" 200 832 "-" "Mozilla/5.0 AppleWebKit/537.36 (KHTML, like Gecko; compatible; ClaudeBot/1.0; +claudebot@anthropic.com)"
2a03:2880:f800:41:: - - [25/Jun/2026:15:56:15 -0400] "GET /uitleg-amerikaans-roulette/ HTTP/1.1" 404 - "-" "meta-externalagent/1.1 (+https://developers.facebook.com/docs/sharing/webmasters/crawler)"
216.73.216.247 - - [25/Jun/2026:15:56:18 -0400] "GET /wp-includes/js/tinymce/plugins/wpdialogs/?C=S&O=A HTTP/1.1" 404 - "-" "Mozilla/5.0 AppleWebKit/537.36 (KHTML, like Gecko; compatible; ClaudeBot/1.0; +claudebot@anthropic.com)"
194.165.16.5 - - [25/Jun/2026:15:56:20 -0400] "GET /test/wp-login.php HTTP/1.1" 200 4821 "-" "Mozilla/5.0 (Macintosh; Intel Mac OS X 13_5) AppleWebKit/605.1.15 (KHTML, like Gecko) Version/17.5 Safari/605.1.15"
216.73.216.247 - - [25/Jun/2026:15:56:22 -0400] "GET /wp-includes/Requests/src/Exception/?C=N&O=A HTTP/1.1" 200 498 "-" "Mozilla/5.0 AppleWebKit/537.36 (KHTML, like Gecko; compatible; ClaudeBot/1.0; +claudebot@anthropic.com)"
2a03:2880:f800:41:: - - [25/Jun/2026:15:56:23 -0400] "GET /kan-je-gokken-op-buitenlandse-sites/ HTTP/1.1" 404 - "-" "meta-externalagent/1.1 (+https://developers.facebook.com/docs/sharing/webmasters/crawler)"
162.213.255.98 - - [25/Jun/2026:15:56:23 -0400] "POST /test/wp-cron.php?doing_wp_cron=1782417383.5868699550628662109375 HTTP/1.1" 200 - "-" "WordPress/7.0; https://laratrends.nl/test"
194.165.16.5 - - [25/Jun/2026:15:56:23 -0400] "POST /test/xmlrpc.php HTTP/1.1" 200 3093 "-" "Mozilla/5.0 (Windows NT 10.0; Win64; x64; rv:127.0) Gecko/20100101 Firefox/127.0"
194.165.16.5 - - [25/Jun/2026:15:56:24 -0400] "POST /test/xmlrpc.php HTTP/1.1" 200 5401 "-" "Mozilla/5.0 (Windows NT 10.0; Win64; x64) AppleWebKit/537.36 (KHTML, like Gecko) Chrome/124.0.6367.207 Safari/537.36"
216.73.216.247 - - [25/Jun/2026:15:56:27 -0400] "GET /wp-includes/SimplePie/src/XML/Declaration/?C=D&O=A HTTP/1.1" 200 402 "-" "Mozilla/5.0 AppleWebKit/537.36 (KHTML, like Gecko; compatible; ClaudeBot/1.0; +claudebot@anthropic.com)"
216.73.216.247 - - [25/Jun/2026:15:56:32 -0400] "GET /wp-includes/SimplePie/src/XML/Declaration/?C=M&O=A HTTP/1.1" 200 402 "-" "Mozilla/5.0 AppleWebKit/537.36 (KHTML, like Gecko; compatible; ClaudeBot/1.0; +claudebot@anthropic.com)"
216.73.216.247 - - [25/Jun/2026:15:56:37 -0400] "GET /wp-includes/SimplePie/src/XML/Declaration/?C=N&O=D HTTP/1.1" 200 400 "-" "Mozilla/5.0 AppleWebKit/537.36 (KHTML, like Gecko; compatible; ClaudeBot/1.0; +claudebot@anthropic.com)"
2a03:2880:f800:17:: - - [25/Jun/2026:15:56:42 -0400] "GET /online-roulette-spelen-voor-geld/ HTTP/1.1" 404 - "-" "meta-externalagent/1.1 (+https://developers.facebook.com/docs/sharing/webmasters/crawler)"
216.73.216.247 - - [25/Jun/2026:15:56:43 -0400] "GET /wp-includes/Requests/src/Proxy/?C=N&O=D HTTP/1.1" 200 388 "-" "Mozilla/5.0 AppleWebKit/537.36 (KHTML, like Gecko; compatible; ClaudeBot/1.0; +claudebot@anthropic.com)"
2a03:2880:f800:33:: - - [25/Jun/2026:15:56:43 -0400] "GET /gratis-booming-gokkasten/ HTTP/1.1" 404 - "-" "meta-externalagent/1.1 (+https://developers.facebook.com/docs/sharing/webmasters/crawler)"
216.73.216.247 - - [25/Jun/2026:15:56:48 -0400] "GET /wp-includes/Requests/src/Auth/?C=N&O=A HTTP/1.1" 200 388 "-" "Mozilla/5.0 AppleWebKit/537.36 (KHTML, like Gecko; compatible; ClaudeBot/1.0; +claudebot@anthropic.com)"
2a03:2880:f800:20:: - - [25/Jun/2026:15:56:52 -0400] "GET /casino-aanbiedingen/ HTTP/1.1" 404 - "-" "meta-externalagent/1.1 (+https://developers.facebook.com/docs/sharing/webmasters/crawler)"
