216.73.217.104 - - [25/Jun/2026:09:51:46 -0400] "GET /wp-includes/js/wp-auth-check.js HTTP/1.1" 200 4507 "-" "Mozilla/5.0 AppleWebKit/537.36 (KHTML, like Gecko; compatible; ClaudeBot/1.0; +claudebot@anthropic.com)"
216.73.217.104 - - [25/Jun/2026:09:51:51 -0400] "GET /wp-includes/js/wp-lists.min.js HTTP/1.1" 200 5445 "-" "Mozilla/5.0 AppleWebKit/537.36 (KHTML, like Gecko; compatible; ClaudeBot/1.0; +claudebot@anthropic.com)"
2a03:2880:f806:c:: - - [25/Jun/2026:09:51:52 -0400] "GET /fairy-forest-online-gokkast-spelen-gratis-en-met-geld/ HTTP/1.1" 404 - "-" "meta-externalagent/1.1 (+https://developers.facebook.com/docs/sharing/webmasters/crawler)"
216.73.217.104 - - [25/Jun/2026:09:51:56 -0400] "GET /wp-includes/js/autosave.js HTTP/1.1" 200 8852 "-" "Mozilla/5.0 AppleWebKit/537.36 (KHTML, like Gecko; compatible; ClaudeBot/1.0; +claudebot@anthropic.com)"
2a03:2880:f806:1e:: - - [25/Jun/2026:09:51:57 -0400] "GET /online-casino-zonder-vergunning/ HTTP/1.1" 404 - "-" "meta-externalagent/1.1 (+https://developers.facebook.com/docs/sharing/webmasters/crawler)"
216.73.217.104 - - [25/Jun/2026:09:52:01 -0400] "GET /wp-includes/js/customize-views.min.js HTTP/1.1" 200 3772 "-" "Mozilla/5.0 AppleWebKit/537.36 (KHTML, like Gecko; compatible; ClaudeBot/1.0; +claudebot@anthropic.com)"
216.73.217.104 - - [25/Jun/2026:09:52:07 -0400] "GET /wp-includes/js/clipboard.min.js HTTP/1.1" 200 6041 "-" "Mozilla/5.0 AppleWebKit/537.36 (KHTML, like Gecko; compatible; ClaudeBot/1.0; +claudebot@anthropic.com)"
216.73.217.104 - - [25/Jun/2026:09:52:11 -0400] "GET /wp-includes/js/heartbeat.min.js HTTP/1.1" 200 4927 "-" "Mozilla/5.0 AppleWebKit/537.36 (KHTML, like Gecko; compatible; ClaudeBot/1.0; +claudebot@anthropic.com)"
216.73.217.104 - - [25/Jun/2026:09:52:16 -0400] "GET /wp-includes/js/autosave.min.js HTTP/1.1" 200 5173 "-" "Mozilla/5.0 AppleWebKit/537.36 (KHTML, like Gecko; compatible; ClaudeBot/1.0; +claudebot@anthropic.com)"
216.73.217.104 - - [25/Jun/2026:09:52:22 -0400] "GET /wp-includes/class-wp-recovery-mode-cookie-service.php HTTP/1.1" 200 - "-" "Mozilla/5.0 AppleWebKit/537.36 (KHTML, like Gecko; compatible; ClaudeBot/1.0; +claudebot@anthropic.com)"
216.73.217.104 - - [25/Jun/2026:09:52:23 -0400] "GET /drahmad/wp-includes/js/jquery/ui/effect.min.js HTTP/1.1" 200 9447 "-" "Mozilla/5.0 AppleWebKit/537.36 (KHTML, like Gecko; compatible; ClaudeBot/1.0; +claudebot@anthropic.com)"
216.73.217.104 - - [25/Jun/2026:09:52:28 -0400] "GET /drahmad/wp-content/plugins/contact-form-7/includes/css/styles.css HTTP/1.1" 200 972 "-" "Mozilla/5.0 AppleWebKit/537.36 (KHTML, like Gecko; compatible; ClaudeBot/1.0; +claudebot@anthropic.com)"
216.73.217.104 - - [25/Jun/2026:09:52:32 -0400] "GET /wp-includes/block-supports/block-style-variations.php HTTP/1.1" 500 - "-" "Mozilla/5.0 AppleWebKit/537.36 (KHTML, like Gecko; compatible; ClaudeBot/1.0; +claudebot@anthropic.com)"
216.73.217.104 - - [25/Jun/2026:09:52:37 -0400] "GET /wp-includes/js/clipboard.js HTTP/1.1" 200 9861 "-" "Mozilla/5.0 AppleWebKit/537.36 (KHTML, like Gecko; compatible; ClaudeBot/1.0; +claudebot@anthropic.com)"
216.73.217.104 - - [25/Jun/2026:09:52:42 -0400] "GET /wp-includes/js/heartbeat.js HTTP/1.1" 200 9581 "-" "Mozilla/5.0 AppleWebKit/537.36 (KHTML, like Gecko; compatible; ClaudeBot/1.0; +claudebot@anthropic.com)"
162.213.255.98 - - [25/Jun/2026:09:52:43 -0400] "POST /test/wp-cron.php?doing_wp_cron=1782395562.7890210151672363281250 HTTP/1.1" 200 - "-" "WordPress/7.0; https://laratrends.nl/test"
49.51.132.100 - - [25/Jun/2026:09:52:42 -0400] "GET /test/ HTTP/1.1" 301 6577 "-" "Mozilla/5.0 (iPhone; CPU iPhone OS 13_2_3 like Mac OS X) AppleWebKit/605.1.15 (KHTML, like Gecko) Version/13.0.3 Mobile/15E148 Safari/604.1"
2a03:2880:f806:48:: - - [25/Jun/2026:09:52:43 -0400] "GET /blackjack-basisstrategie/ HTTP/1.1" 404 - "-" "meta-externalagent/1.1 (+https://developers.facebook.com/docs/sharing/webmasters/crawler)"
216.73.217.104 - - [25/Jun/2026:09:52:48 -0400] "GET /wp-includes/l10n/class-wp-translation-file-php.php HTTP/1.1" 500 - "-" "Mozilla/5.0 AppleWebKit/537.36 (KHTML, like Gecko; compatible; ClaudeBot/1.0; +claudebot@anthropic.com)"
49.51.132.100 - - [25/Jun/2026:09:52:48 -0400] "GET /test/ HTTP/1.1" 200 40882 "https://www.laratrends.nl/test/" "Mozilla/5.0 (iPhone; CPU iPhone OS 13_2_3 like Mac OS X) AppleWebKit/605.1.15 (KHTML, like Gecko) Version/13.0.3 Mobile/15E148 Safari/604.1"
216.73.217.104 - - [25/Jun/2026:09:52:53 -0400] "GET /wp-includes/js/customize-preview-nav-menus.min.js HTTP/1.1" 200 4637 "-" "Mozilla/5.0 AppleWebKit/537.36 (KHTML, like Gecko; compatible; ClaudeBot/1.0; +claudebot@anthropic.com)"
216.73.217.104 - - [25/Jun/2026:09:52:58 -0400] "GET /wp-includes/js/zxcvbn.min.js HTTP/1.1" 200 402710 "-" "Mozilla/5.0 AppleWebKit/537.36 (KHTML, like Gecko; compatible; ClaudeBot/1.0; +claudebot@anthropic.com)"
216.73.217.104 - - [25/Jun/2026:09:53:03 -0400] "GET /wp-includes/js/wp-emoji-loader.min.js HTTP/1.1" 200 4066 "-" "Mozilla/5.0 AppleWebKit/537.36 (KHTML, like Gecko; compatible; ClaudeBot/1.0; +claudebot@anthropic.com)"
216.73.217.104 - - [25/Jun/2026:09:53:08 -0400] "GET /wp-includes/js/wp-list-revisions.min.js HTTP/1.1" 200 3207 "-" "Mozilla/5.0 AppleWebKit/537.36 (KHTML, like Gecko; compatible; ClaudeBot/1.0; +claudebot@anthropic.com)"
216.73.217.104 - - [25/Jun/2026:09:53:13 -0400] "GET /wp-includes/class-wp-recovery-mode-key-service.php HTTP/1.1" 200 - "-" "Mozilla/5.0 AppleWebKit/537.36 (KHTML, like Gecko; compatible; ClaudeBot/1.0; +claudebot@anthropic.com)"
216.73.217.104 - - [25/Jun/2026:09:53:18 -0400] "GET /wp-includes/l10n/class-wp-translation-file-mo.php HTTP/1.1" 500 - "-" "Mozilla/5.0 AppleWebKit/537.36 (KHTML, like Gecko; compatible; ClaudeBot/1.0; +claudebot@anthropic.com)"
216.73.217.104 - - [25/Jun/2026:09:53:23 -0400] "GET /drahmad/wp-content/plugins/cf7-styler-for-divi/assets/css/module.css HTTP/1.1" 200 314 "-" "Mozilla/5.0 AppleWebKit/537.36 (KHTML, like Gecko; compatible; ClaudeBot/1.0; +claudebot@anthropic.com)"
216.73.217.104 - - [25/Jun/2026:09:53:28 -0400] "GET /wp-includes/js/media-views.min.js HTTP/1.1" 200 29696 "-" "Mozilla/5.0 AppleWebKit/537.36 (KHTML, like Gecko; compatible; ClaudeBot/1.0; +claudebot@anthropic.com)"
216.73.217.104 - - [25/Jun/2026:09:53:33 -0400] "GET /drahmad/wp-includes/js/jquery/jquery.min.js HTTP/1.1" 200 34088 "-" "Mozilla/5.0 AppleWebKit/537.36 (KHTML, like Gecko; compatible; ClaudeBot/1.0; +claudebot@anthropic.com)"
216.73.217.104 - - [25/Jun/2026:09:53:38 -0400] "GET /wp-includes/class-wp-recovery-mode-link-service.php HTTP/1.1" 200 - "-" "Mozilla/5.0 AppleWebKit/537.36 (KHTML, like Gecko; compatible; ClaudeBot/1.0; +claudebot@anthropic.com)"
216.73.217.104 - - [25/Jun/2026:09:53:43 -0400] "GET /wp-includes/js/wp-emoji.js HTTP/1.1" 200 6249 "-" "Mozilla/5.0 AppleWebKit/537.36 (KHTML, like Gecko; compatible; ClaudeBot/1.0; +claudebot@anthropic.com)"
216.73.217.104 - - [25/Jun/2026:09:53:48 -0400] "GET /drahmad/wp-content/themes/Divi/style-static.min.css HTTP/1.1" 200 79146 "-" "Mozilla/5.0 AppleWebKit/537.36 (KHTML, like Gecko; compatible; ClaudeBot/1.0; +claudebot@anthropic.com)"
2a03:2880:f806:26:: - - [25/Jun/2026:09:53:54 -0400] "GET /nederlandse-online-casino-no-deposit-bonus/ HTTP/1.1" 404 - "-" "meta-externalagent/1.1 (+https://developers.facebook.com/docs/sharing/webmasters/crawler)"
216.73.217.104 - - [25/Jun/2026:09:53:57 -0400] "GET /%7B!%20$pro_logo_no_text%20%7D%7D HTTP/1.1" 404 - "-" "Mozilla/5.0 AppleWebKit/537.36 (KHTML, like Gecko; compatible; ClaudeBot/1.0; +claudebot@anthropic.com)"
2a03:2880:f806:43:: - - [25/Jun/2026:09:53:58 -0400] "GET /roulette-kans-op-groen/ HTTP/1.1" 404 - "-" "meta-externalagent/1.1 (+https://developers.facebook.com/docs/sharing/webmasters/crawler)"
216.73.217.104 - - [25/Jun/2026:09:53:58 -0400] "GET /drahmad/wp-content/plugins/slide-anything/owl-carousel/animate.min.css HTTP/1.1" 200 3984 "-" "Mozilla/5.0 AppleWebKit/537.36 (KHTML, like Gecko; compatible; ClaudeBot/1.0; +claudebot@anthropic.com)"
216.73.217.104 - - [25/Jun/2026:09:54:00 -0400] "GET /wp-includes/sodium_compat/namespaced/ HTTP/1.1" 200 455 "-" "Mozilla/5.0 AppleWebKit/537.36 (KHTML, like Gecko; compatible; ClaudeBot/1.0; +claudebot@anthropic.com)"
216.73.217.104 - - [25/Jun/2026:09:54:04 -0400] "GET /drahmad/wp-content/themes/Divi/js/scripts.min.js HTTP/1.1" 200 73289 "-" "Mozilla/5.0 AppleWebKit/537.36 (KHTML, like Gecko; compatible; ClaudeBot/1.0; +claudebot@anthropic.com)"
216.73.217.104 - - [25/Jun/2026:09:54:09 -0400] "GET /wp-includes/class-wp-recovery-mode-email-service.php HTTP/1.1" 200 - "-" "Mozilla/5.0 AppleWebKit/537.36 (KHTML, like Gecko; compatible; ClaudeBot/1.0; +claudebot@anthropic.com)"
216.73.217.104 - - [25/Jun/2026:09:54:13 -0400] "GET /wp-includes/theme-compat/?C=M&O=A HTTP/1.1" 200 623 "-" "Mozilla/5.0 AppleWebKit/537.36 (KHTML, like Gecko; compatible; ClaudeBot/1.0; +claudebot@anthropic.com)"
216.73.217.104 - - [25/Jun/2026:09:54:15 -0400] "GET /wp-includes/theme-compat/?C=N&O=D HTTP/1.1" 200 631 "-" "Mozilla/5.0 AppleWebKit/537.36 (KHTML, like Gecko; compatible; ClaudeBot/1.0; +claudebot@anthropic.com)"
2a03:2880:f806:52:: - - [25/Jun/2026:09:54:16 -0400] "GET /jackpot-gokkasten-online/ HTTP/1.1" 404 - "-" "meta-externalagent/1.1 (+https://developers.facebook.com/docs/sharing/webmasters/crawler)"
216.73.217.104 - - [25/Jun/2026:09:54:20 -0400] "GET /wp-includes/widgets/?C=S&O=A HTTP/1.1" 200 788 "-" "Mozilla/5.0 AppleWebKit/537.36 (KHTML, like Gecko; compatible; ClaudeBot/1.0; +claudebot@anthropic.com)"
216.73.217.104 - - [25/Jun/2026:09:54:22 -0400] "GET /wp-includes/rest-api/?C=D&O=A HTTP/1.1" 200 508 "-" "Mozilla/5.0 AppleWebKit/537.36 (KHTML, like Gecko; compatible; ClaudeBot/1.0; +claudebot@anthropic.com)"
216.73.217.104 - - [25/Jun/2026:09:54:27 -0400] "GET /wp-includes/rest-api/?C=M&O=A HTTP/1.1" 200 508 "-" "Mozilla/5.0 AppleWebKit/537.36 (KHTML, like Gecko; compatible; ClaudeBot/1.0; +claudebot@anthropic.com)"
216.73.217.104 - - [25/Jun/2026:09:54:32 -0400] "GET /wp-includes/rest-api/?C=N&O=D HTTP/1.1" 200 500 "-" "Mozilla/5.0 AppleWebKit/537.36 (KHTML, like Gecko; compatible; ClaudeBot/1.0; +claudebot@anthropic.com)"
216.73.217.104 - - [25/Jun/2026:09:54:33 -0400] "GET /wp-includes/fonts/dashicons.svg HTTP/1.1" 200 40452 "-" "Mozilla/5.0 AppleWebKit/537.36 (KHTML, like Gecko; compatible; ClaudeBot/1.0; +claudebot@anthropic.com)"
2a03:2880:f806:3d:: - - [25/Jun/2026:09:54:35 -0400] "GET /casino-assen/ HTTP/1.1" 404 - "-" "meta-externalagent/1.1 (+https://developers.facebook.com/docs/sharing/webmasters/crawler)"
2a03:2880:f806:20:: - - [25/Jun/2026:09:54:36 -0400] "GET /ilucki-casino-no-deposit-bonus/ HTTP/1.1" 404 - "-" "meta-externalagent/1.1 (+https://developers.facebook.com/docs/sharing/webmasters/crawler)"
216.73.217.104 - - [25/Jun/2026:09:54:38 -0400] "GET /wp-includes/js/wp-emoji-release.min.js HTTP/1.1" 200 8265 "-" "Mozilla/5.0 AppleWebKit/537.36 (KHTML, like Gecko; compatible; ClaudeBot/1.0; +claudebot@anthropic.com)"
216.73.217.104 - - [25/Jun/2026:09:54:43 -0400] "GET /drahmad/wp-content/plugins/expand-maker/js/YrmInline.js HTTP/1.1" 200 3969 "-" "Mozilla/5.0 AppleWebKit/537.36 (KHTML, like Gecko; compatible; ClaudeBot/1.0; +claudebot@anthropic.com)"
2a03:2880:f806:50:: - - [25/Jun/2026:09:54:44 -0400] "GET /verordening-speelautomaten/ HTTP/1.1" 404 - "-" "meta-externalagent/1.1 (+https://developers.facebook.com/docs/sharing/webmasters/crawler)"
216.73.217.104 - - [25/Jun/2026:09:54:48 -0400] "GET /wp-includes/js/wp-emoji.min.js HTTP/1.1" 200 4259 "-" "Mozilla/5.0 AppleWebKit/537.36 (KHTML, like Gecko; compatible; ClaudeBot/1.0; +claudebot@anthropic.com)"
194.165.16.5 - - [25/Jun/2026:09:54:52 -0400] "GET /test/wp-login.php HTTP/1.1" 200 4821 "-" "Mozilla/5.0 (Macintosh; Intel Mac OS X 13_5) AppleWebKit/605.1.15 (KHTML, like Gecko) Version/17.5 Safari/605.1.15"
2a03:2880:f806:36:: - - [25/Jun/2026:09:54:55 -0400] "GET /bingo-nummers-trekken-online/ HTTP/1.1" 404 - "-" "meta-externalagent/1.1 (+https://developers.facebook.com/docs/sharing/webmasters/crawler)"
216.73.217.104 - - [25/Jun/2026:09:54:55 -0400] "GET /drahmad/wp-content/themes/Divi/includes/builder/feature/dynamic-assets/assets/js/easypiechart.js HTTP/1.1" 200 6022 "-" "Mozilla/5.0 AppleWebKit/537.36 (KHTML, like Gecko; compatible; ClaudeBot/1.0; +claudebot@anthropic.com)"
162.213.255.98 - - [25/Jun/2026:09:54:56 -0400] "POST /test/wp-cron.php?doing_wp_cron=1782395696.6734640598297119140625 HTTP/1.1" 200 - "-" "WordPress/7.0; https://laratrends.nl/test"
194.165.16.5 - - [25/Jun/2026:09:54:56 -0400] "POST /test/xmlrpc.php HTTP/1.1" 200 3092 "-" "Mozilla/5.0 (Macintosh; Intel Mac OS X 13_5) AppleWebKit/605.1.15 (KHTML, like Gecko) Version/17.5 Safari/605.1.15"
194.165.16.5 - - [25/Jun/2026:09:54:57 -0400] "POST /test/xmlrpc.php HTTP/1.1" 200 5312 "-" "Mozilla/5.0 (Macintosh; Intel Mac OS X 13_5) AppleWebKit/605.1.15 (KHTML, like Gecko) Version/17.5 Safari/605.1.15"
216.73.217.104 - - [25/Jun/2026:09:54:59 -0400] "GET /wp-includes/js/?C=D&O=A HTTP/1.1" 404 - "-" "Mozilla/5.0 AppleWebKit/537.36 (KHTML, like Gecko; compatible; ClaudeBot/1.0; +claudebot@anthropic.com)"
216.73.217.104 - - [25/Jun/2026:09:55:05 -0400] "GET /wp-includes/assets/?C=M&O=A HTTP/1.1" 200 530 "-" "Mozilla/5.0 AppleWebKit/537.36 (KHTML, like Gecko; compatible; ClaudeBot/1.0; +claudebot@anthropic.com)"
2a03:2880:f806:1f:: - - [25/Jun/2026:09:55:06 -0400] "GET /welke-casino-online-nederland/ HTTP/1.1" 404 - "-" "meta-externalagent/1.1 (+https://developers.facebook.com/docs/sharing/webmasters/crawler)"
216.73.217.104 - - [25/Jun/2026:09:55:04 -0400] "GET /wp-includes/?C=N&O=A HTTP/1.1" 200 5995 "-" "Mozilla/5.0 AppleWebKit/537.36 (KHTML, like Gecko; compatible; ClaudeBot/1.0; +claudebot@anthropic.com)"
216.73.217.104 - - [25/Jun/2026:09:55:10 -0400] "GET /wp-includes/certificates/?C=S&O=A HTTP/1.1" 200 389 "-" "Mozilla/5.0 AppleWebKit/537.36 (KHTML, like Gecko; compatible; ClaudeBot/1.0; +claudebot@anthropic.com)"
216.73.217.104 - - [25/Jun/2026:09:55:15 -0400] "GET /drahmad/category/bez-rubriki/ HTTP/1.1" 404 - "-" "Mozilla/5.0 AppleWebKit/537.36 (KHTML, like Gecko; compatible; ClaudeBot/1.0; +claudebot@anthropic.com)"
216.73.217.104 - - [25/Jun/2026:09:55:19 -0400] "GET /drahmad/wp-content/plugins/cf7-styler-for-divi/styles/style.min.css HTTP/1.1" 200 1204 "-" "Mozilla/5.0 AppleWebKit/537.36 (KHTML, like Gecko; compatible; ClaudeBot/1.0; +claudebot@anthropic.com)"
216.73.217.104 - - [25/Jun/2026:09:55:24 -0400] "GET /drahmad/wp-content/plugins/wow-carousel-for-divi-lite/assets/css/slick.min.css HTTP/1.1" 200 1076 "-" "Mozilla/5.0 AppleWebKit/537.36 (KHTML, like Gecko; compatible; ClaudeBot/1.0; +claudebot@anthropic.com)"
216.73.217.104 - - [25/Jun/2026:09:55:29 -0400] "GET /drahmad/wp-content/plugins/slide-anything/js/jquery.mousewheel.min.js HTTP/1.1" 200 4018 "-" "Mozilla/5.0 AppleWebKit/537.36 (KHTML, like Gecko; compatible; ClaudeBot/1.0; +claudebot@anthropic.com)"
216.73.217.104 - - [25/Jun/2026:09:55:34 -0400] "GET /drahmad/wp-content/plugins/slide-anything/owl-carousel/sa-owl-theme.css HTTP/1.1" 200 2127 "-" "Mozilla/5.0 AppleWebKit/537.36 (KHTML, like Gecko; compatible; ClaudeBot/1.0; +claudebot@anthropic.com)"
216.73.217.104 - - [25/Jun/2026:09:55:40 -0400] "GET /%7B!%20$footer_logo%20%7D%7D HTTP/1.1" 404 - "-" "Mozilla/5.0 AppleWebKit/537.36 (KHTML, like Gecko; compatible; ClaudeBot/1.0; +claudebot@anthropic.com)"
216.73.217.104 - - [25/Jun/2026:09:55:44 -0400] "GET /wp-includes/l10n/?C=S&O=A HTTP/1.1" 200 489 "-" "Mozilla/5.0 AppleWebKit/537.36 (KHTML, like Gecko; compatible; ClaudeBot/1.0; +claudebot@anthropic.com)"
216.73.217.104 - - [25/Jun/2026:09:55:49 -0400] "GET /wp-includes/l10n/?C=D&O=A HTTP/1.1" 200 487 "-" "Mozilla/5.0 AppleWebKit/537.36 (KHTML, like Gecko; compatible; ClaudeBot/1.0; +claudebot@anthropic.com)"
216.73.217.104 - - [25/Jun/2026:09:55:54 -0400] "GET /wp-includes/l10n/?C=M&O=A HTTP/1.1" 200 487 "-" "Mozilla/5.0 AppleWebKit/537.36 (KHTML, like Gecko; compatible; ClaudeBot/1.0; +claudebot@anthropic.com)"
216.73.217.104 - - [25/Jun/2026:09:55:56 -0400] "GET /wp-includes/?C=D&O=D HTTP/1.1" 200 6071 "-" "Mozilla/5.0 AppleWebKit/537.36 (KHTML, like Gecko; compatible; ClaudeBot/1.0; +claudebot@anthropic.com)"
216.73.217.104 - - [25/Jun/2026:09:56:01 -0400] "GET /wp-includes/widgets/?C=D&O=A HTTP/1.1" 200 783 "-" "Mozilla/5.0 AppleWebKit/537.36 (KHTML, like Gecko; compatible; ClaudeBot/1.0; +claudebot@anthropic.com)"
216.73.217.104 - - [25/Jun/2026:09:56:06 -0400] "GET /wp-includes/block-supports/?C=N&O=D HTTP/1.1" 200 864 "-" "Mozilla/5.0 AppleWebKit/537.36 (KHTML, like Gecko; compatible; ClaudeBot/1.0; +claudebot@anthropic.com)"
2a03:2880:f806:2:: - - [25/Jun/2026:09:56:08 -0400] "GET /casino-magic-be-2025-review/ HTTP/1.1" 404 - "-" "meta-externalagent/1.1 (+https://developers.facebook.com/docs/sharing/webmasters/crawler)"
68.71.247.130 - - [25/Jun/2026:09:56:07 -0400] "GET /test/2025/10/06/vilket-mobilcasino-erbjuder-mobile-roulette-med/ HTTP/1.1" 200 26025 "https://laratrends.nl/" "Mozilla/5.0 (Macintosh; Intel Mac OS X 10_15_7) AppleWebKit/605.1.15 (KHTML, like Gecko) Version/26.0.1 Safari/605.1.15"
216.73.217.104 - - [25/Jun/2026:09:56:11 -0400] "GET /wp-includes/fonts/?C=S&O=A HTTP/1.1" 200 600 "-" "Mozilla/5.0 AppleWebKit/537.36 (KHTML, like Gecko; compatible; ClaudeBot/1.0; +claudebot@anthropic.com)"
68.71.247.130 - - [25/Jun/2026:09:56:13 -0400] "GET /test/wp-admin/nav-menus.php HTTP/1.1" 302 6577 "https://laratrends.nl/test/2025/10/06/vilket-mobilcasino-erbjuder-mobile-roulette-med/" "Mozilla/5.0 (Windows NT 6.3; Win64; x64) AppleWebKit/537.36 (KHTML, like Gecko) Chrome/103.0.0.0 Safari/537.36"
68.71.247.130 - - [25/Jun/2026:09:56:13 -0400] "GET /test/wp-admin/upgrade.php?_wp_http_referer=%2Ftest%2Fwp-admin%2Fnav-menus.php HTTP/1.1" 200 629 "https://laratrends.nl/test/wp-admin/nav-menus.php" "Mozilla/5.0 (Windows NT 6.3; Win64; x64) AppleWebKit/537.36 (KHTML, like Gecko) Chrome/103.0.0.0 Safari/537.36"
68.71.247.130 - - [25/Jun/2026:09:56:15 -0400] "GET /test/wp-admin/upgrade.php?action=register HTTP/1.1" 200 674 "https://laratrends.nl/test/wp-admin/upgrade.php?_wp_http_referer=%2Ftest%2Fwp-admin%2Fnav-menus.php" "Mozilla/5.0 (Windows NT 6.3; Win64; x64) AppleWebKit/537.36 (KHTML, like Gecko) Chrome/103.0.0.0 Safari/537.36"
68.71.247.130 - - [25/Jun/2026:09:56:15 -0400] "GET /test/wp-includes/css/dashicons.min.css?ver=7.0 HTTP/1.1" 200 35721 "https://laratrends.nl/test/wp-admin/upgrade.php?action=register" "Mozilla/5.0 (Windows NT 10.0; Win64; x64) AppleWebKit/537.36 (KHTML, like Gecko) Chrome/149.0.0.0 Safari/537.36"
216.73.217.104 - - [25/Jun/2026:09:56:16 -0400] "GET /wp-includes/sodium_compat/?C=S&O=A HTTP/1.1" 200 539 "-" "Mozilla/5.0 AppleWebKit/537.36 (KHTML, like Gecko; compatible; ClaudeBot/1.0; +claudebot@anthropic.com)"
68.71.247.130 - - [25/Jun/2026:09:56:19 -0400] "GET /test/2025/10/06/vilket-mobilcasino-erbjuder-mobile-roulette-med/ HTTP/1.1" 200 26025 "https://laratrends.nl/test/2025/10/06/vilket-mobilcasino-erbjuder-mobile-roulette-med/" "Mozilla/5.0 (Windows NT 6.3; Win64; x64) AppleWebKit/537.36 (KHTML, like Gecko) Chrome/103.0.0.0 Safari/537.36"
216.73.217.104 - - [25/Jun/2026:09:56:19 -0400] "GET /wp-includes/PHPMailer/?C=S&O=A HTTP/1.1" 200 552 "-" "Mozilla/5.0 AppleWebKit/537.36 (KHTML, like Gecko; compatible; ClaudeBot/1.0; +claudebot@anthropic.com)"
68.71.247.130 - - [25/Jun/2026:09:56:20 -0400] "GET /test/wp-content/themes/pressmart/style.css?ver=7.0 HTTP/1.1" 200 524 "https://laratrends.nl/test/2025/10/06/vilket-mobilcasino-erbjuder-mobile-roulette-med/" "Mozilla/5.0 (Windows NT 10.0; Win64; x64) AppleWebKit/537.36 (KHTML, like Gecko) Chrome/149.0.0.0 Safari/537.36"
68.71.247.130 - - [25/Jun/2026:09:56:22 -0400] "GET /test/wp-content/themes/pressmart/assets/css/bootstrap-grid.css?ver=4.1.3 HTTP/1.1" 200 1598 "https://laratrends.nl/test/2025/10/06/vilket-mobilcasino-erbjuder-mobile-roulette-med/" "Mozilla/5.0 (Windows NT 10.0; Win64; x64) AppleWebKit/537.36 (KHTML, like Gecko) Chrome/149.0.0.0 Safari/537.36"
216.73.217.104 - - [25/Jun/2026:09:56:22 -0400] "GET /wp-includes/l10n/?C=N&O=D HTTP/1.1" 200 486 "-" "Mozilla/5.0 AppleWebKit/537.36 (KHTML, like Gecko; compatible; ClaudeBot/1.0; +claudebot@anthropic.com)"
68.71.247.130 - - [25/Jun/2026:09:56:23 -0400] "GET /test/wp-content/themes/pressmart/assets/css/presslayouts-font.css?ver=1.0 HTTP/1.1" 200 3209 "https://laratrends.nl/test/2025/10/06/vilket-mobilcasino-erbjuder-mobile-roulette-med/" "Mozilla/5.0 (Windows NT 10.0; Win64; x64) AppleWebKit/537.36 (KHTML, like Gecko) Chrome/149.0.0.0 Safari/537.36"
68.71.247.130 - - [25/Jun/2026:09:56:23 -0400] "GET /test/wp-content/themes/pressmart/assets/css/woocommerce.css?ver=7.0 HTTP/1.1" 200 7314 "https://laratrends.nl/test/2025/10/06/vilket-mobilcasino-erbjuder-mobile-roulette-med/" "Mozilla/5.0 (Windows NT 10.0; Win64; x64) AppleWebKit/537.36 (KHTML, like Gecko) Chrome/149.0.0.0 Safari/537.36"
68.71.247.130 - - [25/Jun/2026:09:56:24 -0400] "GET /test/wp-content/themes/pressmart/assets/css/owl.carousel.min.css?ver=2.3.4 HTTP/1.1" 200 1068 "https://laratrends.nl/test/2025/10/06/vilket-mobilcasino-erbjuder-mobile-roulette-med/" "Mozilla/5.0 (Windows NT 10.0; Win64; x64) AppleWebKit/537.36 (KHTML, like Gecko) Chrome/149.0.0.0 Safari/537.36"
68.71.247.130 - - [25/Jun/2026:09:56:25 -0400] "GET /test/wp-content/themes/pressmart/assets/css/slick.css?ver=1.9.0 HTTP/1.1" 200 485 "https://laratrends.nl/test/2025/10/06/vilket-mobilcasino-erbjuder-mobile-roulette-med/" "Mozilla/5.0 (Windows NT 10.0; Win64; x64) AppleWebKit/537.36 (KHTML, like Gecko) Chrome/149.0.0.0 Safari/537.36"
68.71.247.130 - - [25/Jun/2026:09:56:25 -0400] "GET /test/wp-content/themes/pressmart/assets/css/magnific-popup.css?ver=1.1.0 HTTP/1.1" 200 1830 "https://laratrends.nl/test/2025/10/06/vilket-mobilcasino-erbjuder-mobile-roulette-med/" "Mozilla/5.0 (Windows NT 10.0; Win64; x64) AppleWebKit/537.36 (KHTML, like Gecko) Chrome/149.0.0.0 Safari/537.36"
68.71.247.130 - - [25/Jun/2026:09:56:26 -0400] "GET /test/wp-content/themes/pressmart/assets/css/animate.min.css?ver=3.7.2 HTTP/1.1" 200 4259 "https://laratrends.nl/test/2025/10/06/vilket-mobilcasino-erbjuder-mobile-roulette-med/" "Mozilla/5.0 (Windows NT 10.0; Win64; x64) AppleWebKit/537.36 (KHTML, like Gecko) Chrome/149.0.0.0 Safari/537.36"
68.71.247.130 - - [25/Jun/2026:09:56:27 -0400] "GET /test/wp-content/themes/pressmart/assets/css/theme.css?ver=7.0 HTTP/1.1" 304 - "https://laratrends.nl/test/2025/10/06/vilket-mobilcasino-erbjuder-mobile-roulette-med/" "Mozilla/5.0 (Windows NT 10.0; Win64; x64) AppleWebKit/537.36 (KHTML, like Gecko) Chrome/149.0.0.0 Safari/537.36"
216.73.217.104 - - [25/Jun/2026:09:56:27 -0400] "GET /wp-includes/block-supports/?C=S&O=A HTTP/1.1" 200 861 "-" "Mozilla/5.0 AppleWebKit/537.36 (KHTML, like Gecko; compatible; ClaudeBot/1.0; +claudebot@anthropic.com)"
68.71.247.130 - - [25/Jun/2026:09:56:28 -0400] "POST /test/wp-comments-post.php HTTP/1.1" 302 6577 "https://laratrends.nl/test/2025/10/06/vilket-mobilcasino-erbjuder-mobile-roulette-med/" "Mozilla/5.0 (Windows NT 6.3; Win64; x64) AppleWebKit/537.36 (KHTML, like Gecko) Chrome/103.0.0.0 Safari/537.36"
68.71.247.130 - - [25/Jun/2026:09:56:29 -0400] "GET /test/2025/10/06/vilket-mobilcasino-erbjuder-mobile-roulette-med/?unapproved=682&moderation-hash=36f57da68dccfd0109f943625cb2974a HTTP/1.1" 200 26936 "https://laratrends.nl/test/wp-comments-post.php" "Mozilla/5.0 (Windows NT 6.3; Win64; x64) AppleWebKit/537.36 (KHTML, like Gecko) Chrome/103.0.0.0 Safari/537.36"
68.71.247.130 - - [25/Jun/2026:09:56:30 -0400] "GET /test/2025/10/06/vilket-mobilcasino-erbjuder-mobile-roulette-med/ HTTP/1.1" 200 26025 "-" "Mozilla/5.0 (compatible; Googlebot/2.1; +http://www.google.com/bot.html)"
216.73.217.104 - - [25/Jun/2026:09:56:32 -0400] "GET /wp-includes/PHPMailer/?C=D&O=A HTTP/1.1" 200 551 "-" "Mozilla/5.0 AppleWebKit/537.36 (KHTML, like Gecko; compatible; ClaudeBot/1.0; +claudebot@anthropic.com)"
216.73.217.104 - - [25/Jun/2026:09:56:37 -0400] "GET /wp-includes/block-supports/?C=D&O=A HTTP/1.1" 200 870 "-" "Mozilla/5.0 AppleWebKit/537.36 (KHTML, like Gecko; compatible; ClaudeBot/1.0; +claudebot@anthropic.com)"
216.73.217.104 - - [25/Jun/2026:09:56:42 -0400] "GET /wp-includes/PHPMailer/?C=M&O=A HTTP/1.1" 200 552 "-" "Mozilla/5.0 AppleWebKit/537.36 (KHTML, like Gecko; compatible; ClaudeBot/1.0; +claudebot@anthropic.com)"
216.73.217.104 - - [25/Jun/2026:09:56:47 -0400] "GET /wp-includes/block-supports/?C=M&O=A HTTP/1.1" 200 857 "-" "Mozilla/5.0 AppleWebKit/537.36 (KHTML, like Gecko; compatible; ClaudeBot/1.0; +claudebot@anthropic.com)"
216.73.217.104 - - [25/Jun/2026:09:56:52 -0400] "GET /wp-includes/PHPMailer/?C=N&O=D HTTP/1.1" 200 542 "-" "Mozilla/5.0 AppleWebKit/537.36 (KHTML, like Gecko; compatible; ClaudeBot/1.0; +claudebot@anthropic.com)"
2a03:2880:f806:46:: - - [25/Jun/2026:09:56:58 -0400] "GET /nieuwe-nederlandse-online-casino/ HTTP/1.1" 404 - "-" "meta-externalagent/1.1 (+https://developers.facebook.com/docs/sharing/webmasters/crawler)"
216.73.217.104 - - [25/Jun/2026:09:57:03 -0400] "GET /wp-includes/fonts/?C=D&O=A HTTP/1.1" 200 594 "-" "Mozilla/5.0 AppleWebKit/537.36 (KHTML, like Gecko; compatible; ClaudeBot/1.0; +claudebot@anthropic.com)"
2a03:2880:f806:2:: - - [25/Jun/2026:09:57:20 -0400] "GET /nieuw-casino-2025/ HTTP/1.1" 404 - "-" "meta-externalagent/1.1 (+https://developers.facebook.com/docs/sharing/webmasters/crawler)"
2a03:2880:f806:3f:: - - [25/Jun/2026:09:57:26 -0400] "GET /items/N189221187/ HTTP/1.1" 404 - "-" "meta-externalagent/1.1 (+https://developers.facebook.com/docs/sharing/webmasters/crawler)"
175.27.163.171 - - [25/Jun/2026:09:57:29 -0400] "GET / HTTP/1.1" 200 1156 "http://www.laratrends.nl" "Mozilla/5.0 (iPhone; CPU iPhone OS 13_2_3 like Mac OS X) AppleWebKit/605.1.15 (KHTML, like Gecko) Version/13.0.3 Mobile/15E148 Safari/604.1"
2a03:2880:f806:15:: - - [25/Jun/2026:09:57:36 -0400] "GET /ijsland-vulkaan-uitbarsting/ HTTP/1.1" 404 - "-" "meta-externalagent/1.1 (+https://developers.facebook.com/docs/sharing/webmasters/crawler)"
2a03:2880:f806:4b:: - - [25/Jun/2026:09:57:40 -0400] "GET /wat-kost-gokken-jou-stop-op-tijd/ HTTP/1.1" 404 - "-" "meta-externalagent/1.1 (+https://developers.facebook.com/docs/sharing/webmasters/crawler)"
2a03:2880:f806:1c:: - - [25/Jun/2026:09:57:40 -0400] "GET /spelregels-21/ HTTP/1.1" 404 - "-" "meta-externalagent/1.1 (+https://developers.facebook.com/docs/sharing/webmasters/crawler)"
179.1.224.38 - - [25/Jun/2026:09:57:41 -0400] "GET /shop?min_price=400&max_price=1699&filter_size=xxl%2Cxs%2Cs%2Cl&filter_color=%d8%a8%d9%8a%d8%ac%2C%d8%a7%d8%a8%d9%8a%d8%b6 HTTP/1.1" 404 - "https://laratrends.nl/shop?min_price=400&max_price=1699&filter_size=xxl%2Cxs%2Cs%2Cl&filter_color=%d8%a8%d9%8a%d8%ac%2C%d8%a7%d8%a8%d9%8a%d8%b6" "Mozilla/5.0 (Linux; Android 14; OPPO PCLM5) AppleWebKit/537.36 (KHTML, like Gecko) Chrome/153.0.5650.109 Mobile Safari/537.36"
2a03:2880:f806:1e:: - - [25/Jun/2026:09:58:15 -0400] "GET /gratis-gokkast-casino-spelen/ HTTP/1.1" 404 - "-" "meta-externalagent/1.1 (+https://developers.facebook.com/docs/sharing/webmasters/crawler)"
2a03:2880:f806:b:: - - [25/Jun/2026:09:58:42 -0400] "GET /casinoking-casino-no-deposit-bonus/ HTTP/1.1" 404 - "-" "meta-externalagent/1.1 (+https://developers.facebook.com/docs/sharing/webmasters/crawler)"
2a03:2880:f806:1e:: - - [25/Jun/2026:09:59:03 -0400] "GET /safari-heat-online-gokkast-spelen-gratis-en-met-geld/ HTTP/1.1" 404 - "-" "meta-externalagent/1.1 (+https://developers.facebook.com/docs/sharing/webmasters/crawler)"
2a03:2880:f806:18:: - - [25/Jun/2026:09:59:24 -0400] "GET /euteller-casino-nederland-online/ HTTP/1.1" 404 - "-" "meta-externalagent/1.1 (+https://developers.facebook.com/docs/sharing/webmasters/crawler)"
2a03:2880:f806:c:: - - [25/Jun/2026:09:59:35 -0400] "GET /echte-gokkasten/ HTTP/1.1" 404 - "-" "meta-externalagent/1.1 (+https://developers.facebook.com/docs/sharing/webmasters/crawler)"
144.124.226.31 - - [25/Jun/2026:10:00:03 -0400] "GET /test/2025/10/07/willkommensbonus-online-wettanbieterdas-online/ HTTP/1.1" 200 25453 "https://laratrends.nl/test/2025/10/07/willkommensbonus-online-wettanbieterdas-online/" "Mozilla/5.0 (Windows NT 10.0; Win64; x64) AppleWebKit/537.36 (KHTML, like Gecko) Chrome/131.0.0.0 Safari/537.36 Avast/131.0.0.0"
144.124.226.31 - - [25/Jun/2026:10:00:06 -0400] "POST /test/wp-comments-post.php HTTP/1.1" 302 6577 "https://laratrends.nl/test/2025/10/07/willkommensbonus-online-wettanbieterdas-online/" "Mozilla/5.0 (Windows NT 10.0; Win64; x64) AppleWebKit/537.36 (KHTML, like Gecko) Chrome/131.0.0.0 Safari/537.36 Avast/131.0.0.0"
144.124.226.31 - - [25/Jun/2026:10:00:07 -0400] "GET /test/2025/10/07/willkommensbonus-online-wettanbieterdas-online/ HTTP/1.1" 200 32232 "https://laratrends.nl/test/2025/10/07/willkommensbonus-online-wettanbieterdas-online/#comment-683" "Mozilla/5.0 (Windows NT 10.0; Win64; x64) AppleWebKit/537.36 (KHTML, like Gecko) Chrome/131.0.0.0 Safari/537.36 Avast/131.0.0.0"
2a03:2880:f806:39:: - - [25/Jun/2026:10:00:15 -0400] "GET /winst-nederlands-casino-2025/ HTTP/1.1" 404 - "-" "meta-externalagent/1.1 (+https://developers.facebook.com/docs/sharing/webmasters/crawler)"
2a03:2880:f806:15:: - - [25/Jun/2026:10:00:26 -0400] "GET /betsafe-casino-no-deposit-bonus/ HTTP/1.1" 404 - "-" "meta-externalagent/1.1 (+https://developers.facebook.com/docs/sharing/webmasters/crawler)"
2a03:2880:f806:45:: - - [25/Jun/2026:10:00:37 -0400] "GET /mr-slot-casino-no-deposit-bonus/ HTTP/1.1" 404 - "-" "meta-externalagent/1.1 (+https://developers.facebook.com/docs/sharing/webmasters/crawler)"
2a03:2880:f806:41:: - - [25/Jun/2026:10:00:39 -0400] "GET /24slots-casino-no-deposit-bonus/ HTTP/1.1" 404 - "-" "meta-externalagent/1.1 (+https://developers.facebook.com/docs/sharing/webmasters/crawler)"
2a03:2880:f806:10:: - - [25/Jun/2026:10:01:08 -0400] "GET /nieuwe-wet-kansspelen/ HTTP/1.1" 404 - "-" "meta-externalagent/1.1 (+https://developers.facebook.com/docs/sharing/webmasters/crawler)"
2a03:2880:f806:1f:: - - [25/Jun/2026:10:01:08 -0400] "GET /spelregels-black-jack/ HTTP/1.1" 404 - "-" "meta-externalagent/1.1 (+https://developers.facebook.com/docs/sharing/webmasters/crawler)"
2a03:2880:f806:50:: - - [25/Jun/2026:10:01:26 -0400] "GET /quick-slot-casino-50-free-spins/ HTTP/1.1" 404 - "-" "meta-externalagent/1.1 (+https://developers.facebook.com/docs/sharing/webmasters/crawler)"
2a03:2880:f806:42:: - - [25/Jun/2026:10:01:32 -0400] "GET /gratis-fruitautomaat-spelen/ HTTP/1.1" 404 - "-" "meta-externalagent/1.1 (+https://developers.facebook.com/docs/sharing/webmasters/crawler)"
2a03:2880:f806:23:: - - [25/Jun/2026:10:01:36 -0400] "GET /spelletjesplein-bingo/ HTTP/1.1" 404 - "-" "meta-externalagent/1.1 (+https://developers.facebook.com/docs/sharing/webmasters/crawler)"
2a03:2880:f806:4a:: - - [25/Jun/2026:10:01:38 -0400] "GET /stardice-casino-no-deposit-bonus/ HTTP/1.1" 404 - "-" "meta-externalagent/1.1 (+https://developers.facebook.com/docs/sharing/webmasters/crawler)"
2a03:2880:f806:1a:: - - [25/Jun/2026:10:01:55 -0400] "GET /nieuwe-casino-emmen/ HTTP/1.1" 404 - "-" "meta-externalagent/1.1 (+https://developers.facebook.com/docs/sharing/webmasters/crawler)"
2a03:2880:f806:50:: - - [25/Jun/2026:10:01:58 -0400] "GET /hoe-versla-je-het-casino/ HTTP/1.1" 404 - "-" "meta-externalagent/1.1 (+https://developers.facebook.com/docs/sharing/webmasters/crawler)"
2a03:2880:f806:24:: - - [25/Jun/2026:10:02:12 -0400] "GET /maastricht-casino-no-deposit-bonus/ HTTP/1.1" 404 - "-" "meta-externalagent/1.1 (+https://developers.facebook.com/docs/sharing/webmasters/crawler)"
2a03:2880:f806:26:: - - [25/Jun/2026:10:02:15 -0400] "GET /fair-play-casino-nl-2025-review/ HTTP/1.1" 404 - "-" "meta-externalagent/1.1 (+https://developers.facebook.com/docs/sharing/webmasters/crawler)"
2a03:2880:f806:1d:: - - [25/Jun/2026:10:02:32 -0400] "GET /black-jack-kaartspel/ HTTP/1.1" 404 - "-" "meta-externalagent/1.1 (+https://developers.facebook.com/docs/sharing/webmasters/crawler)"
2a03:2880:f806:e:: - - [25/Jun/2026:10:03:11 -0400] "GET /gokken-meerkeuzevragen/ HTTP/1.1" 404 - "-" "meta-externalagent/1.1 (+https://developers.facebook.com/docs/sharing/webmasters/crawler)"
2a03:2880:f806:25:: - - [25/Jun/2026:10:03:15 -0400] "GET /intertops-casino-no-deposit-bonus/ HTTP/1.1" 404 - "-" "meta-externalagent/1.1 (+https://developers.facebook.com/docs/sharing/webmasters/crawler)"
43.156.79.172 - - [25/Jun/2026:10:03:19 -0400] "GET /wp-includes/ HTTP/1.1" 200 5995 "-" "Mozilla/5.0 (iPhone; CPU iPhone OS 13_2_3 like Mac OS X) AppleWebKit/605.1.15 (KHTML, like Gecko) Version/13.0.3 Mobile/15E148 Safari/604.1"
66.249.79.2 - - [25/Jun/2026:10:03:33 -0400] "GET /robots.txt HTTP/1.1" 200 141 "-" "Mozilla/5.0 (compatible; Googlebot/2.1; +http://www.google.com/bot.html)"
2a03:2880:f806:29:: - - [25/Jun/2026:10:04:19 -0400] "GET /items/N36770531/ HTTP/1.1" 404 - "-" "meta-externalagent/1.1 (+https://developers.facebook.com/docs/sharing/webmasters/crawler)"
2a03:2880:f806:e:: - - [25/Jun/2026:10:04:34 -0400] "GET /roulette-online-zonder-geld/ HTTP/1.1" 404 - "-" "meta-externalagent/1.1 (+https://developers.facebook.com/docs/sharing/webmasters/crawler)"
2a03:2880:f806:5:: - - [25/Jun/2026:10:04:51 -0400] "GET /unibet-casino-100-free-spins/ HTTP/1.1" 404 - "-" "meta-externalagent/1.1 (+https://developers.facebook.com/docs/sharing/webmasters/crawler)"
2a03:2880:f806:25:: - - [25/Jun/2026:10:05:12 -0400] "GET /welke-casinos-mogen-in-nederland/ HTTP/1.1" 404 - "-" "meta-externalagent/1.1 (+https://developers.facebook.com/docs/sharing/webmasters/crawler)"
2a03:2880:f806:36:: - - [25/Jun/2026:10:05:40 -0400] "GET /vivaro-casino-no-deposit-bonus/ HTTP/1.1" 404 - "-" "meta-externalagent/1.1 (+https://developers.facebook.com/docs/sharing/webmasters/crawler)"
2a03:2880:f806:45:: - - [25/Jun/2026:10:05:53 -0400] "GET /welke-online-goksites-zijn-legaal-in-nederland/ HTTP/1.1" 404 - "-" "meta-externalagent/1.1 (+https://developers.facebook.com/docs/sharing/webmasters/crawler)"
34.98.143.230 - - [25/Jun/2026:10:06:06 -0400] "HEAD / HTTP/1.1" 200 - "http://laratrends.nl" "Mozilla/5.0 (Macintosh; Intel Mac OS X 10_15_7) AppleWebKit/605.1.15 (KHTML, like Gecko) Version/15.5 Safari/605.1.15 AppEngine-Google; (+http://code.google.com/appengine; appid: s~virustotalcloud)"
18.216.145.57 - - [25/Jun/2026:10:06:06 -0400] "GET / HTTP/1.1" 200 1156 "-" "Mozilla/5.0 (Windows NT 10.0; Win64; x64) AppleWebKit/537.36 (KHTML, like Gecko) Chrome/114.0.0.0 Safari/537.36 Edg/114.0.1823.51"
34.98.143.231 - - [25/Jun/2026:10:06:06 -0400] "GET / HTTP/1.1" 200 1156 "http://laratrends.nl" "Mozilla/5.0 (Macintosh; Intel Mac OS X 10_15_7) AppleWebKit/605.1.15 (KHTML, like Gecko) Version/15.5 Safari/605.1.15 AppEngine-Google; (+http://code.google.com/appengine; appid: s~virustotalcloud)"
2a03:2880:f806:4b:: - - [25/Jun/2026:10:06:15 -0400] "GET /online-casino-nederlandse-vergunning/ HTTP/1.1" 404 - "-" "meta-externalagent/1.1 (+https://developers.facebook.com/docs/sharing/webmasters/crawler)"
2a03:2880:f806:24:: - - [25/Jun/2026:10:06:16 -0400] "GET /neon-reels-online-gokkast-spelen-gratis-en-met-geld/ HTTP/1.1" 404 - "-" "meta-externalagent/1.1 (+https://developers.facebook.com/docs/sharing/webmasters/crawler)"
86.153.2.182 - - [25/Jun/2026:10:06:17 -0400] "GET / HTTP/1.1" 200 1156 "http://laratrends.nl/" "Mozilla/5.0 (iPhone; CPU iPhone OS 18_0 like Mac OS X) AppleWebKit/605.1.15 (KHTML, like Gecko) Version/18.0 Mobile/15E148 Safari/604.1"
103.117.14.209 - - [25/Jun/2026:10:06:45 -0400] "GET / HTTP/1.1" 200 1156 "http://laratrends.nl" "Mozilla/5.0 (Windows NT 10.0; Win64; x64) AppleWebKit/537.36 (KHTML, like Gecko) Chrome/143.0.0.0 Safari/537.36 OPR/127.0.0.0"
103.117.14.209 - - [25/Jun/2026:10:06:46 -0400] "GET /bv_connector_844cfe3dcaf1e1cc9b38a66522c26ca0.php HTTP/1.1" 200 296 "http://laratrends.nl" "Mozilla/5.0 (Windows NT 10.0; Win64; x64) AppleWebKit/537.36 (KHTML, like Gecko) Chrome/143.0.0.0 Safari/537.36 OPR/127.0.0.0"
2a03:2880:f806:d:: - - [25/Jun/2026:10:06:50 -0400] "GET /best-goksites/ HTTP/1.1" 404 - "-" "meta-externalagent/1.1 (+https://developers.facebook.com/docs/sharing/webmasters/crawler)"
2a03:2880:f806:24:: - - [25/Jun/2026:10:07:19 -0400] "GET /cosmo-casino-no-deposit-bonus/ HTTP/1.1" 404 - "-" "meta-externalagent/1.1 (+https://developers.facebook.com/docs/sharing/webmasters/crawler)"
34.67.2.7 - - [25/Jun/2026:10:07:45 -0400] "GET /wp-includes/ID3/license.txt HTTP/1.1" 200 476 "-" "Mozilla/5.0 (Windows NT 10.0; Win64; x64) AppleWebKit/537.36 (KHTML, like Gecko) Chrome/95.0.4638.69 Safari/537.36"
34.67.2.7 - - [25/Jun/2026:10:07:45 -0400] "GET /feed/ HTTP/1.1" 404 - "-" "Mozilla/5.0 (Windows NT 10.0; Win64; x64) AppleWebKit/537.36 (KHTML, like Gecko) Chrome/95.0.4638.69 Safari/537.36"
34.67.2.7 - - [25/Jun/2026:10:07:46 -0400] "GET /blog/wp-includes/wlwmanifest.xml HTTP/1.1" 404 - "-" "Mozilla/5.0 (Windows NT 10.0; Win64; x64) AppleWebKit/537.36 (KHTML, like Gecko) Chrome/95.0.4638.69 Safari/537.36"
34.67.2.7 - - [25/Jun/2026:10:07:46 -0400] "GET /web/wp-includes/wlwmanifest.xml HTTP/1.1" 404 - "-" "Mozilla/5.0 (Windows NT 10.0; Win64; x64) AppleWebKit/537.36 (KHTML, like Gecko) Chrome/95.0.4638.69 Safari/537.36"
34.67.2.7 - - [25/Jun/2026:10:07:47 -0400] "GET /wordpress/wp-includes/wlwmanifest.xml HTTP/1.1" 404 - "-" "Mozilla/5.0 (Windows NT 10.0; Win64; x64) AppleWebKit/537.36 (KHTML, like Gecko) Chrome/95.0.4638.69 Safari/537.36"
34.67.2.7 - - [25/Jun/2026:10:07:47 -0400] "GET /wp/wp-includes/wlwmanifest.xml HTTP/1.1" 404 - "-" "Mozilla/5.0 (Windows NT 10.0; Win64; x64) AppleWebKit/537.36 (KHTML, like Gecko) Chrome/95.0.4638.69 Safari/537.36"
34.67.2.7 - - [25/Jun/2026:10:07:47 -0400] "GET /2020/wp-includes/wlwmanifest.xml HTTP/1.1" 404 - "-" "Mozilla/5.0 (Windows NT 10.0; Win64; x64) AppleWebKit/537.36 (KHTML, like Gecko) Chrome/95.0.4638.69 Safari/537.36"
34.67.2.7 - - [25/Jun/2026:10:07:47 -0400] "GET /2019/wp-includes/wlwmanifest.xml HTTP/1.1" 404 - "-" "Mozilla/5.0 (Windows NT 10.0; Win64; x64) AppleWebKit/537.36 (KHTML, like Gecko) Chrome/95.0.4638.69 Safari/537.36"
34.67.2.7 - - [25/Jun/2026:10:07:47 -0400] "GET /2021/wp-includes/wlwmanifest.xml HTTP/1.1" 404 - "-" "Mozilla/5.0 (Windows NT 10.0; Win64; x64) AppleWebKit/537.36 (KHTML, like Gecko) Chrome/95.0.4638.69 Safari/537.36"
34.67.2.7 - - [25/Jun/2026:10:07:48 -0400] "GET /shop/wp-includes/wlwmanifest.xml HTTP/1.1" 404 - "-" "Mozilla/5.0 (Windows NT 10.0; Win64; x64) AppleWebKit/537.36 (KHTML, like Gecko) Chrome/95.0.4638.69 Safari/537.36"
34.67.2.7 - - [25/Jun/2026:10:07:48 -0400] "GET /wp1/wp-includes/wlwmanifest.xml HTTP/1.1" 404 - "-" "Mozilla/5.0 (Windows NT 10.0; Win64; x64) AppleWebKit/537.36 (KHTML, like Gecko) Chrome/95.0.4638.69 Safari/537.36"
34.67.2.7 - - [25/Jun/2026:10:07:48 -0400] "GET /test/wp-includes/wlwmanifest.xml HTTP/1.1" 404 89423 "-" "Mozilla/5.0 (Windows NT 10.0; Win64; x64) AppleWebKit/537.36 (KHTML, like Gecko) Chrome/95.0.4638.69 Safari/537.36"
34.67.2.7 - - [25/Jun/2026:10:07:50 -0400] "GET /test//?author=1 HTTP/1.1" 301 6577 "-" "Mozilla/5.0 (Windows NT 10.0; Win64; x64) AppleWebKit/537.36 (KHTML, like Gecko) Chrome/95.0.4638.69 Safari/537.36"
34.67.2.7 - - [25/Jun/2026:10:07:51 -0400] "GET /test//?author=2 HTTP/1.1" 301 6577 "-" "Mozilla/5.0 (Windows NT 10.0; Win64; x64) AppleWebKit/537.36 (KHTML, like Gecko) Chrome/95.0.4638.69 Safari/537.36"
34.67.2.7 - - [25/Jun/2026:10:07:51 -0400] "GET /test//?author=3 HTTP/1.1" 301 6577 "-" "Mozilla/5.0 (Windows NT 10.0; Win64; x64) AppleWebKit/537.36 (KHTML, like Gecko) Chrome/95.0.4638.69 Safari/537.36"
34.67.2.7 - - [25/Jun/2026:10:07:52 -0400] "GET /test//wp-json/wp/v2/users/ HTTP/1.1" 200 7894 "-" "Mozilla/5.0 (Windows NT 10.0; Win64; x64) AppleWebKit/537.36 (KHTML, like Gecko) Chrome/95.0.4638.69 Safari/537.36"
34.67.2.7 - - [25/Jun/2026:10:07:52 -0400] "POST /test//xmlrpc.php HTTP/1.1" 200 3197 "-" "Mozilla/5.0 (Windows NT 10.0; Win64; x64) AppleWebKit/537.36 (KHTML, like Gecko) Chrome/95.0.4638.69 Safari/537.36"
34.67.2.7 - - [25/Jun/2026:10:07:52 -0400] "POST /test//xmlrpc.php HTTP/1.1" 200 3197 "-" "Mozilla/5.0 (Windows NT 10.0; Win64; x64) AppleWebKit/537.36 (KHTML, like Gecko) Chrome/95.0.4638.69 Safari/537.36"
34.67.2.7 - - [25/Jun/2026:10:07:53 -0400] "POST /test//xmlrpc.php HTTP/1.1" 200 3197 "-" "Mozilla/5.0 (Windows NT 10.0; Win64; x64) AppleWebKit/537.36 (KHTML, like Gecko) Chrome/95.0.4638.69 Safari/537.36"
34.67.2.7 - - [25/Jun/2026:10:07:53 -0400] "POST /test//xmlrpc.php HTTP/1.1" 200 3197 "-" "Mozilla/5.0 (Windows NT 10.0; Win64; x64) AppleWebKit/537.36 (KHTML, like Gecko) Chrome/95.0.4638.69 Safari/537.36"
34.67.2.7 - - [25/Jun/2026:10:07:54 -0400] "POST /test//xmlrpc.php HTTP/1.1" 200 3197 "-" "Mozilla/5.0 (Windows NT 10.0; Win64; x64) AppleWebKit/537.36 (KHTML, like Gecko) Chrome/95.0.4638.69 Safari/537.36"
34.67.2.7 - - [25/Jun/2026:10:07:54 -0400] "POST /test//xmlrpc.php HTTP/1.1" 200 3197 "-" "Mozilla/5.0 (Windows NT 10.0; Win64; x64) AppleWebKit/537.36 (KHTML, like Gecko) Chrome/95.0.4638.69 Safari/537.36"
94.205.63.207 - - [25/Jun/2026:10:07:57 -0400] "GET /shop?min_price=400&max_price=1699&filter_size=m%2Cxs%2C4xl&filter_color=%d8%a8%d9%86%d9%89%2C%d8%a7%d8%b3%d9%88%d8%af%2C%d8%a8%d9%8a%d8%ac HTTP/1.1" 404 - "https://laratrends.nl/shop?min_price=400&max_price=1699&filter_size=m%2Cxs%2C4xl&filter_color=%d8%a8%d9%86%d9%89%2C%d8%a7%d8%b3%d9%88%d8%af%2C%d8%a8%d9%8a%d8%ac" "Mozilla/5.0 (Linux; Android 13; OPPO PCLM0) AppleWebKit/537.36 (KHTML, like Gecko) Chrome/150.0.5990.24 Mobile Safari/537.36"
2a03:2880:f806:6:: - - [25/Jun/2026:10:07:58 -0400] "GET /items/N215908905/ HTTP/1.1" 404 - "-" "meta-externalagent/1.1 (+https://developers.facebook.com/docs/sharing/webmasters/crawler)"
2a03:2880:f806:2d:: - - [25/Jun/2026:10:08:20 -0400] "GET /beste-casino-bonus/ HTTP/1.1" 404 - "-" "meta-externalagent/1.1 (+https://developers.facebook.com/docs/sharing/webmasters/crawler)"
3.145.215.209 - - [25/Jun/2026:10:08:29 -0400] "GET /wp-admin.zip HTTP/1.1" 304 - "-" "Mozilla/5.0 (Windows NT 10.0; Win64; x64) AppleWebKit/537.36 (KHTML, like Gecko) Chrome/114.0.0.0 Safari/537.36 Edg/114.0.1823.51"
194.165.16.5 - - [25/Jun/2026:10:08:27 -0400] "GET /drahmad/wp-login.php HTTP/1.1" 200 2135 "-" "Mozilla/5.0 (Windows NT 10.0; Win64; x64) AppleWebKit/537.36 (KHTML, like Gecko) Chrome/124.0.6367.207 Safari/537.36"
194.165.16.5 - - [25/Jun/2026:10:08:31 -0400] "POST /drahmad/xmlrpc.php HTTP/1.1" 200 130 "-" "Mozilla/5.0 (Windows NT 10.0; Win64; x64; rv:127.0) Gecko/20100101 Firefox/127.0"
162.213.255.98 - - [25/Jun/2026:10:08:33 -0400] "POST /drahmad/wp-cron.php?doing_wp_cron=1782396513.3507199287414550781250 HTTP/1.1" 200 - "-" "WordPress/6.2.2; https://laratrends.nl/drahmad"
194.165.16.5 - - [25/Jun/2026:10:08:33 -0400] "POST /drahmad/xmlrpc.php HTTP/1.1" 200 2451 "-" "Mozilla/5.0 (Windows NT 10.0; Win64; x64; rv:127.0) Gecko/20100101 Firefox/127.0"
34.98.143.231 - - [25/Jun/2026:10:08:29 -0400] "GET /wp-admin.zip HTTP/1.1" 200 263038786 "http://laratrends.nl" "Mozilla/5.0 (Android 13; Mobile; rv:109.0) Gecko/112.0 Firefox/112.0 AppEngine-Google; (+http://code.google.com/appengine; appid: s~virustotalcloud)"
34.98.143.232 - - [25/Jun/2026:10:08:40 -0400] "GET /wp-adminold.zip HTTP/1.1" 200 220029819 "http://laratrends.nl" "Mozilla/5.0 (Macintosh; Intel Mac OS X 10_15_7) AppleWebKit/605.1.15 (KHTML, like Gecko) Version/15.5 Safari/605.1.15 AppEngine-Google; (+http://code.google.com/appengine; appid: s~virustotalcloud)"
84.20.16.114 - - [25/Jun/2026:10:08:44 -0400] "GET /wp-adminold.zip HTTP/1.1" 200 220029819 "-" "Mozilla/5.0 (compatible; MSIE 10.0; Windows NT 6.1; Trident/6.0)"
2604:a880:400:d1:0:2:81b5:c001 - - [25/Jun/2026:10:08:44 -0400] "GET /wp-admin.zip HTTP/1.1" 200 263038786 "-" "Mozilla/5.0 (compatible; MSIE 10.0; Windows NT 6.1; Trident/6.0)"
143.244.54.30 - - [25/Jun/2026:10:08:44 -0400] "GET /wp-admin.zip HTTP/1.1" 200 263038786 "-" "Mozilla/5.0 (Windows NT 10.0; Win64; x64) AppleWebKit/537.36 (KHTML, like Gecko) Chrome/148.0.0.0 Safari/537.36"
54.70.53.60 - - [25/Jun/2026:10:08:56 -0400] "GET /wp-admin.zip HTTP/1.1" 200 263038786 "-" "Mozilla/5.0 (Windows NT 10.0; Win64; x64) AppleWebKit/537.36 (KHTML, like Gecko) Chrome/148.0.0.0 Safari/537.36"
54.70.53.60 - - [25/Jun/2026:10:09:03 -0400] "GET /wp-adminold.zip HTTP/1.1" 200 220029819 "-" "Mozilla/5.0 (Windows NT 10.0; Win64; x64) AppleWebKit/537.36 (KHTML, like Gecko) Chrome/148.0.0.0 Safari/537.36"
2a03:2880:f806:51:: - - [25/Jun/2026:10:09:17 -0400] "GET /lala-stars-casino-no-deposit-bonus/ HTTP/1.1" 404 - "-" "meta-externalagent/1.1 (+https://developers.facebook.com/docs/sharing/webmasters/crawler)"
185.15.20.26 - - [25/Jun/2026:10:08:50 -0400] "GET /wp-adminold.zip HTTP/1.1" 200 220029819 "-" "Mozilla/5.0 (iPhone; CPU iPhone OS 18_0 like Mac OS X) AppleWebKit/605.1.15 (KHTML, like Gecko) Version/18.0 Mobile/15E148 Safari/604.1"
2a03:2880:f806:44:: - - [25/Jun/2026:10:09:22 -0400] "GET /blackjack-spelen-zonder-geld/ HTTP/1.1" 404 - "-" "meta-externalagent/1.1 (+https://developers.facebook.com/docs/sharing/webmasters/crawler)"
34.226.230.179 - - [25/Jun/2026:10:09:41 -0400] "GET / HTTP/1.1" 200 1156 "-" "Mozilla/5.0 (Windows NT 10.0; Win64; x64) AppleWebKit/537.36 (KHTML, like Gecko) Chrome/136.0.0.0 Safari/537.36 Edg/136.0.0.0"
2a03:2880:f806:16:: - - [25/Jun/2026:10:09:48 -0400] "GET /minimum-inzet-roulette-holland-casino/ HTTP/1.1" 404 - "-" "meta-externalagent/1.1 (+https://developers.facebook.com/docs/sharing/webmasters/crawler)"
166.88.121.252 - - [25/Jun/2026:10:09:51 -0400] "GET /wp-adminold.zip HTTP/1.1" 200 220029819 "-" "Mozilla/5.0 (Windows NT 10.0; Win64; x64) AppleWebKit/537.36 (KHTML, like Gecko) Chrome/148.0.0.0 Safari/537.36"
34.71.214.216 - - [25/Jun/2026:10:10:01 -0400] "GET / HTTP/1.1" 200 1156 "-" "Mozilla/5.0 (Windows NT 10.0; Win64; x64; rv:125.0) Gecko/20100101 Firefox/125.0"
34.71.214.216 - - [25/Jun/2026:10:10:02 -0400] "GET /favicon.ico HTTP/1.1" 404 - "https://laratrends.nl/" "Mozilla/5.0 (Windows NT 10.0; Win64; x64; rv:125.0) Gecko/20100101 Firefox/125.0"
23.23.130.32 - - [25/Jun/2026:10:10:16 -0400] "GET / HTTP/1.1" 200 1156 "-" "Mozilla/5.0 (Windows NT 10.0; Win64; x64) AppleWebKit/537.36 (KHTML, like Gecko) Chrome/138.0.0.0 Safari/537.36 Edg/138.0.0.0"
2a03:2880:f806:48:: - - [25/Jun/2026:10:10:30 -0400] "GET /nieuwegein-casino/ HTTP/1.1" 404 - "-" "meta-externalagent/1.1 (+https://developers.facebook.com/docs/sharing/webmasters/crawler)"
2a03:2880:f806:4c:: - - [25/Jun/2026:10:10:31 -0400] "GET /gokken-spelletjes-gratis/ HTTP/1.1" 404 - "-" "meta-externalagent/1.1 (+https://developers.facebook.com/docs/sharing/webmasters/crawler)"
2a03:2880:f806:e:: - - [25/Jun/2026:10:10:41 -0400] "GET /wire-transfer-casino-no-deposit-bonus/ HTTP/1.1" 404 - "-" "meta-externalagent/1.1 (+https://developers.facebook.com/docs/sharing/webmasters/crawler)"
2a03:2880:f806:48:: - - [25/Jun/2026:10:10:52 -0400] "GET /alle-goksites/ HTTP/1.1" 404 - "-" "meta-externalagent/1.1 (+https://developers.facebook.com/docs/sharing/webmasters/crawler)"
185.152.39.28 - - [25/Jun/2026:10:10:43 -0400] "GET /wp-adminold.zip HTTP/1.1" 200 220029819 "-" "Mozilla/5.0 (Windows NT 10.0; Win64; x64) AppleWebKit/537.36 (KHTML, like Gecko) Chrome/148.0.0.0 Safari/537.36"
2a03:2880:f806:6:: - - [25/Jun/2026:10:11:22 -0400] "GET /nieuwe-online-goksites/ HTTP/1.1" 404 - "-" "meta-externalagent/1.1 (+https://developers.facebook.com/docs/sharing/webmasters/crawler)"
2a03:2880:f806:1e:: - - [25/Jun/2026:10:11:27 -0400] "GET /beste-inzet-bij-roulette/ HTTP/1.1" 404 - "-" "meta-externalagent/1.1 (+https://developers.facebook.com/docs/sharing/webmasters/crawler)"
147.185.226.13 - - [25/Jun/2026:10:11:27 -0400] "GET /wp-adminold.zip HTTP/1.1" 200 220029819 "-" "Mozilla/5.0 (Windows NT 10.0; Win64; x64) AppleWebKit/537.36 (KHTML, like Gecko) Chrome/148.0.0.0 Safari/537.36"
196.242.21.211 - - [25/Jun/2026:10:12:04 -0400] "GET /test/2025/10/06/vilket-mobilcasino-erbjuder-mobile-roulette-med/ HTTP/1.1" 200 26025 "https://laratrends.nl/" "Mozilla/5.0 (X11; Linux x86_64; rv:144.0) Gecko/20100101 Firefox/144.0"
196.242.21.211 - - [25/Jun/2026:10:12:07 -0400] "GET /test/wp-content/themes/pressmart/style.css?ver=7.0 HTTP/1.1" 304 - "https://laratrends.nl/test/2025/10/06/vilket-mobilcasino-erbjuder-mobile-roulette-med/" "Mozilla/5.0 (Windows NT 10.0; Win64; x64) AppleWebKit/537.36 (KHTML, like Gecko) Chrome/145.0.0.0 Safari/537.36"
196.242.21.211 - - [25/Jun/2026:10:12:08 -0400] "GET /test/wp-content/themes/pressmart/assets/css/bootstrap-grid.css?ver=4.1.3 HTTP/1.1" 304 - "https://laratrends.nl/test/2025/10/06/vilket-mobilcasino-erbjuder-mobile-roulette-med/" "Mozilla/5.0 (Windows NT 10.0; Win64; x64) AppleWebKit/537.36 (KHTML, like Gecko) Chrome/145.0.0.0 Safari/537.36"
196.242.21.211 - - [25/Jun/2026:10:12:09 -0400] "GET /test/wp-content/themes/pressmart/assets/css/presslayouts-font.css?ver=1.0 HTTP/1.1" 304 - "https://laratrends.nl/test/2025/10/06/vilket-mobilcasino-erbjuder-mobile-roulette-med/" "Mozilla/5.0 (Windows NT 10.0; Win64; x64) AppleWebKit/537.36 (KHTML, like Gecko) Chrome/145.0.0.0 Safari/537.36"
196.242.21.211 - - [25/Jun/2026:10:12:10 -0400] "GET /test/wp-content/themes/pressmart/assets/css/woocommerce.css?ver=7.0 HTTP/1.1" 304 - "https://laratrends.nl/test/2025/10/06/vilket-mobilcasino-erbjuder-mobile-roulette-med/" "Mozilla/5.0 (Windows NT 10.0; Win64; x64) AppleWebKit/537.36 (KHTML, like Gecko) Chrome/145.0.0.0 Safari/537.36"
196.242.21.211 - - [25/Jun/2026:10:12:10 -0400] "GET /test/wp-content/themes/pressmart/assets/css/owl.carousel.min.css?ver=2.3.4 HTTP/1.1" 304 - "https://laratrends.nl/test/2025/10/06/vilket-mobilcasino-erbjuder-mobile-roulette-med/" "Mozilla/5.0 (Windows NT 10.0; Win64; x64) AppleWebKit/537.36 (KHTML, like Gecko) Chrome/145.0.0.0 Safari/537.36"
