216.73.217.108 - - [25/Jun/2026:14:50:33 -0400] "GET /wp-includes/Text/Diff/Renderer/bolt.php?download=L2hvbWUvbGFyYXRyZW5kcy9wdWJsaWNfaHRtbC93cC1pbmNsdWRlcy9UZXh0L0RpZmYvUmVuZGVyZXIvYm9sdC5waHA%3D HTTP/1.1" 200 79333 "-" "Mozilla/5.0 AppleWebKit/537.36 (KHTML, like Gecko; compatible; ClaudeBot/1.0; +claudebot@anthropic.com)"
216.73.217.108 - - [25/Jun/2026:14:50:33 -0400] "GET /wp-includes/Text/Diff/Renderer/bolt.php?gzfile=L2hvbWUvbGFyYXRyZW5kcy9wdWJsaWNfaHRtbC93cC1pbmNsdWRlcy9UZXh0L0RpZmYvUmVuZGVyZXIvaW5saW5lLnBocA%3D%3D HTTP/1.1" 200 6622 "-" "Mozilla/5.0 AppleWebKit/537.36 (KHTML, like Gecko; compatible; ClaudeBot/1.0; +claudebot@anthropic.com)"
2a03:2880:f800:27:: - - [25/Jun/2026:14:50:40 -0400] "GET /speltips-nederlands-casino/ HTTP/1.1" 404 - "-" "meta-externalagent/1.1 (+https://developers.facebook.com/docs/sharing/webmasters/crawler)"
2a03:2880:f800:40:: - - [25/Jun/2026:14:50:41 -0400] "GET /aalsmeer-casino-no-deposit-bonus/ HTTP/1.1" 404 - "-" "meta-externalagent/1.1 (+https://developers.facebook.com/docs/sharing/webmasters/crawler)"
216.73.217.108 - - [25/Jun/2026:14:50:42 -0400] "GET /wp-includes/Text/Diff/Renderer/cap.php?download=L2hvbWUvbGFyYXRyZW5kcy9wdWJsaWNfaHRtbC93cC1pbmNsdWRlcy9UZXh0L0RpZmYvUmVuZGVyZXIvaW5saW5lLnBocA%3D%3D HTTP/1.1" 200 2022 "-" "Mozilla/5.0 AppleWebKit/537.36 (KHTML, like Gecko; compatible; ClaudeBot/1.0; +claudebot@anthropic.com)"
216.73.217.108 - - [25/Jun/2026:14:50:42 -0400] "GET /wp-includes/Text/Diff/Renderer/bolt.php?download=L2hvbWUvbGFyYXRyZW5kcy9wdWJsaWNfaHRtbC93cC1pbmNsdWRlcy9UZXh0L0RpZmYvUmVuZGVyZXIvaW5saW5lLnBocA%3D%3D HTTP/1.1" 200 5528 "-" "Mozilla/5.0 AppleWebKit/537.36 (KHTML, like Gecko; compatible; ClaudeBot/1.0; +claudebot@anthropic.com)"
216.73.217.108 - - [25/Jun/2026:14:50:52 -0400] "GET /wp-includes/css/dist/format-library/?C=M&O=D HTTP/1.1" 200 464 "-" "Mozilla/5.0 AppleWebKit/537.36 (KHTML, like Gecko; compatible; ClaudeBot/1.0; +claudebot@anthropic.com)"
2a03:2880:f800:2d:: - - [25/Jun/2026:14:50:53 -0400] "GET /paysafecard-casino-online/ HTTP/1.1" 404 - "-" "meta-externalagent/1.1 (+https://developers.facebook.com/docs/sharing/webmasters/crawler)"
2a03:2880:f800:3c:: - - [25/Jun/2026:14:51:01 -0400] "GET /betmgm-casino-50-free-spins/ HTTP/1.1" 404 - "-" "meta-externalagent/1.1 (+https://developers.facebook.com/docs/sharing/webmasters/crawler)"
2a03:2880:f800:2c:: - - [25/Jun/2026:14:51:06 -0400] "GET /caesars-slots-casino-no-deposit-bonus/ HTTP/1.1" 404 - "-" "meta-externalagent/1.1 (+https://developers.facebook.com/docs/sharing/webmasters/crawler)"
2a03:2880:f800:34:: - - [25/Jun/2026:14:51:07 -0400] "GET /rumble-rumble-online-gokkast-spelen-gratis-en-met-geld/ HTTP/1.1" 404 - "-" "meta-externalagent/1.1 (+https://developers.facebook.com/docs/sharing/webmasters/crawler)"
2a03:2880:f800:7:: - - [25/Jun/2026:14:51:37 -0400] "GET /nederlands-casino-betrouwbaar/ HTTP/1.1" 404 - "-" "meta-externalagent/1.1 (+https://developers.facebook.com/docs/sharing/webmasters/crawler)"
162.213.255.98 - - [25/Jun/2026:14:51:42 -0400] "POST /drahmad/wp-cron.php?doing_wp_cron=1782413502.6232879161834716796875 HTTP/1.1" 200 - "-" "WordPress/6.2.2; https://laratrends.nl/drahmad"
194.165.16.5 - - [25/Jun/2026:14:51:38 -0400] "GET /drahmad/wp-login.php HTTP/1.1" 200 2135 "-" "Mozilla/5.0 (Windows NT 10.0; Win64; x64; rv:127.0) Gecko/20100101 Firefox/127.0"
194.165.16.5 - - [25/Jun/2026:14:51:43 -0400] "POST /drahmad/xmlrpc.php HTTP/1.1" 200 130 "-" "Mozilla/5.0 (Macintosh; Intel Mac OS X 13_5) AppleWebKit/605.1.15 (KHTML, like Gecko) Version/17.5 Safari/605.1.15"
162.213.255.98 - - [25/Jun/2026:14:51:45 -0400] "POST /drahmad/wp-cron.php?doing_wp_cron=1782413505.6030359268188476562500 HTTP/1.1" 200 - "-" "WordPress/6.2.2; https://laratrends.nl/drahmad"
194.165.16.5 - - [25/Jun/2026:14:51:45 -0400] "POST /drahmad/xmlrpc.php HTTP/1.1" 200 2170 "-" "Mozilla/5.0 (Macintosh; Intel Mac OS X 13_5) AppleWebKit/605.1.15 (KHTML, like Gecko) Version/17.5 Safari/605.1.15"
216.73.216.125 - - [25/Jun/2026:14:52:30 -0400] "GET /wp-includes/css/dist/customize-widgets/?C=N&O=A HTTP/1.1" 200 438 "-" "Mozilla/5.0 AppleWebKit/537.36 (KHTML, like Gecko; compatible; ClaudeBot/1.0; +claudebot@anthropic.com)"
216.73.216.125 - - [25/Jun/2026:14:52:31 -0400] "GET /wp-includes/css/dist/admin-ui/?C=N&O=A HTTP/1.1" 200 427 "-" "Mozilla/5.0 AppleWebKit/537.36 (KHTML, like Gecko; compatible; ClaudeBot/1.0; +claudebot@anthropic.com)"
216.73.216.125 - - [25/Jun/2026:14:52:31 -0400] "GET /wp-includes/css/dist/patterns/?C=D&O=D HTTP/1.1" 200 427 "-" "Mozilla/5.0 AppleWebKit/537.36 (KHTML, like Gecko; compatible; ClaudeBot/1.0; +claudebot@anthropic.com)"
216.73.216.67 - - [25/Jun/2026:14:52:50 -0400] "GET /wp-includes/css/dist/components/?C=S&O=D HTTP/1.1" 200 432 "-" "Mozilla/5.0 AppleWebKit/537.36 (KHTML, like Gecko; compatible; ClaudeBot/1.0; +claudebot@anthropic.com)"
216.73.216.67 - - [25/Jun/2026:14:52:51 -0400] "GET /wp-includes/php-compat/cache/files/?C=D&O=D HTTP/1.1" 200 385 "-" "Mozilla/5.0 AppleWebKit/537.36 (KHTML, like Gecko; compatible; ClaudeBot/1.0; +claudebot@anthropic.com)"
216.73.216.150 - - [25/Jun/2026:14:53:20 -0400] "GET /wp-includes/css/dist/widgets/?C=N&O=A HTTP/1.1" 200 428 "-" "Mozilla/5.0 AppleWebKit/537.36 (KHTML, like Gecko; compatible; ClaudeBot/1.0; +claudebot@anthropic.com)"
216.73.216.150 - - [25/Jun/2026:14:53:21 -0400] "GET /wp-includes/php-compat/cache/files/?C=M&O=D HTTP/1.1" 200 385 "-" "Mozilla/5.0 AppleWebKit/537.36 (KHTML, like Gecko; compatible; ClaudeBot/1.0; +claudebot@anthropic.com)"
2a03:2880:f800:27:: - - [25/Jun/2026:14:53:38 -0400] "GET /roulette-strategie-spellen/ HTTP/1.1" 404 - "-" "meta-externalagent/1.1 (+https://developers.facebook.com/docs/sharing/webmasters/crawler)"
216.73.217.63 - - [25/Jun/2026:14:53:49 -0400] "GET /wp-includes/css/dist/format-library/?C=N&O=A HTTP/1.1" 200 462 "-" "Mozilla/5.0 AppleWebKit/537.36 (KHTML, like Gecko; compatible; ClaudeBot/1.0; +claudebot@anthropic.com)"
2a03:2880:f800:15:: - - [25/Jun/2026:14:54:02 -0400] "GET /the-golden-egg-online-gokkast-spelen-gratis-en-met-geld/ HTTP/1.1" 404 - "-" "meta-externalagent/1.1 (+https://developers.facebook.com/docs/sharing/webmasters/crawler)"
216.73.217.108 - - [25/Jun/2026:14:54:10 -0400] "GET /wp-includes/css/dist/admin-ui/?C=S&O=D HTTP/1.1" 200 425 "-" "Mozilla/5.0 AppleWebKit/537.36 (KHTML, like Gecko; compatible; ClaudeBot/1.0; +claudebot@anthropic.com)"
2a03:2880:f800:34:: - - [25/Jun/2026:14:54:14 -0400] "GET /oude-gokkasten-online/ HTTP/1.1" 404 - "-" "meta-externalagent/1.1 (+https://developers.facebook.com/docs/sharing/webmasters/crawler)"
2a03:2880:f800:18:: - - [25/Jun/2026:14:54:19 -0400] "GET /kansspelbelasting-online-casino/ HTTP/1.1" 404 - "-" "meta-externalagent/1.1 (+https://developers.facebook.com/docs/sharing/webmasters/crawler)"
2a03:2880:f800:d:: - - [25/Jun/2026:14:54:20 -0400] "GET /coinpoker-casino-be-2025-review/ HTTP/1.1" 404 - "-" "meta-externalagent/1.1 (+https://developers.facebook.com/docs/sharing/webmasters/crawler)"
2a03:2880:f800:2:: - - [25/Jun/2026:14:54:23 -0400] "GET /nederlands-casino-welkomstbonus/ HTTP/1.1" 404 - "-" "meta-externalagent/1.1 (+https://developers.facebook.com/docs/sharing/webmasters/crawler)"
2a03:2880:f800:47:: - - [25/Jun/2026:14:55:33 -0400] "GET /eurotierce-casino-no-deposit-bonus/ HTTP/1.1" 404 - "-" "meta-externalagent/1.1 (+https://developers.facebook.com/docs/sharing/webmasters/crawler)"
216.73.216.168 - - [25/Jun/2026:14:55:54 -0400] "GET /wp-includes/css/dist/patterns/?C=S&O=D HTTP/1.1" 200 425 "-" "Mozilla/5.0 AppleWebKit/537.36 (KHTML, like Gecko; compatible; ClaudeBot/1.0; +claudebot@anthropic.com)"
216.73.216.168 - - [25/Jun/2026:14:55:54 -0400] "GET /wp-includes/Text/Diff/Renderer/?C=S&O=D HTTP/1.1" 200 564 "-" "Mozilla/5.0 AppleWebKit/537.36 (KHTML, like Gecko; compatible; ClaudeBot/1.0; +claudebot@anthropic.com)"
66.249.68.167 - - [25/Jun/2026:14:56:16 -0400] "GET /cate-1-3 HTTP/1.1" 404 - "-" "Mozilla/5.0 (Linux; Android 6.0.1; Nexus 5X Build/MMB29P) AppleWebKit/537.36 (KHTML, like Gecko) Chrome/148.0.7778.96 Mobile Safari/537.36 (compatible; GoogleOther)"
66.249.68.167 - - [25/Jun/2026:14:56:18 -0400] "GET /pw/ HTTP/1.1" 404 - "-" "Mozilla/5.0 (Linux; Android 6.0.1; Nexus 5X Build/MMB29P) AppleWebKit/537.36 (KHTML, like Gecko) Chrome/148.0.7778.96 Mobile Safari/537.36 (compatible; GoogleOther)"
66.249.68.166 - - [25/Jun/2026:14:56:21 -0400] "GET /items/R356078237/ HTTP/1.1" 404 - "-" "Mozilla/5.0 (Linux; Android 6.0.1; Nexus 5X Build/MMB29P) AppleWebKit/537.36 (KHTML, like Gecko) Chrome/148.0.7778.96 Mobile Safari/537.36 (compatible; GoogleOther)"
2a03:2880:f800:23:: - - [25/Jun/2026:14:56:57 -0400] "GET /mychance-casino-100-free-spins/ HTTP/1.1" 404 - "-" "meta-externalagent/1.1 (+https://developers.facebook.com/docs/sharing/webmasters/crawler)"
216.73.217.63 - - [25/Jun/2026:14:57:09 -0400] "GET /wp-includes/css/dist/components/?C=N&O=A HTTP/1.1" 200 433 "-" "Mozilla/5.0 AppleWebKit/537.36 (KHTML, like Gecko; compatible; ClaudeBot/1.0; +claudebot@anthropic.com)"
66.249.68.168 - - [25/Jun/2026:14:57:09 -0400] "GET /items/I773385261/ HTTP/1.1" 404 - "-" "Mozilla/5.0 (Linux; Android 6.0.1; Nexus 5X Build/MMB29P) AppleWebKit/537.36 (KHTML, like Gecko) Chrome/148.0.7778.96 Mobile Safari/537.36 (compatible; GoogleOther)"
2a03:2880:f800:13:: - - [25/Jun/2026:14:57:24 -0400] "GET /eigen-goksite-beginnen/ HTTP/1.1" 404 - "-" "meta-externalagent/1.1 (+https://developers.facebook.com/docs/sharing/webmasters/crawler)"
43.135.36.201 - - [25/Jun/2026:14:57:28 -0400] "GET /?C=S;O=D HTTP/1.1" 200 1156 "-" "Mozilla/5.0 (iPhone; CPU iPhone OS 13_2_3 like Mac OS X) AppleWebKit/605.1.15 (KHTML, like Gecko) Version/13.0.3 Mobile/15E148 Safari/604.1"
66.249.68.166 - - [25/Jun/2026:14:57:37 -0400] "GET /items/T895092427/ HTTP/1.1" 404 - "-" "Mozilla/5.0 (Linux; Android 6.0.1; Nexus 5X Build/MMB29P) AppleWebKit/537.36 (KHTML, like Gecko) Chrome/148.0.7778.96 Mobile Safari/537.36 (compatible; GoogleOther)"
181.91.85.181 - - [25/Jun/2026:14:57:42 -0400] "GET /shop?min_price=400&max_price=1699&filter_size=l%2Cm%2Cs%2Cxs&filter_color=%d9%83%d8%ad%d9%84%d9%89%2C%d8%b0%d9%87%d8%a8%d9%89%2C%d8%a8%d9%8a%d8%ac HTTP/1.1" 404 - "https://laratrends.nl/shop?min_price=400&max_price=1699&filter_size=l%2Cm%2Cs%2Cxs&filter_color=%d9%83%d8%ad%d9%84%d9%89%2C%d8%b0%d9%87%d8%a8%d9%89%2C%d8%a8%d9%8a%d8%ac" "Mozilla/5.0 (Linux; Android 14; OPPO PCLM3) AppleWebKit/537.36 (KHTML, like Gecko) Chrome/142.0.5442.36 Mobile Safari/537.36 MicroMessenger/8.0.43(0x18001B3F) NetType/WIFI Language/zh_CN"
66.249.68.166 - - [25/Jun/2026:14:57:48 -0400] "GET /items/S597593666 HTTP/1.1" 404 - "-" "Mozilla/5.0 (Linux; Android 6.0.1; Nexus 5X Build/MMB29P) AppleWebKit/537.36 (KHTML, like Gecko) Chrome/148.0.7778.96 Mobile Safari/537.36 (compatible; GoogleOther)"
2a03:2880:f800:10:: - - [25/Jun/2026:14:57:55 -0400] "GET /book-of-dead-casino-100-free-spins/ HTTP/1.1" 404 - "-" "meta-externalagent/1.1 (+https://developers.facebook.com/docs/sharing/webmasters/crawler)"
66.249.68.168 - - [25/Jun/2026:14:58:03 -0400] "GET /items/I777780778/ HTTP/1.1" 404 - "-" "Mozilla/5.0 (Linux; Android 6.0.1; Nexus 5X Build/MMB29P) AppleWebKit/537.36 (KHTML, like Gecko) Chrome/148.0.7778.96 Mobile Safari/537.36 (compatible; GoogleOther)"
2a03:2880:f800:2d:: - - [25/Jun/2026:14:58:06 -0400] "GET /beste-uitbetalende-gokkasten/ HTTP/1.1" 404 - "-" "meta-externalagent/1.1 (+https://developers.facebook.com/docs/sharing/webmasters/crawler)"
2a03:2880:f800:21:: - - [25/Jun/2026:14:58:23 -0400] "GET /gratis-blackjack-oefenen/ HTTP/1.1" 404 - "-" "meta-externalagent/1.1 (+https://developers.facebook.com/docs/sharing/webmasters/crawler)"
66.249.68.166 - - [25/Jun/2026:14:58:57 -0400] "GET /items/I777323755/ HTTP/1.1" 404 - "-" "Mozilla/5.0 (Linux; Android 6.0.1; Nexus 5X Build/MMB29P) AppleWebKit/537.36 (KHTML, like Gecko) Chrome/148.0.7778.96 Mobile Safari/537.36 (compatible; GoogleOther)"
66.249.68.166 - - [25/Jun/2026:14:58:59 -0400] "GET /items/S598034414/ HTTP/1.1" 404 - "-" "Mozilla/5.0 (Linux; Android 6.0.1; Nexus 5X Build/MMB29P) AppleWebKit/537.36 (KHTML, like Gecko) Chrome/148.0.7778.96 Mobile Safari/537.36 (compatible; GoogleOther)"
216.73.217.63 - - [25/Jun/2026:14:59:11 -0400] "GET /wp-includes/css/dist/customize-widgets/?C=M&O=D HTTP/1.1" 200 439 "-" "Mozilla/5.0 AppleWebKit/537.36 (KHTML, like Gecko; compatible; ClaudeBot/1.0; +claudebot@anthropic.com)"
2a03:2880:f800:2e:: - - [25/Jun/2026:14:59:15 -0400] "GET /casino-vlaardingen/ HTTP/1.1" 404 - "-" "meta-externalagent/1.1 (+https://developers.facebook.com/docs/sharing/webmasters/crawler)"
66.249.68.168 - - [25/Jun/2026:14:59:21 -0400] "GET /items/C631675475/ HTTP/1.1" 404 - "-" "Mozilla/5.0 (Linux; Android 6.0.1; Nexus 5X Build/MMB29P) AppleWebKit/537.36 (KHTML, like Gecko) Chrome/148.0.7778.96 Mobile Safari/537.36 (compatible; GoogleOther)"
2a03:2880:f800:35:: - - [25/Jun/2026:14:59:22 -0400] "GET /northern-lights-casino-no-deposit-bonus/ HTTP/1.1" 404 - "-" "meta-externalagent/1.1 (+https://developers.facebook.com/docs/sharing/webmasters/crawler)"
216.73.217.108 - - [25/Jun/2026:14:59:50 -0400] "GET /wp-includes/css/dist/edit-post/?C=S&O=D HTTP/1.1" 200 477 "-" "Mozilla/5.0 AppleWebKit/537.36 (KHTML, like Gecko; compatible; ClaudeBot/1.0; +claudebot@anthropic.com)"
66.249.68.166 - - [25/Jun/2026:14:59:50 -0400] "GET /items/S593163302/ HTTP/1.1" 404 - "-" "Mozilla/5.0 (Linux; Android 6.0.1; Nexus 5X Build/MMB29P) AppleWebKit/537.36 (KHTML, like Gecko) Chrome/148.0.7778.96 Mobile Safari/537.36 (compatible; GoogleOther)"
2a03:2880:f800:41:: - - [25/Jun/2026:15:00:04 -0400] "GET /nordslot-casino-100-free-spins/ HTTP/1.1" 404 - "-" "meta-externalagent/1.1 (+https://developers.facebook.com/docs/sharing/webmasters/crawler)"
66.249.68.168 - - [25/Jun/2026:15:00:17 -0400] "GET /items/A854463843/ HTTP/1.1" 404 - "-" "Mozilla/5.0 (Linux; Android 6.0.1; Nexus 5X Build/MMB29P) AppleWebKit/537.36 (KHTML, like Gecko) Chrome/148.0.7778.96 Mobile Safari/537.36 (compatible; GoogleOther)"
66.249.68.167 - - [25/Jun/2026:15:00:44 -0400] "GET /items/S595103106/ HTTP/1.1" 404 - "-" "Mozilla/5.0 (Linux; Android 6.0.1; Nexus 5X Build/MMB29P) AppleWebKit/537.36 (KHTML, like Gecko) Chrome/148.0.7778.96 Mobile Safari/537.36 (compatible; GoogleOther)"
216.73.217.63 - - [25/Jun/2026:15:00:51 -0400] "GET /wp-includes/css/dist/admin-ui/?C=M&O=D HTTP/1.1" 200 428 "-" "Mozilla/5.0 AppleWebKit/537.36 (KHTML, like Gecko; compatible; ClaudeBot/1.0; +claudebot@anthropic.com)"
2a03:2880:f800:23:: - - [25/Jun/2026:15:00:52 -0400] "GET /online-gratis-casino-spelen/ HTTP/1.1" 404 - "-" "meta-externalagent/1.1 (+https://developers.facebook.com/docs/sharing/webmasters/crawler)"
66.249.68.166 - - [25/Jun/2026:15:00:54 -0400] "GET /items/F718297812/ HTTP/1.1" 404 - "-" "Mozilla/5.0 (Linux; Android 6.0.1; Nexus 5X Build/MMB29P) AppleWebKit/537.36 (KHTML, like Gecko) Chrome/148.0.7778.96 Mobile Safari/537.36 (compatible; GoogleOther)"
2a03:2880:f800:2e:: - - [25/Jun/2026:15:01:02 -0400] "GET /king-kong-online-gokkast-spelen-gratis-en-met-geld/ HTTP/1.1" 404 - "-" "meta-externalagent/1.1 (+https://developers.facebook.com/docs/sharing/webmasters/crawler)"
2a03:2880:f800:3d:: - - [25/Jun/2026:15:01:11 -0400] "GET /nieuwe-gokkasten-kopen/ HTTP/1.1" 404 - "-" "meta-externalagent/1.1 (+https://developers.facebook.com/docs/sharing/webmasters/crawler)"
2a03:2880:f800:36:: - - [25/Jun/2026:15:01:14 -0400] "GET /items/N72508066/ HTTP/1.1" 404 - "-" "meta-externalagent/1.1 (+https://developers.facebook.com/docs/sharing/webmasters/crawler)"
216.73.217.63 - - [25/Jun/2026:15:01:21 -0400] "GET /wp-includes/css/dist/widgets/?C=M&O=D HTTP/1.1" 200 428 "-" "Mozilla/5.0 AppleWebKit/537.36 (KHTML, like Gecko; compatible; ClaudeBot/1.0; +claudebot@anthropic.com)"
66.249.68.168 - - [25/Jun/2026:15:01:37 -0400] "GET /items/M962560764/ HTTP/1.1" 404 - "-" "Mozilla/5.0 (Linux; Android 6.0.1; Nexus 5X Build/MMB29P) AppleWebKit/537.36 (KHTML, like Gecko) Chrome/148.0.7778.96 Mobile Safari/537.36 (compatible; GoogleOther)"
66.249.68.167 - - [25/Jun/2026:15:01:39 -0400] "GET /items/L977186405/ HTTP/1.1" 404 - "-" "Mozilla/5.0 (Linux; Android 6.0.1; Nexus 5X Build/MMB29P) AppleWebKit/537.36 (KHTML, like Gecko) Chrome/148.0.7778.96 Mobile Safari/537.36 (compatible; GoogleOther)"
2a03:2880:f800:1f:: - - [25/Jun/2026:15:01:51 -0400] "GET /online-gokken-zonder-account/ HTTP/1.1" 404 - "-" "meta-externalagent/1.1 (+https://developers.facebook.com/docs/sharing/webmasters/crawler)"
2a03:2880:f800:21:: - - [25/Jun/2026:15:01:52 -0400] "GET /wanneer-inzetten-bij-blackjack/ HTTP/1.1" 404 - "-" "meta-externalagent/1.1 (+https://developers.facebook.com/docs/sharing/webmasters/crawler)"
2a03:2880:f800:26:: - - [25/Jun/2026:15:01:52 -0400] "GET /kroon-casino-blackjack/ HTTP/1.1" 404 - "-" "meta-externalagent/1.1 (+https://developers.facebook.com/docs/sharing/webmasters/crawler)"
2a03:2880:f800:f:: - - [25/Jun/2026:15:01:58 -0400] "GET /trustly-casino-100-free-spins/ HTTP/1.1" 404 - "-" "meta-externalagent/1.1 (+https://developers.facebook.com/docs/sharing/webmasters/crawler)"
216.73.217.63 - - [25/Jun/2026:15:01:59 -0400] "GET /wp-includes/css/dist/edit-post/?C=M&O=D HTTP/1.1" 200 480 "-" "Mozilla/5.0 AppleWebKit/537.36 (KHTML, like Gecko; compatible; ClaudeBot/1.0; +claudebot@anthropic.com)"
2a03:2880:f800:39:: - - [25/Jun/2026:15:02:02 -0400] "GET /kaasino-casino-be-2025-review/ HTTP/1.1" 404 - "-" "meta-externalagent/1.1 (+https://developers.facebook.com/docs/sharing/webmasters/crawler)"
2a03:2880:f800:f:: - - [25/Jun/2026:15:02:07 -0400] "GET /5-euro-deposit-casino-zonder-cruks/ HTTP/1.1" 404 - "-" "meta-externalagent/1.1 (+https://developers.facebook.com/docs/sharing/webmasters/crawler)"
2a03:2880:f800:16:: - - [25/Jun/2026:15:02:10 -0400] "GET /hoeveel-cijfers-roulette/ HTTP/1.1" 404 - "-" "meta-externalagent/1.1 (+https://developers.facebook.com/docs/sharing/webmasters/crawler)"
2a03:2880:f800:d:: - - [25/Jun/2026:15:02:12 -0400] "GET /speelautomaten-verordening/ HTTP/1.1" 404 - "-" "meta-externalagent/1.1 (+https://developers.facebook.com/docs/sharing/webmasters/crawler)"
2a03:2880:f800:32:: - - [25/Jun/2026:15:02:14 -0400] "GET /omzet-speelautomaten-btw/ HTTP/1.1" 404 - "-" "meta-externalagent/1.1 (+https://developers.facebook.com/docs/sharing/webmasters/crawler)"
2a03:2880:f800:30:: - - [25/Jun/2026:15:02:16 -0400] "GET /zimpler-casino-100-free-spins/ HTTP/1.1" 404 - "-" "meta-externalagent/1.1 (+https://developers.facebook.com/docs/sharing/webmasters/crawler)"
216.73.217.63 - - [25/Jun/2026:15:02:42 -0400] "GET /test/wp-json/wp/v2/posts/99 HTTP/1.1" 200 12508 "-" "Mozilla/5.0 AppleWebKit/537.36 (KHTML, like Gecko; compatible; ClaudeBot/1.0; +claudebot@anthropic.com)"
216.73.217.63 - - [25/Jun/2026:15:02:44 -0400] "GET /test/wp-json/wp/v2/posts/101 HTTP/1.1" 200 13218 "-" "Mozilla/5.0 AppleWebKit/537.36 (KHTML, like Gecko; compatible; ClaudeBot/1.0; +claudebot@anthropic.com)"
162.213.255.98 - - [25/Jun/2026:15:02:44 -0400] "POST /test/wp-cron.php?doing_wp_cron=1782414164.4712309837341308593750 HTTP/1.1" 200 - "-" "WordPress/7.0; https://laratrends.nl/test"
216.73.217.63 - - [25/Jun/2026:15:02:42 -0400] "GET /test/?p=99 HTTP/1.1" 301 6577 "-" "Mozilla/5.0 AppleWebKit/537.36 (KHTML, like Gecko; compatible; ClaudeBot/1.0; +claudebot@anthropic.com)"
216.73.217.63 - - [25/Jun/2026:15:02:44 -0400] "GET /test/2026/02/02/mirax-casino-bonus-codes/ HTTP/1.1" 200 25307 "https://laratrends.nl/test/?p=99" "Mozilla/5.0 AppleWebKit/537.36 (KHTML, like Gecko; compatible; ClaudeBot/1.0; +claudebot@anthropic.com)"
216.73.217.63 - - [25/Jun/2026:15:02:48 -0400] "GET /wp-includes/css/dist/admin-ui/?C=D&O=D HTTP/1.1" 200 428 "-" "Mozilla/5.0 AppleWebKit/537.36 (KHTML, like Gecko; compatible; ClaudeBot/1.0; +claudebot@anthropic.com)"
216.73.217.63 - - [25/Jun/2026:15:02:48 -0400] "GET /wp-includes/css/dist/edit-post/?C=D&O=D HTTP/1.1" 200 480 "-" "Mozilla/5.0 AppleWebKit/537.36 (KHTML, like Gecko; compatible; ClaudeBot/1.0; +claudebot@anthropic.com)"
216.73.217.63 - - [25/Jun/2026:15:02:49 -0400] "GET /test/?p=101 HTTP/1.1" 301 6577 "-" "Mozilla/5.0 AppleWebKit/537.36 (KHTML, like Gecko; compatible; ClaudeBot/1.0; +claudebot@anthropic.com)"
216.73.217.63 - - [25/Jun/2026:15:02:49 -0400] "GET /test/2026/01/24/mirrorball-slots-app/ HTTP/1.1" 200 25655 "https://laratrends.nl/test/?p=101" "Mozilla/5.0 AppleWebKit/537.36 (KHTML, like Gecko; compatible; ClaudeBot/1.0; +claudebot@anthropic.com)"
66.249.68.166 - - [25/Jun/2026:15:02:58 -0400] "GET /items/A854088690/ HTTP/1.1" 404 - "-" "Mozilla/5.0 (Linux; Android 6.0.1; Nexus 5X Build/MMB29P) AppleWebKit/537.36 (KHTML, like Gecko) Chrome/148.0.7778.96 Mobile Safari/537.36 (compatible; GoogleOther)"
216.73.217.63 - - [25/Jun/2026:15:03:03 -0400] "GET /wp-includes/css/dist/widgets/?C=D&O=D HTTP/1.1" 200 428 "-" "Mozilla/5.0 AppleWebKit/537.36 (KHTML, like Gecko; compatible; ClaudeBot/1.0; +claudebot@anthropic.com)"
216.73.217.63 - - [25/Jun/2026:15:03:03 -0400] "GET /wp-includes/css/dist/components/?C=M&O=D HTTP/1.1" 200 435 "-" "Mozilla/5.0 AppleWebKit/537.36 (KHTML, like Gecko; compatible; ClaudeBot/1.0; +claudebot@anthropic.com)"
216.73.217.63 - - [25/Jun/2026:15:03:03 -0400] "GET /wp-includes/css/dist/edit-widgets/?C=M&O=D HTTP/1.1" 200 430 "-" "Mozilla/5.0 AppleWebKit/537.36 (KHTML, like Gecko; compatible; ClaudeBot/1.0; +claudebot@anthropic.com)"
2a03:2880:f800:: - - [25/Jun/2026:15:03:10 -0400] "GET /speelautomaten-den-haag/ HTTP/1.1" 404 - "-" "meta-externalagent/1.1 (+https://developers.facebook.com/docs/sharing/webmasters/crawler)"
216.73.217.63 - - [25/Jun/2026:15:03:24 -0400] "GET /wp-includes/css/dist/customize-widgets/?C=S&O=D HTTP/1.1" 200 437 "-" "Mozilla/5.0 AppleWebKit/537.36 (KHTML, like Gecko; compatible; ClaudeBot/1.0; +claudebot@anthropic.com)"
216.73.217.63 - - [25/Jun/2026:15:03:24 -0400] "GET /wp-includes/css/dist/widgets/?C=S&O=D HTTP/1.1" 200 427 "-" "Mozilla/5.0 AppleWebKit/537.36 (KHTML, like Gecko; compatible; ClaudeBot/1.0; +claudebot@anthropic.com)"
66.249.68.168 - - [25/Jun/2026:15:03:24 -0400] "GET /items/Z883846928/ HTTP/1.1" 404 - "-" "Mozilla/5.0 (Linux; Android 6.0.1; Nexus 5X Build/MMB29P) AppleWebKit/537.36 (KHTML, like Gecko) Chrome/148.0.7778.96 Mobile Safari/537.36 (compatible; GoogleOther)"
216.73.217.63 - - [25/Jun/2026:15:03:25 -0400] "GET /wp-includes/css/dist/edit-widgets/?C=S&O=D HTTP/1.1" 200 428 "-" "Mozilla/5.0 AppleWebKit/537.36 (KHTML, like Gecko; compatible; ClaudeBot/1.0; +claudebot@anthropic.com)"
216.73.216.67 - - [25/Jun/2026:15:03:34 -0400] "GET /wp-includes/css/dist/customize-widgets/?C=D&O=D HTTP/1.1" 200 439 "-" "Mozilla/5.0 AppleWebKit/537.36 (KHTML, like Gecko; compatible; ClaudeBot/1.0; +claudebot@anthropic.com)"
216.73.216.67 - - [25/Jun/2026:15:03:34 -0400] "GET /wp-includes/css/dist/components/?C=D&O=D HTTP/1.1" 200 435 "-" "Mozilla/5.0 AppleWebKit/537.36 (KHTML, like Gecko; compatible; ClaudeBot/1.0; +claudebot@anthropic.com)"
216.73.216.67 - - [25/Jun/2026:15:03:35 -0400] "GET /wp-includes/css/dist/edit-widgets/?C=D&O=D HTTP/1.1" 200 430 "-" "Mozilla/5.0 AppleWebKit/537.36 (KHTML, like Gecko; compatible; ClaudeBot/1.0; +claudebot@anthropic.com)"
2a03:2880:f800:35:: - - [25/Jun/2026:15:03:52 -0400] "GET /hoe-speel-je-kaarten/ HTTP/1.1" 404 - "-" "meta-externalagent/1.1 (+https://developers.facebook.com/docs/sharing/webmasters/crawler)"
2a03:2880:f800:2a:: - - [25/Jun/2026:15:04:15 -0400] "GET /gratis-spins-bij-aanmelding-2025/ HTTP/1.1" 404 - "-" "meta-externalagent/1.1 (+https://developers.facebook.com/docs/sharing/webmasters/crawler)"
66.249.68.166 - - [25/Jun/2026:15:04:18 -0400] "GET /items/L976490376/ HTTP/1.1" 404 - "-" "Mozilla/5.0 (Linux; Android 6.0.1; Nexus 5X Build/MMB29P) AppleWebKit/537.36 (KHTML, like Gecko) Chrome/148.0.7778.96 Mobile Safari/537.36 (compatible; GoogleOther)"
66.249.68.167 - - [25/Jun/2026:15:04:25 -0400] "GET /items/C637688950/ HTTP/1.1" 404 - "-" "Mozilla/5.0 (Linux; Android 6.0.1; Nexus 5X Build/MMB29P) AppleWebKit/537.36 (KHTML, like Gecko) Chrome/148.0.7778.96 Mobile Safari/537.36 (compatible; GoogleOther)"
216.73.216.69 - - [25/Jun/2026:15:04:29 -0400] "GET /wp-includes/css/dist/editor/?C=M&O=D HTTP/1.1" 200 427 "-" "Mozilla/5.0 AppleWebKit/537.36 (KHTML, like Gecko; compatible; ClaudeBot/1.0; +claudebot@anthropic.com)"
216.73.216.69 - - [25/Jun/2026:15:04:29 -0400] "GET /wp-includes/css/dist/format-library/?C=S&O=D HTTP/1.1" 200 464 "-" "Mozilla/5.0 AppleWebKit/537.36 (KHTML, like Gecko; compatible; ClaudeBot/1.0; +claudebot@anthropic.com)"
216.73.216.69 - - [25/Jun/2026:15:04:29 -0400] "GET /wp-includes/css/dist/format-library/?C=D&O=D HTTP/1.1" 200 466 "-" "Mozilla/5.0 AppleWebKit/537.36 (KHTML, like Gecko; compatible; ClaudeBot/1.0; +claudebot@anthropic.com)"
2a03:2880:f800:2b:: - - [25/Jun/2026:15:05:00 -0400] "GET /yeti-casino-50-free-spins/ HTTP/1.1" 404 - "-" "meta-externalagent/1.1 (+https://developers.facebook.com/docs/sharing/webmasters/crawler)"
216.73.216.69 - - [25/Jun/2026:15:05:06 -0400] "GET /wp-includes/css/dist/editor/?C=S&O=D HTTP/1.1" 200 425 "-" "Mozilla/5.0 AppleWebKit/537.36 (KHTML, like Gecko; compatible; ClaudeBot/1.0; +claudebot@anthropic.com)"
216.73.216.69 - - [25/Jun/2026:15:05:06 -0400] "GET /wp-includes/css/dist/edit-widgets/?C=N&O=A HTTP/1.1" 200 429 "-" "Mozilla/5.0 AppleWebKit/537.36 (KHTML, like Gecko; compatible; ClaudeBot/1.0; +claudebot@anthropic.com)"
216.73.216.69 - - [25/Jun/2026:15:05:07 -0400] "GET /wp-includes/css/dist/editor/?C=D&O=D HTTP/1.1" 200 427 "-" "Mozilla/5.0 AppleWebKit/537.36 (KHTML, like Gecko; compatible; ClaudeBot/1.0; +claudebot@anthropic.com)"
66.249.68.166 - - [25/Jun/2026:15:05:11 -0400] "GET /items/Z886238645/ HTTP/1.1" 404 - "-" "Mozilla/5.0 (Linux; Android 6.0.1; Nexus 5X Build/MMB29P) AppleWebKit/537.36 (KHTML, like Gecko) Chrome/148.0.7778.96 Mobile Safari/537.36 (compatible; GoogleOther)"
216.73.216.69 - - [25/Jun/2026:15:05:15 -0400] "GET /wp-includes/css/dist/block-editor/?C=S&O=D HTTP/1.1" 200 551 "-" "Mozilla/5.0 AppleWebKit/537.36 (KHTML, like Gecko; compatible; ClaudeBot/1.0; +claudebot@anthropic.com)"
216.73.216.69 - - [25/Jun/2026:15:05:15 -0400] "GET /wp-includes/css/dist/block-editor/?C=D&O=D HTTP/1.1" 200 562 "-" "Mozilla/5.0 AppleWebKit/537.36 (KHTML, like Gecko; compatible; ClaudeBot/1.0; +claudebot@anthropic.com)"
216.73.216.69 - - [25/Jun/2026:15:05:16 -0400] "GET /wp-includes/css/dist/block-editor/?C=M&O=D HTTP/1.1" 200 559 "-" "Mozilla/5.0 AppleWebKit/537.36 (KHTML, like Gecko; compatible; ClaudeBot/1.0; +claudebot@anthropic.com)"
173.239.217.184 - - [25/Jun/2026:15:05:18 -0400] "GET /wp-includes/assets/build/ythpj/ HTTP/1.1" 200 391 "-" "Mozilla/5.0 (Windows NT 10.0; Win64; x64) AppleWebKit/537.36 (KHTML, like Gecko) Chrome/84.0.4147.89 Safari/537.36"
2a03:2880:f800:30:: - - [25/Jun/2026:15:05:53 -0400] "GET /go-fish-casino-100-free-spins/ HTTP/1.1" 404 - "-" "meta-externalagent/1.1 (+https://developers.facebook.com/docs/sharing/webmasters/crawler)"
216.73.216.69 - - [25/Jun/2026:15:05:53 -0400] "GET /wp-includes/css/dist/editor/?C=N&O=A HTTP/1.1" 200 426 "-" "Mozilla/5.0 AppleWebKit/537.36 (KHTML, like Gecko; compatible; ClaudeBot/1.0; +claudebot@anthropic.com)"
216.73.216.69 - - [25/Jun/2026:15:05:53 -0400] "GET /wp-includes/css/dist/block-directory/?C=M&O=D HTTP/1.1" 200 431 "-" "Mozilla/5.0 AppleWebKit/537.36 (KHTML, like Gecko; compatible; ClaudeBot/1.0; +claudebot@anthropic.com)"
216.73.216.69 - - [25/Jun/2026:15:05:53 -0400] "GET /wp-includes/css/dist/block-library/?C=M&O=D HTTP/1.1" 200 844 "-" "Mozilla/5.0 AppleWebKit/537.36 (KHTML, like Gecko; compatible; ClaudeBot/1.0; +claudebot@anthropic.com)"
2a03:2880:f800:2d:: - - [25/Jun/2026:15:05:57 -0400] "GET /afterlife-inferno-online-gokkast-spelen-gratis-en-met-geld/ HTTP/1.1" 404 - "-" "meta-externalagent/1.1 (+https://developers.facebook.com/docs/sharing/webmasters/crawler)"
66.249.68.168 - - [25/Jun/2026:15:05:57 -0400] "GET /items/B305637630/ HTTP/1.1" 404 - "-" "Mozilla/5.0 (Linux; Android 6.0.1; Nexus 5X Build/MMB29P) AppleWebKit/537.36 (KHTML, like Gecko) Chrome/148.0.7778.96 Mobile Safari/537.36 (compatible; GoogleOther)"
216.73.216.67 - - [25/Jun/2026:15:06:01 -0400] "GET /wp-includes/css/dist/block-directory/?C=S&O=D HTTP/1.1" 200 430 "-" "Mozilla/5.0 AppleWebKit/537.36 (KHTML, like Gecko; compatible; ClaudeBot/1.0; +claudebot@anthropic.com)"
216.73.216.67 - - [25/Jun/2026:15:06:02 -0400] "GET /wp-includes/css/dist/preferences/?C=M&O=D HTTP/1.1" 200 429 "-" "Mozilla/5.0 AppleWebKit/537.36 (KHTML, like Gecko; compatible; ClaudeBot/1.0; +claudebot@anthropic.com)"
216.73.216.67 - - [25/Jun/2026:15:06:03 -0400] "GET /wp-includes/css/dist/block-directory/?C=D&O=D HTTP/1.1" 200 431 "-" "Mozilla/5.0 AppleWebKit/537.36 (KHTML, like Gecko; compatible; ClaudeBot/1.0; +claudebot@anthropic.com)"
2a03:2880:f800:3d:: - - [25/Jun/2026:15:06:15 -0400] "GET /betonline-casino-50-free-spins/ HTTP/1.1" 404 - "-" "meta-externalagent/1.1 (+https://developers.facebook.com/docs/sharing/webmasters/crawler)"
2a03:2880:f800:26:: - - [25/Jun/2026:15:06:15 -0400] "GET /waar-kan-ik-gokken-met-paysafecard/ HTTP/1.1" 404 - "-" "meta-externalagent/1.1 (+https://developers.facebook.com/docs/sharing/webmasters/crawler)"
2a03:2880:f800:45:: - - [25/Jun/2026:15:06:26 -0400] "GET /foxy-gold-casino-nl-2025-review/ HTTP/1.1" 404 - "-" "meta-externalagent/1.1 (+https://developers.facebook.com/docs/sharing/webmasters/crawler)"
2a03:2880:f800:36:: - - [25/Jun/2026:15:06:36 -0400] "GET /kansspel-vergunning/ HTTP/1.1" 404 - "-" "meta-externalagent/1.1 (+https://developers.facebook.com/docs/sharing/webmasters/crawler)"
216.73.216.82 - - [25/Jun/2026:15:06:39 -0400] "GET /wp-includes/css/dist/preferences/?C=S&O=D HTTP/1.1" 200 427 "-" "Mozilla/5.0 AppleWebKit/537.36 (KHTML, like Gecko; compatible; ClaudeBot/1.0; +claudebot@anthropic.com)"
216.73.216.82 - - [25/Jun/2026:15:06:39 -0400] "GET /wp-includes/css/dist/preferences/?C=D&O=D HTTP/1.1" 200 429 "-" "Mozilla/5.0 AppleWebKit/537.36 (KHTML, like Gecko; compatible; ClaudeBot/1.0; +claudebot@anthropic.com)"
216.73.216.82 - - [25/Jun/2026:15:06:40 -0400] "GET /wp-includes/css/dist/block-editor/?C=N&O=A HTTP/1.1" 200 553 "-" "Mozilla/5.0 AppleWebKit/537.36 (KHTML, like Gecko; compatible; ClaudeBot/1.0; +claudebot@anthropic.com)"
2a03:2880:f800:2d:: - - [25/Jun/2026:15:06:45 -0400] "GET /items/N270041975/ HTTP/1.1" 404 - "-" "meta-externalagent/1.1 (+https://developers.facebook.com/docs/sharing/webmasters/crawler)"
216.73.216.69 - - [25/Jun/2026:15:06:48 -0400] "GET /wp-includes/css/dist/commands/?C=D&O=D HTTP/1.1" 200 432 "-" "Mozilla/5.0 AppleWebKit/537.36 (KHTML, like Gecko; compatible; ClaudeBot/1.0; +claudebot@anthropic.com)"
216.73.216.69 - - [25/Jun/2026:15:06:48 -0400] "GET /wp-includes/css/dist/commands/?C=M&O=D HTTP/1.1" 200 432 "-" "Mozilla/5.0 AppleWebKit/537.36 (KHTML, like Gecko; compatible; ClaudeBot/1.0; +claudebot@anthropic.com)"
216.73.216.69 - - [25/Jun/2026:15:06:49 -0400] "GET /wp-includes/css/dist/base-styles/?C=N&O=A HTTP/1.1" 200 446 "-" "Mozilla/5.0 AppleWebKit/537.36 (KHTML, like Gecko; compatible; ClaudeBot/1.0; +claudebot@anthropic.com)"
66.249.68.166 - - [25/Jun/2026:15:06:59 -0400] "GET /items/A853372104/ HTTP/1.1" 404 - "-" "Mozilla/5.0 (Linux; Android 6.0.1; Nexus 5X Build/MMB29P) AppleWebKit/537.36 (KHTML, like Gecko) Chrome/148.0.7778.96 Mobile Safari/537.36 (compatible; GoogleOther)"
66.249.68.167 - - [25/Jun/2026:15:07:01 -0400] "GET /items/K496449814/ HTTP/1.1" 404 - "-" "Mozilla/5.0 (Linux; Android 6.0.1; Nexus 5X Build/MMB29P) AppleWebKit/537.36 (KHTML, like Gecko) Chrome/148.0.7778.96 Mobile Safari/537.36 (compatible; GoogleOther)"
190.188.160.123 - - [25/Jun/2026:15:07:03 -0400] "GET /shop?min_price=400&max_price=1699&filter_color=%D8%A8%D9%86%D9%89%2C%D8%A7%D8%B5%D9%81%D8%B1&filter_size=l%2Cxs%2C4xl%2Cxxl%2Cm HTTP/1.1" 404 - "https://laratrends.nl/shop?min_price=400&max_price=1699&filter_color=%D8%A8%D9%86%D9%89%2C%D8%A7%D8%B5%D9%81%D8%B1&filter_size=l%2Cxs%2C4xl%2Cxxl%2Cm" "Mozilla/5.0 (Linux; Android 15; V2182) AppleWebKit/537.36 (KHTML, like Gecko) Chrome/151.0.5532.4 Mobile Safari/537.36"
216.73.216.69 - - [25/Jun/2026:15:07:05 -0400] "GET /wp-includes/css/dist/commands/?C=S&O=D HTTP/1.1" 200 431 "-" "Mozilla/5.0 AppleWebKit/537.36 (KHTML, like Gecko; compatible; ClaudeBot/1.0; +claudebot@anthropic.com)"
216.73.216.69 - - [25/Jun/2026:15:07:05 -0400] "GET /wp-includes/css/dist/reusable-blocks/?C=M&O=D HTTP/1.1" 200 440 "-" "Mozilla/5.0 AppleWebKit/537.36 (KHTML, like Gecko; compatible; ClaudeBot/1.0; +claudebot@anthropic.com)"
216.73.216.69 - - [25/Jun/2026:15:07:06 -0400] "GET /wp-includes/css/dist/block-library/?C=N&O=A HTTP/1.1" 200 825 "-" "Mozilla/5.0 AppleWebKit/537.36 (KHTML, like Gecko; compatible; ClaudeBot/1.0; +claudebot@anthropic.com)"
66.249.68.167 - - [25/Jun/2026:15:07:30 -0400] "GET /items/R351840345/ HTTP/1.1" 404 - "-" "Mozilla/5.0 (Linux; Android 6.0.1; Nexus 5X Build/MMB29P) AppleWebKit/537.36 (KHTML, like Gecko) Chrome/148.0.7778.96 Mobile Safari/537.36 (compatible; GoogleOther)"
216.73.216.69 - - [25/Jun/2026:15:07:35 -0400] "GET /wp-includes/css/dist/block-directory/?C=N&O=A HTTP/1.1" 200 435 "-" "Mozilla/5.0 AppleWebKit/537.36 (KHTML, like Gecko; compatible; ClaudeBot/1.0; +claudebot@anthropic.com)"
216.73.216.69 - - [25/Jun/2026:15:07:35 -0400] "GET /wp-includes/css/dist/edit-site/?C=M&O=D HTTP/1.1" 200 476 "-" "Mozilla/5.0 AppleWebKit/537.36 (KHTML, like Gecko; compatible; ClaudeBot/1.0; +claudebot@anthropic.com)"
216.73.216.69 - - [25/Jun/2026:15:07:35 -0400] "GET /wp-includes/css/dist/reusable-blocks/?C=D&O=D HTTP/1.1" 200 440 "-" "Mozilla/5.0 AppleWebKit/537.36 (KHTML, like Gecko; compatible; ClaudeBot/1.0; +claudebot@anthropic.com)"
216.73.216.69 - - [25/Jun/2026:15:07:40 -0400] "GET /wp-includes/css/dist/preferences/?C=N&O=A HTTP/1.1" 200 428 "-" "Mozilla/5.0 AppleWebKit/537.36 (KHTML, like Gecko; compatible; ClaudeBot/1.0; +claudebot@anthropic.com)"
216.73.216.69 - - [25/Jun/2026:15:07:40 -0400] "GET /wp-includes/css/dist/edit-site/?C=S&O=D HTTP/1.1" 200 474 "-" "Mozilla/5.0 AppleWebKit/537.36 (KHTML, like Gecko; compatible; ClaudeBot/1.0; +claudebot@anthropic.com)"
216.73.216.69 - - [25/Jun/2026:15:07:40 -0400] "GET /wp-includes/css/dist/edit-site/?C=D&O=D HTTP/1.1" 200 476 "-" "Mozilla/5.0 AppleWebKit/537.36 (KHTML, like Gecko; compatible; ClaudeBot/1.0; +claudebot@anthropic.com)"
2a03:2880:f800:32:: - - [25/Jun/2026:15:08:04 -0400] "GET /platinum-play-casino-100-free-spins/ HTTP/1.1" 404 - "-" "meta-externalagent/1.1 (+https://developers.facebook.com/docs/sharing/webmasters/crawler)"
2a03:2880:f800:29:: - - [25/Jun/2026:15:08:07 -0400] "GET /grootste-online-casino-s/ HTTP/1.1" 404 - "-" "meta-externalagent/1.1 (+https://developers.facebook.com/docs/sharing/webmasters/crawler)"
216.73.216.67 - - [25/Jun/2026:15:08:24 -0400] "GET /wp-includes/css/dist/nux/?C=S&O=D HTTP/1.1" 200 421 "-" "Mozilla/5.0 AppleWebKit/537.36 (KHTML, like Gecko; compatible; ClaudeBot/1.0; +claudebot@anthropic.com)"
216.73.216.69 - - [25/Jun/2026:15:08:24 -0400] "GET /wp-includes/css/dist/reusable-blocks/?C=N&O=A HTTP/1.1" 200 438 "-" "Mozilla/5.0 AppleWebKit/537.36 (KHTML, like Gecko; compatible; ClaudeBot/1.0; +claudebot@anthropic.com)"
216.73.216.67 - - [25/Jun/2026:15:08:24 -0400] "GET /test/wp-json/oembed/1.0/embed?url=https%3A%2F%2Flaratrends.nl%2Ftest%2F2026%2F01%2F24%2Fmirrorball-slots-app%2F HTTP/1.1" 200 8817 "-" "Mozilla/5.0 AppleWebKit/537.36 (KHTML, like Gecko; compatible; ClaudeBot/1.0; +claudebot@anthropic.com)"
216.73.216.69 - - [25/Jun/2026:15:08:24 -0400] "GET /test/wp-json/oembed/1.0/embed?format=xml&url=https%3A%2F%2Flaratrends.nl%2Ftest%2F2026%2F01%2F24%2Fmirrorball-slots-app%2F HTTP/1.1" 200 4094 "-" "Mozilla/5.0 AppleWebKit/537.36 (KHTML, like Gecko; compatible; ClaudeBot/1.0; +claudebot@anthropic.com)"
66.249.68.166 - - [25/Jun/2026:15:08:46 -0400] "GET /items/Z884010398/ HTTP/1.1" 404 - "-" "Mozilla/5.0 (Linux; Android 6.0.1; Nexus 5X Build/MMB29P) AppleWebKit/537.36 (KHTML, like Gecko) Chrome/148.0.7778.96 Mobile Safari/537.36 (compatible; GoogleOther)"
66.249.68.167 - - [25/Jun/2026:15:09:03 -0400] "GET /items/B684749235/ HTTP/1.1" 404 - "-" "Mozilla/5.0 (Linux; Android 6.0.1; Nexus 5X Build/MMB29P) AppleWebKit/537.36 (KHTML, like Gecko) Chrome/148.0.7778.96 Mobile Safari/537.36 (compatible; GoogleOther)"
2a03:2880:f800:34:: - - [25/Jun/2026:15:09:09 -0400] "GET /regels-holland-casino-corona/ HTTP/1.1" 404 - "-" "meta-externalagent/1.1 (+https://developers.facebook.com/docs/sharing/webmasters/crawler)"
216.73.216.67 - - [25/Jun/2026:15:09:11 -0400] "GET /wp-includes/css/dist/commands/?C=N&O=A HTTP/1.1" 200 431 "-" "Mozilla/5.0 AppleWebKit/537.36 (KHTML, like Gecko; compatible; ClaudeBot/1.0; +claudebot@anthropic.com)"
216.73.216.67 - - [25/Jun/2026:15:09:11 -0400] "GET /test/2026/01/24/mirrorball-slots-app/feed/ HTTP/1.1" 200 3411 "-" "Mozilla/5.0 AppleWebKit/537.36 (KHTML, like Gecko; compatible; ClaudeBot/1.0; +claudebot@anthropic.com)"
2a03:2880:f800:2e:: - - [25/Jun/2026:15:09:12 -0400] "GET /items/N245143824/ HTTP/1.1" 404 - "-" "meta-externalagent/1.1 (+https://developers.facebook.com/docs/sharing/webmasters/crawler)"
2a03:2880:f800:29:: - - [25/Jun/2026:15:09:16 -0400] "GET /casino-echt-geld/ HTTP/1.1" 404 - "-" "meta-externalagent/1.1 (+https://developers.facebook.com/docs/sharing/webmasters/crawler)"
216.73.216.67 - - [25/Jun/2026:15:09:20 -0400] "GET /test/2026/01/24/mirrorball-slots-app/ HTTP/1.1" 200 25655 "-" "Mozilla/5.0 AppleWebKit/537.36 (KHTML, like Gecko; compatible; ClaudeBot/1.0; +claudebot@anthropic.com)"
216.73.216.67 - - [25/Jun/2026:15:09:20 -0400] "GET /wp-includes/css/dist/edit-site/?C=N&O=A HTTP/1.1" 200 473 "-" "Mozilla/5.0 AppleWebKit/537.36 (KHTML, like Gecko; compatible; ClaudeBot/1.0; +claudebot@anthropic.com)"
216.73.216.67 - - [25/Jun/2026:15:09:38 -0400] "GET /wp-includes/css/dist/nux/?C=N&O=A HTTP/1.1" 200 424 "-" "Mozilla/5.0 AppleWebKit/537.36 (KHTML, like Gecko; compatible; ClaudeBot/1.0; +claudebot@anthropic.com)"
216.73.216.67 - - [25/Jun/2026:15:09:38 -0400] "GET /test/wp-json/oembed/1.0/embed?format=xml&url=https%3A%2F%2Flaratrends.nl%2Ftest%2F2026%2F02%2F02%2Fmirax-casino-bonus-codes%2F HTTP/1.1" 200 4098 "-" "Mozilla/5.0 AppleWebKit/537.36 (KHTML, like Gecko; compatible; ClaudeBot/1.0; +claudebot@anthropic.com)"
66.249.68.167 - - [25/Jun/2026:15:09:40 -0400] "GET /items/S595933330/ HTTP/1.1" 404 - "-" "Mozilla/5.0 (Linux; Android 6.0.1; Nexus 5X Build/MMB29P) AppleWebKit/537.36 (KHTML, like Gecko) Chrome/148.0.7778.96 Mobile Safari/537.36 (compatible; GoogleOther)"
2a03:2880:f800:7:: - - [25/Jun/2026:15:09:45 -0400] "GET /classic-gokkast-gratis-spelen/ HTTP/1.1" 404 - "-" "meta-externalagent/1.1 (+https://developers.facebook.com/docs/sharing/webmasters/crawler)"
216.73.216.67 - - [25/Jun/2026:15:10:06 -0400] "GET /test/2026/02/02/mirax-casino-bonus-codes/feed/ HTTP/1.1" 200 3418 "-" "Mozilla/5.0 AppleWebKit/537.36 (KHTML, like Gecko; compatible; ClaudeBot/1.0; +claudebot@anthropic.com)"
216.73.216.67 - - [25/Jun/2026:15:10:06 -0400] "GET /test/wp-json/oembed/1.0/embed?url=https%3A%2F%2Flaratrends.nl%2Ftest%2F2026%2F02%2F02%2Fmirax-casino-bonus-codes%2F HTTP/1.1" 200 8837 "-" "Mozilla/5.0 AppleWebKit/537.36 (KHTML, like Gecko; compatible; ClaudeBot/1.0; +claudebot@anthropic.com)"
2a03:2880:f800:36:: - - [25/Jun/2026:15:10:13 -0400] "GET /casino-met-gratis-welkomstbonus/ HTTP/1.1" 404 - "-" "meta-externalagent/1.1 (+https://developers.facebook.com/docs/sharing/webmasters/crawler)"
216.73.216.67 - - [25/Jun/2026:15:10:24 -0400] "GET /test/2026/02/02/mirax-casino-bonus-codes/ HTTP/1.1" 200 25307 "-" "Mozilla/5.0 AppleWebKit/537.36 (KHTML, like Gecko; compatible; ClaudeBot/1.0; +claudebot@anthropic.com)"
216.73.216.67 - - [25/Jun/2026:15:10:24 -0400] "GET /test/2026/05/18/miss-joker-casino-login-app-sign-up/ HTTP/1.1" 200 25404 "-" "Mozilla/5.0 AppleWebKit/537.36 (KHTML, like Gecko; compatible; ClaudeBot/1.0; +claudebot@anthropic.com)"
216.73.216.67 - - [25/Jun/2026:15:10:33 -0400] "GET /sitemap-9.xml HTTP/1.1" 404 - "-" "Mozilla/5.0 AppleWebKit/537.36 (KHTML, like Gecko; compatible; ClaudeBot/1.0; +claudebot@anthropic.com)"
216.73.216.67 - - [25/Jun/2026:15:10:33 -0400] "GET /sitemap-13.xml HTTP/1.1" 404 - "-" "Mozilla/5.0 AppleWebKit/537.36 (KHTML, like Gecko; compatible; ClaudeBot/1.0; +claudebot@anthropic.com)"
66.249.68.168 - - [25/Jun/2026:15:10:33 -0400] "GET /items/K495870889/ HTTP/1.1" 404 - "-" "Mozilla/5.0 (Linux; Android 6.0.1; Nexus 5X Build/MMB29P) AppleWebKit/537.36 (KHTML, like Gecko) Chrome/148.0.7778.96 Mobile Safari/537.36 (compatible; GoogleOther)"
2a03:2880:f800:4:: - - [25/Jun/2026:15:10:36 -0400] "GET /casino-bonus-bij-registratie/ HTTP/1.1" 404 - "-" "meta-externalagent/1.1 (+https://developers.facebook.com/docs/sharing/webmasters/crawler)"
158.173.66.40 - - [25/Jun/2026:15:10:45 -0400] "GET /wp-includes/assets/build/ythpj/admin.php HTTP/1.1" 302 12913 "-" "Mozilla/5.0 (Windows NT 10.0; Win64; x64) AppleWebKit/537.36 (KHTML, like Gecko) Chrome/84.0.4147.89 Safari/537.36"
2a03:2880:f800:2f:: - - [25/Jun/2026:15:11:09 -0400] "GET /roulette-amerikaanse/ HTTP/1.1" 404 - "-" "meta-externalagent/1.1 (+https://developers.facebook.com/docs/sharing/webmasters/crawler)"
2a03:2880:f800:39:: - - [25/Jun/2026:15:11:11 -0400] "GET /goksites-met-vergunning-nederland/ HTTP/1.1" 404 - "-" "meta-externalagent/1.1 (+https://developers.facebook.com/docs/sharing/webmasters/crawler)"
216.73.217.108 - - [25/Jun/2026:15:11:13 -0400] "GET /sitemap-18.xml HTTP/1.1" 404 - "-" "Mozilla/5.0 AppleWebKit/537.36 (KHTML, like Gecko; compatible; ClaudeBot/1.0; +claudebot@anthropic.com)"
216.73.217.108 - - [25/Jun/2026:15:11:13 -0400] "GET /sitemap-2.xml HTTP/1.1" 404 - "-" "Mozilla/5.0 AppleWebKit/537.36 (KHTML, like Gecko; compatible; ClaudeBot/1.0; +claudebot@anthropic.com)"
216.73.217.108 - - [25/Jun/2026:15:11:21 -0400] "GET /sitemap-16.xml HTTP/1.1" 404 - "-" "Mozilla/5.0 AppleWebKit/537.36 (KHTML, like Gecko; compatible; ClaudeBot/1.0; +claudebot@anthropic.com)"
216.73.217.108 - - [25/Jun/2026:15:11:21 -0400] "GET /sitemap-12.xml HTTP/1.1" 404 - "-" "Mozilla/5.0 AppleWebKit/537.36 (KHTML, like Gecko; compatible; ClaudeBot/1.0; +claudebot@anthropic.com)"
2a03:2880:f800:40:: - - [25/Jun/2026:15:11:34 -0400] "GET /tomb-riches-casino-nl-2025-review/ HTTP/1.1" 404 - "-" "meta-externalagent/1.1 (+https://developers.facebook.com/docs/sharing/webmasters/crawler)"
216.73.217.108 - - [25/Jun/2026:15:11:35 -0400] "GET /sitemap-7.xml HTTP/1.1" 404 - "-" "Mozilla/5.0 AppleWebKit/537.36 (KHTML, like Gecko; compatible; ClaudeBot/1.0; +claudebot@anthropic.com)"
216.73.217.108 - - [25/Jun/2026:15:11:35 -0400] "GET /sitemap-10.xml HTTP/1.1" 404 - "-" "Mozilla/5.0 AppleWebKit/537.36 (KHTML, like Gecko; compatible; ClaudeBot/1.0; +claudebot@anthropic.com)"
66.249.68.167 - - [25/Jun/2026:15:11:43 -0400] "GET /items/B305517944/ HTTP/1.1" 404 - "-" "Mozilla/5.0 (Linux; Android 6.0.1; Nexus 5X Build/MMB29P) AppleWebKit/537.36 (KHTML, like Gecko) Chrome/148.0.7778.96 Mobile Safari/537.36 (compatible; GoogleOther)"
2a03:2880:f800:47:: - - [25/Jun/2026:15:11:54 -0400] "GET /items/N145156288/ HTTP/1.1" 404 - "-" "meta-externalagent/1.1 (+https://developers.facebook.com/docs/sharing/webmasters/crawler)"
216.73.217.108 - - [25/Jun/2026:15:11:57 -0400] "GET /sitemap-4.xml HTTP/1.1" 404 - "-" "Mozilla/5.0 AppleWebKit/537.36 (KHTML, like Gecko; compatible; ClaudeBot/1.0; +claudebot@anthropic.com)"
216.73.217.108 - - [25/Jun/2026:15:11:57 -0400] "GET /sitemap-11.xml HTTP/1.1" 404 - "-" "Mozilla/5.0 AppleWebKit/537.36 (KHTML, like Gecko; compatible; ClaudeBot/1.0; +claudebot@anthropic.com)"
216.73.217.108 - - [25/Jun/2026:15:12:06 -0400] "GET /sitemap-14.xml HTTP/1.1" 404 - "-" "Mozilla/5.0 AppleWebKit/537.36 (KHTML, like Gecko; compatible; ClaudeBot/1.0; +claudebot@anthropic.com)"
216.73.217.108 - - [25/Jun/2026:15:12:07 -0400] "GET /sitemap-17.xml HTTP/1.1" 404 - "-" "Mozilla/5.0 AppleWebKit/537.36 (KHTML, like Gecko; compatible; ClaudeBot/1.0; +claudebot@anthropic.com)"
2a03:2880:f800:c:: - - [25/Jun/2026:15:12:11 -0400] "GET /onedun-casino-be-2025-review/ HTTP/1.1" 404 - "-" "meta-externalagent/1.1 (+https://developers.facebook.com/docs/sharing/webmasters/crawler)"
175.27.171.245 - - [25/Jun/2026:15:12:20 -0400] "GET / HTTP/1.1" 200 1156 "http://laratrends.nl" "Mozilla/5.0 (iPhone; CPU iPhone OS 13_2_3 like Mac OS X) AppleWebKit/605.1.15 (KHTML, like Gecko) Version/13.0.3 Mobile/15E148 Safari/604.1"
66.249.68.168 - - [25/Jun/2026:15:12:20 -0400] "GET /items/Z887751957/ HTTP/1.1" 404 - "-" "Mozilla/5.0 (Linux; Android 6.0.1; Nexus 5X Build/MMB29P) AppleWebKit/537.36 (KHTML, like Gecko) Chrome/148.0.7778.96 Mobile Safari/537.36 (compatible; GoogleOther)"
66.249.68.168 - - [25/Jun/2026:15:12:22 -0400] "GET /items/M961824760/ HTTP/1.1" 404 - "-" "Mozilla/5.0 (Linux; Android 6.0.1; Nexus 5X Build/MMB29P) AppleWebKit/537.36 (KHTML, like Gecko) Chrome/148.0.7778.96 Mobile Safari/537.36 (compatible; GoogleOther)"
84.252.92.13 - - [25/Jun/2026:15:12:24 -0400] "GET /wp-includes/assets/build/ythpj/admin.php?p= HTTP/1.1" 200 3810 "-" "Mozilla/5.0 (Windows NT 10.0; Win64; x64) AppleWebKit/537.36 (KHTML, like Gecko) Chrome/84.0.4147.89 Safari/537.36"
2a03:2880:f800:10:: - - [25/Jun/2026:15:12:25 -0400] "GET /classic-fruit-online-gokkast-spelen-gratis-en-met-geld/ HTTP/1.1" 404 - "-" "meta-externalagent/1.1 (+https://developers.facebook.com/docs/sharing/webmasters/crawler)"
216.73.217.108 - - [25/Jun/2026:15:12:38 -0400] "GET /sitemap-3.xml HTTP/1.1" 404 - "-" "Mozilla/5.0 AppleWebKit/537.36 (KHTML, like Gecko; compatible; ClaudeBot/1.0; +claudebot@anthropic.com)"
216.73.217.108 - - [25/Jun/2026:15:12:38 -0400] "GET /sitemap-1.xml HTTP/1.1" 404 - "-" "Mozilla/5.0 AppleWebKit/537.36 (KHTML, like Gecko; compatible; ClaudeBot/1.0; +claudebot@anthropic.com)"
216.73.216.87 - - [25/Jun/2026:15:12:48 -0400] "GET /sitemap.xml HTTP/1.1" 404 - "-" "Mozilla/5.0 AppleWebKit/537.36 (KHTML, like Gecko; compatible; ClaudeBot/1.0; +claudebot@anthropic.com)"
216.73.216.87 - - [25/Jun/2026:15:12:49 -0400] "GET /sitemap-15.xml HTTP/1.1" 404 - "-" "Mozilla/5.0 AppleWebKit/537.36 (KHTML, like Gecko; compatible; ClaudeBot/1.0; +claudebot@anthropic.com)"
216.73.217.108 - - [25/Jun/2026:15:12:55 -0400] "GET /sitemap-6.xml HTTP/1.1" 404 - "-" "Mozilla/5.0 AppleWebKit/537.36 (KHTML, like Gecko; compatible; ClaudeBot/1.0; +claudebot@anthropic.com)"
216.73.217.108 - - [25/Jun/2026:15:12:55 -0400] "GET /sitemap-8.xml HTTP/1.1" 404 - "-" "Mozilla/5.0 AppleWebKit/537.36 (KHTML, like Gecko; compatible; ClaudeBot/1.0; +claudebot@anthropic.com)"
2a03:2880:f800:3c:: - - [25/Jun/2026:15:12:57 -0400] "GET /best-light-and-wonder-slots/ HTTP/1.1" 404 - "-" "meta-externalagent/1.1 (+https://developers.facebook.com/docs/sharing/webmasters/crawler)"
216.73.217.108 - - [25/Jun/2026:15:13:01 -0400] "GET /sitemap-5.xml HTTP/1.1" 404 - "-" "Mozilla/5.0 AppleWebKit/537.36 (KHTML, like Gecko; compatible; ClaudeBot/1.0; +claudebot@anthropic.com)"
216.73.217.108 - - [25/Jun/2026:15:13:01 -0400] "GET /sitemap-19.xml HTTP/1.1" 404 - "-" "Mozilla/5.0 AppleWebKit/537.36 (KHTML, like Gecko; compatible; ClaudeBot/1.0; +claudebot@anthropic.com)"
216.73.217.108 - - [25/Jun/2026:15:13:24 -0400] "GET /wp-includes/SimplePie/src/Cache/Memcached.php HTTP/1.1" 500 - "-" "Mozilla/5.0 AppleWebKit/537.36 (KHTML, like Gecko; compatible; ClaudeBot/1.0; +claudebot@anthropic.com)"
216.73.217.108 - - [25/Jun/2026:15:13:24 -0400] "GET /wp-includes/Requests/src/Exception/Http/Status409.php HTTP/1.1" 500 - "-" "Mozilla/5.0 AppleWebKit/537.36 (KHTML, like Gecko; compatible; ClaudeBot/1.0; +claudebot@anthropic.com)"
216.73.217.108 - - [25/Jun/2026:15:13:25 -0400] "GET /wp-includes/js/tinymce/plugins/paste/plugin.js HTTP/1.1" 200 20650 "-" "Mozilla/5.0 AppleWebKit/537.36 (KHTML, like Gecko; compatible; ClaudeBot/1.0; +claudebot@anthropic.com)"
216.73.217.108 - - [25/Jun/2026:15:13:25 -0400] "GET /wp-includes/Requests/src/Exception/Http/Status403.php HTTP/1.1" 500 - "-" "Mozilla/5.0 AppleWebKit/537.36 (KHTML, like Gecko; compatible; ClaudeBot/1.0; +claudebot@anthropic.com)"
216.73.217.108 - - [25/Jun/2026:15:13:26 -0400] "GET /wp-includes/Requests/src/Utility/InputValidator.php HTTP/1.1" 200 - "-" "Mozilla/5.0 AppleWebKit/537.36 (KHTML, like Gecko; compatible; ClaudeBot/1.0; +claudebot@anthropic.com)"
216.73.217.108 - - [25/Jun/2026:15:13:26 -0400] "GET /wp-includes/Requests/src/Exception/Http/Status413.php HTTP/1.1" 500 - "-" "Mozilla/5.0 AppleWebKit/537.36 (KHTML, like Gecko; compatible; ClaudeBot/1.0; +claudebot@anthropic.com)"
216.73.217.108 - - [25/Jun/2026:15:13:27 -0400] "GET /wp-includes/Requests/src/Exception/Http/Status511.php HTTP/1.1" 500 - "-" "Mozilla/5.0 AppleWebKit/537.36 (KHTML, like Gecko; compatible; ClaudeBot/1.0; +claudebot@anthropic.com)"
216.73.217.108 - - [25/Jun/2026:15:13:27 -0400] "GET /wp-includes/SimplePie/src/Cache/Redis.php HTTP/1.1" 500 - "-" "Mozilla/5.0 AppleWebKit/537.36 (KHTML, like Gecko; compatible; ClaudeBot/1.0; +claudebot@anthropic.com)"
216.73.217.108 - - [25/Jun/2026:15:13:30 -0400] "GET /wp-includes/Requests/src/Exception/Http/Status429.php HTTP/1.1" 500 - "-" "Mozilla/5.0 AppleWebKit/537.36 (KHTML, like Gecko; compatible; ClaudeBot/1.0; +claudebot@anthropic.com)"
216.73.217.108 - - [25/Jun/2026:15:13:30 -0400] "GET /wp-includes/Requests/src/Exception/Http/Status418.php HTTP/1.1" 500 - "-" "Mozilla/5.0 AppleWebKit/537.36 (KHTML, like Gecko; compatible; ClaudeBot/1.0; +claudebot@anthropic.com)"
216.73.217.108 - - [25/Jun/2026:15:13:31 -0400] "GET /wp-includes/Requests/src/Exception/Http/Status504.php HTTP/1.1" 500 - "-" "Mozilla/5.0 AppleWebKit/537.36 (KHTML, like Gecko; compatible; ClaudeBot/1.0; +claudebot@anthropic.com)"
